[INFO] cloning repository https://github.com/tonarino/innernet
[INFO] running `Command { std: "git" "-c" "credential.helper=" "-c" "credential.helper=/workspace/cargo-home/bin/git-credential-null" "clone" "--bare" "https://github.com/tonarino/innernet" "/workspace/cache/git-repos/https%3A%2F%2Fgithub.com%2Ftonarino%2Finnernet", kill_on_drop: false }`
[INFO] [stderr] Cloning into bare repository '/workspace/cache/git-repos/https%3A%2F%2Fgithub.com%2Ftonarino%2Finnernet'...
[INFO] running `Command { std: "git" "rev-parse" "HEAD", kill_on_drop: false }`
[INFO] [stdout] b2e414984e007121ce8b7f84877bfe935d209c17
[INFO] testing tonarino/innernet against beta-2024-12-08 for beta-1.84.0-4-retry
[INFO] running `Command { std: "git" "clone" "/workspace/cache/git-repos/https%3A%2F%2Fgithub.com%2Ftonarino%2Finnernet" "/workspace/builds/worker-2-tc2/source", kill_on_drop: false }`
[INFO] [stderr] Cloning into '/workspace/builds/worker-2-tc2/source'...
[INFO] [stderr] done.
[INFO] validating manifest of git repo https://github.com/tonarino/innernet on toolchain beta-2024-12-08
[INFO] running `Command { std: CARGO_HOME="/workspace/cargo-home" RUSTUP_HOME="/workspace/rustup-home" "/workspace/cargo-home/bin/cargo" "+beta-2024-12-08" "metadata" "--manifest-path" "Cargo.toml" "--no-deps", kill_on_drop: false }`
[INFO] started tweaking git repo https://github.com/tonarino/innernet
[INFO] finished tweaking git repo https://github.com/tonarino/innernet
[INFO] tweaked toml for git repo https://github.com/tonarino/innernet written to /workspace/builds/worker-2-tc2/source/Cargo.toml
[INFO] crate git repo https://github.com/tonarino/innernet already has a lockfile, it will not be regenerated
[INFO] running `Command { std: CARGO_HOME="/workspace/cargo-home" RUSTUP_HOME="/workspace/rustup-home" "/workspace/cargo-home/bin/cargo" "+beta-2024-12-08" "fetch" "--manifest-path" "Cargo.toml", kill_on_drop: false }`
[INFO] [stderr]     Blocking waiting for file lock on package cache
[INFO] running `Command { std: "docker" "create" "-v" "/var/lib/crater-agent-workspace/builds/worker-2-tc2/target:/opt/rustwide/target:rw,Z" "-v" "/var/lib/crater-agent-workspace/builds/worker-2-tc2/source:/opt/rustwide/workdir:ro,Z" "-v" "/var/lib/crater-agent-workspace/cargo-home:/opt/rustwide/cargo-home:ro,Z" "-v" "/var/lib/crater-agent-workspace/rustup-home:/opt/rustwide/rustup-home:ro,Z" "-e" "SOURCE_DIR=/opt/rustwide/workdir" "-e" "CARGO_TARGET_DIR=/opt/rustwide/target" "-e" "CARGO_HOME=/opt/rustwide/cargo-home" "-e" "RUSTUP_HOME=/opt/rustwide/rustup-home" "-w" "/opt/rustwide/workdir" "-m" "1610612736" "--user" "0:0" "--network" "none" "ghcr.io/rust-lang/crates-build-env/linux@sha256:f3a9d4ad9d972b27faf3965f35b62e55ba32bbce8f20bc8fe909558a86702fde" "/opt/rustwide/cargo-home/bin/cargo" "+beta-2024-12-08" "metadata" "--no-deps" "--format-version=1", kill_on_drop: false }`
[INFO] [stdout] 1432af74f3a078d8ca7e731ee5198f121c4ded6a4f521ddb3c7d8fca35979e89
[INFO] running `Command { std: "docker" "start" "-a" "1432af74f3a078d8ca7e731ee5198f121c4ded6a4f521ddb3c7d8fca35979e89", kill_on_drop: false }`
[INFO] running `Command { std: "docker" "inspect" "1432af74f3a078d8ca7e731ee5198f121c4ded6a4f521ddb3c7d8fca35979e89", kill_on_drop: false }`
[INFO] running `Command { std: "docker" "rm" "-f" "1432af74f3a078d8ca7e731ee5198f121c4ded6a4f521ddb3c7d8fca35979e89", kill_on_drop: false }`
[INFO] [stdout] 1432af74f3a078d8ca7e731ee5198f121c4ded6a4f521ddb3c7d8fca35979e89
[INFO] running `Command { std: "docker" "create" "-v" "/var/lib/crater-agent-workspace/builds/worker-2-tc2/target:/opt/rustwide/target:rw,Z" "-v" "/var/lib/crater-agent-workspace/builds/worker-2-tc2/source:/opt/rustwide/workdir:ro,Z" "-v" "/var/lib/crater-agent-workspace/cargo-home:/opt/rustwide/cargo-home:ro,Z" "-v" "/var/lib/crater-agent-workspace/rustup-home:/opt/rustwide/rustup-home:ro,Z" "-e" "SOURCE_DIR=/opt/rustwide/workdir" "-e" "CARGO_TARGET_DIR=/opt/rustwide/target" "-e" "CARGO_INCREMENTAL=0" "-e" "RUST_BACKTRACE=full" "-e" "RUSTFLAGS=--cap-lints=warn" "-e" "RUSTDOCFLAGS=--cap-lints=warn" "-e" "CARGO_HOME=/opt/rustwide/cargo-home" "-e" "RUSTUP_HOME=/opt/rustwide/rustup-home" "-w" "/opt/rustwide/workdir" "-m" "1610612736" "--user" "0:0" "--network" "none" "ghcr.io/rust-lang/crates-build-env/linux@sha256:f3a9d4ad9d972b27faf3965f35b62e55ba32bbce8f20bc8fe909558a86702fde" "/opt/rustwide/cargo-home/bin/cargo" "+beta-2024-12-08" "build" "--frozen" "--message-format=json", kill_on_drop: false }`
[INFO] [stdout] 82b5fbfe494e3aab0bb50e6ab1a93bb9db769ae2b0840ce032047dd39efe0b87
[INFO] running `Command { std: "docker" "start" "-a" "82b5fbfe494e3aab0bb50e6ab1a93bb9db769ae2b0840ce032047dd39efe0b87", kill_on_drop: false }`
[INFO] [stderr]    Compiling proc-macro2 v1.0.78
[INFO] [stderr]    Compiling unicode-ident v1.0.12
[INFO] [stderr]    Compiling libc v0.2.153
[INFO] [stderr]    Compiling once_cell v1.19.0
[INFO] [stderr]    Compiling serde v1.0.197
[INFO] [stderr]    Compiling anyhow v1.0.80
[INFO] [stderr]    Compiling log v0.4.21
[INFO] [stderr]    Compiling thiserror v1.0.57
[INFO] [stderr]    Compiling bitflags v2.5.0
[INFO] [stderr]    Compiling paste v1.0.14
[INFO] [stderr]    Compiling semver v1.0.22
[INFO] [stderr]    Compiling zerocopy v0.7.32
[INFO] [stderr]    Compiling byteorder v1.5.0
[INFO] [stderr]    Compiling ahash v0.8.11
[INFO] [stderr]    Compiling allocator-api2 v0.2.16
[INFO] [stderr]    Compiling rustix v0.38.31
[INFO] [stderr]    Compiling bytes v1.5.0
[INFO] [stderr]    Compiling memoffset v0.6.5
[INFO] [stderr]    Compiling linux-raw-sys v0.4.13
[INFO] [stderr]    Compiling utf8parse v0.2.1
[INFO] [stderr]    Compiling tinyvec_macros v0.1.1
[INFO] [stderr]    Compiling memchr v2.7.1
[INFO] [stderr]    Compiling platforms v3.3.0
[INFO] [stderr]    Compiling tinyvec v1.6.0
[INFO] [stderr]    Compiling anstyle-parse v0.2.3
[INFO] [stderr]    Compiling colorchoice v1.0.0
[INFO] [stderr]    Compiling itoa v1.0.10
[INFO] [stderr]    Compiling regex-syntax v0.8.2
[INFO] [stderr]    Compiling anstyle v1.0.6
[INFO] [stderr]    Compiling anstyle-query v1.0.2
[INFO] [stderr]    Compiling hashbrown v0.14.3
[INFO] [stderr]    Compiling strsim v0.11.0
[INFO] [stderr]    Compiling percent-encoding v2.3.1
[INFO] [stderr]    Compiling heck v0.4.1
[INFO] [stderr]    Compiling cpufeatures v0.2.12
[INFO] [stderr]    Compiling equivalent v1.0.1
[INFO] [stderr]    Compiling rustc_version v0.4.0
[INFO] [stderr]    Compiling anstream v0.6.13
[INFO] [stderr]    Compiling unicode-bidi v0.3.15
[INFO] [stderr]    Compiling pin-project-lite v0.2.13
[INFO] [stderr]    Compiling subtle v2.5.0
[INFO] [stderr]    Compiling clap_lex v0.7.0
[INFO] [stderr]    Compiling form_urlencoded v1.2.1
[INFO] [stderr]    Compiling serde_json v1.0.114
[INFO] [stderr]    Compiling aho-corasick v1.1.2
[INFO] [stderr]    Compiling pkg-config v0.3.30
[INFO] [stderr]    Compiling quote v1.0.35
[INFO] [stderr]    Compiling curve25519-dalek v4.1.2
[INFO] [stderr]    Compiling vcpkg v0.2.15
[INFO] [stderr]    Compiling unicode-width v0.1.11
[INFO] [stderr]    Compiling winnow v0.6.5
[INFO] [stderr]    Compiling indexmap v2.2.5
[INFO] [stderr]    Compiling lock_api v0.4.11
[INFO] [stderr]    Compiling futures-core v0.3.30
[INFO] [stderr]    Compiling syn v2.0.52
[INFO] [stderr]    Compiling base64 v0.13.1
[INFO] [stderr]    Compiling parking_lot_core v0.9.9
[INFO] [stderr]    Compiling ryu v1.0.17
[INFO] [stderr]    Compiling shell-words v1.1.0
[INFO] [stderr]    Compiling unicode-normalization v0.1.23
[INFO] [stderr]    Compiling smallvec v1.13.1
[INFO] [stderr]    Compiling quick-error v1.2.3
[INFO] [stderr]    Compiling http v0.2.12
[INFO] [stderr]    Compiling humantime v1.3.0
[INFO] [stderr]    Compiling colored v2.1.0
[INFO] [stderr]    Compiling tracing-core v0.1.32
[INFO] [stderr]    Compiling futures-task v0.3.30
[INFO] [stderr]    Compiling indoc v2.0.4
[INFO] [stderr]    Compiling try-lock v0.2.5
[INFO] [stderr]    Compiling terminal_size v0.3.0
[INFO] [stderr]    Compiling termcolor v1.4.1
[INFO] [stderr]    Compiling scopeguard v1.2.0
[INFO] [stderr]    Compiling clap_builder v4.5.1
[INFO] [stderr]    Compiling publicip v0.1.0 (/opt/rustwide/workdir/publicip)
[INFO] [stderr]    Compiling libsqlite3-sys v0.26.0
[INFO] [stderr]    Compiling futures-util v0.3.30
[INFO] [stderr]    Compiling want v0.3.1
[INFO] [stderr]    Compiling futures-channel v0.3.30
[INFO] [stderr]    Compiling hashlink v0.8.4
[INFO] [stderr]    Compiling fallible-streaming-iterator v0.1.9
[INFO] [stderr]    Compiling getrandom v0.2.12
[INFO] [stderr]    Compiling netlink-sys v0.8.5
[INFO] [stderr]    Compiling rand_core v0.6.4
[INFO] [stderr]    Compiling nix v0.25.1
[INFO] [stderr]    Compiling atty v0.2.14
[INFO] [stderr]    Compiling idna v0.5.0
[INFO] [stderr]    Compiling console v0.15.8
[INFO] [stderr]    Compiling socket2 v0.5.6
[INFO] [stderr]    Compiling num_cpus v1.16.0
[INFO] [stderr]    Compiling mio v0.8.11
[INFO] [stderr]    Compiling tracing v0.1.40
[INFO] [stderr]    Compiling http-body v0.4.6
[INFO] [stderr]    Compiling regex-automata v0.4.6
[INFO] [stderr]    Compiling url v2.5.0
[INFO] [stderr]    Compiling dialoguer v0.10.4
[INFO] [stderr]    Compiling tower-service v0.3.2
[INFO] [stderr]    Compiling httpdate v1.0.3
[INFO] [stderr]    Compiling fallible-iterator v0.2.0
[INFO] [stderr]    Compiling parking_lot v0.12.1
[INFO] [stderr]    Compiling base64 v0.21.7
[INFO] [stderr]    Compiling hostsfile v1.2.0 (/opt/rustwide/workdir/hostsfile)
[INFO] [stderr]    Compiling rusqlite v0.29.0
[INFO] [stderr]    Compiling serde_derive v1.0.197
[INFO] [stderr]    Compiling thiserror-impl v1.0.57
[INFO] [stderr]    Compiling zeroize_derive v1.4.2
[INFO] [stderr]    Compiling curve25519-dalek-derive v0.1.1
[INFO] [stderr]    Compiling clap_derive v4.5.0
[INFO] [stderr]    Compiling tokio-macros v2.2.0
[INFO] [stderr]    Compiling tokio v1.36.0
[INFO] [stderr]    Compiling regex v1.10.3
[INFO] [stderr]    Compiling zeroize v1.7.0
[INFO] [stderr]    Compiling env_logger v0.7.1
[INFO] [stderr]    Compiling netlink-packet-utils v0.5.2
[INFO] [stderr]    Compiling netlink-packet-core v0.7.0
[INFO] [stderr]    Compiling pretty_env_logger v0.4.0
[INFO] [stderr]    Compiling netlink-packet-generic v0.3.3
[INFO] [stderr]    Compiling netlink-packet-route v0.21.0
[INFO] [stderr]    Compiling clap v4.5.1
[INFO] [stderr]    Compiling x25519-dalek v2.0.1
[INFO] [stderr]    Compiling clap_complete v4.5.1
[INFO] [stderr]    Compiling netlink-packet-wireguard v0.2.3
[INFO] [stderr]    Compiling hyper v0.14.28
[INFO] [stderr]    Compiling netlink-request v1.6.1 (/opt/rustwide/workdir/netlink-request)
[INFO] [stderr]    Compiling wireguard-control v1.6.1 (/opt/rustwide/workdir/wireguard-control)
[INFO] [stderr]    Compiling serde_spanned v0.6.5
[INFO] [stderr]    Compiling toml_datetime v0.6.5
[INFO] [stderr]    Compiling ipnet v2.9.0
[INFO] [stderr]    Compiling toml_edit v0.22.6
[INFO] [stderr]    Compiling ureq v2.9.6
[INFO] [stderr]    Compiling toml v0.8.10
[INFO] [stderr]    Compiling shared v1.6.1 (/opt/rustwide/workdir/shared)
[INFO] [stderr]    Compiling innernet-server v1.6.1 (/opt/rustwide/workdir/server)
[INFO] [stderr]    Compiling client v1.6.1 (/opt/rustwide/workdir/client)
[INFO] [stderr]     Finished `dev` profile [unoptimized + debuginfo] target(s) in 1m 15s
[INFO] running `Command { std: "docker" "inspect" "82b5fbfe494e3aab0bb50e6ab1a93bb9db769ae2b0840ce032047dd39efe0b87", kill_on_drop: false }`
[INFO] running `Command { std: "docker" "rm" "-f" "82b5fbfe494e3aab0bb50e6ab1a93bb9db769ae2b0840ce032047dd39efe0b87", kill_on_drop: false }`
[INFO] [stdout] 82b5fbfe494e3aab0bb50e6ab1a93bb9db769ae2b0840ce032047dd39efe0b87
[INFO] running `Command { std: "docker" "create" "-v" "/var/lib/crater-agent-workspace/builds/worker-2-tc2/target:/opt/rustwide/target:rw,Z" "-v" "/var/lib/crater-agent-workspace/builds/worker-2-tc2/source:/opt/rustwide/workdir:ro,Z" "-v" "/var/lib/crater-agent-workspace/cargo-home:/opt/rustwide/cargo-home:ro,Z" "-v" "/var/lib/crater-agent-workspace/rustup-home:/opt/rustwide/rustup-home:ro,Z" "-e" "SOURCE_DIR=/opt/rustwide/workdir" "-e" "CARGO_TARGET_DIR=/opt/rustwide/target" "-e" "CARGO_INCREMENTAL=0" "-e" "RUST_BACKTRACE=full" "-e" "RUSTFLAGS=--cap-lints=warn" "-e" "RUSTDOCFLAGS=--cap-lints=warn" "-e" "CARGO_HOME=/opt/rustwide/cargo-home" "-e" "RUSTUP_HOME=/opt/rustwide/rustup-home" "-w" "/opt/rustwide/workdir" "-m" "1610612736" "--user" "0:0" "--network" "none" "ghcr.io/rust-lang/crates-build-env/linux@sha256:f3a9d4ad9d972b27faf3965f35b62e55ba32bbce8f20bc8fe909558a86702fde" "/opt/rustwide/cargo-home/bin/cargo" "+beta-2024-12-08" "test" "--frozen" "--no-run" "--message-format=json", kill_on_drop: false }`
[INFO] [stdout] b0b2d9291dbe6c16ab2679aeb6ee010c2604cbcbae0a81602d0f6699b0c56dec
[INFO] running `Command { std: "docker" "start" "-a" "b0b2d9291dbe6c16ab2679aeb6ee010c2604cbcbae0a81602d0f6699b0c56dec", kill_on_drop: false }`
[INFO] [stderr]    Compiling rustix v0.38.31
[INFO] [stderr]    Compiling fastrand v2.0.1
[INFO] [stderr]    Compiling wireguard-control v1.6.1 (/opt/rustwide/workdir/wireguard-control)
[INFO] [stderr]    Compiling netlink-request v1.6.1 (/opt/rustwide/workdir/netlink-request)
[INFO] [stderr]    Compiling publicip v0.1.0 (/opt/rustwide/workdir/publicip)
[INFO] [stderr]    Compiling terminal_size v0.3.0
[INFO] [stderr]    Compiling tempfile v3.10.1
[INFO] [stderr]    Compiling clap_builder v4.5.1
[INFO] [stderr]    Compiling hostsfile v1.2.0 (/opt/rustwide/workdir/hostsfile)
[INFO] [stderr]    Compiling clap v4.5.1
[INFO] [stderr]    Compiling shared v1.6.1 (/opt/rustwide/workdir/shared)
[INFO] [stderr]    Compiling clap_complete v4.5.1
[INFO] [stderr]    Compiling innernet-server v1.6.1 (/opt/rustwide/workdir/server)
[INFO] [stderr]    Compiling client v1.6.1 (/opt/rustwide/workdir/client)
[INFO] [stderr]     Finished `test` profile [unoptimized + debuginfo] target(s) in 20.91s
[INFO] running `Command { std: "docker" "inspect" "b0b2d9291dbe6c16ab2679aeb6ee010c2604cbcbae0a81602d0f6699b0c56dec", kill_on_drop: false }`
[INFO] running `Command { std: "docker" "rm" "-f" "b0b2d9291dbe6c16ab2679aeb6ee010c2604cbcbae0a81602d0f6699b0c56dec", kill_on_drop: false }`
[INFO] [stdout] b0b2d9291dbe6c16ab2679aeb6ee010c2604cbcbae0a81602d0f6699b0c56dec
[INFO] running `Command { std: "docker" "create" "-v" "/var/lib/crater-agent-workspace/builds/worker-2-tc2/target:/opt/rustwide/target:rw,Z" "-v" "/var/lib/crater-agent-workspace/builds/worker-2-tc2/source:/opt/rustwide/workdir:ro,Z" "-v" "/var/lib/crater-agent-workspace/cargo-home:/opt/rustwide/cargo-home:ro,Z" "-v" "/var/lib/crater-agent-workspace/rustup-home:/opt/rustwide/rustup-home:ro,Z" "-e" "SOURCE_DIR=/opt/rustwide/workdir" "-e" "CARGO_TARGET_DIR=/opt/rustwide/target" "-e" "CARGO_INCREMENTAL=0" "-e" "RUST_BACKTRACE=full" "-e" "RUSTFLAGS=--cap-lints=warn" "-e" "RUSTDOCFLAGS=--cap-lints=warn" "-e" "CARGO_HOME=/opt/rustwide/cargo-home" "-e" "RUSTUP_HOME=/opt/rustwide/rustup-home" "-w" "/opt/rustwide/workdir" "-m" "1610612736" "--user" "0:0" "--network" "none" "ghcr.io/rust-lang/crates-build-env/linux@sha256:f3a9d4ad9d972b27faf3965f35b62e55ba32bbce8f20bc8fe909558a86702fde" "/opt/rustwide/cargo-home/bin/cargo" "+beta-2024-12-08" "test" "--frozen", kill_on_drop: false }`
[INFO] [stdout] a03049a3e91fafc97e488688f5f0c91db34fcff551f5afa86522b356729014c7
[INFO] running `Command { std: "docker" "start" "-a" "a03049a3e91fafc97e488688f5f0c91db34fcff551f5afa86522b356729014c7", kill_on_drop: false }`
[INFO] [stderr]     Finished `test` profile [unoptimized + debuginfo] target(s) in 0.17s
[INFO] [stderr]      Running unittests src/main.rs (/opt/rustwide/target/debug/deps/innernet-b25c1ba96a6d3a31)
[INFO] [stdout] 
[INFO] [stdout] running 3 tests
[INFO] [stdout] test data_store::tests::test_sanity ... ok
[INFO] [stderr]      Running unittests src/lib.rs (/opt/rustwide/target/debug/deps/hostsfile-4b7fe3e6a80c8de2)
[INFO] [stdout] test data_store::tests::test_peer_persistence ... ok
[INFO] [stdout] test data_store::tests::test_pinning ... ok
[INFO] [stdout] 
[INFO] [stdout] test result: ok. 3 passed; 0 failed; 0 ignored; 0 measured; 0 filtered out; finished in 0.01s
[INFO] [stdout] 
[INFO] [stdout] 
[INFO] [stdout] running 3 tests
[INFO] [stdout] test tests::test_temp_path_invalid ... ok
[INFO] [stdout] test tests::test_temp_path_good ... ok
[INFO] [stdout] test tests::test_write ... ok
[INFO] [stdout] 
[INFO] [stdout] test result: ok. 3 passed; 0 failed; 0 ignored; 0 measured; 0 filtered out; finished in 0.00s
[INFO] [stdout] 
[INFO] [stderr]      Running unittests src/lib.rs (/opt/rustwide/target/debug/deps/innernet_server-f4f3728a5d7aaa22)
[INFO] [stdout] 
[INFO] [stdout] running 34 tests
[INFO] [stdout] test api::admin::peer::tests::test_add_peer_with_invalid_name ... ok
[INFO] [stdout] test api::admin::peer::tests::test_list_all_peers_from_admin ... ok
[INFO] [stdout] test api::admin::peer::tests::test_delete_unknown_id ... ok
[INFO] [stdout] test api::admin::cidr::tests::test_cidr_overlap ... ok
[INFO] [stdout] test api::admin::cidr::tests::test_cidr_create_auth ... ok
[INFO] [stdout] test api::admin::peer::tests::test_add_peer_from_non_admin ... ok
[INFO] [stdout] test api::admin::peer::tests::test_add_peer ... ok
[INFO] [stdout] test api::admin::peer::tests::test_add_peer_with_duplicate_name ... ok
[INFO] [stdout] test api::admin::peer::tests::test_delete_from_non_admin ... ok
[INFO] [stdout] test api::admin::peer::tests::test_add_peer_with_duplicate_ip ... ok
[INFO] [stdout] test api::admin::peer::tests::test_add_peer_with_outside_cidr_range_ip ... ok
[INFO] [stdout] test api::admin::cidr::tests::test_cidr_bad_parent ... ok
[INFO] [stdout] test api::admin::cidr::tests::test_cidr_name_uniqueness ... ok
[INFO] [stdout] test api::admin::cidr::tests::test_cidr_add ... ok
[INFO] [stdout] test api::admin::cidr::tests::test_cidr_delete_fail_with_peer_inside ... ok
[INFO] [stdout] test api::admin::peer::tests::test_delete ... ok
[INFO] [stdout] test api::admin::cidr::tests::test_cidr_delete_fail_with_child_cidr ... ok
[INFO] [stdout] test api::admin::peer::tests::test_list_all_peers_from_non_admin ... ok
[INFO] [stdout] test api::admin::peer::tests::test_update_peer_from_admin ... ok
[INFO] [stdout] test api::admin::peer::tests::test_update_peer_from_non_admin ... ok
[INFO] [stdout] test api::user::tests::test_get_state_from_developer1 ... ok
[INFO] [stdout] test db::association::tests::test_double_add ... ok
[INFO] [stdout] test tests::test_incorrect_public_key ... ok
[INFO] [stdout] test api::user::tests::test_list_peers_from_unknown_ip ... ok
[INFO] [stdout] test api::user::tests::test_candidates ... ok
[INFO] [stdout] test tests::test_init_wizard ... ok
[INFO] [stdout] test tests::test_unparseable_public_key ... ok
[INFO] [stdout] test api::user::tests::test_override_endpoint ... ok
[INFO] [stdout] test api::user::tests::test_endpoint_in_candidates ... ok
[INFO] [stdout] test db::association::tests::test_nonexistent_cidr_id ... ok
[INFO] [stdout] test api::user::tests::test_redeem_expired ... ok
[INFO] [stdout] test api::user::tests::test_redeem ... ok
[INFO] [stdout] test api::user::tests::test_list_peers_for_developer_subcidr ... ok
[INFO] [stdout] test tests::test_with_session_disguised_with_headers ... ok
[INFO] [stdout] 
[INFO] [stdout] test result: ok. 34 passed; 0 failed; 0 ignored; 0 measured; 0 filtered out; finished in 0.90s
[INFO] [stdout] 
[INFO] [stderr]      Running unittests src/main.rs (/opt/rustwide/target/debug/deps/innernet_server-6b2693a8f942cdab)
[INFO] [stdout] 
[INFO] [stdout] running 0 tests
[INFO] [stdout] 
[INFO] [stdout] test result: ok. 0 passed; 0 failed; 0 ignored; 0 measured; 0 filtered out; finished in 0.00s
[INFO] [stdout] 
[INFO] [stderr]      Running unittests src/lib.rs (/opt/rustwide/target/debug/deps/netlink_request-e253c20d617fc6e0)
[INFO] [stdout] 
[INFO] [stdout] running 0 tests
[INFO] [stderr]      Running unittests src/lib.rs (/opt/rustwide/target/debug/deps/publicip-7840e83e9ee0d56f)
[INFO] [stdout] 
[INFO] [stdout] test result: ok. 0 passed; 0 failed; 0 ignored; 0 measured; 0 filtered out; finished in 0.00s
[INFO] [stdout] 
[INFO] [stdout] 
[INFO] [stdout] running 1 test
[INFO] [stderr]      Running unittests src/lib.rs (/opt/rustwide/target/debug/deps/shared-7a63fe80e617c5b2)
[INFO] [stdout] test tests::it_works ... ignored
[INFO] [stdout] 
[INFO] [stdout] test result: ok. 0 passed; 0 failed; 1 ignored; 0 measured; 0 filtered out; finished in 0.00s
[INFO] [stdout] 
[INFO] [stdout] 
[INFO] [stdout] running 4 tests
[INFO] [stdout] test types::tests::test_peer_diff_handshake_time ... ok
[INFO] [stdout] test types::tests::test_peer_diff ... ok
[INFO] [stdout] test types::tests::test_peer_no_diff ... ok
[INFO] [stdout] test netlink::tests::test_local_addrs ... ok
[INFO] [stdout] 
[INFO] [stdout] test result: ok. 4 passed; 0 failed; 0 ignored; 0 measured; 0 filtered out; finished in 0.00s
[INFO] [stdout] 
[INFO] [stderr]      Running unittests src/lib.rs (/opt/rustwide/target/debug/deps/wireguard_control-c29738477a25b3bf)
[INFO] [stdout] 
[INFO] [stdout] running 12 tests
[INFO] [stdout] test backends::kernel::tests::test_simple_payload ... ok
[INFO] [stdout] test device::tests::test_interface_names ... ok
[INFO] [stdout] test key::tests::test_key_base64 ... ok
[INFO] [stdout] test key::tests::test_key_zero ... ok
[INFO] [stdout] test key::tests::test_generate_keypair_basic ... ok
[INFO] [stdout] test key::tests::test_generate_keypair_helper ... ok
[INFO] [stdout] test key::tests::test_invalid_key ... ok
[INFO] [stdout] test key::test::test_pubkey_generation ... ok
[INFO] [stdout] test device::tests::test_add_peers ... FAILED
[INFO] [stdout] test backends::kernel::tests::test_massive_payload ... ok
[INFO] [stdout] test key::test::test_rng_sanity_private ... ok
[INFO] [stdout] test key::test::test_rng_sanity_preshared ... ok
[INFO] [stdout] 
[INFO] [stdout] failures:
[INFO] [stdout] 
[INFO] [stdout] ---- device::tests::test_add_peers stdout ----
[INFO] [stdout] thread 'device::tests::test_add_peers' panicked at wireguard-control/src/device.rs:458:55:
[INFO] [stdout] called `Result::unwrap()` on an `Err` value: Os { code: 2, kind: NotFound, message: "No such file or directory" }
[INFO] [stdout] stack backtrace:
[INFO] [stdout]    0:     0x585d76c6c73a - std::backtrace_rs::backtrace::libunwind::trace::h8810477743020387
[INFO] [stdout]                                at /rustc/202008a1b8de96d2e5b6bc02d379db03a877d34d/library/std/src/../../backtrace/src/backtrace/libunwind.rs:116:5
[INFO] [stdout]    1:     0x585d76c6c73a - std::backtrace_rs::backtrace::trace_unsynchronized::h3aa55355dd6c54a6
[INFO] [stdout]                                at /rustc/202008a1b8de96d2e5b6bc02d379db03a877d34d/library/std/src/../../backtrace/src/backtrace/mod.rs:66:5
[INFO] [stdout]    2:     0x585d76c6c73a - std::sys::backtrace::_print_fmt::h8588b0f62410823f
[INFO] [stdout]                                at /rustc/202008a1b8de96d2e5b6bc02d379db03a877d34d/library/std/src/sys/backtrace.rs:66:9
[INFO] [stdout]    3:     0x585d76c6c73a - <std::sys::backtrace::BacktraceLock::print::DisplayBacktrace as core::fmt::Display>::fmt::h98c26ac25ffe89bb
[INFO] [stdout]                                at /rustc/202008a1b8de96d2e5b6bc02d379db03a877d34d/library/std/src/sys/backtrace.rs:39:26
[INFO] [stdout]    4:     0x585d76c94923 - core::fmt::rt::Argument::fmt::hf95377f4aebd453b
[INFO] [stdout]                                at /rustc/202008a1b8de96d2e5b6bc02d379db03a877d34d/library/core/src/fmt/rt.rs:177:76
[INFO] [stdout]    5:     0x585d76c94923 - core::fmt::write::h0dd5f6e2238c7982
[INFO] [stdout]                                at /rustc/202008a1b8de96d2e5b6bc02d379db03a877d34d/library/core/src/fmt/mod.rs:1189:21
[INFO] [stdout]    6:     0x585d76c69313 - std::io::Write::write_fmt::h03bb0ca26e6faf8c
[INFO] [stdout]                                at /rustc/202008a1b8de96d2e5b6bc02d379db03a877d34d/library/std/src/io/mod.rs:1884:15
[INFO] [stdout]    7:     0x585d76c6c582 - std::sys::backtrace::BacktraceLock::print::h5c19c1c038ee186d
[INFO] [stdout]                                at /rustc/202008a1b8de96d2e5b6bc02d379db03a877d34d/library/std/src/sys/backtrace.rs:42:9
[INFO] [stdout]    8:     0x585d76c6dbbd - std::panicking::default_hook::{{closure}}::h77172f079a1fcb13
[INFO] [stdout]                                at /rustc/202008a1b8de96d2e5b6bc02d379db03a877d34d/library/std/src/panicking.rs:268:22
[INFO] [stdout]    9:     0x585d76c6d9c7 - std::panicking::default_hook::he5f8e3b203ccddba
[INFO] [stdout]                                at /rustc/202008a1b8de96d2e5b6bc02d379db03a877d34d/library/std/src/panicking.rs:292:9
[INFO] [stdout]   10:     0x585d76a97287 - <alloc::boxed::Box<F,A> as core::ops::function::Fn<Args>>::call::h7a3c7b4a1ae77f2f
[INFO] [stdout]                                at /rustc/202008a1b8de96d2e5b6bc02d379db03a877d34d/library/alloc/src/boxed.rs:1986:9
[INFO] [stdout]   11:     0x585d76a97287 - test::test_main::{{closure}}::hf0d3b69ae9b353d1
[INFO] [stdout]                                at /rustc/202008a1b8de96d2e5b6bc02d379db03a877d34d/library/test/src/lib.rs:134:21
[INFO] [stdout]   12:     0x585d76c6e268 - <alloc::boxed::Box<F,A> as core::ops::function::Fn<Args>>::call::h6332e82e7b189abd
[INFO] [stdout]                                at /rustc/202008a1b8de96d2e5b6bc02d379db03a877d34d/library/alloc/src/boxed.rs:1986:9
[INFO] [stdout]   13:     0x585d76c6e268 - std::panicking::rust_panic_with_hook::h53863d4e9018df39
[INFO] [stdout]                                at /rustc/202008a1b8de96d2e5b6bc02d379db03a877d34d/library/std/src/panicking.rs:809:13
[INFO] [stdout]   14:     0x585d76c6e02a - std::panicking::begin_panic_handler::{{closure}}::h67280e6fa0757873
[INFO] [stdout]                                at /rustc/202008a1b8de96d2e5b6bc02d379db03a877d34d/library/std/src/panicking.rs:674:13
[INFO] [stdout]   15:     0x585d76c6cc19 - std::sys::backtrace::__rust_end_short_backtrace::h1dac3f54d6fbbeb2
[INFO] [stdout]                                at /rustc/202008a1b8de96d2e5b6bc02d379db03a877d34d/library/std/src/sys/backtrace.rs:170:18
[INFO] [stdout]   16:     0x585d76c6dcbc - rust_begin_unwind
[INFO] [stdout]                                at /rustc/202008a1b8de96d2e5b6bc02d379db03a877d34d/library/std/src/panicking.rs:665:5
[INFO] [stdout]   17:     0x585d76a16b60 - core::panicking::panic_fmt::h6792bd1b2bf01041
[INFO] [stdout]                                at /rustc/202008a1b8de96d2e5b6bc02d379db03a877d34d/library/core/src/panicking.rs:76:14
[INFO] [stdout]   18:     0x585d76a16fe6 - core::result::unwrap_failed::h05e0602ed34287c5
[INFO] [stdout]                                at /rustc/202008a1b8de96d2e5b6bc02d379db03a877d34d/library/core/src/result.rs:1699:5
[INFO] [stdout]   19:     0x585d76a56885 - core::result::Result<T,E>::unwrap::h39c28afa8374862e
[INFO] [stdout]                                at /rustc/202008a1b8de96d2e5b6bc02d379db03a877d34d/library/core/src/result.rs:1104:23
[INFO] [stdout]   20:     0x585d76a56885 - wireguard_control::device::tests::test_add_peers::hce50ef0c6adcbbee
[INFO] [stdout]                                at /opt/rustwide/workdir/wireguard-control/src/device.rs:458:9
[INFO] [stdout]   21:     0x585d76a56467 - wireguard_control::device::tests::test_add_peers::{{closure}}::h937281abec4b953e
[INFO] [stdout]                                at /opt/rustwide/workdir/wireguard-control/src/device.rs:447:24
[INFO] [stdout]   22:     0x585d76a481b6 - core::ops::function::FnOnce::call_once::h3abce470fcca3aa2
[INFO] [stdout]                                at /rustc/202008a1b8de96d2e5b6bc02d379db03a877d34d/library/core/src/ops/function.rs:250:5
[INFO] [stdout]   23:     0x585d76a9bdab - core::ops::function::FnOnce::call_once::h871bf86719ec9aa4
[INFO] [stdout]                                at /rustc/202008a1b8de96d2e5b6bc02d379db03a877d34d/library/core/src/ops/function.rs:250:5
[INFO] [stdout]   24:     0x585d76a9bdab - test::__rust_begin_short_backtrace::h2167df1e2b7d76fd
[INFO] [stdout]                                at /rustc/202008a1b8de96d2e5b6bc02d379db03a877d34d/library/test/src/lib.rs:632:18
[INFO] [stdout]   25:     0x585d76a9b798 - test::run_test_in_process::{{closure}}::h15d92f75a3adfb79
[INFO] [stdout]                                at /rustc/202008a1b8de96d2e5b6bc02d379db03a877d34d/library/test/src/lib.rs:655:60
[INFO] [stdout]   26:     0x585d76a9b798 - <core::panic::unwind_safe::AssertUnwindSafe<F> as core::ops::function::FnOnce<()>>::call_once::hb6c8955835a8dbbb
[INFO] [stdout]                                at /rustc/202008a1b8de96d2e5b6bc02d379db03a877d34d/library/core/src/panic/unwind_safe.rs:272:9
[INFO] [stdout]   27:     0x585d76a9b798 - std::panicking::try::do_call::hc79d0fc888a0bd30
[INFO] [stdout]                                at /rustc/202008a1b8de96d2e5b6bc02d379db03a877d34d/library/std/src/panicking.rs:557:40
[INFO] [stdout]   28:     0x585d76a9b798 - std::panicking::try::hb8a7878e3a8589d6
[INFO] [stdout]                                at /rustc/202008a1b8de96d2e5b6bc02d379db03a877d34d/library/std/src/panicking.rs:520:19
[INFO] [stdout]   29:     0x585d76a9b798 - std::panic::catch_unwind::hb8e4600ff0ff5cfa
[INFO] [stdout]                                at /rustc/202008a1b8de96d2e5b6bc02d379db03a877d34d/library/std/src/panic.rs:358:14
[INFO] [stdout]   30:     0x585d76a9b798 - test::run_test_in_process::hc2900b0b18688dd6
[INFO] [stdout]                                at /rustc/202008a1b8de96d2e5b6bc02d379db03a877d34d/library/test/src/lib.rs:655:27
[INFO] [stdout]   31:     0x585d76a9b798 - test::run_test::{{closure}}::hac2a9cb07be3d48d
[INFO] [stdout]                                at /rustc/202008a1b8de96d2e5b6bc02d379db03a877d34d/library/test/src/lib.rs:576:43
[INFO] [stdout]   32:     0x585d76a5f23a - test::run_test::{{closure}}::h4a5b729e66a38cd8
[INFO] [stdout]                                at /rustc/202008a1b8de96d2e5b6bc02d379db03a877d34d/library/test/src/lib.rs:606:41
[INFO] [stdout]   33:     0x585d76a5f23a - std::sys::backtrace::__rust_begin_short_backtrace::h0496fb742492f573
[INFO] [stdout]                                at /rustc/202008a1b8de96d2e5b6bc02d379db03a877d34d/library/std/src/sys/backtrace.rs:154:18
[INFO] [stdout]   34:     0x585d76a62bb4 - std::thread::Builder::spawn_unchecked_::{{closure}}::{{closure}}::hbb6d257c550a54bd
[INFO] [stdout]                                at /rustc/202008a1b8de96d2e5b6bc02d379db03a877d34d/library/std/src/thread/mod.rs:561:17
[INFO] [stdout]   35:     0x585d76a62bb4 - <core::panic::unwind_safe::AssertUnwindSafe<F> as core::ops::function::FnOnce<()>>::call_once::h46696fe4a6832328
[INFO] [stdout]                                at /rustc/202008a1b8de96d2e5b6bc02d379db03a877d34d/library/core/src/panic/unwind_safe.rs:272:9
[INFO] [stdout]   36:     0x585d76a62bb4 - std::panicking::try::do_call::h2625a51b667bfb64
[INFO] [stdout]                                at /rustc/202008a1b8de96d2e5b6bc02d379db03a877d34d/library/std/src/panicking.rs:557:40
[INFO] [stdout]   37:     0x585d76a62bb4 - std::panicking::try::hb956a59a1973aa4c
[INFO] [stdout]                                at /rustc/202008a1b8de96d2e5b6bc02d379db03a877d34d/library/std/src/panicking.rs:520:19
[INFO] [stdout]   38:     0x585d76a62bb4 - std::panic::catch_unwind::h64f3b9d1067ef6a0
[INFO] [stdout]                                at /rustc/202008a1b8de96d2e5b6bc02d379db03a877d34d/library/std/src/panic.rs:358:14
[INFO] [stdout]   39:     0x585d76a62bb4 - std::thread::Builder::spawn_unchecked_::{{closure}}::h42b2841295b6c0b2
[INFO] [stdout]                                at /rustc/202008a1b8de96d2e5b6bc02d379db03a877d34d/library/std/src/thread/mod.rs:559:30
[INFO] [stdout]   40:     0x585d76a62bb4 - core::ops::function::FnOnce::call_once{{vtable.shim}}::h6127de71b8124639
[INFO] [stdout]                                at /rustc/202008a1b8de96d2e5b6bc02d379db03a877d34d/library/core/src/ops/function.rs:250:5
[INFO] [stdout]   41:     0x585d76c7249b - <alloc::boxed::Box<F,A> as core::ops::function::FnOnce<Args>>::call_once::h42f0ba71002a1b2c
[INFO] [stdout]                                at /rustc/202008a1b8de96d2e5b6bc02d379db03a877d34d/library/alloc/src/boxed.rs:1972:9
[INFO] [stdout]   42:     0x585d76c7249b - <alloc::boxed::Box<F,A> as core::ops::function::FnOnce<Args>>::call_once::had9e47d7a3dcecb8
[INFO] [stdout]                                at /rustc/202008a1b8de96d2e5b6bc02d379db03a877d34d/library/alloc/src/boxed.rs:1972:9
[INFO] [stdout]   43:     0x585d76c7249b - std::sys::pal::unix::thread::Thread::new::thread_start::h48cf765408f6f5f2
[INFO] [stdout]                                at /rustc/202008a1b8de96d2e5b6bc02d379db03a877d34d/library/std/src/sys/pal/unix/thread.rs:105:17
[INFO] [stdout]   44:     0x7d50ddbc5ac3 - <unknown>
[INFO] [stdout]   45:     0x7d50ddc56a04 - clone
[INFO] [stdout]   46:                0x0 - <unknown>
[INFO] [stdout] 
[INFO] [stdout] 
[INFO] [stdout] failures:
[INFO] [stdout]     device::tests::test_add_peers
[INFO] [stdout] 
[INFO] [stdout] test result: FAILED. 11 passed; 1 failed; 0 ignored; 0 measured; 0 filtered out; finished in 0.19s
[INFO] [stdout] 
[INFO] [stderr] error: test failed, to rerun pass `-p wireguard-control --lib`
[INFO] running `Command { std: "docker" "inspect" "a03049a3e91fafc97e488688f5f0c91db34fcff551f5afa86522b356729014c7", kill_on_drop: false }`
[INFO] running `Command { std: "docker" "rm" "-f" "a03049a3e91fafc97e488688f5f0c91db34fcff551f5afa86522b356729014c7", kill_on_drop: false }`
[INFO] [stdout] a03049a3e91fafc97e488688f5f0c91db34fcff551f5afa86522b356729014c7
