[INFO] cloning repository https://github.com/tomvidm/rust-sudoku-solver
[INFO] running `Command { std: "git" "-c" "credential.helper=" "-c" "credential.helper=/workspace/cargo-home/bin/git-credential-null" "clone" "--bare" "https://github.com/tomvidm/rust-sudoku-solver" "/workspace/cache/git-repos/https%3A%2F%2Fgithub.com%2Ftomvidm%2Frust-sudoku-solver", kill_on_drop: false }`
[INFO] [stderr] Cloning into bare repository '/workspace/cache/git-repos/https%3A%2F%2Fgithub.com%2Ftomvidm%2Frust-sudoku-solver'...
[INFO] running `Command { std: "git" "rev-parse" "HEAD", kill_on_drop: false }`
[INFO] [stdout] 9778d53891d8a991798dcffb2afeb743bbc9da94
[INFO] testing tomvidm/rust-sudoku-solver against beta-2024-12-08 for beta-1.84.0-4-retry
[INFO] running `Command { std: "git" "clone" "/workspace/cache/git-repos/https%3A%2F%2Fgithub.com%2Ftomvidm%2Frust-sudoku-solver" "/workspace/builds/worker-1-tc2/source", kill_on_drop: false }`
[INFO] [stderr] Cloning into '/workspace/builds/worker-1-tc2/source'...
[INFO] [stderr] done.
[INFO] validating manifest of git repo https://github.com/tomvidm/rust-sudoku-solver on toolchain beta-2024-12-08
[INFO] running `Command { std: CARGO_HOME="/workspace/cargo-home" RUSTUP_HOME="/workspace/rustup-home" "/workspace/cargo-home/bin/cargo" "+beta-2024-12-08" "metadata" "--manifest-path" "Cargo.toml" "--no-deps", kill_on_drop: false }`
[INFO] started tweaking git repo https://github.com/tomvidm/rust-sudoku-solver
[INFO] finished tweaking git repo https://github.com/tomvidm/rust-sudoku-solver
[INFO] tweaked toml for git repo https://github.com/tomvidm/rust-sudoku-solver written to /workspace/builds/worker-1-tc2/source/Cargo.toml
[INFO] crate git repo https://github.com/tomvidm/rust-sudoku-solver already has a lockfile, it will not be regenerated
[INFO] running `Command { std: CARGO_HOME="/workspace/cargo-home" RUSTUP_HOME="/workspace/rustup-home" "/workspace/cargo-home/bin/cargo" "+beta-2024-12-08" "fetch" "--manifest-path" "Cargo.toml", kill_on_drop: false }`
[INFO] [stderr] warning: no edition set: defaulting to the 2015 edition while the latest is 2021
[INFO] running `Command { std: "docker" "create" "-v" "/var/lib/crater-agent-workspace/builds/worker-1-tc2/target:/opt/rustwide/target:rw,Z" "-v" "/var/lib/crater-agent-workspace/builds/worker-1-tc2/source:/opt/rustwide/workdir:ro,Z" "-v" "/var/lib/crater-agent-workspace/cargo-home:/opt/rustwide/cargo-home:ro,Z" "-v" "/var/lib/crater-agent-workspace/rustup-home:/opt/rustwide/rustup-home:ro,Z" "-e" "SOURCE_DIR=/opt/rustwide/workdir" "-e" "CARGO_TARGET_DIR=/opt/rustwide/target" "-e" "CARGO_HOME=/opt/rustwide/cargo-home" "-e" "RUSTUP_HOME=/opt/rustwide/rustup-home" "-w" "/opt/rustwide/workdir" "-m" "1610612736" "--user" "0:0" "--network" "none" "ghcr.io/rust-lang/crates-build-env/linux@sha256:f3a9d4ad9d972b27faf3965f35b62e55ba32bbce8f20bc8fe909558a86702fde" "/opt/rustwide/cargo-home/bin/cargo" "+beta-2024-12-08" "metadata" "--no-deps" "--format-version=1", kill_on_drop: false }`
[INFO] [stdout] b6b4d3f43fc982a018fdbdc3dca96d88dd4be50dff3ac23e79c5d816f4a6afed
[INFO] running `Command { std: "docker" "start" "-a" "b6b4d3f43fc982a018fdbdc3dca96d88dd4be50dff3ac23e79c5d816f4a6afed", kill_on_drop: false }`
[INFO] running `Command { std: "docker" "inspect" "b6b4d3f43fc982a018fdbdc3dca96d88dd4be50dff3ac23e79c5d816f4a6afed", kill_on_drop: false }`
[INFO] running `Command { std: "docker" "rm" "-f" "b6b4d3f43fc982a018fdbdc3dca96d88dd4be50dff3ac23e79c5d816f4a6afed", kill_on_drop: false }`
[INFO] [stdout] b6b4d3f43fc982a018fdbdc3dca96d88dd4be50dff3ac23e79c5d816f4a6afed
[INFO] running `Command { std: "docker" "create" "-v" "/var/lib/crater-agent-workspace/builds/worker-1-tc2/target:/opt/rustwide/target:rw,Z" "-v" "/var/lib/crater-agent-workspace/builds/worker-1-tc2/source:/opt/rustwide/workdir:ro,Z" "-v" "/var/lib/crater-agent-workspace/cargo-home:/opt/rustwide/cargo-home:ro,Z" "-v" "/var/lib/crater-agent-workspace/rustup-home:/opt/rustwide/rustup-home:ro,Z" "-e" "SOURCE_DIR=/opt/rustwide/workdir" "-e" "CARGO_TARGET_DIR=/opt/rustwide/target" "-e" "CARGO_INCREMENTAL=0" "-e" "RUST_BACKTRACE=full" "-e" "RUSTFLAGS=--cap-lints=warn" "-e" "RUSTDOCFLAGS=--cap-lints=warn" "-e" "CARGO_HOME=/opt/rustwide/cargo-home" "-e" "RUSTUP_HOME=/opt/rustwide/rustup-home" "-w" "/opt/rustwide/workdir" "-m" "1610612736" "--user" "0:0" "--network" "none" "ghcr.io/rust-lang/crates-build-env/linux@sha256:f3a9d4ad9d972b27faf3965f35b62e55ba32bbce8f20bc8fe909558a86702fde" "/opt/rustwide/cargo-home/bin/cargo" "+beta-2024-12-08" "build" "--frozen" "--message-format=json", kill_on_drop: false }`
[INFO] [stdout] d8d2987e6339cae4cb536bac481641a2c93037904db7b42429f682bf851553d9
[INFO] running `Command { std: "docker" "start" "-a" "d8d2987e6339cae4cb536bac481641a2c93037904db7b42429f682bf851553d9", kill_on_drop: false }`
[INFO] [stderr] warning: no edition set: defaulting to the 2015 edition while the latest is 2021
[INFO] [stderr]    Compiling proc-macro2 v0.4.13
[INFO] [stderr]    Compiling unicode-xid v0.1.0
[INFO] [stderr]    Compiling ryu v0.2.4
[INFO] [stderr]    Compiling serde v1.0.73
[INFO] [stderr]    Compiling itoa v0.4.2
[INFO] [stderr]    Compiling quote v0.6.8
[INFO] [stderr]    Compiling syn v0.14.9
[INFO] [stderr]    Compiling serde_derive v1.0.73
[INFO] [stderr]    Compiling serde_json v1.0.26
[INFO] [stderr]    Compiling sudoku v0.1.0 (/opt/rustwide/workdir)
[INFO] [stdout] warning: unnecessary parentheses around index expression
[INFO] [stdout]    --> src/su/board.rs:100:29
[INFO] [stdout]     |
[INFO] [stdout] 100 |         self.allowed_in_row[(row as usize)][(value as usize) - 1]
[INFO] [stdout]     |                             ^            ^
[INFO] [stdout]     |
[INFO] [stdout]     = note: `#[warn(unused_parens)]` on by default
[INFO] [stdout] help: remove these parentheses
[INFO] [stdout]     |
[INFO] [stdout] 100 -         self.allowed_in_row[(row as usize)][(value as usize) - 1]
[INFO] [stdout] 100 +         self.allowed_in_row[row as usize][(value as usize) - 1]
[INFO] [stdout]     |
[INFO] [stdout] 
[INFO] [stdout] 
[INFO] [stdout] warning: unnecessary parentheses around index expression
[INFO] [stdout]    --> src/su/board.rs:104:29
[INFO] [stdout]     |
[INFO] [stdout] 104 |         self.allowed_in_col[(col as usize)][(value as usize) - 1]
[INFO] [stdout]     |                             ^            ^
[INFO] [stdout]     |
[INFO] [stdout] help: remove these parentheses
[INFO] [stdout]     |
[INFO] [stdout] 104 -         self.allowed_in_col[(col as usize)][(value as usize) - 1]
[INFO] [stdout] 104 +         self.allowed_in_col[col as usize][(value as usize) - 1]
[INFO] [stdout]     |
[INFO] [stdout] 
[INFO] [stdout] 
[INFO] [stdout] warning: unnecessary parentheses around index expression
[INFO] [stdout]    --> src/su/board.rs:108:32
[INFO] [stdout]     |
[INFO] [stdout] 108 |         self.allowed_in_square[(square as usize)][(value as usize) - 1]
[INFO] [stdout]     |                                ^               ^
[INFO] [stdout]     |
[INFO] [stdout] help: remove these parentheses
[INFO] [stdout]     |
[INFO] [stdout] 108 -         self.allowed_in_square[(square as usize)][(value as usize) - 1]
[INFO] [stdout] 108 +         self.allowed_in_square[square as usize][(value as usize) - 1]
[INFO] [stdout]     |
[INFO] [stdout] 
[INFO] [stdout] 
[INFO] [stdout] warning: unexpected `cfg` condition value: `cargo-clippy`
[INFO] [stdout]  --> src/su/sugame.rs:7:10
[INFO] [stdout]   |
[INFO] [stdout] 7 | #[derive(Deserialize)]
[INFO] [stdout]   |          ^^^^^^^^^^^
[INFO] [stdout]   |
[INFO] [stdout]   = note: no expected values for `feature`
[INFO] [stdout]   = help: consider adding `cargo-clippy` as a feature in `Cargo.toml`
[INFO] [stdout]   = note: see <https://doc.rust-lang.org/nightly/rustc/check-cfg/cargo-specifics.html> for more information about checking conditional configuration
[INFO] [stdout]   = note: `#[warn(unexpected_cfgs)]` on by default
[INFO] [stdout]   = note: this warning originates in the derive macro `Deserialize` (in Nightly builds, run with -Z macro-backtrace for more info)
[INFO] [stdout] 
[INFO] [stdout] 
[INFO] [stdout] warning: unused import: `self::sugame::Game`
[INFO] [stdout]  --> src/su/mod.rs:5:9
[INFO] [stdout]   |
[INFO] [stdout] 5 | pub use self::sugame::Game;
[INFO] [stdout]   |         ^^^^^^^^^^^^^^^^^^
[INFO] [stdout]   |
[INFO] [stdout]   = note: `#[warn(unused_imports)]` on by default
[INFO] [stdout] 
[INFO] [stdout] 
[INFO] [stdout] warning: unused variable: `coord`
[INFO] [stdout]   --> src/su/board.rs:80:21
[INFO] [stdout]    |
[INFO] [stdout] 80 |                 let coord = Coord::new(r, c);
[INFO] [stdout]    |                     ^^^^^ help: if this is intentional, prefix it with an underscore: `_coord`
[INFO] [stdout]    |
[INFO] [stdout]    = note: `#[warn(unused_variables)]` on by default
[INFO] [stdout] 
[INFO] [stdout] 
[INFO] [stdout] warning: unused variable: `old_entry`
[INFO] [stdout]    --> src/su/board.rs:174:17
[INFO] [stdout]     |
[INFO] [stdout] 174 |             let old_entry = Move::new_from_coord_and_value(coord, old_value);
[INFO] [stdout]     |                 ^^^^^^^^^ help: if this is intentional, prefix it with an underscore: `_old_entry`
[INFO] [stdout] 
[INFO] [stdout] 
[INFO] [stdout] warning: unused variable: `raw_board_struct`
[INFO] [stdout]   --> src/su/sugame.rs:31:13
[INFO] [stdout]    |
[INFO] [stdout] 31 |         let raw_board_struct = raw_board.clone();
[INFO] [stdout]    |             ^^^^^^^^^^^^^^^^ help: if this is intentional, prefix it with an underscore: `_raw_board_struct`
[INFO] [stdout] 
[INFO] [stdout] 
[INFO] [stdout] warning: unused variable: `board`
[INFO] [stdout]   --> src/main.rs:10:9
[INFO] [stdout]    |
[INFO] [stdout] 10 |     let board = su::Board::new();
[INFO] [stdout]    |         ^^^^^ help: if this is intentional, prefix it with an underscore: `_board`
[INFO] [stdout] 
[INFO] [stdout] 
[INFO] [stdout] warning: field `data` is never read
[INFO] [stdout]  --> src/su/sugame.rs:9:5
[INFO] [stdout]   |
[INFO] [stdout] 8 | struct RawBoard {
[INFO] [stdout]   |        -------- field in this struct
[INFO] [stdout] 9 |     data: [[i8; 9]; 9]
[INFO] [stdout]   |     ^^^^
[INFO] [stdout]   |
[INFO] [stdout]   = note: `#[warn(dead_code)]` on by default
[INFO] [stdout] 
[INFO] [stdout] 
[INFO] [stdout] warning: struct `Game` is never constructed
[INFO] [stdout]   --> src/su/sugame.rs:12:12
[INFO] [stdout]    |
[INFO] [stdout] 12 | pub struct Game {
[INFO] [stdout]    |            ^^^^
[INFO] [stdout] 
[INFO] [stdout] 
[INFO] [stdout] warning: associated function `test_game` is never used
[INFO] [stdout]   --> src/su/sugame.rs:17:8
[INFO] [stdout]    |
[INFO] [stdout] 16 | impl Game {
[INFO] [stdout]    | --------- associated function in this implementation
[INFO] [stdout] 17 |     fn test_game() -> Option<Game> {
[INFO] [stdout]    |        ^^^^^^^^^
[INFO] [stdout] 
[INFO] [stdout] 
[INFO] [stdout] warning: non-local `impl` definition, `impl` blocks should be written at the same level as their item
[INFO] [stdout]  --> src/su/sugame.rs:7:10
[INFO] [stdout]   |
[INFO] [stdout] 7 | #[derive(Deserialize)]
[INFO] [stdout]   |          -^^^^^^^^^^
[INFO] [stdout]   |          |
[INFO] [stdout]   |          `RawBoard` is not local
[INFO] [stdout]   |          `Deserialize` is not local
[INFO] [stdout]   |          move the `impl` block outside of this constant `_IMPL_DESERIALIZE_FOR_RawBoard`
[INFO] [stdout]   |
[INFO] [stdout]   = note: the derive macro `Deserialize` defines the non-local `impl`, and may need to be changed
[INFO] [stdout]   = note: the derive macro `Deserialize` may come from an old version of the `serde_derive` crate, try updating your dependency with `cargo update -p serde_derive`
[INFO] [stdout]   = note: an `impl` is never scoped, even when it is nested inside an item, as it may impact type checking outside of that item, which can be the case if neither the trait or the self type are at the same nesting level as the `impl`
[INFO] [stdout]   = note: items in an anonymous const item (`const _: () = { ... }`) are treated as in the same scope as the anonymous const's declaration for the purpose of this lint
[INFO] [stdout]   = note: `#[warn(non_local_definitions)]` on by default
[INFO] [stdout]   = note: this warning originates in the derive macro `Deserialize` (in Nightly builds, run with -Z macro-backtrace for more info)
[INFO] [stdout] 
[INFO] [stdout] 
[INFO] [stderr]     Finished `dev` profile [unoptimized + debuginfo] target(s) in 6.83s
[INFO] [stderr] warning: the following packages contain code that will be rejected by a future version of Rust: syn v0.14.9
[INFO] [stderr] note: to see what the problems were, use the option `--future-incompat-report`, or run `cargo report future-incompatibilities --id 1`
[INFO] running `Command { std: "docker" "inspect" "d8d2987e6339cae4cb536bac481641a2c93037904db7b42429f682bf851553d9", kill_on_drop: false }`
[INFO] running `Command { std: "docker" "rm" "-f" "d8d2987e6339cae4cb536bac481641a2c93037904db7b42429f682bf851553d9", kill_on_drop: false }`
[INFO] [stdout] d8d2987e6339cae4cb536bac481641a2c93037904db7b42429f682bf851553d9
[INFO] running `Command { std: "docker" "create" "-v" "/var/lib/crater-agent-workspace/builds/worker-1-tc2/target:/opt/rustwide/target:rw,Z" "-v" "/var/lib/crater-agent-workspace/builds/worker-1-tc2/source:/opt/rustwide/workdir:ro,Z" "-v" "/var/lib/crater-agent-workspace/cargo-home:/opt/rustwide/cargo-home:ro,Z" "-v" "/var/lib/crater-agent-workspace/rustup-home:/opt/rustwide/rustup-home:ro,Z" "-e" "SOURCE_DIR=/opt/rustwide/workdir" "-e" "CARGO_TARGET_DIR=/opt/rustwide/target" "-e" "CARGO_INCREMENTAL=0" "-e" "RUST_BACKTRACE=full" "-e" "RUSTFLAGS=--cap-lints=warn" "-e" "RUSTDOCFLAGS=--cap-lints=warn" "-e" "CARGO_HOME=/opt/rustwide/cargo-home" "-e" "RUSTUP_HOME=/opt/rustwide/rustup-home" "-w" "/opt/rustwide/workdir" "-m" "1610612736" "--user" "0:0" "--network" "none" "ghcr.io/rust-lang/crates-build-env/linux@sha256:f3a9d4ad9d972b27faf3965f35b62e55ba32bbce8f20bc8fe909558a86702fde" "/opt/rustwide/cargo-home/bin/cargo" "+beta-2024-12-08" "test" "--frozen" "--no-run" "--message-format=json", kill_on_drop: false }`
[INFO] [stdout] 07ee4c0e8b2a047a6d965309c7ab5e478e27df3e570d1d8b8dcaa9adb2903ef1
[INFO] running `Command { std: "docker" "start" "-a" "07ee4c0e8b2a047a6d965309c7ab5e478e27df3e570d1d8b8dcaa9adb2903ef1", kill_on_drop: false }`
[INFO] [stderr] warning: no edition set: defaulting to the 2015 edition while the latest is 2021
[INFO] [stderr]    Compiling sudoku v0.1.0 (/opt/rustwide/workdir)
[INFO] [stdout] warning: unnecessary parentheses around index expression
[INFO] [stdout]    --> src/su/board.rs:100:29
[INFO] [stdout]     |
[INFO] [stdout] 100 |         self.allowed_in_row[(row as usize)][(value as usize) - 1]
[INFO] [stdout]     |                             ^            ^
[INFO] [stdout]     |
[INFO] [stdout]     = note: `#[warn(unused_parens)]` on by default
[INFO] [stdout] help: remove these parentheses
[INFO] [stdout]     |
[INFO] [stdout] 100 -         self.allowed_in_row[(row as usize)][(value as usize) - 1]
[INFO] [stdout] 100 +         self.allowed_in_row[row as usize][(value as usize) - 1]
[INFO] [stdout]     |
[INFO] [stdout] 
[INFO] [stdout] 
[INFO] [stdout] warning: unnecessary parentheses around index expression
[INFO] [stdout]    --> src/su/board.rs:104:29
[INFO] [stdout]     |
[INFO] [stdout] 104 |         self.allowed_in_col[(col as usize)][(value as usize) - 1]
[INFO] [stdout]     |                             ^            ^
[INFO] [stdout]     |
[INFO] [stdout] help: remove these parentheses
[INFO] [stdout]     |
[INFO] [stdout] 104 -         self.allowed_in_col[(col as usize)][(value as usize) - 1]
[INFO] [stdout] 104 +         self.allowed_in_col[col as usize][(value as usize) - 1]
[INFO] [stdout]     |
[INFO] [stdout] 
[INFO] [stdout] 
[INFO] [stdout] warning: unnecessary parentheses around index expression
[INFO] [stdout]    --> src/su/board.rs:108:32
[INFO] [stdout]     |
[INFO] [stdout] 108 |         self.allowed_in_square[(square as usize)][(value as usize) - 1]
[INFO] [stdout]     |                                ^               ^
[INFO] [stdout]     |
[INFO] [stdout] help: remove these parentheses
[INFO] [stdout]     |
[INFO] [stdout] 108 -         self.allowed_in_square[(square as usize)][(value as usize) - 1]
[INFO] [stdout] 108 +         self.allowed_in_square[square as usize][(value as usize) - 1]
[INFO] [stdout]     |
[INFO] [stdout] 
[INFO] [stdout] 
[INFO] [stdout] warning: unexpected `cfg` condition value: `cargo-clippy`
[INFO] [stdout]  --> src/su/sugame.rs:7:10
[INFO] [stdout]   |
[INFO] [stdout] 7 | #[derive(Deserialize)]
[INFO] [stdout]   |          ^^^^^^^^^^^
[INFO] [stdout]   |
[INFO] [stdout]   = note: no expected values for `feature`
[INFO] [stdout]   = help: consider adding `cargo-clippy` as a feature in `Cargo.toml`
[INFO] [stdout]   = note: see <https://doc.rust-lang.org/nightly/rustc/check-cfg/cargo-specifics.html> for more information about checking conditional configuration
[INFO] [stdout]   = note: `#[warn(unexpected_cfgs)]` on by default
[INFO] [stdout]   = note: this warning originates in the derive macro `Deserialize` (in Nightly builds, run with -Z macro-backtrace for more info)
[INFO] [stdout] 
[INFO] [stdout] 
[INFO] [stdout] warning: unused import: `self::sugame::Game`
[INFO] [stdout]  --> src/su/mod.rs:5:9
[INFO] [stdout]   |
[INFO] [stdout] 5 | pub use self::sugame::Game;
[INFO] [stdout]   |         ^^^^^^^^^^^^^^^^^^
[INFO] [stdout]   |
[INFO] [stdout]   = note: `#[warn(unused_imports)]` on by default
[INFO] [stdout] 
[INFO] [stdout] 
[INFO] [stdout] warning: unused variable: `coord`
[INFO] [stdout]   --> src/su/board.rs:80:21
[INFO] [stdout]    |
[INFO] [stdout] 80 |                 let coord = Coord::new(r, c);
[INFO] [stdout]    |                     ^^^^^ help: if this is intentional, prefix it with an underscore: `_coord`
[INFO] [stdout]    |
[INFO] [stdout]    = note: `#[warn(unused_variables)]` on by default
[INFO] [stdout] 
[INFO] [stdout] 
[INFO] [stdout] warning: unused variable: `old_entry`
[INFO] [stdout]    --> src/su/board.rs:174:17
[INFO] [stdout]     |
[INFO] [stdout] 174 |             let old_entry = Move::new_from_coord_and_value(coord, old_value);
[INFO] [stdout]     |                 ^^^^^^^^^ help: if this is intentional, prefix it with an underscore: `_old_entry`
[INFO] [stdout] 
[INFO] [stdout] 
[INFO] [stdout] warning: unused variable: `board`
[INFO] [stdout]    --> src/su/board.rs:205:13
[INFO] [stdout]     |
[INFO] [stdout] 205 |     let mut board = Board::new_from_array(valid_raw_board);
[INFO] [stdout]     |             ^^^^^ help: if this is intentional, prefix it with an underscore: `_board`
[INFO] [stdout] 
[INFO] [stdout] 
[INFO] [stdout] warning: variable does not need to be mutable
[INFO] [stdout]    --> src/su/board.rs:205:9
[INFO] [stdout]     |
[INFO] [stdout] 205 |     let mut board = Board::new_from_array(valid_raw_board);
[INFO] [stdout]     |         ----^^^^^
[INFO] [stdout]     |         |
[INFO] [stdout]     |         help: remove this `mut`
[INFO] [stdout]     |
[INFO] [stdout]     = note: `#[warn(unused_mut)]` on by default
[INFO] [stdout] 
[INFO] [stdout] 
[INFO] [stdout] warning: unused variable: `raw_board_struct`
[INFO] [stdout]   --> src/su/sugame.rs:31:13
[INFO] [stdout]    |
[INFO] [stdout] 31 |         let raw_board_struct = raw_board.clone();
[INFO] [stdout]    |             ^^^^^^^^^^^^^^^^ help: if this is intentional, prefix it with an underscore: `_raw_board_struct`
[INFO] [stdout] 
[INFO] [stdout] 
[INFO] [stdout] warning: unused variable: `game`
[INFO] [stdout]   --> src/su/sugame.rs:49:9
[INFO] [stdout]    |
[INFO] [stdout] 49 |     let game = Game::test_game();
[INFO] [stdout]    |         ^^^^ help: if this is intentional, prefix it with an underscore: `_game`
[INFO] [stdout] 
[INFO] [stdout] 
[INFO] [stdout] warning: unused variable: `board`
[INFO] [stdout]   --> src/main.rs:10:9
[INFO] [stdout]    |
[INFO] [stdout] 10 |     let board = su::Board::new();
[INFO] [stdout]    |         ^^^^^ help: if this is intentional, prefix it with an underscore: `_board`
[INFO] [stdout] 
[INFO] [stdout] 
[INFO] [stdout] warning: field `data` is never read
[INFO] [stdout]  --> src/su/sugame.rs:9:5
[INFO] [stdout]   |
[INFO] [stdout] 8 | struct RawBoard {
[INFO] [stdout]   |        -------- field in this struct
[INFO] [stdout] 9 |     data: [[i8; 9]; 9]
[INFO] [stdout]   |     ^^^^
[INFO] [stdout]   |
[INFO] [stdout]   = note: `#[warn(dead_code)]` on by default
[INFO] [stdout] 
[INFO] [stdout] 
[INFO] [stdout] warning: field `board` is never read
[INFO] [stdout]   --> src/su/sugame.rs:13:5
[INFO] [stdout]    |
[INFO] [stdout] 12 | pub struct Game {
[INFO] [stdout]    |            ---- field in this struct
[INFO] [stdout] 13 |     board: Board,
[INFO] [stdout]    |     ^^^^^
[INFO] [stdout] 
[INFO] [stdout] 
[INFO] [stdout] warning: non-local `impl` definition, `impl` blocks should be written at the same level as their item
[INFO] [stdout]  --> src/su/sugame.rs:7:10
[INFO] [stdout]   |
[INFO] [stdout] 7 | #[derive(Deserialize)]
[INFO] [stdout]   |          -^^^^^^^^^^
[INFO] [stdout]   |          |
[INFO] [stdout]   |          `RawBoard` is not local
[INFO] [stdout]   |          `Deserialize` is not local
[INFO] [stdout]   |          move the `impl` block outside of this constant `_IMPL_DESERIALIZE_FOR_RawBoard`
[INFO] [stdout]   |
[INFO] [stdout]   = note: the derive macro `Deserialize` defines the non-local `impl`, and may need to be changed
[INFO] [stdout]   = note: the derive macro `Deserialize` may come from an old version of the `serde_derive` crate, try updating your dependency with `cargo update -p serde_derive`
[INFO] [stdout]   = note: an `impl` is never scoped, even when it is nested inside an item, as it may impact type checking outside of that item, which can be the case if neither the trait or the self type are at the same nesting level as the `impl`
[INFO] [stdout]   = note: items in an anonymous const item (`const _: () = { ... }`) are treated as in the same scope as the anonymous const's declaration for the purpose of this lint
[INFO] [stdout]   = note: `#[warn(non_local_definitions)]` on by default
[INFO] [stdout]   = note: this warning originates in the derive macro `Deserialize` (in Nightly builds, run with -Z macro-backtrace for more info)
[INFO] [stdout] 
[INFO] [stdout] 
[INFO] [stderr]     Finished `test` profile [unoptimized + debuginfo] target(s) in 0.56s
[INFO] [stderr] warning: the following packages contain code that will be rejected by a future version of Rust: syn v0.14.9
[INFO] [stderr] note: to see what the problems were, use the option `--future-incompat-report`, or run `cargo report future-incompatibilities --id 1`
[INFO] running `Command { std: "docker" "inspect" "07ee4c0e8b2a047a6d965309c7ab5e478e27df3e570d1d8b8dcaa9adb2903ef1", kill_on_drop: false }`
[INFO] running `Command { std: "docker" "rm" "-f" "07ee4c0e8b2a047a6d965309c7ab5e478e27df3e570d1d8b8dcaa9adb2903ef1", kill_on_drop: false }`
[INFO] [stdout] 07ee4c0e8b2a047a6d965309c7ab5e478e27df3e570d1d8b8dcaa9adb2903ef1
[INFO] running `Command { std: "docker" "create" "-v" "/var/lib/crater-agent-workspace/builds/worker-1-tc2/target:/opt/rustwide/target:rw,Z" "-v" "/var/lib/crater-agent-workspace/builds/worker-1-tc2/source:/opt/rustwide/workdir:ro,Z" "-v" "/var/lib/crater-agent-workspace/cargo-home:/opt/rustwide/cargo-home:ro,Z" "-v" "/var/lib/crater-agent-workspace/rustup-home:/opt/rustwide/rustup-home:ro,Z" "-e" "SOURCE_DIR=/opt/rustwide/workdir" "-e" "CARGO_TARGET_DIR=/opt/rustwide/target" "-e" "CARGO_INCREMENTAL=0" "-e" "RUST_BACKTRACE=full" "-e" "RUSTFLAGS=--cap-lints=warn" "-e" "RUSTDOCFLAGS=--cap-lints=warn" "-e" "CARGO_HOME=/opt/rustwide/cargo-home" "-e" "RUSTUP_HOME=/opt/rustwide/rustup-home" "-w" "/opt/rustwide/workdir" "-m" "1610612736" "--user" "0:0" "--network" "none" "ghcr.io/rust-lang/crates-build-env/linux@sha256:f3a9d4ad9d972b27faf3965f35b62e55ba32bbce8f20bc8fe909558a86702fde" "/opt/rustwide/cargo-home/bin/cargo" "+beta-2024-12-08" "test" "--frozen", kill_on_drop: false }`
[INFO] [stdout] 39e97d23b9b78a02e3eec8fdbd9154e8c74ef7049bbf582ec6d38cb9302dc887
[INFO] running `Command { std: "docker" "start" "-a" "39e97d23b9b78a02e3eec8fdbd9154e8c74ef7049bbf582ec6d38cb9302dc887", kill_on_drop: false }`
[INFO] [stderr] warning: no edition set: defaulting to the 2015 edition while the latest is 2021
[INFO] [stderr] warning: unnecessary parentheses around index expression
[INFO] [stderr]    --> src/su/board.rs:100:29
[INFO] [stderr]     |
[INFO] [stderr] 100 |         self.allowed_in_row[(row as usize)][(value as usize) - 1]
[INFO] [stderr]     |                             ^            ^
[INFO] [stderr]     |
[INFO] [stderr]     = note: `#[warn(unused_parens)]` on by default
[INFO] [stderr] help: remove these parentheses
[INFO] [stderr]     |
[INFO] [stderr] 100 -         self.allowed_in_row[(row as usize)][(value as usize) - 1]
[INFO] [stderr] 100 +         self.allowed_in_row[row as usize][(value as usize) - 1]
[INFO] [stderr]     |
[INFO] [stderr] 
[INFO] [stderr] warning: unnecessary parentheses around index expression
[INFO] [stderr]    --> src/su/board.rs:104:29
[INFO] [stderr]     |
[INFO] [stderr] 104 |         self.allowed_in_col[(col as usize)][(value as usize) - 1]
[INFO] [stderr]     |                             ^            ^
[INFO] [stderr]     |
[INFO] [stderr] help: remove these parentheses
[INFO] [stderr]     |
[INFO] [stderr] 104 -         self.allowed_in_col[(col as usize)][(value as usize) - 1]
[INFO] [stderr] 104 +         self.allowed_in_col[col as usize][(value as usize) - 1]
[INFO] [stderr]     |
[INFO] [stderr] 
[INFO] [stderr] warning: unnecessary parentheses around index expression
[INFO] [stderr]    --> src/su/board.rs:108:32
[INFO] [stderr]     |
[INFO] [stderr] 108 |         self.allowed_in_square[(square as usize)][(value as usize) - 1]
[INFO] [stderr]     |                                ^               ^
[INFO] [stderr]     |
[INFO] [stderr] help: remove these parentheses
[INFO] [stderr]     |
[INFO] [stderr] 108 -         self.allowed_in_square[(square as usize)][(value as usize) - 1]
[INFO] [stderr] 108 +         self.allowed_in_square[square as usize][(value as usize) - 1]
[INFO] [stderr]     |
[INFO] [stderr] 
[INFO] [stderr] warning: unexpected `cfg` condition value: `cargo-clippy`
[INFO] [stderr]  --> src/su/sugame.rs:7:10
[INFO] [stderr]   |
[INFO] [stderr] 7 | #[derive(Deserialize)]
[INFO] [stderr]   |          ^^^^^^^^^^^
[INFO] [stderr]   |
[INFO] [stderr]   = note: no expected values for `feature`
[INFO] [stderr]   = help: consider adding `cargo-clippy` as a feature in `Cargo.toml`
[INFO] [stderr]   = note: see <https://doc.rust-lang.org/nightly/rustc/check-cfg/cargo-specifics.html> for more information about checking conditional configuration
[INFO] [stderr]   = note: `#[warn(unexpected_cfgs)]` on by default
[INFO] [stderr]   = note: this warning originates in the derive macro `Deserialize` (in Nightly builds, run with -Z macro-backtrace for more info)
[INFO] [stderr] 
[INFO] [stderr] warning: unused import: `self::sugame::Game`
[INFO] [stderr]  --> src/su/mod.rs:5:9
[INFO] [stderr]   |
[INFO] [stderr] 5 | pub use self::sugame::Game;
[INFO] [stderr]   |         ^^^^^^^^^^^^^^^^^^
[INFO] [stderr]   |
[INFO] [stderr]   = note: `#[warn(unused_imports)]` on by default
[INFO] [stderr] 
[INFO] [stderr] warning: unused variable: `coord`
[INFO] [stderr]   --> src/su/board.rs:80:21
[INFO] [stderr]    |
[INFO] [stderr] 80 |                 let coord = Coord::new(r, c);
[INFO] [stderr]    |                     ^^^^^ help: if this is intentional, prefix it with an underscore: `_coord`
[INFO] [stderr]    |
[INFO] [stderr]    = note: `#[warn(unused_variables)]` on by default
[INFO] [stderr] 
[INFO] [stderr] warning: unused variable: `old_entry`
[INFO] [stderr]    --> src/su/board.rs:174:17
[INFO] [stderr]     |
[INFO] [stderr] 174 |             let old_entry = Move::new_from_coord_and_value(coord, old_value);
[INFO] [stderr]     |                 ^^^^^^^^^ help: if this is intentional, prefix it with an underscore: `_old_entry`
[INFO] [stderr] 
[INFO] [stderr] warning: unused variable: `board`
[INFO] [stderr]    --> src/su/board.rs:205:13
[INFO] [stderr]     |
[INFO] [stderr] 205 |     let mut board = Board::new_from_array(valid_raw_board);
[INFO] [stderr]     |             ^^^^^ help: if this is intentional, prefix it with an underscore: `_board`
[INFO] [stderr] 
[INFO] [stderr] warning: variable does not need to be mutable
[INFO] [stderr]    --> src/su/board.rs:205:9
[INFO] [stderr]     |
[INFO] [stderr] 205 |     let mut board = Board::new_from_array(valid_raw_board);
[INFO] [stderr]     |         ----^^^^^
[INFO] [stderr]     |         |
[INFO] [stderr]     |         help: remove this `mut`
[INFO] [stderr]     |
[INFO] [stderr]     = note: `#[warn(unused_mut)]` on by default
[INFO] [stderr] 
[INFO] [stderr] warning: unused variable: `raw_board_struct`
[INFO] [stderr]   --> src/su/sugame.rs:31:13
[INFO] [stderr]    |
[INFO] [stderr] 31 |         let raw_board_struct = raw_board.clone();
[INFO] [stderr]    |             ^^^^^^^^^^^^^^^^ help: if this is intentional, prefix it with an underscore: `_raw_board_struct`
[INFO] [stderr] 
[INFO] [stderr] warning: unused variable: `game`
[INFO] [stderr]   --> src/su/sugame.rs:49:9
[INFO] [stderr]    |
[INFO] [stderr] 49 |     let game = Game::test_game();
[INFO] [stderr]    |         ^^^^ help: if this is intentional, prefix it with an underscore: `_game`
[INFO] [stderr] 
[INFO] [stderr] warning: unused variable: `board`
[INFO] [stderr]   --> src/main.rs:10:9
[INFO] [stderr]    |
[INFO] [stderr] 10 |     let board = su::Board::new();
[INFO] [stderr]    |         ^^^^^ help: if this is intentional, prefix it with an underscore: `_board`
[INFO] [stderr] 
[INFO] [stderr] warning: field `data` is never read
[INFO] [stderr]  --> src/su/sugame.rs:9:5
[INFO] [stderr]   |
[INFO] [stderr] 8 | struct RawBoard {
[INFO] [stderr]   |        -------- field in this struct
[INFO] [stderr] 9 |     data: [[i8; 9]; 9]
[INFO] [stderr]   |     ^^^^
[INFO] [stderr]   |
[INFO] [stderr]   = note: `#[warn(dead_code)]` on by default
[INFO] [stderr] 
[INFO] [stderr] warning: field `board` is never read
[INFO] [stderr]   --> src/su/sugame.rs:13:5
[INFO] [stderr]    |
[INFO] [stderr] 12 | pub struct Game {
[INFO] [stderr]    |            ---- field in this struct
[INFO] [stderr] 13 |     board: Board,
[INFO] [stderr]    |     ^^^^^
[INFO] [stderr] 
[INFO] [stderr] warning: non-local `impl` definition, `impl` blocks should be written at the same level as their item
[INFO] [stderr]  --> src/su/sugame.rs:7:10
[INFO] [stderr]   |
[INFO] [stderr] 7 | #[derive(Deserialize)]
[INFO] [stderr]   |          -^^^^^^^^^^
[INFO] [stderr]   |          |
[INFO] [stderr]   |          `RawBoard` is not local
[INFO] [stderr]   |          `Deserialize` is not local
[INFO] [stderr]   |          move the `impl` block outside of this constant `_IMPL_DESERIALIZE_FOR_RawBoard`
[INFO] [stderr]   |
[INFO] [stderr]   = note: the derive macro `Deserialize` defines the non-local `impl`, and may need to be changed
[INFO] [stderr]   = note: the derive macro `Deserialize` may come from an old version of the `serde_derive` crate, try updating your dependency with `cargo update -p serde_derive`
[INFO] [stderr]   = note: an `impl` is never scoped, even when it is nested inside an item, as it may impact type checking outside of that item, which can be the case if neither the trait or the self type are at the same nesting level as the `impl`
[INFO] [stderr]   = note: items in an anonymous const item (`const _: () = { ... }`) are treated as in the same scope as the anonymous const's declaration for the purpose of this lint
[INFO] [stderr]   = note: `#[warn(non_local_definitions)]` on by default
[INFO] [stderr]   = note: this warning originates in the derive macro `Deserialize` (in Nightly builds, run with -Z macro-backtrace for more info)
[INFO] [stderr] 
[INFO] [stderr] warning: `sudoku` (bin "sudoku" test) generated 15 warnings (run `cargo fix --bin "sudoku" --tests` to apply 5 suggestions)
[INFO] [stderr]     Finished `test` profile [unoptimized + debuginfo] target(s) in 0.02s
[INFO] [stderr] warning: the following packages contain code that will be rejected by a future version of Rust: syn v0.14.9
[INFO] [stderr] note: to see what the problems were, use the option `--future-incompat-report`, or run `cargo report future-incompatibilities --id 1`
[INFO] [stderr]      Running unittests src/main.rs (/opt/rustwide/target/debug/deps/sudoku-9cdacf94a05a809f)
[INFO] [stdout] 
[INFO] [stdout] running 2 tests
[INFO] [stdout] test su::board::test_valid_board ... ok
[INFO] [stdout] test su::sugame::test_this ... FAILED
[INFO] [stdout] 
[INFO] [stdout] failures:
[INFO] [stdout] 
[INFO] [stdout] ---- su::sugame::test_this stdout ----
[INFO] [stdout] [[1,0,0,0,0,0,0,0,0],[0,2,0,0,0,0,0,0,0],[0,0,3,0,0,0,0,0,0],[0,0,0,4,0,0,0,0,0],[0,0,0,0,5,0,0,0,0],[0,0,0,0,0,6,0,0,0],[0,0,0,0,0,0,7,0,0],[0,0,0,0,0,0,0,8,0],[0,0,0,0,0,0,0,0,9]]
[INFO] [stdout] thread 'su::sugame::test_this' panicked at src/su/sugame.rs:51:5:
[INFO] [stdout] assertion failed: false
[INFO] [stdout] stack backtrace:
[INFO] [stdout]    0:     0x5c7691dd8d2a - std::backtrace_rs::backtrace::libunwind::trace::h8810477743020387
[INFO] [stdout]                                at /rustc/202008a1b8de96d2e5b6bc02d379db03a877d34d/library/std/src/../../backtrace/src/backtrace/libunwind.rs:116:5
[INFO] [stdout]    1:     0x5c7691dd8d2a - std::backtrace_rs::backtrace::trace_unsynchronized::h3aa55355dd6c54a6
[INFO] [stdout]                                at /rustc/202008a1b8de96d2e5b6bc02d379db03a877d34d/library/std/src/../../backtrace/src/backtrace/mod.rs:66:5
[INFO] [stdout]    2:     0x5c7691dd8d2a - std::sys::backtrace::_print_fmt::h8588b0f62410823f
[INFO] [stdout]                                at /rustc/202008a1b8de96d2e5b6bc02d379db03a877d34d/library/std/src/sys/backtrace.rs:66:9
[INFO] [stdout]    3:     0x5c7691dd8d2a - <std::sys::backtrace::BacktraceLock::print::DisplayBacktrace as core::fmt::Display>::fmt::h98c26ac25ffe89bb
[INFO] [stdout]                                at /rustc/202008a1b8de96d2e5b6bc02d379db03a877d34d/library/std/src/sys/backtrace.rs:39:26
[INFO] [stdout]    4:     0x5c7691dfe783 - core::fmt::rt::Argument::fmt::hf95377f4aebd453b
[INFO] [stdout]                                at /rustc/202008a1b8de96d2e5b6bc02d379db03a877d34d/library/core/src/fmt/rt.rs:177:76
[INFO] [stdout]    5:     0x5c7691dfe783 - core::fmt::write::h0dd5f6e2238c7982
[INFO] [stdout]                                at /rustc/202008a1b8de96d2e5b6bc02d379db03a877d34d/library/core/src/fmt/mod.rs:1189:21
[INFO] [stdout]    6:     0x5c7691dd5ec3 - std::io::Write::write_fmt::h03bb0ca26e6faf8c
[INFO] [stdout]                                at /rustc/202008a1b8de96d2e5b6bc02d379db03a877d34d/library/std/src/io/mod.rs:1884:15
[INFO] [stdout]    7:     0x5c7691dd8b72 - std::sys::backtrace::BacktraceLock::print::h5c19c1c038ee186d
[INFO] [stdout]                                at /rustc/202008a1b8de96d2e5b6bc02d379db03a877d34d/library/std/src/sys/backtrace.rs:42:9
[INFO] [stdout]    8:     0x5c7691dda1ad - std::panicking::default_hook::{{closure}}::h77172f079a1fcb13
[INFO] [stdout]                                at /rustc/202008a1b8de96d2e5b6bc02d379db03a877d34d/library/std/src/panicking.rs:268:22
[INFO] [stdout]    9:     0x5c7691dd9fb7 - std::panicking::default_hook::he5f8e3b203ccddba
[INFO] [stdout]                                at /rustc/202008a1b8de96d2e5b6bc02d379db03a877d34d/library/std/src/panicking.rs:292:9
[INFO] [stdout]   10:     0x5c7691da0067 - <alloc::boxed::Box<F,A> as core::ops::function::Fn<Args>>::call::h7a3c7b4a1ae77f2f
[INFO] [stdout]                                at /rustc/202008a1b8de96d2e5b6bc02d379db03a877d34d/library/alloc/src/boxed.rs:1986:9
[INFO] [stdout]   11:     0x5c7691da0067 - test::test_main::{{closure}}::hf0d3b69ae9b353d1
[INFO] [stdout]                                at /rustc/202008a1b8de96d2e5b6bc02d379db03a877d34d/library/test/src/lib.rs:134:21
[INFO] [stdout]   12:     0x5c7691dda858 - <alloc::boxed::Box<F,A> as core::ops::function::Fn<Args>>::call::h6332e82e7b189abd
[INFO] [stdout]                                at /rustc/202008a1b8de96d2e5b6bc02d379db03a877d34d/library/alloc/src/boxed.rs:1986:9
[INFO] [stdout]   13:     0x5c7691dda858 - std::panicking::rust_panic_with_hook::h53863d4e9018df39
[INFO] [stdout]                                at /rustc/202008a1b8de96d2e5b6bc02d379db03a877d34d/library/std/src/panicking.rs:809:13
[INFO] [stdout]   14:     0x5c7691dda5e6 - std::panicking::begin_panic_handler::{{closure}}::h67280e6fa0757873
[INFO] [stdout]                                at /rustc/202008a1b8de96d2e5b6bc02d379db03a877d34d/library/std/src/panicking.rs:667:13
[INFO] [stdout]   15:     0x5c7691dd9209 - std::sys::backtrace::__rust_end_short_backtrace::h1dac3f54d6fbbeb2
[INFO] [stdout]                                at /rustc/202008a1b8de96d2e5b6bc02d379db03a877d34d/library/std/src/sys/backtrace.rs:170:18
[INFO] [stdout]   16:     0x5c7691dda2ac - rust_begin_unwind
[INFO] [stdout]                                at /rustc/202008a1b8de96d2e5b6bc02d379db03a877d34d/library/std/src/panicking.rs:665:5
[INFO] [stdout]   17:     0x5c7691d61aa0 - core::panicking::panic_fmt::h6792bd1b2bf01041
[INFO] [stdout]                                at /rustc/202008a1b8de96d2e5b6bc02d379db03a877d34d/library/core/src/panicking.rs:76:14
[INFO] [stdout]   18:     0x5c7691d61b2c - core::panicking::panic::hbb5c236a846c507c
[INFO] [stdout]                                at /rustc/202008a1b8de96d2e5b6bc02d379db03a877d34d/library/core/src/panicking.rs:148:5
[INFO] [stdout]   19:     0x5c7691d667bd - sudoku::su::sugame::test_this::hc34d058e43c94377
[INFO] [stdout]                                at /opt/rustwide/workdir/src/su/sugame.rs:51:5
[INFO] [stdout]   20:     0x5c7691d66777 - sudoku::su::sugame::test_this::{{closure}}::h6fe8f81a060a5950
[INFO] [stdout]                                at /opt/rustwide/workdir/src/su/sugame.rs:48:15
[INFO] [stdout]   21:     0x5c7691d63076 - core::ops::function::FnOnce::call_once::h4ff8b29480d30c75
[INFO] [stdout]                                at /rustc/202008a1b8de96d2e5b6bc02d379db03a877d34d/library/core/src/ops/function.rs:250:5
[INFO] [stdout]   22:     0x5c7691da4b8b - core::ops::function::FnOnce::call_once::h871bf86719ec9aa4
[INFO] [stdout]                                at /rustc/202008a1b8de96d2e5b6bc02d379db03a877d34d/library/core/src/ops/function.rs:250:5
[INFO] [stdout]   23:     0x5c7691da4b8b - test::__rust_begin_short_backtrace::h2167df1e2b7d76fd
[INFO] [stdout]                                at /rustc/202008a1b8de96d2e5b6bc02d379db03a877d34d/library/test/src/lib.rs:632:18
[INFO] [stdout]   24:     0x5c7691da4578 - test::run_test_in_process::{{closure}}::h15d92f75a3adfb79
[INFO] [stdout]                                at /rustc/202008a1b8de96d2e5b6bc02d379db03a877d34d/library/test/src/lib.rs:655:60
[INFO] [stdout]   25:     0x5c7691da4578 - <core::panic::unwind_safe::AssertUnwindSafe<F> as core::ops::function::FnOnce<()>>::call_once::hb6c8955835a8dbbb
[INFO] [stdout]                                at /rustc/202008a1b8de96d2e5b6bc02d379db03a877d34d/library/core/src/panic/unwind_safe.rs:272:9
[INFO] [stdout]   26:     0x5c7691da4578 - std::panicking::try::do_call::hc79d0fc888a0bd30
[INFO] [stdout]                                at /rustc/202008a1b8de96d2e5b6bc02d379db03a877d34d/library/std/src/panicking.rs:557:40
[INFO] [stdout]   27:     0x5c7691da4578 - std::panicking::try::hb8a7878e3a8589d6
[INFO] [stdout]                                at /rustc/202008a1b8de96d2e5b6bc02d379db03a877d34d/library/std/src/panicking.rs:520:19
[INFO] [stdout]   28:     0x5c7691da4578 - std::panic::catch_unwind::hb8e4600ff0ff5cfa
[INFO] [stdout]                                at /rustc/202008a1b8de96d2e5b6bc02d379db03a877d34d/library/std/src/panic.rs:358:14
[INFO] [stdout]   29:     0x5c7691da4578 - test::run_test_in_process::hc2900b0b18688dd6
[INFO] [stdout]                                at /rustc/202008a1b8de96d2e5b6bc02d379db03a877d34d/library/test/src/lib.rs:655:27
[INFO] [stdout]   30:     0x5c7691da4578 - test::run_test::{{closure}}::hac2a9cb07be3d48d
[INFO] [stdout]                                at /rustc/202008a1b8de96d2e5b6bc02d379db03a877d34d/library/test/src/lib.rs:576:43
[INFO] [stdout]   31:     0x5c7691d6801a - test::run_test::{{closure}}::h4a5b729e66a38cd8
[INFO] [stdout]                                at /rustc/202008a1b8de96d2e5b6bc02d379db03a877d34d/library/test/src/lib.rs:606:41
[INFO] [stdout]   32:     0x5c7691d6801a - std::sys::backtrace::__rust_begin_short_backtrace::h0496fb742492f573
[INFO] [stdout]                                at /rustc/202008a1b8de96d2e5b6bc02d379db03a877d34d/library/std/src/sys/backtrace.rs:154:18
[INFO] [stdout]   33:     0x5c7691d6b994 - std::thread::Builder::spawn_unchecked_::{{closure}}::{{closure}}::hbb6d257c550a54bd
[INFO] [stdout]                                at /rustc/202008a1b8de96d2e5b6bc02d379db03a877d34d/library/std/src/thread/mod.rs:561:17
[INFO] [stdout]   34:     0x5c7691d6b994 - <core::panic::unwind_safe::AssertUnwindSafe<F> as core::ops::function::FnOnce<()>>::call_once::h46696fe4a6832328
[INFO] [stdout]                                at /rustc/202008a1b8de96d2e5b6bc02d379db03a877d34d/library/core/src/panic/unwind_safe.rs:272:9
[INFO] [stdout]   35:     0x5c7691d6b994 - std::panicking::try::do_call::h2625a51b667bfb64
[INFO] [stdout]                                at /rustc/202008a1b8de96d2e5b6bc02d379db03a877d34d/library/std/src/panicking.rs:557:40
[INFO] [stdout]   36:     0x5c7691d6b994 - std::panicking::try::hb956a59a1973aa4c
[INFO] [stdout]                                at /rustc/202008a1b8de96d2e5b6bc02d379db03a877d34d/library/std/src/panicking.rs:520:19
[INFO] [stdout]   37:     0x5c7691d6b994 - std::panic::catch_unwind::h64f3b9d1067ef6a0
[INFO] [stdout]                                at /rustc/202008a1b8de96d2e5b6bc02d379db03a877d34d/library/std/src/panic.rs:358:14
[INFO] [stdout]   38:     0x5c7691d6b994 - std::thread::Builder::spawn_unchecked_::{{closure}}::h42b2841295b6c0b2
[INFO] [stdout]                                at /rustc/202008a1b8de96d2e5b6bc02d379db03a877d34d/library/std/src/thread/mod.rs:559:30
[INFO] [stdout]   39:     0x5c7691d6b994 - core::ops::function::FnOnce::call_once{{vtable.shim}}::h6127de71b8124639
[INFO] [stdout]                                at /rustc/202008a1b8de96d2e5b6bc02d379db03a877d34d/library/core/src/ops/function.rs:250:5
[INFO] [stdout]   40:     0x5c7691dde79b - <alloc::boxed::Box<F,A> as core::ops::function::FnOnce<Args>>::call_once::h42f0ba71002a1b2c
[INFO] [stdout]                                at /rustc/202008a1b8de96d2e5b6bc02d379db03a877d34d/library/alloc/src/boxed.rs:1972:9
[INFO] [stdout]   41:     0x5c7691dde79b - <alloc::boxed::Box<F,A> as core::ops::function::FnOnce<Args>>::call_once::had9e47d7a3dcecb8
[INFO] [stdout]                                at /rustc/202008a1b8de96d2e5b6bc02d379db03a877d34d/library/alloc/src/boxed.rs:1972:9
[INFO] [stdout]   42:     0x5c7691dde79b - std::sys::pal::unix::thread::Thread::new::thread_start::h48cf765408f6f5f2
[INFO] [stdout]                                at /rustc/202008a1b8de96d2e5b6bc02d379db03a877d34d/library/std/src/sys/pal/unix/thread.rs:105:17
[INFO] [stdout]   43:     0x73ecc6d09ac3 - <unknown>
[INFO] [stdout]   44:     0x73ecc6d9aa04 - clone
[INFO] [stdout]   45:                0x0 - <unknown>
[INFO] [stdout] 
[INFO] [stdout] 
[INFO] [stdout] failures:
[INFO] [stdout]     su::sugame::test_this
[INFO] [stdout] 
[INFO] [stdout] test result: FAILED. 1 passed; 1 failed; 0 ignored; 0 measured; 0 filtered out; finished in 0.02s
[INFO] [stdout] 
[INFO] [stderr] error: test failed, to rerun pass `--bin sudoku`
[INFO] running `Command { std: "docker" "inspect" "39e97d23b9b78a02e3eec8fdbd9154e8c74ef7049bbf582ec6d38cb9302dc887", kill_on_drop: false }`
[INFO] running `Command { std: "docker" "rm" "-f" "39e97d23b9b78a02e3eec8fdbd9154e8c74ef7049bbf582ec6d38cb9302dc887", kill_on_drop: false }`
[INFO] [stdout] 39e97d23b9b78a02e3eec8fdbd9154e8c74ef7049bbf582ec6d38cb9302dc887
