[INFO] cloning repository https://github.com/tomoima525/auth0-appsync-custom-authorizer
[INFO] running `Command { std: "git" "-c" "credential.helper=" "-c" "credential.helper=/workspace/cargo-home/bin/git-credential-null" "clone" "--bare" "https://github.com/tomoima525/auth0-appsync-custom-authorizer" "/workspace/cache/git-repos/https%3A%2F%2Fgithub.com%2Ftomoima525%2Fauth0-appsync-custom-authorizer", kill_on_drop: false }`
[INFO] [stderr] Cloning into bare repository '/workspace/cache/git-repos/https%3A%2F%2Fgithub.com%2Ftomoima525%2Fauth0-appsync-custom-authorizer'...
[INFO] running `Command { std: "git" "rev-parse" "HEAD", kill_on_drop: false }`
[INFO] [stdout] 98417de28908626978f330d43551a901afcc0fa2
[INFO] testing tomoima525/auth0-appsync-custom-authorizer against 1.83.0 for beta-1.84.0-4-retry
[INFO] running `Command { std: "git" "clone" "/workspace/cache/git-repos/https%3A%2F%2Fgithub.com%2Ftomoima525%2Fauth0-appsync-custom-authorizer" "/workspace/builds/worker-5-tc1/source", kill_on_drop: false }`
[INFO] [stderr] Cloning into '/workspace/builds/worker-5-tc1/source'...
[INFO] [stderr] done.
[INFO] validating manifest of git repo https://github.com/tomoima525/auth0-appsync-custom-authorizer on toolchain 1.83.0
[INFO] running `Command { std: CARGO_HOME="/workspace/cargo-home" RUSTUP_HOME="/workspace/rustup-home" "/workspace/cargo-home/bin/cargo" "+1.83.0" "metadata" "--manifest-path" "Cargo.toml" "--no-deps", kill_on_drop: false }`
[INFO] started tweaking git repo https://github.com/tomoima525/auth0-appsync-custom-authorizer
[INFO] finished tweaking git repo https://github.com/tomoima525/auth0-appsync-custom-authorizer
[INFO] tweaked toml for git repo https://github.com/tomoima525/auth0-appsync-custom-authorizer written to /workspace/builds/worker-5-tc1/source/Cargo.toml
[INFO] crate git repo https://github.com/tomoima525/auth0-appsync-custom-authorizer already has a lockfile, it will not be regenerated
[INFO] running `Command { std: CARGO_HOME="/workspace/cargo-home" RUSTUP_HOME="/workspace/rustup-home" "/workspace/cargo-home/bin/cargo" "+1.83.0" "fetch" "--manifest-path" "Cargo.toml", kill_on_drop: false }`
[INFO] [stderr] warning: virtual workspace defaulting to `resolver = "1"` despite one or more workspace members being on edition 2021 which implies `resolver = "2"`
[INFO] [stderr] note: to keep the current resolver, specify `workspace.resolver = "1"` in the workspace root's manifest
[INFO] [stderr] note: to use the edition 2021 resolver, specify `workspace.resolver = "2"` in the workspace root's manifest
[INFO] [stderr] note: for more details see https://doc.rust-lang.org/cargo/reference/resolver.html#resolver-versions
[INFO] [stderr]  Downloading crates ...
[INFO] [stderr]   Downloaded lambda_runtime v0.6.1
[INFO] [stderr]   Downloaded async-graphql-derive v4.0.13
[INFO] [stderr]   Downloaded lambda_runtime_api_client v0.6.0
[INFO] [stderr]   Downloaded async-graphql-parser v4.0.13
[INFO] [stderr]   Downloaded async-graphql v4.0.13
[INFO] [stderr]   Downloaded async-graphql-value v4.0.13
[INFO] running `Command { std: "docker" "create" "-v" "/var/lib/crater-agent-workspace/builds/worker-5-tc1/target:/opt/rustwide/target:rw,Z" "-v" "/var/lib/crater-agent-workspace/builds/worker-5-tc1/source:/opt/rustwide/workdir:ro,Z" "-v" "/var/lib/crater-agent-workspace/cargo-home:/opt/rustwide/cargo-home:ro,Z" "-v" "/var/lib/crater-agent-workspace/rustup-home:/opt/rustwide/rustup-home:ro,Z" "-e" "SOURCE_DIR=/opt/rustwide/workdir" "-e" "CARGO_TARGET_DIR=/opt/rustwide/target" "-e" "CARGO_HOME=/opt/rustwide/cargo-home" "-e" "RUSTUP_HOME=/opt/rustwide/rustup-home" "-w" "/opt/rustwide/workdir" "-m" "1610612736" "--user" "0:0" "--network" "none" "ghcr.io/rust-lang/crates-build-env/linux@sha256:f3a9d4ad9d972b27faf3965f35b62e55ba32bbce8f20bc8fe909558a86702fde" "/opt/rustwide/cargo-home/bin/cargo" "+1.83.0" "metadata" "--no-deps" "--format-version=1", kill_on_drop: false }`
[INFO] [stdout] c540faaff163fea87d6d6905520f47a3cd0327b633385f1ab299f117ee0af367
[INFO] running `Command { std: "docker" "start" "-a" "c540faaff163fea87d6d6905520f47a3cd0327b633385f1ab299f117ee0af367", kill_on_drop: false }`
[INFO] running `Command { std: "docker" "inspect" "c540faaff163fea87d6d6905520f47a3cd0327b633385f1ab299f117ee0af367", kill_on_drop: false }`
[INFO] running `Command { std: "docker" "rm" "-f" "c540faaff163fea87d6d6905520f47a3cd0327b633385f1ab299f117ee0af367", kill_on_drop: false }`
[INFO] [stdout] c540faaff163fea87d6d6905520f47a3cd0327b633385f1ab299f117ee0af367
[INFO] running `Command { std: "docker" "create" "-v" "/var/lib/crater-agent-workspace/builds/worker-5-tc1/target:/opt/rustwide/target:rw,Z" "-v" "/var/lib/crater-agent-workspace/builds/worker-5-tc1/source:/opt/rustwide/workdir:ro,Z" "-v" "/var/lib/crater-agent-workspace/cargo-home:/opt/rustwide/cargo-home:ro,Z" "-v" "/var/lib/crater-agent-workspace/rustup-home:/opt/rustwide/rustup-home:ro,Z" "-e" "SOURCE_DIR=/opt/rustwide/workdir" "-e" "CARGO_TARGET_DIR=/opt/rustwide/target" "-e" "CARGO_INCREMENTAL=0" "-e" "RUST_BACKTRACE=full" "-e" "RUSTFLAGS=--cap-lints=warn" "-e" "RUSTDOCFLAGS=--cap-lints=warn" "-e" "CARGO_HOME=/opt/rustwide/cargo-home" "-e" "RUSTUP_HOME=/opt/rustwide/rustup-home" "-w" "/opt/rustwide/workdir" "-m" "1610612736" "--user" "0:0" "--network" "none" "ghcr.io/rust-lang/crates-build-env/linux@sha256:f3a9d4ad9d972b27faf3965f35b62e55ba32bbce8f20bc8fe909558a86702fde" "/opt/rustwide/cargo-home/bin/cargo" "+1.83.0" "build" "--frozen" "--message-format=json", kill_on_drop: false }`
[INFO] [stdout] 55e09afe8200e19dc948cd26be9406809d86dfea52cdc9d27577b48b16382ba8
[INFO] running `Command { std: "docker" "start" "-a" "55e09afe8200e19dc948cd26be9406809d86dfea52cdc9d27577b48b16382ba8", kill_on_drop: false }`
[INFO] [stderr] warning: virtual workspace defaulting to `resolver = "1"` despite one or more workspace members being on edition 2021 which implies `resolver = "2"`
[INFO] [stderr] note: to keep the current resolver, specify `workspace.resolver = "1"` in the workspace root's manifest
[INFO] [stderr] note: to use the edition 2021 resolver, specify `workspace.resolver = "2"` in the workspace root's manifest
[INFO] [stderr] note: for more details see https://doc.rust-lang.org/cargo/reference/resolver.html#resolver-versions
[INFO] [stderr]    Compiling proc-macro2 v1.0.43
[INFO] [stderr]    Compiling quote v1.0.21
[INFO] [stderr]    Compiling unicode-ident v1.0.4
[INFO] [stderr]    Compiling syn v1.0.100
[INFO] [stderr]    Compiling autocfg v1.1.0
[INFO] [stderr]    Compiling serde_derive v1.0.144
[INFO] [stderr]    Compiling serde v1.0.144
[INFO] [stderr]    Compiling libc v0.2.133
[INFO] [stderr]    Compiling once_cell v1.14.0
[INFO] [stderr]    Compiling memchr v2.5.0
[INFO] [stderr]    Compiling cfg-if v1.0.0
[INFO] [stderr]    Compiling log v0.4.17
[INFO] [stderr]    Compiling futures-core v0.3.24
[INFO] [stderr]    Compiling pin-project-lite v0.2.9
[INFO] [stderr]    Compiling itoa v1.0.3
[INFO] [stderr]    Compiling futures-sink v0.3.24
[INFO] [stderr]    Compiling futures-channel v0.3.24
[INFO] [stderr]    Compiling futures-task v0.3.24
[INFO] [stderr]    Compiling fnv v1.0.7
[INFO] [stderr]    Compiling futures-util v0.3.24
[INFO] [stderr]    Compiling pin-utils v0.1.0
[INFO] [stderr]    Compiling futures-io v0.3.24
[INFO] [stderr]    Compiling cc v1.0.73
[INFO] [stderr]    Compiling hashbrown v0.12.3
[INFO] [stderr]    Compiling httparse v1.8.0
[INFO] [stderr]    Compiling ryu v1.0.11
[INFO] [stderr]    Compiling tracing-core v0.1.29
[INFO] [stderr]    Compiling serde_json v1.0.85
[INFO] [stderr]    Compiling thiserror v1.0.35
[INFO] [stderr]    Compiling slab v0.4.7
[INFO] [stderr]    Compiling indexmap v1.9.1
[INFO] [stderr]    Compiling tokio v1.21.1
[INFO] [stderr]    Compiling pkg-config v0.3.25
[INFO] [stderr]    Compiling num-traits v0.2.15
[INFO] [stderr]    Compiling encoding_rs v0.8.31
[INFO] [stderr]    Compiling lazy_static v1.4.0
[INFO] [stderr]    Compiling tower-service v0.3.2
[INFO] [stderr]    Compiling try-lock v0.2.3
[INFO] [stderr]    Compiling want v0.3.0
[INFO] [stderr]    Compiling foreign-types-shared v0.1.1
[INFO] [stderr]    Compiling strsim v0.10.0
[INFO] [stderr]    Compiling ident_case v1.0.1
[INFO] [stderr]    Compiling base64 v0.13.0
[INFO] [stderr]    Compiling regex-syntax v0.6.27
[INFO] [stderr]    Compiling httpdate v1.0.2
[INFO] [stderr]    Compiling openssl-src v111.22.0+1.1.1q
[INFO] [stderr]    Compiling aho-corasick v0.7.19
[INFO] [stderr]    Compiling openssl v0.10.41
[INFO] [stderr]    Compiling foreign-types v0.3.2
[INFO] [stderr]    Compiling num-integer v0.1.45
[INFO] [stderr]    Compiling tinyvec_macros v0.1.0
[INFO] [stderr]    Compiling mime v0.3.16
[INFO] [stderr]    Compiling ucd-trie v0.1.5
[INFO] [stderr]    Compiling bitflags v1.3.2
[INFO] [stderr]    Compiling version_check v0.9.4
[INFO] [stderr]    Compiling native-tls v0.2.10
[INFO] [stderr]    Compiling tinyvec v1.6.0
[INFO] [stderr]    Compiling socket2 v0.4.7
[INFO] [stderr]    Compiling mio v0.8.4
[INFO] [stderr]    Compiling num_cpus v1.13.1
[INFO] [stderr]    Compiling num-bigint v0.4.3
[INFO] [stderr]    Compiling openssl-probe v0.1.5
[INFO] [stderr]    Compiling percent-encoding v2.2.0
[INFO] [stderr]    Compiling async-trait v0.1.57
[INFO] [stderr]    Compiling unicode-bidi v0.3.8
[INFO] [stderr]    Compiling multer v2.0.4
[INFO] [stderr]    Compiling form_urlencoded v1.1.0
[INFO] [stderr]    Compiling ascii_utils v0.9.3
[INFO] [stderr]    Compiling tower-layer v0.3.1
[INFO] [stderr]    Compiling remove_dir_all v0.5.3
[INFO] [stderr]    Compiling num_threads v0.1.6
[INFO] [stderr]    Compiling time-macros v0.2.4
[INFO] [stderr]    Compiling fastrand v1.8.0
[INFO] [stderr]    Compiling spin v0.9.4
[INFO] [stderr]    Compiling openssl-sys v0.9.75
[INFO] [stderr]    Compiling ring v0.16.20
[INFO] [stderr]    Compiling fast_chemail v0.9.6
[INFO] [stderr]    Compiling untrusted v0.7.1
[INFO] [stderr]    Compiling spin v0.5.2
[INFO] [stderr]    Compiling static_assertions v1.1.0
[INFO] [stderr]    Compiling pem v1.1.0
[INFO] [stderr]    Compiling sharded-slab v0.1.4
[INFO] [stderr]    Compiling thread_local v1.1.4
[INFO] [stderr]    Compiling tempfile v3.3.0
[INFO] [stderr]    Compiling ipnet v2.5.0
[INFO] [stderr]    Compiling unicode-normalization v0.1.22
[INFO] [stderr]    Compiling idna v0.3.0
[INFO] [stderr]    Compiling tracing-subscriber v0.3.15
[INFO] [stderr]    Compiling url v2.3.1
[INFO] [stderr]    Compiling regex v1.6.0
[INFO] [stderr]    Compiling time v0.3.14
[INFO] [stderr]    Compiling Inflector v0.11.4
[INFO] [stderr]    Compiling darling_core v0.14.1
[INFO] [stderr]    Compiling futures-macro v0.3.24
[INFO] [stderr]    Compiling tokio-macros v1.8.0
[INFO] [stderr]    Compiling thiserror-impl v1.0.35
[INFO] [stderr]    Compiling tracing-attributes v0.1.22
[INFO] [stderr]    Compiling async-stream-impl v0.3.3
[INFO] [stderr]    Compiling openssl-macros v0.1.0
[INFO] [stderr]    Compiling pin-project-internal v1.0.12
[INFO] [stderr]    Compiling async-stream v0.3.3
[INFO] [stderr]    Compiling darling_macro v0.14.1
[INFO] [stderr]    Compiling pest v2.3.1
[INFO] [stderr]    Compiling tracing v0.1.36
[INFO] [stderr]    Compiling simple_asn1 v0.6.2
[INFO] [stderr]    Compiling pin-project v1.0.12
[INFO] [stderr]    Compiling darling v0.14.1
[INFO] [stderr]    Compiling futures-executor v0.3.24
[INFO] [stderr]    Compiling tower v0.4.13
[INFO] [stderr]    Compiling futures v0.3.24
[INFO] [stderr]    Compiling bytes v1.2.1
[INFO] [stderr]    Compiling toml v0.5.9
[INFO] [stderr]    Compiling serde_urlencoded v0.7.1
[INFO] [stderr]    Compiling http v0.2.8
[INFO] [stderr]    Compiling async-graphql-value v4.0.13
[INFO] [stderr]    Compiling jsonwebtoken v8.1.1
[INFO] [stderr]    Compiling proc-macro-crate v1.2.1
[INFO] [stderr]    Compiling async-graphql-parser v4.0.13
[INFO] [stderr]    Compiling http-body v0.4.5
[INFO] [stderr]    Compiling async-graphql-derive v4.0.13
[INFO] [stderr]    Compiling tokio-util v0.7.4
[INFO] [stderr]    Compiling tokio-stream v0.1.10
[INFO] [stderr]    Compiling h2 v0.3.14
[INFO] [stderr]    Compiling async-graphql v4.0.13
[INFO] [stderr]    Compiling hyper v0.14.20
[INFO] [stderr]    Compiling tokio-native-tls v0.3.0
[INFO] [stderr]    Compiling lambda_runtime_api_client v0.6.0
[INFO] [stderr]    Compiling hyper-tls v0.5.0
[INFO] [stderr]    Compiling reqwest v0.11.12
[INFO] [stderr]    Compiling lambda_runtime v0.6.1
[INFO] [stderr]    Compiling helpers v0.1.0 (/opt/rustwide/workdir/fn/helpers)
[INFO] [stderr]    Compiling authorizer v0.1.0 (/opt/rustwide/workdir/fn/authorizer)
[INFO] [stdout] warning: field `request_context` is never read
[INFO] [stdout]   --> fn/authorizer/src/types.rs:29:9
[INFO] [stdout]    |
[INFO] [stdout] 27 | pub struct AppSyncAuthorizerEvent {
[INFO] [stdout]    |            ---------------------- field in this struct
[INFO] [stdout] 28 |     pub authorization_token: String,
[INFO] [stdout] 29 |     pub request_context: RequestContext,
[INFO] [stdout]    |         ^^^^^^^^^^^^^^^
[INFO] [stdout]    |
[INFO] [stdout]    = note: `AppSyncAuthorizerEvent` has derived impls for the traits `Debug` and `Clone`, but these are intentionally ignored during dead code analysis
[INFO] [stdout]    = note: `#[warn(dead_code)]` on by default
[INFO] [stdout] 
[INFO] [stdout] 
[INFO] [stderr]    Compiling starwars v0.1.0 (/opt/rustwide/workdir/models/starwars)
[INFO] [stderr]    Compiling gql v0.1.0 (/opt/rustwide/workdir/gql)
[INFO] [stderr]     Finished `dev` profile [unoptimized + debuginfo] target(s) in 2m 09s
[INFO] running `Command { std: "docker" "inspect" "55e09afe8200e19dc948cd26be9406809d86dfea52cdc9d27577b48b16382ba8", kill_on_drop: false }`
[INFO] running `Command { std: "docker" "rm" "-f" "55e09afe8200e19dc948cd26be9406809d86dfea52cdc9d27577b48b16382ba8", kill_on_drop: false }`
[INFO] [stdout] 55e09afe8200e19dc948cd26be9406809d86dfea52cdc9d27577b48b16382ba8
[INFO] running `Command { std: "docker" "create" "-v" "/var/lib/crater-agent-workspace/builds/worker-5-tc1/target:/opt/rustwide/target:rw,Z" "-v" "/var/lib/crater-agent-workspace/builds/worker-5-tc1/source:/opt/rustwide/workdir:ro,Z" "-v" "/var/lib/crater-agent-workspace/cargo-home:/opt/rustwide/cargo-home:ro,Z" "-v" "/var/lib/crater-agent-workspace/rustup-home:/opt/rustwide/rustup-home:ro,Z" "-e" "SOURCE_DIR=/opt/rustwide/workdir" "-e" "CARGO_TARGET_DIR=/opt/rustwide/target" "-e" "CARGO_INCREMENTAL=0" "-e" "RUST_BACKTRACE=full" "-e" "RUSTFLAGS=--cap-lints=warn" "-e" "RUSTDOCFLAGS=--cap-lints=warn" "-e" "CARGO_HOME=/opt/rustwide/cargo-home" "-e" "RUSTUP_HOME=/opt/rustwide/rustup-home" "-w" "/opt/rustwide/workdir" "-m" "1610612736" "--user" "0:0" "--network" "none" "ghcr.io/rust-lang/crates-build-env/linux@sha256:f3a9d4ad9d972b27faf3965f35b62e55ba32bbce8f20bc8fe909558a86702fde" "/opt/rustwide/cargo-home/bin/cargo" "+1.83.0" "test" "--frozen" "--no-run" "--message-format=json", kill_on_drop: false }`
[INFO] [stdout] 17f8517ff2c5efdd5ac58255b31ebf9061f1e5d7810de43fc7cd9fabba3f7f44
[INFO] running `Command { std: "docker" "start" "-a" "17f8517ff2c5efdd5ac58255b31ebf9061f1e5d7810de43fc7cd9fabba3f7f44", kill_on_drop: false }`
[INFO] [stderr] warning: virtual workspace defaulting to `resolver = "1"` despite one or more workspace members being on edition 2021 which implies `resolver = "2"`
[INFO] [stderr] note: to keep the current resolver, specify `workspace.resolver = "1"` in the workspace root's manifest
[INFO] [stderr] note: to use the edition 2021 resolver, specify `workspace.resolver = "2"` in the workspace root's manifest
[INFO] [stderr] note: for more details see https://doc.rust-lang.org/cargo/reference/resolver.html#resolver-versions
[INFO] [stderr]    Compiling helpers v0.1.0 (/opt/rustwide/workdir/fn/helpers)
[INFO] [stderr]    Compiling starwars v0.1.0 (/opt/rustwide/workdir/models/starwars)
[INFO] [stderr]    Compiling gql v0.1.0 (/opt/rustwide/workdir/gql)
[INFO] [stderr]    Compiling authorizer v0.1.0 (/opt/rustwide/workdir/fn/authorizer)
[INFO] [stdout] warning: field `request_context` is never read
[INFO] [stdout]   --> fn/authorizer/src/types.rs:29:9
[INFO] [stdout]    |
[INFO] [stdout] 27 | pub struct AppSyncAuthorizerEvent {
[INFO] [stdout]    |            ---------------------- field in this struct
[INFO] [stdout] 28 |     pub authorization_token: String,
[INFO] [stdout] 29 |     pub request_context: RequestContext,
[INFO] [stdout]    |         ^^^^^^^^^^^^^^^
[INFO] [stdout]    |
[INFO] [stdout]    = note: `AppSyncAuthorizerEvent` has derived impls for the traits `Debug` and `Clone`, but these are intentionally ignored during dead code analysis
[INFO] [stdout]    = note: `#[warn(dead_code)]` on by default
[INFO] [stdout] 
[INFO] [stdout] 
[INFO] [stderr]     Finished `test` profile [unoptimized + debuginfo] target(s) in 4.78s
[INFO] running `Command { std: "docker" "inspect" "17f8517ff2c5efdd5ac58255b31ebf9061f1e5d7810de43fc7cd9fabba3f7f44", kill_on_drop: false }`
[INFO] running `Command { std: "docker" "rm" "-f" "17f8517ff2c5efdd5ac58255b31ebf9061f1e5d7810de43fc7cd9fabba3f7f44", kill_on_drop: false }`
[INFO] [stdout] 17f8517ff2c5efdd5ac58255b31ebf9061f1e5d7810de43fc7cd9fabba3f7f44
[INFO] running `Command { std: "docker" "create" "-v" "/var/lib/crater-agent-workspace/builds/worker-5-tc1/target:/opt/rustwide/target:rw,Z" "-v" "/var/lib/crater-agent-workspace/builds/worker-5-tc1/source:/opt/rustwide/workdir:ro,Z" "-v" "/var/lib/crater-agent-workspace/cargo-home:/opt/rustwide/cargo-home:ro,Z" "-v" "/var/lib/crater-agent-workspace/rustup-home:/opt/rustwide/rustup-home:ro,Z" "-e" "SOURCE_DIR=/opt/rustwide/workdir" "-e" "CARGO_TARGET_DIR=/opt/rustwide/target" "-e" "CARGO_INCREMENTAL=0" "-e" "RUST_BACKTRACE=full" "-e" "RUSTFLAGS=--cap-lints=warn" "-e" "RUSTDOCFLAGS=--cap-lints=warn" "-e" "CARGO_HOME=/opt/rustwide/cargo-home" "-e" "RUSTUP_HOME=/opt/rustwide/rustup-home" "-w" "/opt/rustwide/workdir" "-m" "1610612736" "--user" "0:0" "--network" "none" "ghcr.io/rust-lang/crates-build-env/linux@sha256:f3a9d4ad9d972b27faf3965f35b62e55ba32bbce8f20bc8fe909558a86702fde" "/opt/rustwide/cargo-home/bin/cargo" "+1.83.0" "test" "--frozen", kill_on_drop: false }`
[INFO] [stdout] ecad509d8a9ee08b4ca55b0246991d6c809614f53e408ecf54ed6716e8b91b8f
[INFO] running `Command { std: "docker" "start" "-a" "ecad509d8a9ee08b4ca55b0246991d6c809614f53e408ecf54ed6716e8b91b8f", kill_on_drop: false }`
[INFO] [stderr] warning: virtual workspace defaulting to `resolver = "1"` despite one or more workspace members being on edition 2021 which implies `resolver = "2"`
[INFO] [stderr] note: to keep the current resolver, specify `workspace.resolver = "1"` in the workspace root's manifest
[INFO] [stderr] note: to use the edition 2021 resolver, specify `workspace.resolver = "2"` in the workspace root's manifest
[INFO] [stderr] note: for more details see https://doc.rust-lang.org/cargo/reference/resolver.html#resolver-versions
[INFO] [stderr] warning: field `request_context` is never read
[INFO] [stderr]   --> fn/authorizer/src/types.rs:29:9
[INFO] [stderr]    |
[INFO] [stderr] 27 | pub struct AppSyncAuthorizerEvent {
[INFO] [stderr]    |            ---------------------- field in this struct
[INFO] [stderr] 28 |     pub authorization_token: String,
[INFO] [stderr] 29 |     pub request_context: RequestContext,
[INFO] [stderr]    |         ^^^^^^^^^^^^^^^
[INFO] [stderr]    |
[INFO] [stderr]    = note: `AppSyncAuthorizerEvent` has derived impls for the traits `Debug` and `Clone`, but these are intentionally ignored during dead code analysis
[INFO] [stderr]    = note: `#[warn(dead_code)]` on by default
[INFO] [stderr] 
[INFO] [stderr] warning: `authorizer` (bin "authorizer" test) generated 1 warning
[INFO] [stderr]     Finished `test` profile [unoptimized + debuginfo] target(s) in 0.18s
[INFO] [stderr]      Running unittests src/main.rs (/opt/rustwide/target/debug/deps/authorizer-eb12a91d064ce9f4)
[INFO] [stdout] 
[INFO] [stdout] running 3 tests
[INFO] [stdout] test utils::tests::test_should_return_none ... ok
[INFO] [stdout] test utils::tests::test_should_return_token ... ok
[INFO] [stdout] test test::test_handler_should_return_authorized_response ... FAILED
[INFO] [stdout] 
[INFO] [stdout] failures:
[INFO] [stdout] 
[INFO] [stdout] ---- test::test_handler_should_return_authorized_response stdout ----
[INFO] [stdout] token Some("token123")
[INFO] [stdout] thread 'test::test_handler_should_return_authorized_response' panicked at fn/authorizer/src/main.rs:27:43:
[INFO] [stdout] JWKS_URI env not set: NotPresent
[INFO] [stdout] stack backtrace:
[INFO] [stdout]    0:     0x64edeea33aea - std::backtrace_rs::backtrace::libunwind::trace::h5a5b8284f2d0c266
[INFO] [stdout]                                at /rustc/90b35a6239c3d8bdabc530a6a0816f7ff89a0aaf/library/std/src/../../backtrace/src/backtrace/libunwind.rs:116:5
[INFO] [stdout]    1:     0x64edeea33aea - std::backtrace_rs::backtrace::trace_unsynchronized::h76d4f1c9b0b875e3
[INFO] [stdout]                                at /rustc/90b35a6239c3d8bdabc530a6a0816f7ff89a0aaf/library/std/src/../../backtrace/src/backtrace/mod.rs:66:5
[INFO] [stdout]    2:     0x64edeea33aea - std::sys::backtrace::_print_fmt::hc4546b8364a537c6
[INFO] [stdout]                                at /rustc/90b35a6239c3d8bdabc530a6a0816f7ff89a0aaf/library/std/src/sys/backtrace.rs:66:9
[INFO] [stdout]    3:     0x64edeea33aea - <std::sys::backtrace::BacktraceLock::print::DisplayBacktrace as core::fmt::Display>::fmt::h5b6bd5631a6d1f6b
[INFO] [stdout]                                at /rustc/90b35a6239c3d8bdabc530a6a0816f7ff89a0aaf/library/std/src/sys/backtrace.rs:39:26
[INFO] [stdout]    4:     0x64edeea5c9f3 - core::fmt::rt::Argument::fmt::h270f6602a2b96f62
[INFO] [stdout]                                at /rustc/90b35a6239c3d8bdabc530a6a0816f7ff89a0aaf/library/core/src/fmt/rt.rs:177:76
[INFO] [stdout]    5:     0x64edeea5c9f3 - core::fmt::write::h7550c97b06c86515
[INFO] [stdout]                                at /rustc/90b35a6239c3d8bdabc530a6a0816f7ff89a0aaf/library/core/src/fmt/mod.rs:1186:21
[INFO] [stdout]    6:     0x64edeea30203 - std::io::Write::write_fmt::h509ff860e5956e5e
[INFO] [stdout]                                at /rustc/90b35a6239c3d8bdabc530a6a0816f7ff89a0aaf/library/std/src/io/mod.rs:1839:15
[INFO] [stdout]    7:     0x64edeea33932 - std::sys::backtrace::BacktraceLock::print::h2395ccd2c84ba3aa
[INFO] [stdout]                                at /rustc/90b35a6239c3d8bdabc530a6a0816f7ff89a0aaf/library/std/src/sys/backtrace.rs:42:9
[INFO] [stdout]    8:     0x64edeea34f4a - std::panicking::default_hook::{{closure}}::he19d4c7230e07961
[INFO] [stdout]                                at /rustc/90b35a6239c3d8bdabc530a6a0816f7ff89a0aaf/library/std/src/panicking.rs:268:22
[INFO] [stdout]    9:     0x64edeea34d54 - std::panicking::default_hook::hf614597d3c67bbdb
[INFO] [stdout]                                at /rustc/90b35a6239c3d8bdabc530a6a0816f7ff89a0aaf/library/std/src/panicking.rs:292:9
[INFO] [stdout]   10:     0x64edee1c1bd9 - <alloc::boxed::Box<F,A> as core::ops::function::Fn<Args>>::call::h39b51ce4599c23d1
[INFO] [stdout]                                at /rustc/90b35a6239c3d8bdabc530a6a0816f7ff89a0aaf/library/alloc/src/boxed.rs:2468:9
[INFO] [stdout]   11:     0x64edee1c1bd9 - test::test_main::{{closure}}::he977ae839a582784
[INFO] [stdout]                                at /rustc/90b35a6239c3d8bdabc530a6a0816f7ff89a0aaf/library/test/src/lib.rs:133:21
[INFO] [stdout]   12:     0x64edeea355e8 - <alloc::boxed::Box<F,A> as core::ops::function::Fn<Args>>::call::h9455091b6b06f9fb
[INFO] [stdout]                                at /rustc/90b35a6239c3d8bdabc530a6a0816f7ff89a0aaf/library/alloc/src/boxed.rs:2468:9
[INFO] [stdout]   13:     0x64edeea355e8 - std::panicking::rust_panic_with_hook::h8942133a8b252070
[INFO] [stdout]                                at /rustc/90b35a6239c3d8bdabc530a6a0816f7ff89a0aaf/library/std/src/panicking.rs:809:13
[INFO] [stdout]   14:     0x64edeea353aa - std::panicking::begin_panic_handler::{{closure}}::hb5f5963570096b29
[INFO] [stdout]                                at /rustc/90b35a6239c3d8bdabc530a6a0816f7ff89a0aaf/library/std/src/panicking.rs:674:13
[INFO] [stdout]   15:     0x64edeea33fc9 - std::sys::backtrace::__rust_end_short_backtrace::h6208cedc1922feda
[INFO] [stdout]                                at /rustc/90b35a6239c3d8bdabc530a6a0816f7ff89a0aaf/library/std/src/sys/backtrace.rs:170:18
[INFO] [stdout]   16:     0x64edeea3503c - rust_begin_unwind
[INFO] [stdout]                                at /rustc/90b35a6239c3d8bdabc530a6a0816f7ff89a0aaf/library/std/src/panicking.rs:665:5
[INFO] [stdout]   17:     0x64edee15e2b0 - core::panicking::panic_fmt::h0c3082644d1bf418
[INFO] [stdout]                                at /rustc/90b35a6239c3d8bdabc530a6a0816f7ff89a0aaf/library/core/src/panicking.rs:74:14
[INFO] [stdout]   18:     0x64edee15e736 - core::result::unwrap_failed::hd20b4aa073bda1e2
[INFO] [stdout]                                at /rustc/90b35a6239c3d8bdabc530a6a0816f7ff89a0aaf/library/core/src/result.rs:1700:5
[INFO] [stdout]   19:     0x64edee7bff36 - core::result::Result<T,E>::expect::h031b91ee36c031b9
[INFO] [stdout]                                at /rustc/90b35a6239c3d8bdabc530a6a0816f7ff89a0aaf/library/core/src/result.rs:1061:23
[INFO] [stdout]   20:     0x64edee180329 - authorizer::function_handler::{{closure}}::h4580e29fb6dae61d
[INFO] [stdout]                                at /opt/rustwide/workdir/fn/authorizer/src/main.rs:27:22
[INFO] [stdout]   21:     0x64edee181657 - authorizer::test::test_handler_should_return_authorized_response::{{closure}}::h2ea0fcea7b71e6cb
[INFO] [stdout]                                at /opt/rustwide/workdir/fn/authorizer/src/main.rs:90:31
[INFO] [stdout]   22:     0x64edee17f26d - <core::pin::Pin<P> as core::future::future::Future>::poll::h42df5c15b597aab3
[INFO] [stdout]                                at /rustc/90b35a6239c3d8bdabc530a6a0816f7ff89a0aaf/library/core/src/future/future.rs:123:9
[INFO] [stdout]   23:     0x64edee18659f - tokio::runtime::scheduler::current_thread::CoreGuard::block_on::{{closure}}::{{closure}}::{{closure}}::h1cdd73572a8a667d
[INFO] [stdout]                                at /opt/rustwide/cargo-home/registry/src/index.crates.io-6f17d22bba15001f/tokio-1.21.1/src/runtime/scheduler/current_thread.rs:525:48
[INFO] [stdout]   24:     0x64edee184423 - tokio::coop::with_budget::{{closure}}::h73db18357fd5eb1e
[INFO] [stdout]                                at /opt/rustwide/cargo-home/registry/src/index.crates.io-6f17d22bba15001f/tokio-1.21.1/src/coop.rs:102:9
[INFO] [stdout]   25:     0x64edee17c06a - std::thread::local::LocalKey<T>::try_with::h7375ac364e160cad
[INFO] [stdout]                                at /rustc/90b35a6239c3d8bdabc530a6a0816f7ff89a0aaf/library/std/src/thread/local.rs:283:12
[INFO] [stdout]   26:     0x64edee17bcea - std::thread::local::LocalKey<T>::with::hba9c3f76879d8a42
[INFO] [stdout]                                at /rustc/90b35a6239c3d8bdabc530a6a0816f7ff89a0aaf/library/std/src/thread/local.rs:260:9
[INFO] [stdout]   27:     0x64edee1864f9 - tokio::coop::with_budget::h89d470bde58c8c98
[INFO] [stdout]                                at /opt/rustwide/cargo-home/registry/src/index.crates.io-6f17d22bba15001f/tokio-1.21.1/src/coop.rs:95:5
[INFO] [stdout]   28:     0x64edee1864f9 - tokio::coop::budget::h168c6e4e2d0eefa6
[INFO] [stdout]                                at /opt/rustwide/cargo-home/registry/src/index.crates.io-6f17d22bba15001f/tokio-1.21.1/src/coop.rs:72:5
[INFO] [stdout]   29:     0x64edee1864f9 - tokio::runtime::scheduler::current_thread::CoreGuard::block_on::{{closure}}::{{closure}}::h161a3eee90144be4
[INFO] [stdout]                                at /opt/rustwide/cargo-home/registry/src/index.crates.io-6f17d22bba15001f/tokio-1.21.1/src/runtime/scheduler/current_thread.rs:525:25
[INFO] [stdout]   30:     0x64edee1854b0 - tokio::runtime::scheduler::current_thread::Context::enter::hfacc393319a6b7f4
[INFO] [stdout]                                at /opt/rustwide/cargo-home/registry/src/index.crates.io-6f17d22bba15001f/tokio-1.21.1/src/runtime/scheduler/current_thread.rs:349:19
[INFO] [stdout]   31:     0x64edee185e3f - tokio::runtime::scheduler::current_thread::CoreGuard::block_on::{{closure}}::ha2f052c5797248ef
[INFO] [stdout]                                at /opt/rustwide/cargo-home/registry/src/index.crates.io-6f17d22bba15001f/tokio-1.21.1/src/runtime/scheduler/current_thread.rs:524:36
[INFO] [stdout]   32:     0x64edee185bc4 - tokio::runtime::scheduler::current_thread::CoreGuard::enter::{{closure}}::h16dcc3497d1f8e11
[INFO] [stdout]                                at /opt/rustwide/cargo-home/registry/src/index.crates.io-6f17d22bba15001f/tokio-1.21.1/src/runtime/scheduler/current_thread.rs:595:57
[INFO] [stdout]   33:     0x64edee184783 - tokio::macros::scoped_tls::ScopedKey<T>::set::ha91aae80cd33a74d
[INFO] [stdout]                                at /opt/rustwide/cargo-home/registry/src/index.crates.io-6f17d22bba15001f/tokio-1.21.1/src/macros/scoped_tls.rs:61:9
[INFO] [stdout]   34:     0x64edee18596f - tokio::runtime::scheduler::current_thread::CoreGuard::enter::h8341587a24c192ee
[INFO] [stdout]                                at /opt/rustwide/cargo-home/registry/src/index.crates.io-6f17d22bba15001f/tokio-1.21.1/src/runtime/scheduler/current_thread.rs:595:27
[INFO] [stdout]   35:     0x64edee185be2 - tokio::runtime::scheduler::current_thread::CoreGuard::block_on::h39988359693285ba
[INFO] [stdout]                                at /opt/rustwide/cargo-home/registry/src/index.crates.io-6f17d22bba15001f/tokio-1.21.1/src/runtime/scheduler/current_thread.rs:515:19
[INFO] [stdout]   36:     0x64edee184c48 - tokio::runtime::scheduler::current_thread::CurrentThread::block_on::h5f1429f646af04e3
[INFO] [stdout]                                at /opt/rustwide/cargo-home/registry/src/index.crates.io-6f17d22bba15001f/tokio-1.21.1/src/runtime/scheduler/current_thread.rs:161:24
[INFO] [stdout]   37:     0x64edee184a9c - tokio::runtime::Runtime::block_on::h3c3741098bc68746
[INFO] [stdout]                                at /opt/rustwide/cargo-home/registry/src/index.crates.io-6f17d22bba15001f/tokio-1.21.1/src/runtime/mod.rs:490:46
[INFO] [stdout]   38:     0x64edee18129e - authorizer::test::test_handler_should_return_authorized_response::h8b0e8546acf6c0a2
[INFO] [stdout]                                at /opt/rustwide/workdir/fn/authorizer/src/main.rs:93:9
[INFO] [stdout]   39:     0x64edee181157 - authorizer::test::test_handler_should_return_authorized_response::{{closure}}::h221f887c8649a472
[INFO] [stdout]                                at /opt/rustwide/workdir/fn/authorizer/src/main.rs:79:62
[INFO] [stdout]   40:     0x64edee163706 - core::ops::function::FnOnce::call_once::h5bc1bc30ebcecaf1
[INFO] [stdout]                                at /rustc/90b35a6239c3d8bdabc530a6a0816f7ff89a0aaf/library/core/src/ops/function.rs:250:5
[INFO] [stdout]   41:     0x64edee1c659b - core::ops::function::FnOnce::call_once::h109cf8051a59b34e
[INFO] [stdout]                                at /rustc/90b35a6239c3d8bdabc530a6a0816f7ff89a0aaf/library/core/src/ops/function.rs:250:5
[INFO] [stdout]   42:     0x64edee1c659b - test::__rust_begin_short_backtrace::hf4fff89d377446ba
[INFO] [stdout]                                at /rustc/90b35a6239c3d8bdabc530a6a0816f7ff89a0aaf/library/test/src/lib.rs:621:18
[INFO] [stdout]   43:     0x64edee1c5dd7 - test::run_test_in_process::{{closure}}::h0e39181dd7ee5a43
[INFO] [stdout]                                at /rustc/90b35a6239c3d8bdabc530a6a0816f7ff89a0aaf/library/test/src/lib.rs:644:60
[INFO] [stdout]   44:     0x64edee1c5dd7 - <core::panic::unwind_safe::AssertUnwindSafe<F> as core::ops::function::FnOnce<()>>::call_once::hc5a66a30f0bdfd1f
[INFO] [stdout]                                at /rustc/90b35a6239c3d8bdabc530a6a0816f7ff89a0aaf/library/core/src/panic/unwind_safe.rs:272:9
[INFO] [stdout]   45:     0x64edee1c5dd7 - std::panicking::try::do_call::h873b7cf639554a5e
[INFO] [stdout]                                at /rustc/90b35a6239c3d8bdabc530a6a0816f7ff89a0aaf/library/std/src/panicking.rs:557:40
[INFO] [stdout]   46:     0x64edee1c5dd7 - std::panicking::try::hdb19862fad9c8bd1
[INFO] [stdout]                                at /rustc/90b35a6239c3d8bdabc530a6a0816f7ff89a0aaf/library/std/src/panicking.rs:520:19
[INFO] [stdout]   47:     0x64edee1c5dd7 - std::panic::catch_unwind::h281fe732d236d260
[INFO] [stdout]                                at /rustc/90b35a6239c3d8bdabc530a6a0816f7ff89a0aaf/library/std/src/panic.rs:358:14
[INFO] [stdout]   48:     0x64edee1c5dd7 - test::run_test_in_process::h949b6df8457ed338
[INFO] [stdout]                                at /rustc/90b35a6239c3d8bdabc530a6a0816f7ff89a0aaf/library/test/src/lib.rs:644:27
[INFO] [stdout]   49:     0x64edee1c5dd7 - test::run_test::{{closure}}::h52c556a6d4740e10
[INFO] [stdout]                                at /rustc/90b35a6239c3d8bdabc530a6a0816f7ff89a0aaf/library/test/src/lib.rs:565:43
[INFO] [stdout]   50:     0x64edee18b0b4 - test::run_test::{{closure}}::h4237f6381c45ccb9
[INFO] [stdout]                                at /rustc/90b35a6239c3d8bdabc530a6a0816f7ff89a0aaf/library/test/src/lib.rs:595:41
[INFO] [stdout]   51:     0x64edee18b0b4 - std::sys::backtrace::__rust_begin_short_backtrace::h505c97a579eca628
[INFO] [stdout]                                at /rustc/90b35a6239c3d8bdabc530a6a0816f7ff89a0aaf/library/std/src/sys/backtrace.rs:154:18
[INFO] [stdout]   52:     0x64edee18e77e - std::thread::Builder::spawn_unchecked_::{{closure}}::{{closure}}::h9e86b2e2bc107ea3
[INFO] [stdout]                                at /rustc/90b35a6239c3d8bdabc530a6a0816f7ff89a0aaf/library/std/src/thread/mod.rs:538:17
[INFO] [stdout]   53:     0x64edee18e77e - <core::panic::unwind_safe::AssertUnwindSafe<F> as core::ops::function::FnOnce<()>>::call_once::h8b06ddb275ff4a25
[INFO] [stdout]                                at /rustc/90b35a6239c3d8bdabc530a6a0816f7ff89a0aaf/library/core/src/panic/unwind_safe.rs:272:9
[INFO] [stdout]   54:     0x64edee18e77e - std::panicking::try::do_call::hb26ecd7cd9a9355d
[INFO] [stdout]                                at /rustc/90b35a6239c3d8bdabc530a6a0816f7ff89a0aaf/library/std/src/panicking.rs:557:40
[INFO] [stdout]   55:     0x64edee18e77e - std::panicking::try::h8ddeca9d705f9069
[INFO] [stdout]                                at /rustc/90b35a6239c3d8bdabc530a6a0816f7ff89a0aaf/library/std/src/panicking.rs:520:19
[INFO] [stdout]   56:     0x64edee18e77e - std::panic::catch_unwind::h49e1c33078844c46
[INFO] [stdout]                                at /rustc/90b35a6239c3d8bdabc530a6a0816f7ff89a0aaf/library/std/src/panic.rs:358:14
[INFO] [stdout]   57:     0x64edee18e77e - std::thread::Builder::spawn_unchecked_::{{closure}}::h6073db6ff56ad35d
[INFO] [stdout]                                at /rustc/90b35a6239c3d8bdabc530a6a0816f7ff89a0aaf/library/std/src/thread/mod.rs:537:30
[INFO] [stdout]   58:     0x64edee18e77e - core::ops::function::FnOnce::call_once{{vtable.shim}}::h2c5a5f3779c774f1
[INFO] [stdout]                                at /rustc/90b35a6239c3d8bdabc530a6a0816f7ff89a0aaf/library/core/src/ops/function.rs:250:5
[INFO] [stdout]   59:     0x64edeea3977b - <alloc::boxed::Box<F,A> as core::ops::function::FnOnce<Args>>::call_once::hf75717d9f28faebf
[INFO] [stdout]                                at /rustc/90b35a6239c3d8bdabc530a6a0816f7ff89a0aaf/library/alloc/src/boxed.rs:2454:9
[INFO] [stdout]   60:     0x64edeea3977b - <alloc::boxed::Box<F,A> as core::ops::function::FnOnce<Args>>::call_once::h7bd883a5f3c5f3c1
[INFO] [stdout]                                at /rustc/90b35a6239c3d8bdabc530a6a0816f7ff89a0aaf/library/alloc/src/boxed.rs:2454:9
[INFO] [stdout]   61:     0x64edeea3977b - std::sys::pal::unix::thread::Thread::new::thread_start::hcc78f3943333fa94
[INFO] [stdout]                                at /rustc/90b35a6239c3d8bdabc530a6a0816f7ff89a0aaf/library/std/src/sys/pal/unix/thread.rs:105:17
[INFO] [stdout]   62:     0x79aea9ff4ac3 - <unknown>
[INFO] [stdout]   63:     0x79aeaa085a04 - clone
[INFO] [stdout]   64:                0x0 - <unknown>
[INFO] [stdout] 
[INFO] [stdout] 
[INFO] [stdout] failures:
[INFO] [stdout]     test::test_handler_should_return_authorized_response
[INFO] [stdout] 
[INFO] [stdout] test result: FAILED. 2 passed; 1 failed; 0 ignored; 0 measured; 0 filtered out; finished in 0.08s
[INFO] [stdout] 
[INFO] [stderr] error: test failed, to rerun pass `-p authorizer --bin authorizer`
[INFO] running `Command { std: "docker" "inspect" "ecad509d8a9ee08b4ca55b0246991d6c809614f53e408ecf54ed6716e8b91b8f", kill_on_drop: false }`
[INFO] running `Command { std: "docker" "rm" "-f" "ecad509d8a9ee08b4ca55b0246991d6c809614f53e408ecf54ed6716e8b91b8f", kill_on_drop: false }`
[INFO] [stdout] ecad509d8a9ee08b4ca55b0246991d6c809614f53e408ecf54ed6716e8b91b8f
