[INFO] cloning repository https://github.com/toky03/advent_of_code
[INFO] running `Command { std: "git" "-c" "credential.helper=" "-c" "credential.helper=/workspace/cargo-home/bin/git-credential-null" "clone" "--bare" "https://github.com/toky03/advent_of_code" "/workspace/cache/git-repos/https%3A%2F%2Fgithub.com%2Ftoky03%2Fadvent_of_code", kill_on_drop: false }`
[INFO] [stderr] Cloning into bare repository '/workspace/cache/git-repos/https%3A%2F%2Fgithub.com%2Ftoky03%2Fadvent_of_code'...
[INFO] running `Command { std: "git" "rev-parse" "HEAD", kill_on_drop: false }`
[INFO] [stdout] 4ab0edb26042588451dce1a72af331c1af0350ec
[INFO] testing toky03/advent_of_code against 1.83.0 for beta-1.84.0-4-retry
[INFO] running `Command { std: "git" "clone" "/workspace/cache/git-repos/https%3A%2F%2Fgithub.com%2Ftoky03%2Fadvent_of_code" "/workspace/builds/worker-0-tc1/source", kill_on_drop: false }`
[INFO] [stderr] Cloning into '/workspace/builds/worker-0-tc1/source'...
[INFO] [stderr] done.
[INFO] validating manifest of git repo https://github.com/toky03/advent_of_code on toolchain 1.83.0
[INFO] running `Command { std: CARGO_HOME="/workspace/cargo-home" RUSTUP_HOME="/workspace/rustup-home" "/workspace/cargo-home/bin/cargo" "+1.83.0" "metadata" "--manifest-path" "Cargo.toml" "--no-deps", kill_on_drop: false }`
[INFO] started tweaking git repo https://github.com/toky03/advent_of_code
[INFO] finished tweaking git repo https://github.com/toky03/advent_of_code
[INFO] tweaked toml for git repo https://github.com/toky03/advent_of_code written to /workspace/builds/worker-0-tc1/source/Cargo.toml
[INFO] crate git repo https://github.com/toky03/advent_of_code already has a lockfile, it will not be regenerated
[INFO] running `Command { std: CARGO_HOME="/workspace/cargo-home" RUSTUP_HOME="/workspace/rustup-home" "/workspace/cargo-home/bin/cargo" "+1.83.0" "fetch" "--manifest-path" "Cargo.toml", kill_on_drop: false }`
[INFO] [stderr]  Downloading crates ...
[INFO] [stderr]   Downloaded regex v1.7.0
[INFO] running `Command { std: "docker" "create" "-v" "/var/lib/crater-agent-workspace/builds/worker-0-tc1/target:/opt/rustwide/target:rw,Z" "-v" "/var/lib/crater-agent-workspace/builds/worker-0-tc1/source:/opt/rustwide/workdir:ro,Z" "-v" "/var/lib/crater-agent-workspace/cargo-home:/opt/rustwide/cargo-home:ro,Z" "-v" "/var/lib/crater-agent-workspace/rustup-home:/opt/rustwide/rustup-home:ro,Z" "-e" "SOURCE_DIR=/opt/rustwide/workdir" "-e" "CARGO_TARGET_DIR=/opt/rustwide/target" "-e" "CARGO_HOME=/opt/rustwide/cargo-home" "-e" "RUSTUP_HOME=/opt/rustwide/rustup-home" "-w" "/opt/rustwide/workdir" "-m" "1610612736" "--user" "0:0" "--network" "none" "ghcr.io/rust-lang/crates-build-env/linux@sha256:f3a9d4ad9d972b27faf3965f35b62e55ba32bbce8f20bc8fe909558a86702fde" "/opt/rustwide/cargo-home/bin/cargo" "+1.83.0" "metadata" "--no-deps" "--format-version=1", kill_on_drop: false }`
[INFO] [stdout] b6478217201efc8d1d868ca387cc1c6a7f91567337468610ff63137941a45fac
[INFO] running `Command { std: "docker" "start" "-a" "b6478217201efc8d1d868ca387cc1c6a7f91567337468610ff63137941a45fac", kill_on_drop: false }`
[INFO] running `Command { std: "docker" "inspect" "b6478217201efc8d1d868ca387cc1c6a7f91567337468610ff63137941a45fac", kill_on_drop: false }`
[INFO] running `Command { std: "docker" "rm" "-f" "b6478217201efc8d1d868ca387cc1c6a7f91567337468610ff63137941a45fac", kill_on_drop: false }`
[INFO] [stdout] b6478217201efc8d1d868ca387cc1c6a7f91567337468610ff63137941a45fac
[INFO] running `Command { std: "docker" "create" "-v" "/var/lib/crater-agent-workspace/builds/worker-0-tc1/target:/opt/rustwide/target:rw,Z" "-v" "/var/lib/crater-agent-workspace/builds/worker-0-tc1/source:/opt/rustwide/workdir:ro,Z" "-v" "/var/lib/crater-agent-workspace/cargo-home:/opt/rustwide/cargo-home:ro,Z" "-v" "/var/lib/crater-agent-workspace/rustup-home:/opt/rustwide/rustup-home:ro,Z" "-e" "SOURCE_DIR=/opt/rustwide/workdir" "-e" "CARGO_TARGET_DIR=/opt/rustwide/target" "-e" "CARGO_INCREMENTAL=0" "-e" "RUST_BACKTRACE=full" "-e" "RUSTFLAGS=--cap-lints=warn" "-e" "RUSTDOCFLAGS=--cap-lints=warn" "-e" "CARGO_HOME=/opt/rustwide/cargo-home" "-e" "RUSTUP_HOME=/opt/rustwide/rustup-home" "-w" "/opt/rustwide/workdir" "-m" "1610612736" "--user" "0:0" "--network" "none" "ghcr.io/rust-lang/crates-build-env/linux@sha256:f3a9d4ad9d972b27faf3965f35b62e55ba32bbce8f20bc8fe909558a86702fde" "/opt/rustwide/cargo-home/bin/cargo" "+1.83.0" "build" "--frozen" "--message-format=json", kill_on_drop: false }`
[INFO] [stdout] 02f48074f63e83b0dffc350ea190fe6eb3e8d8d6db15c1ebc7595c0118599525
[INFO] running `Command { std: "docker" "start" "-a" "02f48074f63e83b0dffc350ea190fe6eb3e8d8d6db15c1ebc7595c0118599525", kill_on_drop: false }`
[INFO] [stderr]    Compiling memchr v2.5.0
[INFO] [stderr]    Compiling regex-syntax v0.6.28
[INFO] [stderr]    Compiling aho-corasick v0.7.20
[INFO] [stderr]    Compiling regex v1.7.0
[INFO] [stderr]    Compiling aoc_2022 v0.1.0 (/opt/rustwide/workdir)
[INFO] [stdout] warning: unused import: `std::ops::DerefMut`
[INFO] [stdout]  --> src/challenges/day_05.rs:4:5
[INFO] [stdout]   |
[INFO] [stdout] 4 | use std::ops::DerefMut;
[INFO] [stdout]   |     ^^^^^^^^^^^^^^^^^^
[INFO] [stdout]   |
[INFO] [stdout]   = note: `#[warn(unused_imports)]` on by default
[INFO] [stdout] 
[INFO] [stdout] 
[INFO] [stdout] warning: unused import: `std::rc::Rc`
[INFO] [stdout]  --> src/challenges/day_05.rs:5:5
[INFO] [stdout]   |
[INFO] [stdout] 5 | use std::rc::Rc;
[INFO] [stdout]   |     ^^^^^^^^^^^
[INFO] [stdout] 
[INFO] [stdout] 
[INFO] [stdout] warning: unused import: `BTreeMap`
[INFO] [stdout]  --> src/challenges/day_07.rs:2:24
[INFO] [stdout]   |
[INFO] [stdout] 2 | use std::collections::{BTreeMap, HashMap};
[INFO] [stdout]   |                        ^^^^^^^^
[INFO] [stdout] 
[INFO] [stdout] 
[INFO] [stdout] warning: unused import: `std::iter::Map`
[INFO] [stdout]  --> src/challenges/day_07.rs:3:5
[INFO] [stdout]   |
[INFO] [stdout] 3 | use std::iter::Map;
[INFO] [stdout]   |     ^^^^^^^^^^^^^^
[INFO] [stdout] 
[INFO] [stdout] 
[INFO] [stdout] warning: unused variable: `elem`
[INFO] [stdout]   --> src/challenges/day_06.rs:12:13
[INFO] [stdout]    |
[INFO] [stdout] 12 |     for (i, elem) in sequence.chars().enumerate() {
[INFO] [stdout]    |             ^^^^ help: if this is intentional, prefix it with an underscore: `_elem`
[INFO] [stdout]    |
[INFO] [stdout]    = note: `#[warn(unused_variables)]` on by default
[INFO] [stdout] 
[INFO] [stdout] 
[INFO] [stdout] warning: unused variable: `key`
[INFO] [stdout]    --> src/challenges/day_07.rs:117:19
[INFO] [stdout]     |
[INFO] [stdout] 117 |         .filter(|(key, value)| value.clone() <= maximum)
[INFO] [stdout]     |                   ^^^ help: if this is intentional, prefix it with an underscore: `_key`
[INFO] [stdout] 
[INFO] [stdout] 
[INFO] [stdout] warning: unused variable: `k`
[INFO] [stdout]    --> src/challenges/day_07.rs:127:16
[INFO] [stdout]     |
[INFO] [stdout] 127 |         .map(|(k, v)| v)
[INFO] [stdout]     |                ^ help: if this is intentional, prefix it with an underscore: `_k`
[INFO] [stdout] 
[INFO] [stdout] 
[INFO] [stdout] warning: function `group_sums` is never used
[INFO] [stdout]  --> src/challenges/day_01.rs:1:8
[INFO] [stdout]   |
[INFO] [stdout] 1 | pub fn group_sums(input_lines: Vec<&str>) -> Vec<i32> {
[INFO] [stdout]   |        ^^^^^^^^^^
[INFO] [stdout]   |
[INFO] [stdout]   = note: `#[warn(dead_code)]` on by default
[INFO] [stdout] 
[INFO] [stdout] 
[INFO] [stdout] warning: function `top_tree_elfs` is never used
[INFO] [stdout]   --> src/challenges/day_01.rs:13:8
[INFO] [stdout]    |
[INFO] [stdout] 13 | pub fn top_tree_elfs(mut counts: Vec<i32>) -> i32 {
[INFO] [stdout]    |        ^^^^^^^^^^^^^
[INFO] [stdout] 
[INFO] [stdout] 
[INFO] [stdout] warning: enum `Move` is never used
[INFO] [stdout]  --> src/challenges/day_02.rs:3:6
[INFO] [stdout]   |
[INFO] [stdout] 3 | enum Move {
[INFO] [stdout]   |      ^^^^
[INFO] [stdout] 
[INFO] [stdout] 
[INFO] [stdout] warning: associated items `outcome`, `from`, `to_win`, `to_loose`, `to_draw`, and `move_value` are never used
[INFO] [stdout]   --> src/challenges/day_02.rs:10:12
[INFO] [stdout]    |
[INFO] [stdout] 9  | impl Move {
[INFO] [stdout]    | --------- associated items in this implementation
[INFO] [stdout] 10 |     pub fn outcome(&self, oponent: &Self) -> i32 {
[INFO] [stdout]    |            ^^^^^^^
[INFO] [stdout] ...
[INFO] [stdout] 30 |     fn from(code: &str) -> Self {
[INFO] [stdout]    |        ^^^^
[INFO] [stdout] ...
[INFO] [stdout] 40 |     fn to_win(&self) -> Self {
[INFO] [stdout]    |        ^^^^^^
[INFO] [stdout] ...
[INFO] [stdout] 48 |     fn to_loose(&self) -> Self {
[INFO] [stdout]    |        ^^^^^^^^
[INFO] [stdout] ...
[INFO] [stdout] 56 |     fn to_draw(&self) -> Self {
[INFO] [stdout]    |        ^^^^^^^
[INFO] [stdout] ...
[INFO] [stdout] 64 |     fn move_value(&self) -> i32 {
[INFO] [stdout]    |        ^^^^^^^^^^
[INFO] [stdout] 
[INFO] [stdout] 
[INFO] [stdout] warning: function `group_sums` is never used
[INFO] [stdout]   --> src/challenges/day_02.rs:73:8
[INFO] [stdout]    |
[INFO] [stdout] 73 | pub fn group_sums(input_lines: Vec<&str>) -> Vec<i32> {
[INFO] [stdout]    |        ^^^^^^^^^^
[INFO] [stdout] 
[INFO] [stdout] 
[INFO] [stdout] warning: function `evaluate_move` is never used
[INFO] [stdout]   --> src/challenges/day_02.rs:85:4
[INFO] [stdout]    |
[INFO] [stdout] 85 | fn evaluate_move(oponent: &str, own: &str) -> i32 {
[INFO] [stdout]    |    ^^^^^^^^^^^^^
[INFO] [stdout] 
[INFO] [stdout] 
[INFO] [stdout] warning: function `group_sums_part_two` is never used
[INFO] [stdout]   --> src/challenges/day_02.rs:92:8
[INFO] [stdout]    |
[INFO] [stdout] 92 | pub fn group_sums_part_two(input_lines: Vec<&str>) -> Vec<i32> {
[INFO] [stdout]    |        ^^^^^^^^^^^^^^^^^^^
[INFO] [stdout] 
[INFO] [stdout] 
[INFO] [stdout] warning: function `evaluate_what_to_choose` is never used
[INFO] [stdout]    --> src/challenges/day_02.rs:104:4
[INFO] [stdout]     |
[INFO] [stdout] 104 | fn evaluate_what_to_choose(oponent: &str, strategy: &str) -> i32 {
[INFO] [stdout]     |    ^^^^^^^^^^^^^^^^^^^^^^^
[INFO] [stdout] 
[INFO] [stdout] 
[INFO] [stdout] warning: function `split_half` is never used
[INFO] [stdout]  --> src/challenges/day_03.rs:1:4
[INFO] [stdout]   |
[INFO] [stdout] 1 | fn split_half(line: &str) -> (&str, &str) {
[INFO] [stdout]   |    ^^^^^^^^^^
[INFO] [stdout] 
[INFO] [stdout] 
[INFO] [stdout] warning: function `find_doublette` is never used
[INFO] [stdout]  --> src/challenges/day_03.rs:5:4
[INFO] [stdout]   |
[INFO] [stdout] 5 | fn find_doublette(compartements: (&str, &str)) -> Option<char> {
[INFO] [stdout]   |    ^^^^^^^^^^^^^^
[INFO] [stdout] 
[INFO] [stdout] 
[INFO] [stdout] warning: function `find_grouped_doublette` is never used
[INFO] [stdout]   --> src/challenges/day_03.rs:15:4
[INFO] [stdout]    |
[INFO] [stdout] 15 | fn find_grouped_doublette(group: Vec<&str>) -> Option<char> {
[INFO] [stdout]    |    ^^^^^^^^^^^^^^^^^^^^^^
[INFO] [stdout] 
[INFO] [stdout] 
[INFO] [stdout] warning: function `group_into_three_packages` is never used
[INFO] [stdout]   --> src/challenges/day_03.rs:25:4
[INFO] [stdout]    |
[INFO] [stdout] 25 | fn group_into_three_packages(input_lines: Vec<&str>) -> Vec<Vec<&str>> {
[INFO] [stdout]    |    ^^^^^^^^^^^^^^^^^^^^^^^^^
[INFO] [stdout] 
[INFO] [stdout] 
[INFO] [stdout] warning: function `evaluate_priority` is never used
[INFO] [stdout]   --> src/challenges/day_03.rs:39:4
[INFO] [stdout]    |
[INFO] [stdout] 39 | fn evaluate_priority(letter: char) -> Option<i32> {
[INFO] [stdout]    |    ^^^^^^^^^^^^^^^^^
[INFO] [stdout] 
[INFO] [stdout] 
[INFO] [stdout] warning: function `group_sums` is never used
[INFO] [stdout]   --> src/challenges/day_03.rs:48:8
[INFO] [stdout]    |
[INFO] [stdout] 48 | pub fn group_sums(input_lines: Vec<&str>) -> Vec<i32> {
[INFO] [stdout]    |        ^^^^^^^^^^
[INFO] [stdout] 
[INFO] [stdout] 
[INFO] [stdout] warning: function `group_sums_part_two` is never used
[INFO] [stdout]   --> src/challenges/day_03.rs:59:8
[INFO] [stdout]    |
[INFO] [stdout] 59 | pub fn group_sums_part_two(input_lines: Vec<&str>) -> Vec<i32> {
[INFO] [stdout]    |        ^^^^^^^^^^^^^^^^^^^
[INFO] [stdout] 
[INFO] [stdout] 
[INFO] [stdout] warning: function `split_to_lists` is never used
[INFO] [stdout]  --> src/challenges/day_04.rs:3:4
[INFO] [stdout]   |
[INFO] [stdout] 3 | fn split_to_lists(input_lines: Vec<&str>) -> Vec<(Vec<i32>, Vec<i32>)> {
[INFO] [stdout]   |    ^^^^^^^^^^^^^^
[INFO] [stdout] 
[INFO] [stdout] 
[INFO] [stdout] warning: function `split_line` is never used
[INFO] [stdout]   --> src/challenges/day_04.rs:10:4
[INFO] [stdout]    |
[INFO] [stdout] 10 | fn split_line(input_line: &str) -> (Vec<i32>, Vec<i32>) {
[INFO] [stdout]    |    ^^^^^^^^^^
[INFO] [stdout] 
[INFO] [stdout] 
[INFO] [stdout] warning: function `is_sublist` is never used
[INFO] [stdout]   --> src/challenges/day_04.rs:31:4
[INFO] [stdout]    |
[INFO] [stdout] 31 | fn is_sublist(left: Vec<i32>, right: Vec<i32>) -> bool {
[INFO] [stdout]    |    ^^^^^^^^^^
[INFO] [stdout] 
[INFO] [stdout] 
[INFO] [stdout] warning: function `is_overlapping` is never used
[INFO] [stdout]   --> src/challenges/day_04.rs:35:4
[INFO] [stdout]    |
[INFO] [stdout] 35 | fn is_overlapping(left: Vec<i32>, right: Vec<i32>) -> bool {
[INFO] [stdout]    |    ^^^^^^^^^^^^^^
[INFO] [stdout] 
[INFO] [stdout] 
[INFO] [stdout] warning: function `group_sublists` is never used
[INFO] [stdout]   --> src/challenges/day_04.rs:44:8
[INFO] [stdout]    |
[INFO] [stdout] 44 | pub fn group_sublists(input_lines: Vec<&str>) -> Vec<i32> {
[INFO] [stdout]    |        ^^^^^^^^^^^^^^
[INFO] [stdout] 
[INFO] [stdout] 
[INFO] [stdout] warning: struct `Ship` is never constructed
[INFO] [stdout]  --> src/challenges/day_05.rs:9:8
[INFO] [stdout]   |
[INFO] [stdout] 9 | struct Ship {
[INFO] [stdout]   |        ^^^^
[INFO] [stdout] 
[INFO] [stdout] 
[INFO] [stdout] warning: associated items `new` and `apply_instruction` are never used
[INFO] [stdout]   --> src/challenges/day_05.rs:14:12
[INFO] [stdout]    |
[INFO] [stdout] 13 | impl Ship {
[INFO] [stdout]    | --------- associated items in this implementation
[INFO] [stdout] 14 |     pub fn new(cargos: BTreeMap<String, Vec<String>>) -> Self {
[INFO] [stdout]    |            ^^^
[INFO] [stdout] ...
[INFO] [stdout] 18 |     pub fn apply_instruction(
[INFO] [stdout]    |            ^^^^^^^^^^^^^^^^^
[INFO] [stdout] 
[INFO] [stdout] 
[INFO] [stdout] warning: struct `ShipSetup` is never constructed
[INFO] [stdout]   --> src/challenges/day_05.rs:51:8
[INFO] [stdout]    |
[INFO] [stdout] 51 | struct ShipSetup {
[INFO] [stdout]    |        ^^^^^^^^^
[INFO] [stdout] 
[INFO] [stdout] 
[INFO] [stdout] warning: methods `read_initial_cargos` and `read_instruction_lines` are never used
[INFO] [stdout]   --> src/challenges/day_05.rs:58:8
[INFO] [stdout]    |
[INFO] [stdout] 57 | impl ShipSetup {
[INFO] [stdout]    | -------------- methods in this implementation
[INFO] [stdout] 58 |     fn read_initial_cargos(&self) -> BTreeMap<String, Vec<String>> {
[INFO] [stdout]    |        ^^^^^^^^^^^^^^^^^^^
[INFO] [stdout] ...
[INFO] [stdout] 73 |     fn read_instruction_lines(&self) -> Vec<String> {
[INFO] [stdout]    |        ^^^^^^^^^^^^^^^^^^^^^^
[INFO] [stdout] 
[INFO] [stdout] 
[INFO] [stdout] warning: function `create_ship_setup` is never used
[INFO] [stdout]   --> src/challenges/day_05.rs:78:4
[INFO] [stdout]    |
[INFO] [stdout] 78 | fn create_ship_setup(input_lines: &Vec<&str>) -> ShipSetup {
[INFO] [stdout]    |    ^^^^^^^^^^^^^^^^^
[INFO] [stdout] 
[INFO] [stdout] 
[INFO] [stdout] warning: function `string_to_cargo_names` is never used
[INFO] [stdout]    --> src/challenges/day_05.rs:110:4
[INFO] [stdout]     |
[INFO] [stdout] 110 | fn string_to_cargo_names(input: &str) -> Vec<String> {
[INFO] [stdout]     |    ^^^^^^^^^^^^^^^^^^^^^
[INFO] [stdout] 
[INFO] [stdout] 
[INFO] [stdout] warning: function `apply_instructions` is never used
[INFO] [stdout]    --> src/challenges/day_05.rs:118:8
[INFO] [stdout]     |
[INFO] [stdout] 118 | pub fn apply_instructions(input_lines: Vec<&str>, is_crate_mover_9001: bool) -> String {
[INFO] [stdout]     |        ^^^^^^^^^^^^^^^^^^
[INFO] [stdout] 
[INFO] [stdout] 
[INFO] [stdout] warning: function `string_to_vec_of_strings` is never used
[INFO] [stdout]    --> src/challenges/day_05.rs:161:4
[INFO] [stdout]     |
[INFO] [stdout] 161 | fn string_to_vec_of_strings(input: &str) -> Vec<String> {
[INFO] [stdout]     |    ^^^^^^^^^^^^^^^^^^^^^^^^
[INFO] [stdout] 
[INFO] [stdout] 
[INFO] [stdout] warning: function `is_distinct` is never used
[INFO] [stdout]  --> src/challenges/day_06.rs:3:4
[INFO] [stdout]   |
[INFO] [stdout] 3 | fn is_distinct(sequence: &str) -> bool {
[INFO] [stdout]   |    ^^^^^^^^^^^
[INFO] [stdout] 
[INFO] [stdout] 
[INFO] [stdout] warning: function `find_first_distinct_sequence` is never used
[INFO] [stdout]  --> src/challenges/day_06.rs:8:8
[INFO] [stdout]   |
[INFO] [stdout] 8 | pub fn find_first_distinct_sequence(
[INFO] [stdout]   |        ^^^^^^^^^^^^^^^^^^^^^^^^^^^^
[INFO] [stdout] 
[INFO] [stdout] 
[INFO] [stderr]     Finished `dev` profile [unoptimized + debuginfo] target(s) in 7.22s
[INFO] running `Command { std: "docker" "inspect" "02f48074f63e83b0dffc350ea190fe6eb3e8d8d6db15c1ebc7595c0118599525", kill_on_drop: false }`
[INFO] running `Command { std: "docker" "rm" "-f" "02f48074f63e83b0dffc350ea190fe6eb3e8d8d6db15c1ebc7595c0118599525", kill_on_drop: false }`
[INFO] [stdout] 02f48074f63e83b0dffc350ea190fe6eb3e8d8d6db15c1ebc7595c0118599525
[INFO] running `Command { std: "docker" "create" "-v" "/var/lib/crater-agent-workspace/builds/worker-0-tc1/target:/opt/rustwide/target:rw,Z" "-v" "/var/lib/crater-agent-workspace/builds/worker-0-tc1/source:/opt/rustwide/workdir:ro,Z" "-v" "/var/lib/crater-agent-workspace/cargo-home:/opt/rustwide/cargo-home:ro,Z" "-v" "/var/lib/crater-agent-workspace/rustup-home:/opt/rustwide/rustup-home:ro,Z" "-e" "SOURCE_DIR=/opt/rustwide/workdir" "-e" "CARGO_TARGET_DIR=/opt/rustwide/target" "-e" "CARGO_INCREMENTAL=0" "-e" "RUST_BACKTRACE=full" "-e" "RUSTFLAGS=--cap-lints=warn" "-e" "RUSTDOCFLAGS=--cap-lints=warn" "-e" "CARGO_HOME=/opt/rustwide/cargo-home" "-e" "RUSTUP_HOME=/opt/rustwide/rustup-home" "-w" "/opt/rustwide/workdir" "-m" "1610612736" "--user" "0:0" "--network" "none" "ghcr.io/rust-lang/crates-build-env/linux@sha256:f3a9d4ad9d972b27faf3965f35b62e55ba32bbce8f20bc8fe909558a86702fde" "/opt/rustwide/cargo-home/bin/cargo" "+1.83.0" "test" "--frozen" "--no-run" "--message-format=json", kill_on_drop: false }`
[INFO] [stdout] 5188fd89fc5872b9f6aa76820425c84ae728fa43851cb661772e71cfdc15623a
[INFO] running `Command { std: "docker" "start" "-a" "5188fd89fc5872b9f6aa76820425c84ae728fa43851cb661772e71cfdc15623a", kill_on_drop: false }`
[INFO] [stderr]    Compiling aoc_2022 v0.1.0 (/opt/rustwide/workdir)
[INFO] [stdout] warning: unused import: `std::ops::DerefMut`
[INFO] [stdout]  --> src/challenges/day_05.rs:4:5
[INFO] [stdout]   |
[INFO] [stdout] 4 | use std::ops::DerefMut;
[INFO] [stdout]   |     ^^^^^^^^^^^^^^^^^^
[INFO] [stdout]   |
[INFO] [stdout]   = note: `#[warn(unused_imports)]` on by default
[INFO] [stdout] 
[INFO] [stdout] 
[INFO] [stdout] warning: unused import: `std::rc::Rc`
[INFO] [stdout]  --> src/challenges/day_05.rs:5:5
[INFO] [stdout]   |
[INFO] [stdout] 5 | use std::rc::Rc;
[INFO] [stdout]   |     ^^^^^^^^^^^
[INFO] [stdout] 
[INFO] [stdout] 
[INFO] [stdout] warning: unused import: `BTreeMap`
[INFO] [stdout]  --> src/challenges/day_07.rs:2:24
[INFO] [stdout]   |
[INFO] [stdout] 2 | use std::collections::{BTreeMap, HashMap};
[INFO] [stdout]   |                        ^^^^^^^^
[INFO] [stdout] 
[INFO] [stdout] 
[INFO] [stdout] warning: unused import: `std::iter::Map`
[INFO] [stdout]  --> src/challenges/day_07.rs:3:5
[INFO] [stdout]   |
[INFO] [stdout] 3 | use std::iter::Map;
[INFO] [stdout]   |     ^^^^^^^^^^^^^^
[INFO] [stdout] 
[INFO] [stdout] 
[INFO] [stdout] warning: unused variable: `elem`
[INFO] [stdout]   --> src/challenges/day_06.rs:12:13
[INFO] [stdout]    |
[INFO] [stdout] 12 |     for (i, elem) in sequence.chars().enumerate() {
[INFO] [stdout]    |             ^^^^ help: if this is intentional, prefix it with an underscore: `_elem`
[INFO] [stdout]    |
[INFO] [stdout]    = note: `#[warn(unused_variables)]` on by default
[INFO] [stdout] 
[INFO] [stdout] 
[INFO] [stdout] warning: unused variable: `key`
[INFO] [stdout]    --> src/challenges/day_07.rs:117:19
[INFO] [stdout]     |
[INFO] [stdout] 117 |         .filter(|(key, value)| value.clone() <= maximum)
[INFO] [stdout]     |                   ^^^ help: if this is intentional, prefix it with an underscore: `_key`
[INFO] [stdout] 
[INFO] [stdout] 
[INFO] [stdout] warning: unused variable: `k`
[INFO] [stdout]    --> src/challenges/day_07.rs:127:16
[INFO] [stdout]     |
[INFO] [stdout] 127 |         .map(|(k, v)| v)
[INFO] [stdout]     |                ^ help: if this is intentional, prefix it with an underscore: `_k`
[INFO] [stdout] 
[INFO] [stdout] 
[INFO] [stdout] warning: function `group_sums_part_two` is never used
[INFO] [stdout]   --> src/challenges/day_03.rs:59:8
[INFO] [stdout]    |
[INFO] [stdout] 59 | pub fn group_sums_part_two(input_lines: Vec<&str>) -> Vec<i32> {
[INFO] [stdout]    |        ^^^^^^^^^^^^^^^^^^^
[INFO] [stdout]    |
[INFO] [stdout]    = note: `#[warn(dead_code)]` on by default
[INFO] [stdout] 
[INFO] [stdout] 
[INFO] [stdout] warning: function `split_to_lists` is never used
[INFO] [stdout]  --> src/challenges/day_04.rs:3:4
[INFO] [stdout]   |
[INFO] [stdout] 3 | fn split_to_lists(input_lines: Vec<&str>) -> Vec<(Vec<i32>, Vec<i32>)> {
[INFO] [stdout]   |    ^^^^^^^^^^^^^^
[INFO] [stdout] 
[INFO] [stdout] 
[INFO] [stdout] warning: function `is_overlapping` is never used
[INFO] [stdout]   --> src/challenges/day_04.rs:35:4
[INFO] [stdout]    |
[INFO] [stdout] 35 | fn is_overlapping(left: Vec<i32>, right: Vec<i32>) -> bool {
[INFO] [stdout]    |    ^^^^^^^^^^^^^^
[INFO] [stdout] 
[INFO] [stdout] 
[INFO] [stdout] warning: function `group_sublists` is never used
[INFO] [stdout]   --> src/challenges/day_04.rs:44:8
[INFO] [stdout]    |
[INFO] [stdout] 44 | pub fn group_sublists(input_lines: Vec<&str>) -> Vec<i32> {
[INFO] [stdout]    |        ^^^^^^^^^^^^^^
[INFO] [stdout] 
[INFO] [stdout] 
[INFO] [stderr]     Finished `test` profile [unoptimized + debuginfo] target(s) in 1.98s
[INFO] running `Command { std: "docker" "inspect" "5188fd89fc5872b9f6aa76820425c84ae728fa43851cb661772e71cfdc15623a", kill_on_drop: false }`
[INFO] running `Command { std: "docker" "rm" "-f" "5188fd89fc5872b9f6aa76820425c84ae728fa43851cb661772e71cfdc15623a", kill_on_drop: false }`
[INFO] [stdout] 5188fd89fc5872b9f6aa76820425c84ae728fa43851cb661772e71cfdc15623a
[INFO] running `Command { std: "docker" "create" "-v" "/var/lib/crater-agent-workspace/builds/worker-0-tc1/target:/opt/rustwide/target:rw,Z" "-v" "/var/lib/crater-agent-workspace/builds/worker-0-tc1/source:/opt/rustwide/workdir:ro,Z" "-v" "/var/lib/crater-agent-workspace/cargo-home:/opt/rustwide/cargo-home:ro,Z" "-v" "/var/lib/crater-agent-workspace/rustup-home:/opt/rustwide/rustup-home:ro,Z" "-e" "SOURCE_DIR=/opt/rustwide/workdir" "-e" "CARGO_TARGET_DIR=/opt/rustwide/target" "-e" "CARGO_INCREMENTAL=0" "-e" "RUST_BACKTRACE=full" "-e" "RUSTFLAGS=--cap-lints=warn" "-e" "RUSTDOCFLAGS=--cap-lints=warn" "-e" "CARGO_HOME=/opt/rustwide/cargo-home" "-e" "RUSTUP_HOME=/opt/rustwide/rustup-home" "-w" "/opt/rustwide/workdir" "-m" "1610612736" "--user" "0:0" "--network" "none" "ghcr.io/rust-lang/crates-build-env/linux@sha256:f3a9d4ad9d972b27faf3965f35b62e55ba32bbce8f20bc8fe909558a86702fde" "/opt/rustwide/cargo-home/bin/cargo" "+1.83.0" "test" "--frozen", kill_on_drop: false }`
[INFO] [stdout] 31158a49183ff38bd25ed4c70fb9d020d490b4d7292545df76cea53a5ed85d14
[INFO] running `Command { std: "docker" "start" "-a" "31158a49183ff38bd25ed4c70fb9d020d490b4d7292545df76cea53a5ed85d14", kill_on_drop: false }`
[INFO] [stderr] warning: unused import: `std::ops::DerefMut`
[INFO] [stderr]  --> src/challenges/day_05.rs:4:5
[INFO] [stderr]   |
[INFO] [stderr] 4 | use std::ops::DerefMut;
[INFO] [stderr]   |     ^^^^^^^^^^^^^^^^^^
[INFO] [stderr]   |
[INFO] [stderr]   = note: `#[warn(unused_imports)]` on by default
[INFO] [stderr] 
[INFO] [stderr] warning: unused import: `std::rc::Rc`
[INFO] [stderr]  --> src/challenges/day_05.rs:5:5
[INFO] [stderr]   |
[INFO] [stderr] 5 | use std::rc::Rc;
[INFO] [stderr]   |     ^^^^^^^^^^^
[INFO] [stderr] 
[INFO] [stderr] warning: unused import: `BTreeMap`
[INFO] [stderr]  --> src/challenges/day_07.rs:2:24
[INFO] [stderr]   |
[INFO] [stderr] 2 | use std::collections::{BTreeMap, HashMap};
[INFO] [stderr]   |                        ^^^^^^^^
[INFO] [stderr] 
[INFO] [stderr] warning: unused import: `std::iter::Map`
[INFO] [stderr]  --> src/challenges/day_07.rs:3:5
[INFO] [stderr]   |
[INFO] [stderr] 3 | use std::iter::Map;
[INFO] [stderr]   |     ^^^^^^^^^^^^^^
[INFO] [stderr] 
[INFO] [stderr] warning: unused variable: `elem`
[INFO] [stderr]   --> src/challenges/day_06.rs:12:13
[INFO] [stderr]    |
[INFO] [stderr] 12 |     for (i, elem) in sequence.chars().enumerate() {
[INFO] [stderr]    |             ^^^^ help: if this is intentional, prefix it with an underscore: `_elem`
[INFO] [stderr]    |
[INFO] [stderr]    = note: `#[warn(unused_variables)]` on by default
[INFO] [stderr] 
[INFO] [stderr] warning: unused variable: `key`
[INFO] [stderr]    --> src/challenges/day_07.rs:117:19
[INFO] [stderr]     |
[INFO] [stderr] 117 |         .filter(|(key, value)| value.clone() <= maximum)
[INFO] [stderr]     |                   ^^^ help: if this is intentional, prefix it with an underscore: `_key`
[INFO] [stderr] 
[INFO] [stderr] warning: unused variable: `k`
[INFO] [stderr]    --> src/challenges/day_07.rs:127:16
[INFO] [stderr]     |
[INFO] [stderr] 127 |         .map(|(k, v)| v)
[INFO] [stderr]     |                ^ help: if this is intentional, prefix it with an underscore: `_k`
[INFO] [stderr] 
[INFO] [stderr] warning: function `group_sums_part_two` is never used
[INFO] [stderr]   --> src/challenges/day_03.rs:59:8
[INFO] [stderr]    |
[INFO] [stderr] 59 | pub fn group_sums_part_two(input_lines: Vec<&str>) -> Vec<i32> {
[INFO] [stderr]    |        ^^^^^^^^^^^^^^^^^^^
[INFO] [stderr]    |
[INFO] [stderr]    = note: `#[warn(dead_code)]` on by default
[INFO] [stderr] 
[INFO] [stderr] warning: function `split_to_lists` is never used
[INFO] [stderr]  --> src/challenges/day_04.rs:3:4
[INFO] [stderr]   |
[INFO] [stderr] 3 | fn split_to_lists(input_lines: Vec<&str>) -> Vec<(Vec<i32>, Vec<i32>)> {
[INFO] [stderr]   |    ^^^^^^^^^^^^^^
[INFO] [stderr] 
[INFO] [stderr] warning: function `is_overlapping` is never used
[INFO] [stderr]   --> src/challenges/day_04.rs:35:4
[INFO] [stderr]    |
[INFO] [stderr] 35 | fn is_overlapping(left: Vec<i32>, right: Vec<i32>) -> bool {
[INFO] [stderr]    |    ^^^^^^^^^^^^^^
[INFO] [stderr] 
[INFO] [stderr] warning: function `group_sublists` is never used
[INFO] [stderr]   --> src/challenges/day_04.rs:44:8
[INFO] [stderr]    |
[INFO] [stderr] 44 | pub fn group_sublists(input_lines: Vec<&str>) -> Vec<i32> {
[INFO] [stderr]    |        ^^^^^^^^^^^^^^
[INFO] [stderr] 
[INFO] [stderr] warning: `aoc_2022` (bin "aoc_2022" test) generated 11 warnings (run `cargo fix --bin "aoc_2022" --tests` to apply 4 suggestions)
[INFO] [stderr]     Finished `test` profile [unoptimized + debuginfo] target(s) in 0.02s
[INFO] [stderr]      Running unittests src/main.rs (/opt/rustwide/target/debug/deps/aoc_2022-8136c6d03e1860a7)
[INFO] [stdout] 
[INFO] [stdout] running 28 tests
[INFO] [stdout] test challenges::day_01::tests::test_grouping ... ok
[INFO] [stdout] test challenges::day_03::tests::test_group_part_one ... ok
[INFO] [stdout] test challenges::day_01::tests::test_top_tree ... ok
[INFO] [stdout] test challenges::day_02::tests::test_moves_outcome ... ok
[INFO] [stdout] test challenges::day_02::tests::test_outcome ... ok
[INFO] [stdout] test challenges::day_03::tests::test_find_doublette ... ok
[INFO] [stdout] test challenges::day_03::tests::test_group_into_three ... ok
[INFO] [stdout] test challenges::day_03::tests::test_grouped_part_two ... ok
[INFO] [stdout] test challenges::day_03::tests::test_priority ... ok
[INFO] [stdout] test challenges::day_03::tests::test_split ... ok
[INFO] [stdout] test challenges::day_02::tests::test_evaluate_what_to_choose ... ok
[INFO] [stdout] test challenges::day_03::tests::test_sum ... ok
[INFO] [stdout] test challenges::day_04::tests::test_create_lists ... ok
[INFO] [stdout] test challenges::day_05::tests::find_setup ... ok
[INFO] [stdout] test challenges::day_04::tests::test_contains ... ok
[INFO] [stdout] test challenges::day_07::tests::test_sum_of_strings ... ok
[INFO] [stdout] test challenges::day_05::tests::test_cargo_initialization ... ok
[INFO] [stdout] test challenges::day_06::tests::find_start_index_first_distinct_part_one ... ok
[INFO] [stdout] test challenges::day_07::tests::test_map_creation ... ok
[INFO] [stdout] test challenges::day_05::tests::test_ship_setup_part_one ... ok
[INFO] [stdout] test challenges::day_05::tests::test_cargo_names ... ok
[INFO] [stdout] test challenges::day_05::tests::read_instructions_from_string ... ok
[INFO] [stdout] test challenges::day_06::tests::find_start_index_first_distinct_part_two ... ok
[INFO] [stdout] test challenges::day_06::tests::test_is_distinct ... ok
[INFO] [stdout] test challenges::day_05::tests::test_application_part_one ... ok
[INFO] [stdout] test challenges::day_05::tests::test_application_part_two ... ok
[INFO] [stdout] test challenges::day_07::tests::test_parse_input ... FAILED
[INFO] [stdout] test challenges::day_07::tests::test_assembly ... FAILED
[INFO] [stdout] 
[INFO] [stdout] failures:
[INFO] [stdout] 
[INFO] [stdout] ---- challenges::day_07::tests::test_parse_input stdout ----
[INFO] [stdout] root/|14848514,8504156
[INFO] [stdout] root/abab/|29116,2557,62596
[INFO] [stdout] root/abab/ef/|584
[INFO] [stdout] root/abab/ef/
[INFO] [stdout] root/abab/ef/
[INFO] [stdout] root/abab/ef/d/|4060174,8033020,5626152,7214296
[INFO] [stdout] thread 'challenges::day_07::tests::test_parse_input' panicked at src/challenges/day_07.rs:214:9:
[INFO] [stdout] assertion `left == right` failed
[INFO] [stdout]   left: "root/|14848514,8504156\nroot/abab/|29116,2557,62596\nroot/abab/ef/|584\nroot/abab/ef/\nroot/abab/ef/\nroot/abab/ef/d/|4060174,8033020,5626152,7214296"
[INFO] [stdout]  right: "root/|14848514,8504156\nroot/abab/|29116,2557,62596\nroot/abab/ef/|584\nroot/abab/ef/\nroot/abab/\nroot/d/|4060174,8033020,5626152,7214296"
[INFO] [stdout] stack backtrace:
[INFO] [stdout]    0:     0x567860d5c23a - std::backtrace_rs::backtrace::libunwind::trace::h5a5b8284f2d0c266
[INFO] [stdout]                                at /rustc/90b35a6239c3d8bdabc530a6a0816f7ff89a0aaf/library/std/src/../../backtrace/src/backtrace/libunwind.rs:116:5
[INFO] [stdout]    1:     0x567860d5c23a - std::backtrace_rs::backtrace::trace_unsynchronized::h76d4f1c9b0b875e3
[INFO] [stdout]                                at /rustc/90b35a6239c3d8bdabc530a6a0816f7ff89a0aaf/library/std/src/../../backtrace/src/backtrace/mod.rs:66:5
[INFO] [stdout]    2:     0x567860d5c23a - std::sys::backtrace::_print_fmt::hc4546b8364a537c6
[INFO] [stdout]                                at /rustc/90b35a6239c3d8bdabc530a6a0816f7ff89a0aaf/library/std/src/sys/backtrace.rs:66:9
[INFO] [stdout]    3:     0x567860d5c23a - <std::sys::backtrace::BacktraceLock::print::DisplayBacktrace as core::fmt::Display>::fmt::h5b6bd5631a6d1f6b
[INFO] [stdout]                                at /rustc/90b35a6239c3d8bdabc530a6a0816f7ff89a0aaf/library/std/src/sys/backtrace.rs:39:26
[INFO] [stdout]    4:     0x567860d81a53 - core::fmt::rt::Argument::fmt::h270f6602a2b96f62
[INFO] [stdout]                                at /rustc/90b35a6239c3d8bdabc530a6a0816f7ff89a0aaf/library/core/src/fmt/rt.rs:177:76
[INFO] [stdout]    5:     0x567860d81a53 - core::fmt::write::h7550c97b06c86515
[INFO] [stdout]                                at /rustc/90b35a6239c3d8bdabc530a6a0816f7ff89a0aaf/library/core/src/fmt/mod.rs:1186:21
[INFO] [stdout]    6:     0x567860d59403 - std::io::Write::write_fmt::h509ff860e5956e5e
[INFO] [stdout]                                at /rustc/90b35a6239c3d8bdabc530a6a0816f7ff89a0aaf/library/std/src/io/mod.rs:1839:15
[INFO] [stdout]    7:     0x567860d5c082 - std::sys::backtrace::BacktraceLock::print::h2395ccd2c84ba3aa
[INFO] [stdout]                                at /rustc/90b35a6239c3d8bdabc530a6a0816f7ff89a0aaf/library/std/src/sys/backtrace.rs:42:9
[INFO] [stdout]    8:     0x567860d5d69a - std::panicking::default_hook::{{closure}}::he19d4c7230e07961
[INFO] [stdout]                                at /rustc/90b35a6239c3d8bdabc530a6a0816f7ff89a0aaf/library/std/src/panicking.rs:268:22
[INFO] [stdout]    9:     0x567860d5d4a4 - std::panicking::default_hook::hf614597d3c67bbdb
[INFO] [stdout]                                at /rustc/90b35a6239c3d8bdabc530a6a0816f7ff89a0aaf/library/std/src/panicking.rs:292:9
[INFO] [stdout]   10:     0x567860bcef39 - <alloc::boxed::Box<F,A> as core::ops::function::Fn<Args>>::call::h39b51ce4599c23d1
[INFO] [stdout]                                at /rustc/90b35a6239c3d8bdabc530a6a0816f7ff89a0aaf/library/alloc/src/boxed.rs:2468:9
[INFO] [stdout]   11:     0x567860bcef39 - test::test_main::{{closure}}::he977ae839a582784
[INFO] [stdout]                                at /rustc/90b35a6239c3d8bdabc530a6a0816f7ff89a0aaf/library/test/src/lib.rs:133:21
[INFO] [stdout]   12:     0x567860d5dd38 - <alloc::boxed::Box<F,A> as core::ops::function::Fn<Args>>::call::h9455091b6b06f9fb
[INFO] [stdout]                                at /rustc/90b35a6239c3d8bdabc530a6a0816f7ff89a0aaf/library/alloc/src/boxed.rs:2468:9
[INFO] [stdout]   13:     0x567860d5dd38 - std::panicking::rust_panic_with_hook::h8942133a8b252070
[INFO] [stdout]                                at /rustc/90b35a6239c3d8bdabc530a6a0816f7ff89a0aaf/library/std/src/panicking.rs:809:13
[INFO] [stdout]   14:     0x567860d5dafa - std::panicking::begin_panic_handler::{{closure}}::hb5f5963570096b29
[INFO] [stdout]                                at /rustc/90b35a6239c3d8bdabc530a6a0816f7ff89a0aaf/library/std/src/panicking.rs:674:13
[INFO] [stdout]   15:     0x567860d5c719 - std::sys::backtrace::__rust_end_short_backtrace::h6208cedc1922feda
[INFO] [stdout]                                at /rustc/90b35a6239c3d8bdabc530a6a0816f7ff89a0aaf/library/std/src/sys/backtrace.rs:170:18
[INFO] [stdout]   16:     0x567860d5d78c - rust_begin_unwind
[INFO] [stdout]                                at /rustc/90b35a6239c3d8bdabc530a6a0816f7ff89a0aaf/library/std/src/panicking.rs:665:5
[INFO] [stdout]   17:     0x567860b4d0d0 - core::panicking::panic_fmt::h0c3082644d1bf418
[INFO] [stdout]                                at /rustc/90b35a6239c3d8bdabc530a6a0816f7ff89a0aaf/library/core/src/panicking.rs:74:14
[INFO] [stdout]   18:     0x567860b4d4d4 - core::panicking::assert_failed_inner::h2ddf1fcc067fa858
[INFO] [stdout]   19:     0x567860b82bdd - core::panicking::assert_failed::h87f0079127a78e5b
[INFO] [stdout]                                at /rustc/90b35a6239c3d8bdabc530a6a0816f7ff89a0aaf/library/core/src/panicking.rs:367:5
[INFO] [stdout]   20:     0x567860b8e405 - aoc_2022::challenges::day_07::tests::test_parse_input::h99b6b897c44e5b04
[INFO] [stdout]                                at /opt/rustwide/workdir/src/challenges/day_07.rs:214:9
[INFO] [stdout]   21:     0x567860b8e237 - aoc_2022::challenges::day_07::tests::test_parse_input::{{closure}}::hd5d743a3f41ee984
[INFO] [stdout]                                at /opt/rustwide/workdir/src/challenges/day_07.rs:176:26
[INFO] [stdout]   22:     0x567860b7ad46 - core::ops::function::FnOnce::call_once::hc0c7ae15f198341f
[INFO] [stdout]                                at /rustc/90b35a6239c3d8bdabc530a6a0816f7ff89a0aaf/library/core/src/ops/function.rs:250:5
[INFO] [stdout]   23:     0x567860bd38fb - core::ops::function::FnOnce::call_once::h109cf8051a59b34e
[INFO] [stdout]                                at /rustc/90b35a6239c3d8bdabc530a6a0816f7ff89a0aaf/library/core/src/ops/function.rs:250:5
[INFO] [stdout]   24:     0x567860bd38fb - test::__rust_begin_short_backtrace::hf4fff89d377446ba
[INFO] [stdout]                                at /rustc/90b35a6239c3d8bdabc530a6a0816f7ff89a0aaf/library/test/src/lib.rs:621:18
[INFO] [stdout]   25:     0x567860bd3137 - test::run_test_in_process::{{closure}}::h0e39181dd7ee5a43
[INFO] [stdout]                                at /rustc/90b35a6239c3d8bdabc530a6a0816f7ff89a0aaf/library/test/src/lib.rs:644:60
[INFO] [stdout]   26:     0x567860bd3137 - <core::panic::unwind_safe::AssertUnwindSafe<F> as core::ops::function::FnOnce<()>>::call_once::hc5a66a30f0bdfd1f
[INFO] [stdout]                                at /rustc/90b35a6239c3d8bdabc530a6a0816f7ff89a0aaf/library/core/src/panic/unwind_safe.rs:272:9
[INFO] [stdout]   27:     0x567860bd3137 - std::panicking::try::do_call::h873b7cf639554a5e
[INFO] [stdout]                                at /rustc/90b35a6239c3d8bdabc530a6a0816f7ff89a0aaf/library/std/src/panicking.rs:557:40
[INFO] [stdout]   28:     0x567860bd3137 - std::panicking::try::hdb19862fad9c8bd1
[INFO] [stdout]                                at /rustc/90b35a6239c3d8bdabc530a6a0816f7ff89a0aaf/library/std/src/panicking.rs:520:19
[INFO] [stdout]   29:     0x567860bd3137 - std::panic::catch_unwind::h281fe732d236d260
[INFO] [stdout]                                at /rustc/90b35a6239c3d8bdabc530a6a0816f7ff89a0aaf/library/std/src/panic.rs:358:14
[INFO] [stdout]   30:     0x567860bd3137 - test::run_test_in_process::h949b6df8457ed338
[INFO] [stdout]                                at /rustc/90b35a6239c3d8bdabc530a6a0816f7ff89a0aaf/library/test/src/lib.rs:644:27
[INFO] [stdout]   31:     0x567860bd3137 - test::run_test::{{closure}}::h52c556a6d4740e10
[INFO] [stdout]                                at /rustc/90b35a6239c3d8bdabc530a6a0816f7ff89a0aaf/library/test/src/lib.rs:565:43
[INFO] [stdout]   32:     0x567860b98414 - test::run_test::{{closure}}::h4237f6381c45ccb9
[INFO] [stdout]                                at /rustc/90b35a6239c3d8bdabc530a6a0816f7ff89a0aaf/library/test/src/lib.rs:595:41
[INFO] [stdout]   33:     0x567860b98414 - std::sys::backtrace::__rust_begin_short_backtrace::h505c97a579eca628
[INFO] [stdout]                                at /rustc/90b35a6239c3d8bdabc530a6a0816f7ff89a0aaf/library/std/src/sys/backtrace.rs:154:18
[INFO] [stdout]   34:     0x567860b9bade - std::thread::Builder::spawn_unchecked_::{{closure}}::{{closure}}::h9e86b2e2bc107ea3
[INFO] [stdout]                                at /rustc/90b35a6239c3d8bdabc530a6a0816f7ff89a0aaf/library/std/src/thread/mod.rs:538:17
[INFO] [stdout]   35:     0x567860b9bade - <core::panic::unwind_safe::AssertUnwindSafe<F> as core::ops::function::FnOnce<()>>::call_once::h8b06ddb275ff4a25
[INFO] [stdout]                                at /rustc/90b35a6239c3d8bdabc530a6a0816f7ff89a0aaf/library/core/src/panic/unwind_safe.rs:272:9
[INFO] [stdout]   36:     0x567860b9bade - std::panicking::try::do_call::hb26ecd7cd9a9355d
[INFO] [stdout]                                at /rustc/90b35a6239c3d8bdabc530a6a0816f7ff89a0aaf/library/std/src/panicking.rs:557:40
[INFO] [stdout]   37:     0x567860b9bade - std::panicking::try::h8ddeca9d705f9069
[INFO] [stdout]                                at /rustc/90b35a6239c3d8bdabc530a6a0816f7ff89a0aaf/library/std/src/panicking.rs:520:19
[INFO] [stdout]   38:     0x567860b9bade - std::panic::catch_unwind::h49e1c33078844c46
[INFO] [stdout]                                at /rustc/90b35a6239c3d8bdabc530a6a0816f7ff89a0aaf/library/std/src/panic.rs:358:14
[INFO] [stdout]   39:     0x567860b9bade - std::thread::Builder::spawn_unchecked_::{{closure}}::h6073db6ff56ad35d
[INFO] [stdout]                                at /rustc/90b35a6239c3d8bdabc530a6a0816f7ff89a0aaf/library/std/src/thread/mod.rs:537:30
[INFO] [stdout]   40:     0x567860b9bade - core::ops::function::FnOnce::call_once{{vtable.shim}}::h2c5a5f3779c774f1
[INFO] [stdout]                                at /rustc/90b35a6239c3d8bdabc530a6a0816f7ff89a0aaf/library/core/src/ops/function.rs:250:5
[INFO] [stdout]   41:     0x567860d61a8b - <alloc::boxed::Box<F,A> as core::ops::function::FnOnce<Args>>::call_once::hf75717d9f28faebf
[INFO] [stdout]                                at /rustc/90b35a6239c3d8bdabc530a6a0816f7ff89a0aaf/library/alloc/src/boxed.rs:2454:9
[INFO] [stdout]   42:     0x567860d61a8b - <alloc::boxed::Box<F,A> as core::ops::function::FnOnce<Args>>::call_once::h7bd883a5f3c5f3c1
[INFO] [stdout]                                at /rustc/90b35a6239c3d8bdabc530a6a0816f7ff89a0aaf/library/alloc/src/boxed.rs:2454:9
[INFO] [stdout]   43:     0x567860d61a8b - std::sys::pal::unix::thread::Thread::new::thread_start::hcc78f3943333fa94
[INFO] [stdout]                                at /rustc/90b35a6239c3d8bdabc530a6a0816f7ff89a0aaf/library/std/src/sys/pal/unix/thread.rs:105:17
[INFO] [stdout]   44:     0x76b915983ac3 - <unknown>
[INFO] [stdout]   45:     0x76b915a14a04 - clone
[INFO] [stdout]   46:                0x0 - <unknown>
[INFO] [stdout] 
[INFO] [stdout] ---- challenges::day_07::tests::test_assembly stdout ----
[INFO] [stdout] map {"a": 25028495, "d": 24933642, "e": 24934226, "root": 48381165}
[INFO] [stdout] thread 'challenges::day_07::tests::test_assembly' panicked at src/challenges/day_07.rs:165:9:
[INFO] [stdout] assertion `left == right` failed
[INFO] [stdout]   left: 0
[INFO] [stdout]  right: 95437
[INFO] [stdout] stack backtrace:
[INFO] [stdout]    0:     0x567860d5c23a - std::backtrace_rs::backtrace::libunwind::trace::h5a5b8284f2d0c266
[INFO] [stdout]                                at /rustc/90b35a6239c3d8bdabc530a6a0816f7ff89a0aaf/library/std/src/../../backtrace/src/backtrace/libunwind.rs:116:5
[INFO] [stdout]    1:     0x567860d5c23a - std::backtrace_rs::backtrace::trace_unsynchronized::h76d4f1c9b0b875e3
[INFO] [stdout]                                at /rustc/90b35a6239c3d8bdabc530a6a0816f7ff89a0aaf/library/std/src/../../backtrace/src/backtrace/mod.rs:66:5
[INFO] [stdout]    2:     0x567860d5c23a - std::sys::backtrace::_print_fmt::hc4546b8364a537c6
[INFO] [stdout]                                at /rustc/90b35a6239c3d8bdabc530a6a0816f7ff89a0aaf/library/std/src/sys/backtrace.rs:66:9
[INFO] [stdout]    3:     0x567860d5c23a - <std::sys::backtrace::BacktraceLock::print::DisplayBacktrace as core::fmt::Display>::fmt::h5b6bd5631a6d1f6b
[INFO] [stdout]                                at /rustc/90b35a6239c3d8bdabc530a6a0816f7ff89a0aaf/library/std/src/sys/backtrace.rs:39:26
[INFO] [stdout]    4:     0x567860d81a53 - core::fmt::rt::Argument::fmt::h270f6602a2b96f62
[INFO] [stdout]                                at /rustc/90b35a6239c3d8bdabc530a6a0816f7ff89a0aaf/library/core/src/fmt/rt.rs:177:76
[INFO] [stdout]    5:     0x567860d81a53 - core::fmt::write::h7550c97b06c86515
[INFO] [stdout]                                at /rustc/90b35a6239c3d8bdabc530a6a0816f7ff89a0aaf/library/core/src/fmt/mod.rs:1186:21
[INFO] [stdout]    6:     0x567860d59403 - std::io::Write::write_fmt::h509ff860e5956e5e
[INFO] [stdout]                                at /rustc/90b35a6239c3d8bdabc530a6a0816f7ff89a0aaf/library/std/src/io/mod.rs:1839:15
[INFO] [stdout]    7:     0x567860d5c082 - std::sys::backtrace::BacktraceLock::print::h2395ccd2c84ba3aa
[INFO] [stdout]                                at /rustc/90b35a6239c3d8bdabc530a6a0816f7ff89a0aaf/library/std/src/sys/backtrace.rs:42:9
[INFO] [stdout]    8:     0x567860d5d69a - std::panicking::default_hook::{{closure}}::he19d4c7230e07961
[INFO] [stdout]                                at /rustc/90b35a6239c3d8bdabc530a6a0816f7ff89a0aaf/library/std/src/panicking.rs:268:22
[INFO] [stdout]    9:     0x567860d5d4a4 - std::panicking::default_hook::hf614597d3c67bbdb
[INFO] [stdout]                                at /rustc/90b35a6239c3d8bdabc530a6a0816f7ff89a0aaf/library/std/src/panicking.rs:292:9
[INFO] [stdout]   10:     0x567860bcef39 - <alloc::boxed::Box<F,A> as core::ops::function::Fn<Args>>::call::h39b51ce4599c23d1
[INFO] [stdout]                                at /rustc/90b35a6239c3d8bdabc530a6a0816f7ff89a0aaf/library/alloc/src/boxed.rs:2468:9
[INFO] [stdout]   11:     0x567860bcef39 - test::test_main::{{closure}}::he977ae839a582784
[INFO] [stdout]                                at /rustc/90b35a6239c3d8bdabc530a6a0816f7ff89a0aaf/library/test/src/lib.rs:133:21
[INFO] [stdout]   12:     0x567860d5dd38 - <alloc::boxed::Box<F,A> as core::ops::function::Fn<Args>>::call::h9455091b6b06f9fb
[INFO] [stdout]                                at /rustc/90b35a6239c3d8bdabc530a6a0816f7ff89a0aaf/library/alloc/src/boxed.rs:2468:9
[INFO] [stdout]   13:     0x567860d5dd38 - std::panicking::rust_panic_with_hook::h8942133a8b252070
[INFO] [stdout]                                at /rustc/90b35a6239c3d8bdabc530a6a0816f7ff89a0aaf/library/std/src/panicking.rs:809:13
[INFO] [stdout]   14:     0x567860d5dafa - std::panicking::begin_panic_handler::{{closure}}::hb5f5963570096b29
[INFO] [stdout]                                at /rustc/90b35a6239c3d8bdabc530a6a0816f7ff89a0aaf/library/std/src/panicking.rs:674:13
[INFO] [stdout]   15:     0x567860d5c719 - std::sys::backtrace::__rust_end_short_backtrace::h6208cedc1922feda
[INFO] [stdout]                                at /rustc/90b35a6239c3d8bdabc530a6a0816f7ff89a0aaf/library/std/src/sys/backtrace.rs:170:18
[INFO] [stdout]   16:     0x567860d5d78c - rust_begin_unwind
[INFO] [stdout]                                at /rustc/90b35a6239c3d8bdabc530a6a0816f7ff89a0aaf/library/std/src/panicking.rs:665:5
[INFO] [stdout]   17:     0x567860b4d0d0 - core::panicking::panic_fmt::h0c3082644d1bf418
[INFO] [stdout]                                at /rustc/90b35a6239c3d8bdabc530a6a0816f7ff89a0aaf/library/core/src/panicking.rs:74:14
[INFO] [stdout]   18:     0x567860b4d4d4 - core::panicking::assert_failed_inner::h2ddf1fcc067fa858
[INFO] [stdout]   19:     0x567860b82cd5 - core::panicking::assert_failed::hb4f09e12519f6e20
[INFO] [stdout]                                at /rustc/90b35a6239c3d8bdabc530a6a0816f7ff89a0aaf/library/core/src/panicking.rs:367:5
[INFO] [stdout]   20:     0x567860b8e08d - aoc_2022::challenges::day_07::tests::test_assembly::hbe5bfb4ca5069e39
[INFO] [stdout]                                at /opt/rustwide/workdir/src/challenges/day_07.rs:165:9
[INFO] [stdout]   21:     0x567860b8dfc7 - aoc_2022::challenges::day_07::tests::test_assembly::{{closure}}::h30dfa05ec8fb36c7
[INFO] [stdout]                                at /opt/rustwide/workdir/src/challenges/day_07.rs:140:23
[INFO] [stdout]   22:     0x567860b7a6e6 - core::ops::function::FnOnce::call_once::h43160231e5ef0505
[INFO] [stdout]                                at /rustc/90b35a6239c3d8bdabc530a6a0816f7ff89a0aaf/library/core/src/ops/function.rs:250:5
[INFO] [stdout]   23:     0x567860bd38fb - core::ops::function::FnOnce::call_once::h109cf8051a59b34e
[INFO] [stdout]                                at /rustc/90b35a6239c3d8bdabc530a6a0816f7ff89a0aaf/library/core/src/ops/function.rs:250:5
[INFO] [stdout]   24:     0x567860bd38fb - test::__rust_begin_short_backtrace::hf4fff89d377446ba
[INFO] [stdout]                                at /rustc/90b35a6239c3d8bdabc530a6a0816f7ff89a0aaf/library/test/src/lib.rs:621:18
[INFO] [stdout]   25:     0x567860bd3137 - test::run_test_in_process::{{closure}}::h0e39181dd7ee5a43
[INFO] [stdout]                                at /rustc/90b35a6239c3d8bdabc530a6a0816f7ff89a0aaf/library/test/src/lib.rs:644:60
[INFO] [stdout]   26:     0x567860bd3137 - <core::panic::unwind_safe::AssertUnwindSafe<F> as core::ops::function::FnOnce<()>>::call_once::hc5a66a30f0bdfd1f
[INFO] [stdout]                                at /rustc/90b35a6239c3d8bdabc530a6a0816f7ff89a0aaf/library/core/src/panic/unwind_safe.rs:272:9
[INFO] [stdout]   27:     0x567860bd3137 - std::panicking::try::do_call::h873b7cf639554a5e
[INFO] [stdout]                                at /rustc/90b35a6239c3d8bdabc530a6a0816f7ff89a0aaf/library/std/src/panicking.rs:557:40
[INFO] [stdout]   28:     0x567860bd3137 - std::panicking::try::hdb19862fad9c8bd1
[INFO] [stdout]                                at /rustc/90b35a6239c3d8bdabc530a6a0816f7ff89a0aaf/library/std/src/panicking.rs:520:19
[INFO] [stdout]   29:     0x567860bd3137 - std::panic::catch_unwind::h281fe732d236d260
[INFO] [stdout]                                at /rustc/90b35a6239c3d8bdabc530a6a0816f7ff89a0aaf/library/std/src/panic.rs:358:14
[INFO] [stdout]   30:     0x567860bd3137 - test::run_test_in_process::h949b6df8457ed338
[INFO] [stdout]                                at /rustc/90b35a6239c3d8bdabc530a6a0816f7ff89a0aaf/library/test/src/lib.rs:644:27
[INFO] [stdout]   31:     0x567860bd3137 - test::run_test::{{closure}}::h52c556a6d4740e10
[INFO] [stdout]                                at /rustc/90b35a6239c3d8bdabc530a6a0816f7ff89a0aaf/library/test/src/lib.rs:565:43
[INFO] [stdout]   32:     0x567860b98414 - test::run_test::{{closure}}::h4237f6381c45ccb9
[INFO] [stdout]                                at /rustc/90b35a6239c3d8bdabc530a6a0816f7ff89a0aaf/library/test/src/lib.rs:595:41
[INFO] [stdout]   33:     0x567860b98414 - std::sys::backtrace::__rust_begin_short_backtrace::h505c97a579eca628
[INFO] [stdout]                                at /rustc/90b35a6239c3d8bdabc530a6a0816f7ff89a0aaf/library/std/src/sys/backtrace.rs:154:18
[INFO] [stdout]   34:     0x567860b9bade - std::thread::Builder::spawn_unchecked_::{{closure}}::{{closure}}::h9e86b2e2bc107ea3
[INFO] [stdout]                                at /rustc/90b35a6239c3d8bdabc530a6a0816f7ff89a0aaf/library/std/src/thread/mod.rs:538:17
[INFO] [stdout]   35:     0x567860b9bade - <core::panic::unwind_safe::AssertUnwindSafe<F> as core::ops::function::FnOnce<()>>::call_once::h8b06ddb275ff4a25
[INFO] [stdout]                                at /rustc/90b35a6239c3d8bdabc530a6a0816f7ff89a0aaf/library/core/src/panic/unwind_safe.rs:272:9
[INFO] [stdout]   36:     0x567860b9bade - std::panicking::try::do_call::hb26ecd7cd9a9355d
[INFO] [stdout]                                at /rustc/90b35a6239c3d8bdabc530a6a0816f7ff89a0aaf/library/std/src/panicking.rs:557:40
[INFO] [stdout]   37:     0x567860b9bade - std::panicking::try::h8ddeca9d705f9069
[INFO] [stdout]                                at /rustc/90b35a6239c3d8bdabc530a6a0816f7ff89a0aaf/library/std/src/panicking.rs:520:19
[INFO] [stdout]   38:     0x567860b9bade - std::panic::catch_unwind::h49e1c33078844c46
[INFO] [stdout]                                at /rustc/90b35a6239c3d8bdabc530a6a0816f7ff89a0aaf/library/std/src/panic.rs:358:14
[INFO] [stdout]   39:     0x567860b9bade - std::thread::Builder::spawn_unchecked_::{{closure}}::h6073db6ff56ad35d
[INFO] [stdout]                                at /rustc/90b35a6239c3d8bdabc530a6a0816f7ff89a0aaf/library/std/src/thread/mod.rs:537:30
[INFO] [stdout]   40:     0x567860b9bade - core::ops::function::FnOnce::call_once{{vtable.shim}}::h2c5a5f3779c774f1
[INFO] [stdout]                                at /rustc/90b35a6239c3d8bdabc530a6a0816f7ff89a0aaf/library/core/src/ops/function.rs:250:5
[INFO] [stdout]   41:     0x567860d61a8b - <alloc::boxed::Box<F,A> as core::ops::function::FnOnce<Args>>::call_once::hf75717d9f28faebf
[INFO] [stdout]                                at /rustc/90b35a6239c3d8bdabc530a6a0816f7ff89a0aaf/library/alloc/src/boxed.rs:2454:9
[INFO] [stdout]   42:     0x567860d61a8b - <alloc::boxed::Box<F,A> as core::ops::function::FnOnce<Args>>::call_once::h7bd883a5f3c5f3c1
[INFO] [stdout]                                at /rustc/90b35a6239c3d8bdabc530a6a0816f7ff89a0aaf/library/alloc/src/boxed.rs:2454:9
[INFO] [stdout]   43:     0x567860d61a8b - std::sys::pal::unix::thread::Thread::new::thread_start::hcc78f3943333fa94
[INFO] [stdout]                                at /rustc/90b35a6239c3d8bdabc530a6a0816f7ff89a0aaf/library/std/src/sys/pal/unix/thread.rs:105:17
[INFO] [stdout]   44:     0x76b915983ac3 - <unknown>
[INFO] [stdout]   45:     0x76b915a14a04 - clone
[INFO] [stdout]   46:                0x0 - <unknown>
[INFO] [stdout] 
[INFO] [stdout] 
[INFO] [stdout] failures:
[INFO] [stdout]     challenges::day_07::tests::test_assembly
[INFO] [stdout]     challenges::day_07::tests::test_parse_input
[INFO] [stdout] 
[INFO] [stdout] test result: FAILED. 26 passed; 2 failed; 0 ignored; 0 measured; 0 filtered out; finished in 0.10s
[INFO] [stdout] 
[INFO] [stderr] error: test failed, to rerun pass `--bin aoc_2022`
[INFO] running `Command { std: "docker" "inspect" "31158a49183ff38bd25ed4c70fb9d020d490b4d7292545df76cea53a5ed85d14", kill_on_drop: false }`
[INFO] running `Command { std: "docker" "rm" "-f" "31158a49183ff38bd25ed4c70fb9d020d490b4d7292545df76cea53a5ed85d14", kill_on_drop: false }`
[INFO] [stdout] 31158a49183ff38bd25ed4c70fb9d020d490b4d7292545df76cea53a5ed85d14
