[INFO] cloning repository https://github.com/tobias-walle/advent-of-code-2023
[INFO] running `Command { std: "git" "-c" "credential.helper=" "-c" "credential.helper=/workspace/cargo-home/bin/git-credential-null" "clone" "--bare" "https://github.com/tobias-walle/advent-of-code-2023" "/workspace/cache/git-repos/https%3A%2F%2Fgithub.com%2Ftobias-walle%2Fadvent-of-code-2023", kill_on_drop: false }`
[INFO] [stderr] Cloning into bare repository '/workspace/cache/git-repos/https%3A%2F%2Fgithub.com%2Ftobias-walle%2Fadvent-of-code-2023'...
[INFO] running `Command { std: "git" "rev-parse" "HEAD", kill_on_drop: false }`
[INFO] [stdout] 48d2bc4cf5bab1616747014b10042690b89fbe3a
[INFO] testing tobias-walle/advent-of-code-2023 against 1.83.0 for beta-1.84.0-4-retry
[INFO] running `Command { std: "git" "clone" "/workspace/cache/git-repos/https%3A%2F%2Fgithub.com%2Ftobias-walle%2Fadvent-of-code-2023" "/workspace/builds/worker-7-tc1/source", kill_on_drop: false }`
[INFO] [stderr] Cloning into '/workspace/builds/worker-7-tc1/source'...
[INFO] [stderr] done.
[INFO] validating manifest of git repo https://github.com/tobias-walle/advent-of-code-2023 on toolchain 1.83.0
[INFO] running `Command { std: CARGO_HOME="/workspace/cargo-home" RUSTUP_HOME="/workspace/rustup-home" "/workspace/cargo-home/bin/cargo" "+1.83.0" "metadata" "--manifest-path" "Cargo.toml" "--no-deps", kill_on_drop: false }`
[INFO] started tweaking git repo https://github.com/tobias-walle/advent-of-code-2023
[INFO] finished tweaking git repo https://github.com/tobias-walle/advent-of-code-2023
[INFO] tweaked toml for git repo https://github.com/tobias-walle/advent-of-code-2023 written to /workspace/builds/worker-7-tc1/source/Cargo.toml
[INFO] crate git repo https://github.com/tobias-walle/advent-of-code-2023 already has a lockfile, it will not be regenerated
[INFO] running `Command { std: CARGO_HOME="/workspace/cargo-home" RUSTUP_HOME="/workspace/rustup-home" "/workspace/cargo-home/bin/cargo" "+1.83.0" "fetch" "--manifest-path" "Cargo.toml", kill_on_drop: false }`
[INFO] [stderr]  Downloading crates ...
[INFO] [stderr]   Downloaded nom v7.1.2
[INFO] running `Command { std: "docker" "create" "-v" "/var/lib/crater-agent-workspace/builds/worker-7-tc1/target:/opt/rustwide/target:rw,Z" "-v" "/var/lib/crater-agent-workspace/builds/worker-7-tc1/source:/opt/rustwide/workdir:ro,Z" "-v" "/var/lib/crater-agent-workspace/cargo-home:/opt/rustwide/cargo-home:ro,Z" "-v" "/var/lib/crater-agent-workspace/rustup-home:/opt/rustwide/rustup-home:ro,Z" "-e" "SOURCE_DIR=/opt/rustwide/workdir" "-e" "CARGO_TARGET_DIR=/opt/rustwide/target" "-e" "CARGO_HOME=/opt/rustwide/cargo-home" "-e" "RUSTUP_HOME=/opt/rustwide/rustup-home" "-w" "/opt/rustwide/workdir" "-m" "1610612736" "--user" "0:0" "--network" "none" "ghcr.io/rust-lang/crates-build-env/linux@sha256:f3a9d4ad9d972b27faf3965f35b62e55ba32bbce8f20bc8fe909558a86702fde" "/opt/rustwide/cargo-home/bin/cargo" "+1.83.0" "metadata" "--no-deps" "--format-version=1", kill_on_drop: false }`
[INFO] [stdout] 62d3fbd628556863eaeac640f0f8090043b2b4c896abb8bf9807e80461f382c6
[INFO] running `Command { std: "docker" "start" "-a" "62d3fbd628556863eaeac640f0f8090043b2b4c896abb8bf9807e80461f382c6", kill_on_drop: false }`
[INFO] running `Command { std: "docker" "inspect" "62d3fbd628556863eaeac640f0f8090043b2b4c896abb8bf9807e80461f382c6", kill_on_drop: false }`
[INFO] running `Command { std: "docker" "rm" "-f" "62d3fbd628556863eaeac640f0f8090043b2b4c896abb8bf9807e80461f382c6", kill_on_drop: false }`
[INFO] [stdout] 62d3fbd628556863eaeac640f0f8090043b2b4c896abb8bf9807e80461f382c6
[INFO] running `Command { std: "docker" "create" "-v" "/var/lib/crater-agent-workspace/builds/worker-7-tc1/target:/opt/rustwide/target:rw,Z" "-v" "/var/lib/crater-agent-workspace/builds/worker-7-tc1/source:/opt/rustwide/workdir:ro,Z" "-v" "/var/lib/crater-agent-workspace/cargo-home:/opt/rustwide/cargo-home:ro,Z" "-v" "/var/lib/crater-agent-workspace/rustup-home:/opt/rustwide/rustup-home:ro,Z" "-e" "SOURCE_DIR=/opt/rustwide/workdir" "-e" "CARGO_TARGET_DIR=/opt/rustwide/target" "-e" "CARGO_INCREMENTAL=0" "-e" "RUST_BACKTRACE=full" "-e" "RUSTFLAGS=--cap-lints=warn" "-e" "RUSTDOCFLAGS=--cap-lints=warn" "-e" "CARGO_HOME=/opt/rustwide/cargo-home" "-e" "RUSTUP_HOME=/opt/rustwide/rustup-home" "-w" "/opt/rustwide/workdir" "-m" "1610612736" "--user" "0:0" "--network" "none" "ghcr.io/rust-lang/crates-build-env/linux@sha256:f3a9d4ad9d972b27faf3965f35b62e55ba32bbce8f20bc8fe909558a86702fde" "/opt/rustwide/cargo-home/bin/cargo" "+1.83.0" "build" "--frozen" "--message-format=json", kill_on_drop: false }`
[INFO] [stdout] b75681238736a97970ac9c83ab7bc836e3e27a9f6408f150aa75c7bd484e66f9
[INFO] running `Command { std: "docker" "start" "-a" "b75681238736a97970ac9c83ab7bc836e3e27a9f6408f150aa75c7bd484e66f9", kill_on_drop: false }`
[INFO] [stderr] warning: output filename collision.
[INFO] [stderr] The bin target `problem_1` in package `day_10 v0.0.0 (/opt/rustwide/workdir/day_10)` has the same output filename as the bin target `problem_1` in package `day_1 v0.0.0 (/opt/rustwide/workdir/day_1)`.
[INFO] [stderr] Colliding filename is: /opt/rustwide/target/debug/problem_1
[INFO] [stderr] The targets should have unique names.
[INFO] [stderr] Consider changing their names to be unique or compiling them separately.
[INFO] [stderr] This may become a hard error in the future; see <https://github.com/rust-lang/cargo/issues/6313>.
[INFO] [stderr] warning: output filename collision.
[INFO] [stderr] The bin target `problem_1` in package `day_10 v0.0.0 (/opt/rustwide/workdir/day_10)` has the same output filename as the bin target `problem_1` in package `day_1 v0.0.0 (/opt/rustwide/workdir/day_1)`.
[INFO] [stderr] Colliding filename is: /opt/rustwide/target/debug/problem_1.dwp
[INFO] [stderr] The targets should have unique names.
[INFO] [stderr] Consider changing their names to be unique or compiling them separately.
[INFO] [stderr] This may become a hard error in the future; see <https://github.com/rust-lang/cargo/issues/6313>.
[INFO] [stderr] warning: output filename collision.
[INFO] [stderr] The bin target `problem_1` in package `day_19 v0.0.0 (/opt/rustwide/workdir/day_19)` has the same output filename as the bin target `problem_1` in package `day_10 v0.0.0 (/opt/rustwide/workdir/day_10)`.
[INFO] [stderr] Colliding filename is: /opt/rustwide/target/debug/problem_1
[INFO] [stderr] The targets should have unique names.
[INFO] [stderr] Consider changing their names to be unique or compiling them separately.
[INFO] [stderr] This may become a hard error in the future; see <https://github.com/rust-lang/cargo/issues/6313>.
[INFO] [stderr] warning: output filename collision.
[INFO] [stderr] The bin target `problem_1` in package `day_19 v0.0.0 (/opt/rustwide/workdir/day_19)` has the same output filename as the bin target `problem_1` in package `day_10 v0.0.0 (/opt/rustwide/workdir/day_10)`.
[INFO] [stderr] Colliding filename is: /opt/rustwide/target/debug/problem_1.dwp
[INFO] [stderr] The targets should have unique names.
[INFO] [stderr] Consider changing their names to be unique or compiling them separately.
[INFO] [stderr] This may become a hard error in the future; see <https://github.com/rust-lang/cargo/issues/6313>.
[INFO] [stderr] warning: output filename collision.
[INFO] [stderr] The bin target `problem_2` in package `day_19 v0.0.0 (/opt/rustwide/workdir/day_19)` has the same output filename as the bin target `problem_2` in package `day_1 v0.0.0 (/opt/rustwide/workdir/day_1)`.
[INFO] [stderr] Colliding filename is: /opt/rustwide/target/debug/problem_2
[INFO] [stderr] The targets should have unique names.
[INFO] [stderr] Consider changing their names to be unique or compiling them separately.
[INFO] [stderr] This may become a hard error in the future; see <https://github.com/rust-lang/cargo/issues/6313>.
[INFO] [stderr] warning: output filename collision.
[INFO] [stderr] The bin target `problem_2` in package `day_19 v0.0.0 (/opt/rustwide/workdir/day_19)` has the same output filename as the bin target `problem_2` in package `day_1 v0.0.0 (/opt/rustwide/workdir/day_1)`.
[INFO] [stderr] Colliding filename is: /opt/rustwide/target/debug/problem_2.dwp
[INFO] [stderr] The targets should have unique names.
[INFO] [stderr] Consider changing their names to be unique or compiling them separately.
[INFO] [stderr] This may become a hard error in the future; see <https://github.com/rust-lang/cargo/issues/6313>.
[INFO] [stderr] warning: output filename collision.
[INFO] [stderr] The bin target `problem_1` in package `day_2 v0.0.0 (/opt/rustwide/workdir/day_2)` has the same output filename as the bin target `problem_1` in package `day_19 v0.0.0 (/opt/rustwide/workdir/day_19)`.
[INFO] [stderr] Colliding filename is: /opt/rustwide/target/debug/problem_1
[INFO] [stderr] The targets should have unique names.
[INFO] [stderr] Consider changing their names to be unique or compiling them separately.
[INFO] [stderr] This may become a hard error in the future; see <https://github.com/rust-lang/cargo/issues/6313>.
[INFO] [stderr] warning: output filename collision.
[INFO] [stderr] The bin target `problem_1` in package `day_2 v0.0.0 (/opt/rustwide/workdir/day_2)` has the same output filename as the bin target `problem_1` in package `day_19 v0.0.0 (/opt/rustwide/workdir/day_19)`.
[INFO] [stderr] Colliding filename is: /opt/rustwide/target/debug/problem_1.dwp
[INFO] [stderr] The targets should have unique names.
[INFO] [stderr] Consider changing their names to be unique or compiling them separately.
[INFO] [stderr] This may become a hard error in the future; see <https://github.com/rust-lang/cargo/issues/6313>.
[INFO] [stderr] warning: output filename collision.
[INFO] [stderr] The bin target `problem_2` in package `day_2 v0.0.0 (/opt/rustwide/workdir/day_2)` has the same output filename as the bin target `problem_2` in package `day_19 v0.0.0 (/opt/rustwide/workdir/day_19)`.
[INFO] [stderr] Colliding filename is: /opt/rustwide/target/debug/problem_2
[INFO] [stderr] The targets should have unique names.
[INFO] [stderr] Consider changing their names to be unique or compiling them separately.
[INFO] [stderr] This may become a hard error in the future; see <https://github.com/rust-lang/cargo/issues/6313>.
[INFO] [stderr] warning: output filename collision.
[INFO] [stderr] The bin target `problem_2` in package `day_2 v0.0.0 (/opt/rustwide/workdir/day_2)` has the same output filename as the bin target `problem_2` in package `day_19 v0.0.0 (/opt/rustwide/workdir/day_19)`.
[INFO] [stderr] Colliding filename is: /opt/rustwide/target/debug/problem_2.dwp
[INFO] [stderr] The targets should have unique names.
[INFO] [stderr] Consider changing their names to be unique or compiling them separately.
[INFO] [stderr] This may become a hard error in the future; see <https://github.com/rust-lang/cargo/issues/6313>.
[INFO] [stderr] warning: output filename collision.
[INFO] [stderr] The bin target `problem_1` in package `day_3 v0.0.0 (/opt/rustwide/workdir/day_3)` has the same output filename as the bin target `problem_1` in package `day_2 v0.0.0 (/opt/rustwide/workdir/day_2)`.
[INFO] [stderr] Colliding filename is: /opt/rustwide/target/debug/problem_1
[INFO] [stderr] The targets should have unique names.
[INFO] [stderr] Consider changing their names to be unique or compiling them separately.
[INFO] [stderr] This may become a hard error in the future; see <https://github.com/rust-lang/cargo/issues/6313>.
[INFO] [stderr] warning: output filename collision.
[INFO] [stderr] The bin target `problem_1` in package `day_3 v0.0.0 (/opt/rustwide/workdir/day_3)` has the same output filename as the bin target `problem_1` in package `day_2 v0.0.0 (/opt/rustwide/workdir/day_2)`.
[INFO] [stderr] Colliding filename is: /opt/rustwide/target/debug/problem_1.dwp
[INFO] [stderr] The targets should have unique names.
[INFO] [stderr] Consider changing their names to be unique or compiling them separately.
[INFO] [stderr] This may become a hard error in the future; see <https://github.com/rust-lang/cargo/issues/6313>.
[INFO] [stderr] warning: output filename collision.
[INFO] [stderr] The bin target `problem_2` in package `day_3 v0.0.0 (/opt/rustwide/workdir/day_3)` has the same output filename as the bin target `problem_2` in package `day_2 v0.0.0 (/opt/rustwide/workdir/day_2)`.
[INFO] [stderr] Colliding filename is: /opt/rustwide/target/debug/problem_2
[INFO] [stderr] The targets should have unique names.
[INFO] [stderr] Consider changing their names to be unique or compiling them separately.
[INFO] [stderr] This may become a hard error in the future; see <https://github.com/rust-lang/cargo/issues/6313>.
[INFO] [stderr] warning: output filename collision.
[INFO] [stderr] The bin target `problem_2` in package `day_3 v0.0.0 (/opt/rustwide/workdir/day_3)` has the same output filename as the bin target `problem_2` in package `day_2 v0.0.0 (/opt/rustwide/workdir/day_2)`.
[INFO] [stderr] Colliding filename is: /opt/rustwide/target/debug/problem_2.dwp
[INFO] [stderr] The targets should have unique names.
[INFO] [stderr] Consider changing their names to be unique or compiling them separately.
[INFO] [stderr] This may become a hard error in the future; see <https://github.com/rust-lang/cargo/issues/6313>.
[INFO] [stderr] warning: output filename collision.
[INFO] [stderr] The bin target `problem_1` in package `day_4 v0.0.0 (/opt/rustwide/workdir/day_4)` has the same output filename as the bin target `problem_1` in package `day_3 v0.0.0 (/opt/rustwide/workdir/day_3)`.
[INFO] [stderr] Colliding filename is: /opt/rustwide/target/debug/problem_1
[INFO] [stderr] The targets should have unique names.
[INFO] [stderr] Consider changing their names to be unique or compiling them separately.
[INFO] [stderr] This may become a hard error in the future; see <https://github.com/rust-lang/cargo/issues/6313>.
[INFO] [stderr] warning: output filename collision.
[INFO] [stderr] The bin target `problem_1` in package `day_4 v0.0.0 (/opt/rustwide/workdir/day_4)` has the same output filename as the bin target `problem_1` in package `day_3 v0.0.0 (/opt/rustwide/workdir/day_3)`.
[INFO] [stderr] Colliding filename is: /opt/rustwide/target/debug/problem_1.dwp
[INFO] [stderr] The targets should have unique names.
[INFO] [stderr] Consider changing their names to be unique or compiling them separately.
[INFO] [stderr] This may become a hard error in the future; see <https://github.com/rust-lang/cargo/issues/6313>.
[INFO] [stderr] warning: output filename collision.
[INFO] [stderr] The bin target `problem_2` in package `day_4 v0.0.0 (/opt/rustwide/workdir/day_4)` has the same output filename as the bin target `problem_2` in package `day_3 v0.0.0 (/opt/rustwide/workdir/day_3)`.
[INFO] [stderr] Colliding filename is: /opt/rustwide/target/debug/problem_2
[INFO] [stderr] The targets should have unique names.
[INFO] [stderr] Consider changing their names to be unique or compiling them separately.
[INFO] [stderr] This may become a hard error in the future; see <https://github.com/rust-lang/cargo/issues/6313>.
[INFO] [stderr] warning: output filename collision.
[INFO] [stderr] The bin target `problem_2` in package `day_4 v0.0.0 (/opt/rustwide/workdir/day_4)` has the same output filename as the bin target `problem_2` in package `day_3 v0.0.0 (/opt/rustwide/workdir/day_3)`.
[INFO] [stderr] Colliding filename is: /opt/rustwide/target/debug/problem_2.dwp
[INFO] [stderr] The targets should have unique names.
[INFO] [stderr] Consider changing their names to be unique or compiling them separately.
[INFO] [stderr] This may become a hard error in the future; see <https://github.com/rust-lang/cargo/issues/6313>.
[INFO] [stderr] warning: output filename collision.
[INFO] [stderr] The bin target `problem_1` in package `day_5 v0.0.0 (/opt/rustwide/workdir/day_5)` has the same output filename as the bin target `problem_1` in package `day_4 v0.0.0 (/opt/rustwide/workdir/day_4)`.
[INFO] [stderr] Colliding filename is: /opt/rustwide/target/debug/problem_1
[INFO] [stderr] The targets should have unique names.
[INFO] [stderr] Consider changing their names to be unique or compiling them separately.
[INFO] [stderr] This may become a hard error in the future; see <https://github.com/rust-lang/cargo/issues/6313>.
[INFO] [stderr] warning: output filename collision.
[INFO] [stderr] The bin target `problem_1` in package `day_5 v0.0.0 (/opt/rustwide/workdir/day_5)` has the same output filename as the bin target `problem_1` in package `day_4 v0.0.0 (/opt/rustwide/workdir/day_4)`.
[INFO] [stderr] Colliding filename is: /opt/rustwide/target/debug/problem_1.dwp
[INFO] [stderr] The targets should have unique names.
[INFO] [stderr] Consider changing their names to be unique or compiling them separately.
[INFO] [stderr] This may become a hard error in the future; see <https://github.com/rust-lang/cargo/issues/6313>.
[INFO] [stderr] warning: output filename collision.
[INFO] [stderr] The bin target `problem_2` in package `day_5 v0.0.0 (/opt/rustwide/workdir/day_5)` has the same output filename as the bin target `problem_2` in package `day_4 v0.0.0 (/opt/rustwide/workdir/day_4)`.
[INFO] [stderr] Colliding filename is: /opt/rustwide/target/debug/problem_2
[INFO] [stderr] The targets should have unique names.
[INFO] [stderr] Consider changing their names to be unique or compiling them separately.
[INFO] [stderr] This may become a hard error in the future; see <https://github.com/rust-lang/cargo/issues/6313>.
[INFO] [stderr] warning: output filename collision.
[INFO] [stderr] The bin target `problem_2` in package `day_5 v0.0.0 (/opt/rustwide/workdir/day_5)` has the same output filename as the bin target `problem_2` in package `day_4 v0.0.0 (/opt/rustwide/workdir/day_4)`.
[INFO] [stderr] Colliding filename is: /opt/rustwide/target/debug/problem_2.dwp
[INFO] [stderr] The targets should have unique names.
[INFO] [stderr] Consider changing their names to be unique or compiling them separately.
[INFO] [stderr] This may become a hard error in the future; see <https://github.com/rust-lang/cargo/issues/6313>.
[INFO] [stderr] warning: output filename collision.
[INFO] [stderr] The bin target `problem_1` in package `day_6 v0.0.0 (/opt/rustwide/workdir/day_6)` has the same output filename as the bin target `problem_1` in package `day_5 v0.0.0 (/opt/rustwide/workdir/day_5)`.
[INFO] [stderr] Colliding filename is: /opt/rustwide/target/debug/problem_1
[INFO] [stderr] The targets should have unique names.
[INFO] [stderr] Consider changing their names to be unique or compiling them separately.
[INFO] [stderr] This may become a hard error in the future; see <https://github.com/rust-lang/cargo/issues/6313>.
[INFO] [stderr] warning: output filename collision.
[INFO] [stderr] The bin target `problem_1` in package `day_6 v0.0.0 (/opt/rustwide/workdir/day_6)` has the same output filename as the bin target `problem_1` in package `day_5 v0.0.0 (/opt/rustwide/workdir/day_5)`.
[INFO] [stderr] Colliding filename is: /opt/rustwide/target/debug/problem_1.dwp
[INFO] [stderr] The targets should have unique names.
[INFO] [stderr] Consider changing their names to be unique or compiling them separately.
[INFO] [stderr] This may become a hard error in the future; see <https://github.com/rust-lang/cargo/issues/6313>.
[INFO] [stderr] warning: output filename collision.
[INFO] [stderr] The bin target `problem_2` in package `day_6 v0.0.0 (/opt/rustwide/workdir/day_6)` has the same output filename as the bin target `problem_2` in package `day_5 v0.0.0 (/opt/rustwide/workdir/day_5)`.
[INFO] [stderr] Colliding filename is: /opt/rustwide/target/debug/problem_2
[INFO] [stderr] The targets should have unique names.
[INFO] [stderr] Consider changing their names to be unique or compiling them separately.
[INFO] [stderr] This may become a hard error in the future; see <https://github.com/rust-lang/cargo/issues/6313>.
[INFO] [stderr] warning: output filename collision.
[INFO] [stderr] The bin target `problem_2` in package `day_6 v0.0.0 (/opt/rustwide/workdir/day_6)` has the same output filename as the bin target `problem_2` in package `day_5 v0.0.0 (/opt/rustwide/workdir/day_5)`.
[INFO] [stderr] Colliding filename is: /opt/rustwide/target/debug/problem_2.dwp
[INFO] [stderr] The targets should have unique names.
[INFO] [stderr] Consider changing their names to be unique or compiling them separately.
[INFO] [stderr] This may become a hard error in the future; see <https://github.com/rust-lang/cargo/issues/6313>.
[INFO] [stderr] warning: output filename collision.
[INFO] [stderr] The bin target `problem_1` in package `day_7 v0.0.0 (/opt/rustwide/workdir/day_7)` has the same output filename as the bin target `problem_1` in package `day_6 v0.0.0 (/opt/rustwide/workdir/day_6)`.
[INFO] [stderr] Colliding filename is: /opt/rustwide/target/debug/problem_1
[INFO] [stderr] The targets should have unique names.
[INFO] [stderr] Consider changing their names to be unique or compiling them separately.
[INFO] [stderr] This may become a hard error in the future; see <https://github.com/rust-lang/cargo/issues/6313>.
[INFO] [stderr] warning: output filename collision.
[INFO] [stderr] The bin target `problem_1` in package `day_7 v0.0.0 (/opt/rustwide/workdir/day_7)` has the same output filename as the bin target `problem_1` in package `day_6 v0.0.0 (/opt/rustwide/workdir/day_6)`.
[INFO] [stderr] Colliding filename is: /opt/rustwide/target/debug/problem_1.dwp
[INFO] [stderr] The targets should have unique names.
[INFO] [stderr] Consider changing their names to be unique or compiling them separately.
[INFO] [stderr] This may become a hard error in the future; see <https://github.com/rust-lang/cargo/issues/6313>.
[INFO] [stderr] warning: output filename collision.
[INFO] [stderr] The bin target `problem_2` in package `day_7 v0.0.0 (/opt/rustwide/workdir/day_7)` has the same output filename as the bin target `problem_2` in package `day_6 v0.0.0 (/opt/rustwide/workdir/day_6)`.
[INFO] [stderr] Colliding filename is: /opt/rustwide/target/debug/problem_2
[INFO] [stderr] The targets should have unique names.
[INFO] [stderr] Consider changing their names to be unique or compiling them separately.
[INFO] [stderr] This may become a hard error in the future; see <https://github.com/rust-lang/cargo/issues/6313>.
[INFO] [stderr] warning: output filename collision.
[INFO] [stderr] The bin target `problem_2` in package `day_7 v0.0.0 (/opt/rustwide/workdir/day_7)` has the same output filename as the bin target `problem_2` in package `day_6 v0.0.0 (/opt/rustwide/workdir/day_6)`.
[INFO] [stderr] Colliding filename is: /opt/rustwide/target/debug/problem_2.dwp
[INFO] [stderr] The targets should have unique names.
[INFO] [stderr] Consider changing their names to be unique or compiling them separately.
[INFO] [stderr] This may become a hard error in the future; see <https://github.com/rust-lang/cargo/issues/6313>.
[INFO] [stderr] warning: output filename collision.
[INFO] [stderr] The bin target `problem_1` in package `day_8 v0.0.0 (/opt/rustwide/workdir/day_8)` has the same output filename as the bin target `problem_1` in package `day_7 v0.0.0 (/opt/rustwide/workdir/day_7)`.
[INFO] [stderr] Colliding filename is: /opt/rustwide/target/debug/problem_1
[INFO] [stderr] The targets should have unique names.
[INFO] [stderr] Consider changing their names to be unique or compiling them separately.
[INFO] [stderr] This may become a hard error in the future; see <https://github.com/rust-lang/cargo/issues/6313>.
[INFO] [stderr] warning: output filename collision.
[INFO] [stderr] The bin target `problem_1` in package `day_8 v0.0.0 (/opt/rustwide/workdir/day_8)` has the same output filename as the bin target `problem_1` in package `day_7 v0.0.0 (/opt/rustwide/workdir/day_7)`.
[INFO] [stderr] Colliding filename is: /opt/rustwide/target/debug/problem_1.dwp
[INFO] [stderr] The targets should have unique names.
[INFO] [stderr] Consider changing their names to be unique or compiling them separately.
[INFO] [stderr] This may become a hard error in the future; see <https://github.com/rust-lang/cargo/issues/6313>.
[INFO] [stderr] warning: output filename collision.
[INFO] [stderr] The bin target `problem_2` in package `day_8 v0.0.0 (/opt/rustwide/workdir/day_8)` has the same output filename as the bin target `problem_2` in package `day_7 v0.0.0 (/opt/rustwide/workdir/day_7)`.
[INFO] [stderr] Colliding filename is: /opt/rustwide/target/debug/problem_2
[INFO] [stderr] The targets should have unique names.
[INFO] [stderr] Consider changing their names to be unique or compiling them separately.
[INFO] [stderr] This may become a hard error in the future; see <https://github.com/rust-lang/cargo/issues/6313>.
[INFO] [stderr] warning: output filename collision.
[INFO] [stderr] The bin target `problem_2` in package `day_8 v0.0.0 (/opt/rustwide/workdir/day_8)` has the same output filename as the bin target `problem_2` in package `day_7 v0.0.0 (/opt/rustwide/workdir/day_7)`.
[INFO] [stderr] Colliding filename is: /opt/rustwide/target/debug/problem_2.dwp
[INFO] [stderr] The targets should have unique names.
[INFO] [stderr] Consider changing their names to be unique or compiling them separately.
[INFO] [stderr] This may become a hard error in the future; see <https://github.com/rust-lang/cargo/issues/6313>.
[INFO] [stderr] warning: output filename collision.
[INFO] [stderr] The bin target `problem_1` in package `day_9 v0.0.0 (/opt/rustwide/workdir/day_9)` has the same output filename as the bin target `problem_1` in package `day_8 v0.0.0 (/opt/rustwide/workdir/day_8)`.
[INFO] [stderr] Colliding filename is: /opt/rustwide/target/debug/problem_1
[INFO] [stderr] The targets should have unique names.
[INFO] [stderr] Consider changing their names to be unique or compiling them separately.
[INFO] [stderr] This may become a hard error in the future; see <https://github.com/rust-lang/cargo/issues/6313>.
[INFO] [stderr] warning: output filename collision.
[INFO] [stderr] The bin target `problem_1` in package `day_9 v0.0.0 (/opt/rustwide/workdir/day_9)` has the same output filename as the bin target `problem_1` in package `day_8 v0.0.0 (/opt/rustwide/workdir/day_8)`.
[INFO] [stderr] Colliding filename is: /opt/rustwide/target/debug/problem_1.dwp
[INFO] [stderr] The targets should have unique names.
[INFO] [stderr] Consider changing their names to be unique or compiling them separately.
[INFO] [stderr] This may become a hard error in the future; see <https://github.com/rust-lang/cargo/issues/6313>.
[INFO] [stderr] warning: output filename collision.
[INFO] [stderr] The bin target `problem_2` in package `day_9 v0.0.0 (/opt/rustwide/workdir/day_9)` has the same output filename as the bin target `problem_2` in package `day_8 v0.0.0 (/opt/rustwide/workdir/day_8)`.
[INFO] [stderr] Colliding filename is: /opt/rustwide/target/debug/problem_2
[INFO] [stderr] The targets should have unique names.
[INFO] [stderr] Consider changing their names to be unique or compiling them separately.
[INFO] [stderr] This may become a hard error in the future; see <https://github.com/rust-lang/cargo/issues/6313>.
[INFO] [stderr] warning: output filename collision.
[INFO] [stderr] The bin target `problem_2` in package `day_9 v0.0.0 (/opt/rustwide/workdir/day_9)` has the same output filename as the bin target `problem_2` in package `day_8 v0.0.0 (/opt/rustwide/workdir/day_8)`.
[INFO] [stderr] Colliding filename is: /opt/rustwide/target/debug/problem_2.dwp
[INFO] [stderr] The targets should have unique names.
[INFO] [stderr] Consider changing their names to be unique or compiling them separately.
[INFO] [stderr] This may become a hard error in the future; see <https://github.com/rust-lang/cargo/issues/6313>.
[INFO] [stderr] warning: output filename collision.
[INFO] [stderr] The bin target `problem_1` in package `template v0.0.0 (/opt/rustwide/workdir/template)` has the same output filename as the bin target `problem_1` in package `day_9 v0.0.0 (/opt/rustwide/workdir/day_9)`.
[INFO] [stderr] Colliding filename is: /opt/rustwide/target/debug/problem_1
[INFO] [stderr] The targets should have unique names.
[INFO] [stderr] Consider changing their names to be unique or compiling them separately.
[INFO] [stderr] This may become a hard error in the future; see <https://github.com/rust-lang/cargo/issues/6313>.
[INFO] [stderr] warning: output filename collision.
[INFO] [stderr] The bin target `problem_1` in package `template v0.0.0 (/opt/rustwide/workdir/template)` has the same output filename as the bin target `problem_1` in package `day_9 v0.0.0 (/opt/rustwide/workdir/day_9)`.
[INFO] [stderr] Colliding filename is: /opt/rustwide/target/debug/problem_1.dwp
[INFO] [stderr] The targets should have unique names.
[INFO] [stderr] Consider changing their names to be unique or compiling them separately.
[INFO] [stderr] This may become a hard error in the future; see <https://github.com/rust-lang/cargo/issues/6313>.
[INFO] [stderr]    Compiling memchr v2.5.0
[INFO] [stderr]    Compiling libc v0.2.139
[INFO] [stderr]    Compiling num-traits v0.2.17
[INFO] [stderr]    Compiling anyhow v1.0.75
[INFO] [stderr]    Compiling minimal-lexical v0.2.1
[INFO] [stderr]    Compiling diff v0.1.13
[INFO] [stderr]    Compiling yansi v0.5.1
[INFO] [stderr]    Compiling lazy_static v1.4.0
[INFO] [stderr]    Compiling memoffset v0.9.0
[INFO] [stderr]    Compiling either v1.9.0
[INFO] [stderr]    Compiling crossbeam-utils v0.8.16
[INFO] [stderr]    Compiling crossbeam-epoch v0.9.15
[INFO] [stderr]    Compiling proc-macro2 v1.0.70
[INFO] [stderr]    Compiling unicode-ident v1.0.12
[INFO] [stderr]    Compiling scopeguard v1.2.0
[INFO] [stderr]    Compiling regex-syntax v0.7.5
[INFO] [stderr]    Compiling syn v1.0.109
[INFO] [stderr]    Compiling rayon-core v1.12.0
[INFO] [stderr]    Compiling bit-vec v0.6.3
[INFO] [stderr]    Compiling itertools v0.12.0
[INFO] [stderr]    Compiling convert_case v0.4.0
[INFO] [stderr]    Compiling pretty_assertions v1.4.0
[INFO] [stderr]    Compiling bit-set v0.5.3
[INFO] [stderr]    Compiling nom v7.1.2
[INFO] [stderr]    Compiling aho-corasick v1.1.2
[INFO] [stderr]    Compiling quote v1.0.33
[INFO] [stderr]    Compiling atty v0.2.14
[INFO] [stderr]    Compiling colored v2.0.0
[INFO] [stderr]    Compiling crossbeam-deque v0.8.3
[INFO] [stderr]    Compiling rayon v1.8.0
[INFO] [stderr]    Compiling regex-automata v0.3.7
[INFO] [stderr]    Compiling utils v0.0.0 (/opt/rustwide/workdir/utils)
[INFO] [stderr]    Compiling day_8 v0.0.0 (/opt/rustwide/workdir/day_8)
[INFO] [stderr]    Compiling day_7 v0.0.0 (/opt/rustwide/workdir/day_7)
[INFO] [stderr]    Compiling day_9 v0.0.0 (/opt/rustwide/workdir/day_9)
[INFO] [stderr]    Compiling day_10 v0.0.0 (/opt/rustwide/workdir/day_10)
[INFO] [stderr]    Compiling day_2 v0.0.0 (/opt/rustwide/workdir/day_2)
[INFO] [stderr]    Compiling day_19 v0.0.0 (/opt/rustwide/workdir/day_19)
[INFO] [stderr]    Compiling day_6 v0.0.0 (/opt/rustwide/workdir/day_6)
[INFO] [stderr]    Compiling day_4 v0.0.0 (/opt/rustwide/workdir/day_4)
[INFO] [stderr]    Compiling template v0.0.0 (/opt/rustwide/workdir/template)
[INFO] [stderr]    Compiling derive_more v0.99.17
[INFO] [stderr]    Compiling day_5 v0.0.0 (/opt/rustwide/workdir/day_5)
[INFO] [stderr]    Compiling regex v1.9.4
[INFO] [stderr]    Compiling fancy-regex v0.12.0
[INFO] [stderr]    Compiling day_1 v0.0.0 (/opt/rustwide/workdir/day_1)
[INFO] [stderr]    Compiling day_3 v0.0.0 (/opt/rustwide/workdir/day_3)
[INFO] [stderr]     Finished `dev` profile [unoptimized + debuginfo] target(s) in 17.34s
[INFO] running `Command { std: "docker" "inspect" "b75681238736a97970ac9c83ab7bc836e3e27a9f6408f150aa75c7bd484e66f9", kill_on_drop: false }`
[INFO] running `Command { std: "docker" "rm" "-f" "b75681238736a97970ac9c83ab7bc836e3e27a9f6408f150aa75c7bd484e66f9", kill_on_drop: false }`
[INFO] [stdout] b75681238736a97970ac9c83ab7bc836e3e27a9f6408f150aa75c7bd484e66f9
[INFO] running `Command { std: "docker" "create" "-v" "/var/lib/crater-agent-workspace/builds/worker-7-tc1/target:/opt/rustwide/target:rw,Z" "-v" "/var/lib/crater-agent-workspace/builds/worker-7-tc1/source:/opt/rustwide/workdir:ro,Z" "-v" "/var/lib/crater-agent-workspace/cargo-home:/opt/rustwide/cargo-home:ro,Z" "-v" "/var/lib/crater-agent-workspace/rustup-home:/opt/rustwide/rustup-home:ro,Z" "-e" "SOURCE_DIR=/opt/rustwide/workdir" "-e" "CARGO_TARGET_DIR=/opt/rustwide/target" "-e" "CARGO_INCREMENTAL=0" "-e" "RUST_BACKTRACE=full" "-e" "RUSTFLAGS=--cap-lints=warn" "-e" "RUSTDOCFLAGS=--cap-lints=warn" "-e" "CARGO_HOME=/opt/rustwide/cargo-home" "-e" "RUSTUP_HOME=/opt/rustwide/rustup-home" "-w" "/opt/rustwide/workdir" "-m" "1610612736" "--user" "0:0" "--network" "none" "ghcr.io/rust-lang/crates-build-env/linux@sha256:f3a9d4ad9d972b27faf3965f35b62e55ba32bbce8f20bc8fe909558a86702fde" "/opt/rustwide/cargo-home/bin/cargo" "+1.83.0" "test" "--frozen" "--no-run" "--message-format=json", kill_on_drop: false }`
[INFO] [stdout] 7c841155c844090a22d696feb1366d3c33f05e6e8370cb96a41e815f96b0966f
[INFO] running `Command { std: "docker" "start" "-a" "7c841155c844090a22d696feb1366d3c33f05e6e8370cb96a41e815f96b0966f", kill_on_drop: false }`
[INFO] [stderr]    Compiling utils v0.0.0 (/opt/rustwide/workdir/utils)
[INFO] [stderr]    Compiling day_6 v0.0.0 (/opt/rustwide/workdir/day_6)
[INFO] [stderr]    Compiling day_9 v0.0.0 (/opt/rustwide/workdir/day_9)
[INFO] [stderr]    Compiling day_19 v0.0.0 (/opt/rustwide/workdir/day_19)
[INFO] [stderr]    Compiling day_2 v0.0.0 (/opt/rustwide/workdir/day_2)
[INFO] [stderr]    Compiling template v0.0.0 (/opt/rustwide/workdir/template)
[INFO] [stderr]    Compiling day_7 v0.0.0 (/opt/rustwide/workdir/day_7)
[INFO] [stderr]    Compiling day_8 v0.0.0 (/opt/rustwide/workdir/day_8)
[INFO] [stderr]    Compiling day_4 v0.0.0 (/opt/rustwide/workdir/day_4)
[INFO] [stderr]    Compiling day_3 v0.0.0 (/opt/rustwide/workdir/day_3)
[INFO] [stderr]    Compiling day_5 v0.0.0 (/opt/rustwide/workdir/day_5)
[INFO] [stderr]    Compiling day_1 v0.0.0 (/opt/rustwide/workdir/day_1)
[INFO] [stderr]    Compiling day_10 v0.0.0 (/opt/rustwide/workdir/day_10)
[INFO] [stderr]     Finished `test` profile [unoptimized + debuginfo] target(s) in 7.15s
[INFO] running `Command { std: "docker" "inspect" "7c841155c844090a22d696feb1366d3c33f05e6e8370cb96a41e815f96b0966f", kill_on_drop: false }`
[INFO] running `Command { std: "docker" "rm" "-f" "7c841155c844090a22d696feb1366d3c33f05e6e8370cb96a41e815f96b0966f", kill_on_drop: false }`
[INFO] [stdout] 7c841155c844090a22d696feb1366d3c33f05e6e8370cb96a41e815f96b0966f
[INFO] running `Command { std: "docker" "create" "-v" "/var/lib/crater-agent-workspace/builds/worker-7-tc1/target:/opt/rustwide/target:rw,Z" "-v" "/var/lib/crater-agent-workspace/builds/worker-7-tc1/source:/opt/rustwide/workdir:ro,Z" "-v" "/var/lib/crater-agent-workspace/cargo-home:/opt/rustwide/cargo-home:ro,Z" "-v" "/var/lib/crater-agent-workspace/rustup-home:/opt/rustwide/rustup-home:ro,Z" "-e" "SOURCE_DIR=/opt/rustwide/workdir" "-e" "CARGO_TARGET_DIR=/opt/rustwide/target" "-e" "CARGO_INCREMENTAL=0" "-e" "RUST_BACKTRACE=full" "-e" "RUSTFLAGS=--cap-lints=warn" "-e" "RUSTDOCFLAGS=--cap-lints=warn" "-e" "CARGO_HOME=/opt/rustwide/cargo-home" "-e" "RUSTUP_HOME=/opt/rustwide/rustup-home" "-w" "/opt/rustwide/workdir" "-m" "1610612736" "--user" "0:0" "--network" "none" "ghcr.io/rust-lang/crates-build-env/linux@sha256:f3a9d4ad9d972b27faf3965f35b62e55ba32bbce8f20bc8fe909558a86702fde" "/opt/rustwide/cargo-home/bin/cargo" "+1.83.0" "test" "--frozen", kill_on_drop: false }`
[INFO] [stdout] 3b8311633d9444e6906bb21610007cd08136d3ab847605b732049d55d5ada083
[INFO] running `Command { std: "docker" "start" "-a" "3b8311633d9444e6906bb21610007cd08136d3ab847605b732049d55d5ada083", kill_on_drop: false }`
[INFO] [stderr]     Finished `test` profile [unoptimized + debuginfo] target(s) in 0.11s
[INFO] [stderr]      Running unittests src/bin/problem_1.rs (/opt/rustwide/target/debug/deps/problem_1-325537b87e4d27e2)
[INFO] [stdout] 
[INFO] [stdout] running 1 test
[INFO] [stdout] test tests::test_example ... ok
[INFO] [stdout] 
[INFO] [stdout] test result: ok. 1 passed; 0 failed; 0 ignored; 0 measured; 0 filtered out; finished in 0.00s
[INFO] [stdout] 
[INFO] [stderr]      Running unittests src/bin/problem_2.rs (/opt/rustwide/target/debug/deps/problem_2-cf78d678f2834283)
[INFO] [stdout] 
[INFO] [stdout] running 2 tests
[INFO] [stdout] test tests::test_example ... ok
[INFO] [stdout] test tests::test_overlap ... ok
[INFO] [stderr]      Running unittests src/bin/problem_1.rs (/opt/rustwide/target/debug/deps/problem_1-0732e2e19630ff4a)
[INFO] [stdout] 
[INFO] [stdout] test result: ok. 2 passed; 0 failed; 0 ignored; 0 measured; 0 filtered out; finished in 0.01s
[INFO] [stdout] 
[INFO] [stdout] 
[INFO] [stderr]      Running unittests src/bin/problem_1.rs (/opt/rustwide/target/debug/deps/problem_1-9dad5540e06295be)
[INFO] [stdout] running 1 test
[INFO] [stdout] test tests::test_example ... ok
[INFO] [stdout] 
[INFO] [stdout] test result: ok. 1 passed; 0 failed; 0 ignored; 0 measured; 0 filtered out; finished in 0.00s
[INFO] [stdout] 
[INFO] [stdout] 
[INFO] [stdout] running 1 test
[INFO] [stdout] test tests::test_example ... ok
[INFO] [stdout] 
[INFO] [stdout] test result: ok. 1 passed; 0 failed; 0 ignored; 0 measured; 0 filtered out; finished in 0.00s
[INFO] [stdout] 
[INFO] [stderr]      Running unittests src/bin/problem_2.rs (/opt/rustwide/target/debug/deps/problem_2-d47de612b29d30ac)
[INFO] [stdout] 
[INFO] [stdout] running 1 test
[INFO] [stdout] test tests::test_example ... ok
[INFO] [stdout] 
[INFO] [stdout] test result: ok. 1 passed; 0 failed; 0 ignored; 0 measured; 0 filtered out; finished in 0.00s
[INFO] [stdout] 
[INFO] [stderr]      Running unittests src/bin/problem_1.rs (/opt/rustwide/target/debug/deps/problem_1-6dc01e48ce564eea)
[INFO] [stdout] 
[INFO] [stdout] running 1 test
[INFO] [stderr]      Running unittests src/bin/problem_2.rs (/opt/rustwide/target/debug/deps/problem_2-c5eb1348bf78cf16)
[INFO] [stdout] test tests::test_example ... ok
[INFO] [stderr]      Running unittests src/bin/problem_1.rs (/opt/rustwide/target/debug/deps/problem_1-f82205ceec434e53)
[INFO] [stdout] 
[INFO] [stdout] test result: ok. 1 passed; 0 failed; 0 ignored; 0 measured; 0 filtered out; finished in 0.00s
[INFO] [stdout] 
[INFO] [stdout] 
[INFO] [stdout] running 1 test
[INFO] [stdout] test tests::test_example ... ok
[INFO] [stdout] 
[INFO] [stdout] test result: ok. 1 passed; 0 failed; 0 ignored; 0 measured; 0 filtered out; finished in 0.00s
[INFO] [stdout] 
[INFO] [stdout] 
[INFO] [stdout] running 1 test
[INFO] [stdout] test tests::test_example ... ok
[INFO] [stdout] 
[INFO] [stdout] test result: ok. 1 passed; 0 failed; 0 ignored; 0 measured; 0 filtered out; finished in 0.00s
[INFO] [stdout] 
[INFO] [stderr]      Running unittests src/bin/problem_2.rs (/opt/rustwide/target/debug/deps/problem_2-cb84d4a9ab7910db)
[INFO] [stdout] 
[INFO] [stdout] running 1 test
[INFO] [stdout] test tests::test_example ... ok
[INFO] [stdout] 
[INFO] [stdout] test result: ok. 1 passed; 0 failed; 0 ignored; 0 measured; 0 filtered out; finished in 0.00s
[INFO] [stdout] 
[INFO] [stderr]      Running unittests src/bin/problem_1.rs (/opt/rustwide/target/debug/deps/problem_1-7f2da7c85e48ee0d)
[INFO] [stdout] 
[INFO] [stdout] running 1 test
[INFO] [stdout] test tests::test_example ... ok
[INFO] [stdout] 
[INFO] [stdout] test result: ok. 1 passed; 0 failed; 0 ignored; 0 measured; 0 filtered out; finished in 0.00s
[INFO] [stdout] 
[INFO] [stderr]      Running unittests src/bin/problem_2.rs (/opt/rustwide/target/debug/deps/problem_2-98229205eee233a9)
[INFO] [stdout] 
[INFO] [stdout] running 1 test
[INFO] [stdout] test tests::test_example ... ok
[INFO] [stdout] 
[INFO] [stdout] test result: ok. 1 passed; 0 failed; 0 ignored; 0 measured; 0 filtered out; finished in 0.01s
[INFO] [stdout] 
[INFO] [stderr]      Running unittests src/bin/problem_1.rs (/opt/rustwide/target/debug/deps/problem_1-11ae7ffd2c4377fc)
[INFO] [stdout] 
[INFO] [stdout] running 1 test
[INFO] [stdout] test tests::test_example ... ok
[INFO] [stdout] 
[INFO] [stdout] test result: ok. 1 passed; 0 failed; 0 ignored; 0 measured; 0 filtered out; finished in 0.00s
[INFO] [stdout] 
[INFO] [stderr]      Running unittests src/bin/problem_2.rs (/opt/rustwide/target/debug/deps/problem_2-c245e5f920d3cb82)
[INFO] [stdout] 
[INFO] [stdout] running 1 test
[INFO] [stdout] test tests::test_example ... FAILED
[INFO] [stdout] 
[INFO] [stdout] failures:
[INFO] [stdout] 
[INFO] [stdout] ---- tests::test_example stdout ----
[INFO] [stdout] [day_5/src/bin/problem_2.rs:44:5] &result = 46
[INFO] [stdout] thread 'tests::test_example' panicked at day_5/src/bin/problem_2.rs:159:9:
[INFO] [stdout] assertion `left == right` failed
[INFO] [stdout]   left: 46
[INFO] [stdout]  right: 35
[INFO] [stdout] stack backtrace:
[INFO] [stdout]    0:     0x633d88ac123a - std::backtrace_rs::backtrace::libunwind::trace::h5a5b8284f2d0c266
[INFO] [stdout]                                at /rustc/90b35a6239c3d8bdabc530a6a0816f7ff89a0aaf/library/std/src/../../backtrace/src/backtrace/libunwind.rs:116:5
[INFO] [stdout]    1:     0x633d88ac123a - std::backtrace_rs::backtrace::trace_unsynchronized::h76d4f1c9b0b875e3
[INFO] [stdout]                                at /rustc/90b35a6239c3d8bdabc530a6a0816f7ff89a0aaf/library/std/src/../../backtrace/src/backtrace/mod.rs:66:5
[INFO] [stdout]    2:     0x633d88ac123a - std::sys::backtrace::_print_fmt::hc4546b8364a537c6
[INFO] [stdout]                                at /rustc/90b35a6239c3d8bdabc530a6a0816f7ff89a0aaf/library/std/src/sys/backtrace.rs:66:9
[INFO] [stdout]    3:     0x633d88ac123a - <std::sys::backtrace::BacktraceLock::print::DisplayBacktrace as core::fmt::Display>::fmt::h5b6bd5631a6d1f6b
[INFO] [stdout]                                at /rustc/90b35a6239c3d8bdabc530a6a0816f7ff89a0aaf/library/std/src/sys/backtrace.rs:39:26
[INFO] [stdout]    4:     0x633d88ae68b3 - core::fmt::rt::Argument::fmt::h270f6602a2b96f62
[INFO] [stdout]                                at /rustc/90b35a6239c3d8bdabc530a6a0816f7ff89a0aaf/library/core/src/fmt/rt.rs:177:76
[INFO] [stdout]    5:     0x633d88ae68b3 - core::fmt::write::h7550c97b06c86515
[INFO] [stdout]                                at /rustc/90b35a6239c3d8bdabc530a6a0816f7ff89a0aaf/library/core/src/fmt/mod.rs:1186:21
[INFO] [stdout]    6:     0x633d88abe393 - std::io::Write::write_fmt::h509ff860e5956e5e
[INFO] [stdout]                                at /rustc/90b35a6239c3d8bdabc530a6a0816f7ff89a0aaf/library/std/src/io/mod.rs:1839:15
[INFO] [stdout]    7:     0x633d88ac1082 - std::sys::backtrace::BacktraceLock::print::h2395ccd2c84ba3aa
[INFO] [stdout]                                at /rustc/90b35a6239c3d8bdabc530a6a0816f7ff89a0aaf/library/std/src/sys/backtrace.rs:42:9
[INFO] [stdout]    8:     0x633d88ac269a - std::panicking::default_hook::{{closure}}::he19d4c7230e07961
[INFO] [stdout]                                at /rustc/90b35a6239c3d8bdabc530a6a0816f7ff89a0aaf/library/std/src/panicking.rs:268:22
[INFO] [stdout]    9:     0x633d88ac24a4 - std::panicking::default_hook::hf614597d3c67bbdb
[INFO] [stdout]                                at /rustc/90b35a6239c3d8bdabc530a6a0816f7ff89a0aaf/library/std/src/panicking.rs:292:9
[INFO] [stdout]   10:     0x633d88a5dd39 - <alloc::boxed::Box<F,A> as core::ops::function::Fn<Args>>::call::h39b51ce4599c23d1
[INFO] [stdout]                                at /rustc/90b35a6239c3d8bdabc530a6a0816f7ff89a0aaf/library/alloc/src/boxed.rs:2468:9
[INFO] [stdout]   11:     0x633d88a5dd39 - test::test_main::{{closure}}::he977ae839a582784
[INFO] [stdout]                                at /rustc/90b35a6239c3d8bdabc530a6a0816f7ff89a0aaf/library/test/src/lib.rs:133:21
[INFO] [stdout]   12:     0x633d88ac2d38 - <alloc::boxed::Box<F,A> as core::ops::function::Fn<Args>>::call::h9455091b6b06f9fb
[INFO] [stdout]                                at /rustc/90b35a6239c3d8bdabc530a6a0816f7ff89a0aaf/library/alloc/src/boxed.rs:2468:9
[INFO] [stdout]   13:     0x633d88ac2d38 - std::panicking::rust_panic_with_hook::h8942133a8b252070
[INFO] [stdout]                                at /rustc/90b35a6239c3d8bdabc530a6a0816f7ff89a0aaf/library/std/src/panicking.rs:809:13
[INFO] [stdout]   14:     0x633d88ac2afa - std::panicking::begin_panic_handler::{{closure}}::hb5f5963570096b29
[INFO] [stdout]                                at /rustc/90b35a6239c3d8bdabc530a6a0816f7ff89a0aaf/library/std/src/panicking.rs:674:13
[INFO] [stdout]   15:     0x633d88ac1719 - std::sys::backtrace::__rust_end_short_backtrace::h6208cedc1922feda
[INFO] [stdout]                                at /rustc/90b35a6239c3d8bdabc530a6a0816f7ff89a0aaf/library/std/src/sys/backtrace.rs:170:18
[INFO] [stdout]   16:     0x633d88ac278c - rust_begin_unwind
[INFO] [stdout]                                at /rustc/90b35a6239c3d8bdabc530a6a0816f7ff89a0aaf/library/std/src/panicking.rs:665:5
[INFO] [stdout]   17:     0x633d88a0aa60 - core::panicking::panic_fmt::h0c3082644d1bf418
[INFO] [stdout]                                at /rustc/90b35a6239c3d8bdabc530a6a0816f7ff89a0aaf/library/core/src/panicking.rs:74:14
[INFO] [stdout]   18:     0x633d88a0ae2b - core::panicking::assert_failed_inner::h2ddf1fcc067fa858
[INFO] [stdout]   19:     0x633d88a8cdcc - core::panicking::assert_failed::h874b8c114cfe1da1
[INFO] [stdout]                                at /rustc/90b35a6239c3d8bdabc530a6a0816f7ff89a0aaf/library/core/src/panicking.rs:367:5
[INFO] [stdout]   20:     0x633d88a138ef - problem_2::tests::test_example::hf2cbd032e8c160fd
[INFO] [stdout]                                at /opt/rustwide/workdir/day_5/src/bin/problem_2.rs:159:9
[INFO] [stdout]   21:     0x633d88a13667 - problem_2::tests::test_example::{{closure}}::h2c5dd9bfa25a0eab
[INFO] [stdout]                                at /opt/rustwide/workdir/day_5/src/bin/problem_2.rs:155:22
[INFO] [stdout]   22:     0x633d88a22be6 - core::ops::function::FnOnce::call_once::h02d0e30a209617f1
[INFO] [stdout]                                at /rustc/90b35a6239c3d8bdabc530a6a0816f7ff89a0aaf/library/core/src/ops/function.rs:250:5
[INFO] [stdout]   23:     0x633d88a626fb - core::ops::function::FnOnce::call_once::h109cf8051a59b34e
[INFO] [stdout]                                at /rustc/90b35a6239c3d8bdabc530a6a0816f7ff89a0aaf/library/core/src/ops/function.rs:250:5
[INFO] [stdout]   24:     0x633d88a626fb - test::__rust_begin_short_backtrace::hf4fff89d377446ba
[INFO] [stdout]                                at /rustc/90b35a6239c3d8bdabc530a6a0816f7ff89a0aaf/library/test/src/lib.rs:621:18
[INFO] [stdout]   25:     0x633d88a61f37 - test::run_test_in_process::{{closure}}::h0e39181dd7ee5a43
[INFO] [stdout]                                at /rustc/90b35a6239c3d8bdabc530a6a0816f7ff89a0aaf/library/test/src/lib.rs:644:60
[INFO] [stdout]   26:     0x633d88a61f37 - <core::panic::unwind_safe::AssertUnwindSafe<F> as core::ops::function::FnOnce<()>>::call_once::hc5a66a30f0bdfd1f
[INFO] [stdout]                                at /rustc/90b35a6239c3d8bdabc530a6a0816f7ff89a0aaf/library/core/src/panic/unwind_safe.rs:272:9
[INFO] [stdout]   27:     0x633d88a61f37 - std::panicking::try::do_call::h873b7cf639554a5e
[INFO] [stdout]                                at /rustc/90b35a6239c3d8bdabc530a6a0816f7ff89a0aaf/library/std/src/panicking.rs:557:40
[INFO] [stdout]   28:     0x633d88a61f37 - std::panicking::try::hdb19862fad9c8bd1
[INFO] [stdout]                                at /rustc/90b35a6239c3d8bdabc530a6a0816f7ff89a0aaf/library/std/src/panicking.rs:520:19
[INFO] [stdout]   29:     0x633d88a61f37 - std::panic::catch_unwind::h281fe732d236d260
[INFO] [stdout]                                at /rustc/90b35a6239c3d8bdabc530a6a0816f7ff89a0aaf/library/std/src/panic.rs:358:14
[INFO] [stdout]   30:     0x633d88a61f37 - test::run_test_in_process::h949b6df8457ed338
[INFO] [stdout]                                at /rustc/90b35a6239c3d8bdabc530a6a0816f7ff89a0aaf/library/test/src/lib.rs:644:27
[INFO] [stdout]   31:     0x633d88a61f37 - test::run_test::{{closure}}::h52c556a6d4740e10
[INFO] [stdout]                                at /rustc/90b35a6239c3d8bdabc530a6a0816f7ff89a0aaf/library/test/src/lib.rs:565:43
[INFO] [stdout]   32:     0x633d88a27214 - test::run_test::{{closure}}::h4237f6381c45ccb9
[INFO] [stdout]                                at /rustc/90b35a6239c3d8bdabc530a6a0816f7ff89a0aaf/library/test/src/lib.rs:595:41
[INFO] [stdout]   33:     0x633d88a27214 - std::sys::backtrace::__rust_begin_short_backtrace::h505c97a579eca628
[INFO] [stdout]                                at /rustc/90b35a6239c3d8bdabc530a6a0816f7ff89a0aaf/library/std/src/sys/backtrace.rs:154:18
[INFO] [stdout]   34:     0x633d88a2a8de - std::thread::Builder::spawn_unchecked_::{{closure}}::{{closure}}::h9e86b2e2bc107ea3
[INFO] [stdout]                                at /rustc/90b35a6239c3d8bdabc530a6a0816f7ff89a0aaf/library/std/src/thread/mod.rs:538:17
[INFO] [stdout]   35:     0x633d88a2a8de - <core::panic::unwind_safe::AssertUnwindSafe<F> as core::ops::function::FnOnce<()>>::call_once::h8b06ddb275ff4a25
[INFO] [stdout]                                at /rustc/90b35a6239c3d8bdabc530a6a0816f7ff89a0aaf/library/core/src/panic/unwind_safe.rs:272:9
[INFO] [stdout]   36:     0x633d88a2a8de - std::panicking::try::do_call::hb26ecd7cd9a9355d
[INFO] [stdout]                                at /rustc/90b35a6239c3d8bdabc530a6a0816f7ff89a0aaf/library/std/src/panicking.rs:557:40
[INFO] [stdout]   37:     0x633d88a2a8de - std::panicking::try::h8ddeca9d705f9069
[INFO] [stdout]                                at /rustc/90b35a6239c3d8bdabc530a6a0816f7ff89a0aaf/library/std/src/panicking.rs:520:19
[INFO] [stdout]   38:     0x633d88a2a8de - std::panic::catch_unwind::h49e1c33078844c46
[INFO] [stdout]                                at /rustc/90b35a6239c3d8bdabc530a6a0816f7ff89a0aaf/library/std/src/panic.rs:358:14
[INFO] [stdout]   39:     0x633d88a2a8de - std::thread::Builder::spawn_unchecked_::{{closure}}::h6073db6ff56ad35d
[INFO] [stdout]                                at /rustc/90b35a6239c3d8bdabc530a6a0816f7ff89a0aaf/library/std/src/thread/mod.rs:537:30
[INFO] [stdout]   40:     0x633d88a2a8de - core::ops::function::FnOnce::call_once{{vtable.shim}}::h2c5a5f3779c774f1
[INFO] [stdout]                                at /rustc/90b35a6239c3d8bdabc530a6a0816f7ff89a0aaf/library/core/src/ops/function.rs:250:5
[INFO] [stdout]   41:     0x633d88ac6b8b - <alloc::boxed::Box<F,A> as core::ops::function::FnOnce<Args>>::call_once::hf75717d9f28faebf
[INFO] [stdout]                                at /rustc/90b35a6239c3d8bdabc530a6a0816f7ff89a0aaf/library/alloc/src/boxed.rs:2454:9
[INFO] [stdout]   42:     0x633d88ac6b8b - <alloc::boxed::Box<F,A> as core::ops::function::FnOnce<Args>>::call_once::h7bd883a5f3c5f3c1
[INFO] [stdout]                                at /rustc/90b35a6239c3d8bdabc530a6a0816f7ff89a0aaf/library/alloc/src/boxed.rs:2454:9
[INFO] [stdout]   43:     0x633d88ac6b8b - std::sys::pal::unix::thread::Thread::new::thread_start::hcc78f3943333fa94
[INFO] [stdout]                                at /rustc/90b35a6239c3d8bdabc530a6a0816f7ff89a0aaf/library/std/src/sys/pal/unix/thread.rs:105:17
[INFO] [stdout]   44:     0x71edd3d3eac3 - <unknown>
[INFO] [stdout]   45:     0x71edd3dcfa04 - clone
[INFO] [stdout]   46:                0x0 - <unknown>
[INFO] [stdout] 
[INFO] [stdout] 
[INFO] [stdout] failures:
[INFO] [stdout]     tests::test_example
[INFO] [stdout] 
[INFO] [stdout] test result: FAILED. 0 passed; 1 failed; 0 ignored; 0 measured; 0 filtered out; finished in 0.03s
[INFO] [stdout] 
[INFO] [stderr] error: test failed, to rerun pass `-p day_5 --bin problem_2`
[INFO] running `Command { std: "docker" "inspect" "3b8311633d9444e6906bb21610007cd08136d3ab847605b732049d55d5ada083", kill_on_drop: false }`
[INFO] running `Command { std: "docker" "rm" "-f" "3b8311633d9444e6906bb21610007cd08136d3ab847605b732049d55d5ada083", kill_on_drop: false }`
[INFO] [stdout] 3b8311633d9444e6906bb21610007cd08136d3ab847605b732049d55d5ada083
