[INFO] cloning repository https://github.com/toadslop/zenity-dialog
[INFO] running `Command { std: "git" "-c" "credential.helper=" "-c" "credential.helper=/workspace/cargo-home/bin/git-credential-null" "clone" "--bare" "https://github.com/toadslop/zenity-dialog" "/workspace/cache/git-repos/https%3A%2F%2Fgithub.com%2Ftoadslop%2Fzenity-dialog", kill_on_drop: false }`
[INFO] [stderr] Cloning into bare repository '/workspace/cache/git-repos/https%3A%2F%2Fgithub.com%2Ftoadslop%2Fzenity-dialog'...
[INFO] running `Command { std: "git" "rev-parse" "HEAD", kill_on_drop: false }`
[INFO] [stdout] 2d39deb403fee9ecc3383000bb2e4dd82880d80e
[INFO] testing toadslop/zenity-dialog against 1.83.0 for beta-1.84.0-4-retry
[INFO] running `Command { std: "git" "clone" "/workspace/cache/git-repos/https%3A%2F%2Fgithub.com%2Ftoadslop%2Fzenity-dialog" "/workspace/builds/worker-4-tc1/source", kill_on_drop: false }`
[INFO] [stderr] Cloning into '/workspace/builds/worker-4-tc1/source'...
[INFO] [stderr] done.
[INFO] validating manifest of git repo https://github.com/toadslop/zenity-dialog on toolchain 1.83.0
[INFO] running `Command { std: CARGO_HOME="/workspace/cargo-home" RUSTUP_HOME="/workspace/rustup-home" "/workspace/cargo-home/bin/cargo" "+1.83.0" "metadata" "--manifest-path" "Cargo.toml" "--no-deps", kill_on_drop: false }`
[INFO] started tweaking git repo https://github.com/toadslop/zenity-dialog
[INFO] finished tweaking git repo https://github.com/toadslop/zenity-dialog
[INFO] tweaked toml for git repo https://github.com/toadslop/zenity-dialog written to /workspace/builds/worker-4-tc1/source/Cargo.toml
[INFO] crate git repo https://github.com/toadslop/zenity-dialog already has a lockfile, it will not be regenerated
[INFO] running `Command { std: CARGO_HOME="/workspace/cargo-home" RUSTUP_HOME="/workspace/rustup-home" "/workspace/cargo-home/bin/cargo" "+1.83.0" "fetch" "--manifest-path" "Cargo.toml", kill_on_drop: false }`
[INFO] [stderr] warning: no edition set: defaulting to the 2015 edition while the latest is 2021
[INFO] running `Command { std: "docker" "create" "-v" "/var/lib/crater-agent-workspace/builds/worker-4-tc1/target:/opt/rustwide/target:rw,Z" "-v" "/var/lib/crater-agent-workspace/builds/worker-4-tc1/source:/opt/rustwide/workdir:ro,Z" "-v" "/var/lib/crater-agent-workspace/cargo-home:/opt/rustwide/cargo-home:ro,Z" "-v" "/var/lib/crater-agent-workspace/rustup-home:/opt/rustwide/rustup-home:ro,Z" "-e" "SOURCE_DIR=/opt/rustwide/workdir" "-e" "CARGO_TARGET_DIR=/opt/rustwide/target" "-e" "CARGO_HOME=/opt/rustwide/cargo-home" "-e" "RUSTUP_HOME=/opt/rustwide/rustup-home" "-w" "/opt/rustwide/workdir" "-m" "1610612736" "--user" "0:0" "--network" "none" "ghcr.io/rust-lang/crates-build-env/linux@sha256:f3a9d4ad9d972b27faf3965f35b62e55ba32bbce8f20bc8fe909558a86702fde" "/opt/rustwide/cargo-home/bin/cargo" "+1.83.0" "metadata" "--no-deps" "--format-version=1", kill_on_drop: false }`
[INFO] [stdout] 746cea0d7bbea7824de13342a58134a8cbae292795c78c251ffa1e063099757f
[INFO] running `Command { std: "docker" "start" "-a" "746cea0d7bbea7824de13342a58134a8cbae292795c78c251ffa1e063099757f", kill_on_drop: false }`
[INFO] running `Command { std: "docker" "inspect" "746cea0d7bbea7824de13342a58134a8cbae292795c78c251ffa1e063099757f", kill_on_drop: false }`
[INFO] running `Command { std: "docker" "rm" "-f" "746cea0d7bbea7824de13342a58134a8cbae292795c78c251ffa1e063099757f", kill_on_drop: false }`
[INFO] [stdout] 746cea0d7bbea7824de13342a58134a8cbae292795c78c251ffa1e063099757f
[INFO] running `Command { std: "docker" "create" "-v" "/var/lib/crater-agent-workspace/builds/worker-4-tc1/target:/opt/rustwide/target:rw,Z" "-v" "/var/lib/crater-agent-workspace/builds/worker-4-tc1/source:/opt/rustwide/workdir:ro,Z" "-v" "/var/lib/crater-agent-workspace/cargo-home:/opt/rustwide/cargo-home:ro,Z" "-v" "/var/lib/crater-agent-workspace/rustup-home:/opt/rustwide/rustup-home:ro,Z" "-e" "SOURCE_DIR=/opt/rustwide/workdir" "-e" "CARGO_TARGET_DIR=/opt/rustwide/target" "-e" "CARGO_INCREMENTAL=0" "-e" "RUST_BACKTRACE=full" "-e" "RUSTFLAGS=--cap-lints=warn" "-e" "RUSTDOCFLAGS=--cap-lints=warn" "-e" "CARGO_HOME=/opt/rustwide/cargo-home" "-e" "RUSTUP_HOME=/opt/rustwide/rustup-home" "-w" "/opt/rustwide/workdir" "-m" "1610612736" "--user" "0:0" "--network" "none" "ghcr.io/rust-lang/crates-build-env/linux@sha256:f3a9d4ad9d972b27faf3965f35b62e55ba32bbce8f20bc8fe909558a86702fde" "/opt/rustwide/cargo-home/bin/cargo" "+1.83.0" "build" "--frozen" "--message-format=json", kill_on_drop: false }`
[INFO] [stdout] e918333a3282fd268515b23dd05dd8b5f3bdf7b60b8630edd9e41029e43b9220
[INFO] running `Command { std: "docker" "start" "-a" "e918333a3282fd268515b23dd05dd8b5f3bdf7b60b8630edd9e41029e43b9220", kill_on_drop: false }`
[INFO] [stderr] warning: no edition set: defaulting to the 2015 edition while the latest is 2021
[INFO] [stderr]    Compiling proc-macro2 v1.0.84
[INFO] [stderr]    Compiling unicode-ident v1.0.12
[INFO] [stderr]    Compiling thiserror v1.0.61
[INFO] [stderr]    Compiling anyhow v1.0.86
[INFO] [stderr]    Compiling quote v1.0.36
[INFO] [stderr]    Compiling syn v2.0.66
[INFO] [stderr]    Compiling thiserror-impl v1.0.61
[INFO] [stderr]    Compiling zenity-dialog v0.3.6 (/opt/rustwide/workdir)
[INFO] [stderr]     Finished `dev` profile [unoptimized + debuginfo] target(s) in 8.06s
[INFO] running `Command { std: "docker" "inspect" "e918333a3282fd268515b23dd05dd8b5f3bdf7b60b8630edd9e41029e43b9220", kill_on_drop: false }`
[INFO] running `Command { std: "docker" "rm" "-f" "e918333a3282fd268515b23dd05dd8b5f3bdf7b60b8630edd9e41029e43b9220", kill_on_drop: false }`
[INFO] [stdout] e918333a3282fd268515b23dd05dd8b5f3bdf7b60b8630edd9e41029e43b9220
[INFO] running `Command { std: "docker" "create" "-v" "/var/lib/crater-agent-workspace/builds/worker-4-tc1/target:/opt/rustwide/target:rw,Z" "-v" "/var/lib/crater-agent-workspace/builds/worker-4-tc1/source:/opt/rustwide/workdir:ro,Z" "-v" "/var/lib/crater-agent-workspace/cargo-home:/opt/rustwide/cargo-home:ro,Z" "-v" "/var/lib/crater-agent-workspace/rustup-home:/opt/rustwide/rustup-home:ro,Z" "-e" "SOURCE_DIR=/opt/rustwide/workdir" "-e" "CARGO_TARGET_DIR=/opt/rustwide/target" "-e" "CARGO_INCREMENTAL=0" "-e" "RUST_BACKTRACE=full" "-e" "RUSTFLAGS=--cap-lints=warn" "-e" "RUSTDOCFLAGS=--cap-lints=warn" "-e" "CARGO_HOME=/opt/rustwide/cargo-home" "-e" "RUSTUP_HOME=/opt/rustwide/rustup-home" "-w" "/opt/rustwide/workdir" "-m" "1610612736" "--user" "0:0" "--network" "none" "ghcr.io/rust-lang/crates-build-env/linux@sha256:f3a9d4ad9d972b27faf3965f35b62e55ba32bbce8f20bc8fe909558a86702fde" "/opt/rustwide/cargo-home/bin/cargo" "+1.83.0" "test" "--frozen" "--no-run" "--message-format=json", kill_on_drop: false }`
[INFO] [stdout] 1471802fa695efa13ab0aa96e8d17aeedaa8fde379c46f03673eb1b204adb3cc
[INFO] running `Command { std: "docker" "start" "-a" "1471802fa695efa13ab0aa96e8d17aeedaa8fde379c46f03673eb1b204adb3cc", kill_on_drop: false }`
[INFO] [stderr] warning: no edition set: defaulting to the 2015 edition while the latest is 2021
[INFO] [stderr]    Compiling zenity-dialog v0.3.6 (/opt/rustwide/workdir)
[INFO] [stderr]     Finished `test` profile [unoptimized + debuginfo] target(s) in 0.66s
[INFO] running `Command { std: "docker" "inspect" "1471802fa695efa13ab0aa96e8d17aeedaa8fde379c46f03673eb1b204adb3cc", kill_on_drop: false }`
[INFO] running `Command { std: "docker" "rm" "-f" "1471802fa695efa13ab0aa96e8d17aeedaa8fde379c46f03673eb1b204adb3cc", kill_on_drop: false }`
[INFO] [stdout] 1471802fa695efa13ab0aa96e8d17aeedaa8fde379c46f03673eb1b204adb3cc
[INFO] running `Command { std: "docker" "create" "-v" "/var/lib/crater-agent-workspace/builds/worker-4-tc1/target:/opt/rustwide/target:rw,Z" "-v" "/var/lib/crater-agent-workspace/builds/worker-4-tc1/source:/opt/rustwide/workdir:ro,Z" "-v" "/var/lib/crater-agent-workspace/cargo-home:/opt/rustwide/cargo-home:ro,Z" "-v" "/var/lib/crater-agent-workspace/rustup-home:/opt/rustwide/rustup-home:ro,Z" "-e" "SOURCE_DIR=/opt/rustwide/workdir" "-e" "CARGO_TARGET_DIR=/opt/rustwide/target" "-e" "CARGO_INCREMENTAL=0" "-e" "RUST_BACKTRACE=full" "-e" "RUSTFLAGS=--cap-lints=warn" "-e" "RUSTDOCFLAGS=--cap-lints=warn" "-e" "CARGO_HOME=/opt/rustwide/cargo-home" "-e" "RUSTUP_HOME=/opt/rustwide/rustup-home" "-w" "/opt/rustwide/workdir" "-m" "1610612736" "--user" "0:0" "--network" "none" "ghcr.io/rust-lang/crates-build-env/linux@sha256:f3a9d4ad9d972b27faf3965f35b62e55ba32bbce8f20bc8fe909558a86702fde" "/opt/rustwide/cargo-home/bin/cargo" "+1.83.0" "test" "--frozen", kill_on_drop: false }`
[INFO] [stdout] 9a5702961cd0801f56a2e19e745d4c1ba01ecb06a1775b3162c274321478e20e
[INFO] running `Command { std: "docker" "start" "-a" "9a5702961cd0801f56a2e19e745d4c1ba01ecb06a1775b3162c274321478e20e", kill_on_drop: false }`
[INFO] [stderr] warning: no edition set: defaulting to the 2015 edition while the latest is 2021
[INFO] [stderr]     Finished `test` profile [unoptimized + debuginfo] target(s) in 0.03s
[INFO] [stdout] 
[INFO] [stderr]      Running unittests src/lib.rs (/opt/rustwide/target/debug/deps/zenity_dialog-db6836c3c04a7e62)
[INFO] [stdout] running 0 tests
[INFO] [stderr]    Doc-tests zenity_dialog
[INFO] [stdout] 
[INFO] [stdout] test result: ok. 0 passed; 0 failed; 0 ignored; 0 measured; 0 filtered out; finished in 0.00s
[INFO] [stdout] 
[INFO] [stdout] 
[INFO] [stdout] running 1 test
[INFO] [stdout] test src/./../README.md - (line 20) ... FAILED
[INFO] [stdout] 
[INFO] [stdout] failures:
[INFO] [stdout] 
[INFO] [stdout] ---- src/./../README.md - (line 20) stdout ----
[INFO] [stdout] error[E0433]: failed to resolve: use of undeclared crate or module `dialog`
[INFO] [stdout]  --> src/./../README.md:21:32
[INFO] [stdout]   |
[INFO] [stdout] 3 | let result = ZenityDialog::new(dialog::Error::default().with_text("An error happened!"))
[INFO] [stdout]   |                                ^^^^^^ use of undeclared crate or module `dialog`
[INFO] [stdout]   |
[INFO] [stdout] help: consider importing one of these items
[INFO] [stdout]   |
[INFO] [stdout] 2 + use std::error::Error;
[INFO] [stdout]   |
[INFO] [stdout] 2 + use std::fmt::Error;
[INFO] [stdout]   |
[INFO] [stdout] 2 + use std::io::Error;
[INFO] [stdout]   |
[INFO] [stdout] help: if you import `Error`, refer to it directly
[INFO] [stdout]   |
[INFO] [stdout] 3 - let result = ZenityDialog::new(dialog::Error::default().with_text("An error happened!"))
[INFO] [stdout] 3 + let result = ZenityDialog::new(Error::default().with_text("An error happened!"))
[INFO] [stdout]   |
[INFO] [stdout] 
[INFO] [stdout] error[E0433]: failed to resolve: use of undeclared type `ZenityDialog`
[INFO] [stdout]  --> src/./../README.md:21:14
[INFO] [stdout]   |
[INFO] [stdout] 3 | let result = ZenityDialog::new(dialog::Error::default().with_text("An error happened!"))
[INFO] [stdout]   |              ^^^^^^^^^^^^ use of undeclared type `ZenityDialog`
[INFO] [stdout] 
[INFO] [stdout] error[E0433]: failed to resolve: use of undeclared type `Icon`
[INFO] [stdout]  --> src/./../README.md:22:16
[INFO] [stdout]   |
[INFO] [stdout] 4 |     .with_icon(Icon::Error)
[INFO] [stdout]   |                ^^^^ use of undeclared type `Icon`
[INFO] [stdout] 
[INFO] [stdout] error[E0433]: failed to resolve: use of undeclared type `ZenityOutput`
[INFO] [stdout]   --> src/./../README.md:30:9
[INFO] [stdout]    |
[INFO] [stdout] 12 |         ZenityOutput::Unknown {
[INFO] [stdout]    |         ^^^^^^^^^^^^ use of undeclared type `ZenityOutput`
[INFO] [stdout] 
[INFO] [stdout] error[E0433]: failed to resolve: use of undeclared type `ZenityOutput`
[INFO] [stdout]   --> src/./../README.md:29:9
[INFO] [stdout]    |
[INFO] [stdout] 11 |         ZenityOutput::Rejected { .. } => println!("The user clicked the rejection response"),
[INFO] [stdout]    |         ^^^^^^^^^^^^ use of undeclared type `ZenityOutput`
[INFO] [stdout] 
[INFO] [stdout] error[E0433]: failed to resolve: use of undeclared type `ZenityOutput`
[INFO] [stdout]  --> src/./../README.md:26:9
[INFO] [stdout]   |
[INFO] [stdout] 8 |         ZenityOutput::Affirmed { .. } => {
[INFO] [stdout]   |         ^^^^^^^^^^^^ use of undeclared type `ZenityOutput`
[INFO] [stdout] 
[INFO] [stdout] error: aborting due to 6 previous errors
[INFO] [stdout] 
[INFO] [stdout] For more information about this error, try `rustc --explain E0433`.
[INFO] [stdout] Couldn't compile the test.
[INFO] [stdout] 
[INFO] [stdout] failures:
[INFO] [stdout]     src/./../README.md - (line 20)
[INFO] [stdout] 
[INFO] [stdout] test result: FAILED. 0 passed; 1 failed; 0 ignored; 0 measured; 0 filtered out; finished in 0.13s
[INFO] [stdout] 
[INFO] [stderr] error: doctest failed, to rerun pass `--doc`
[INFO] running `Command { std: "docker" "inspect" "9a5702961cd0801f56a2e19e745d4c1ba01ecb06a1775b3162c274321478e20e", kill_on_drop: false }`
[INFO] running `Command { std: "docker" "rm" "-f" "9a5702961cd0801f56a2e19e745d4c1ba01ecb06a1775b3162c274321478e20e", kill_on_drop: false }`
[INFO] [stdout] 9a5702961cd0801f56a2e19e745d4c1ba01ecb06a1775b3162c274321478e20e
