[INFO] cloning repository https://github.com/tmayoff/advent_of_code_2023
[INFO] running `Command { std: "git" "-c" "credential.helper=" "-c" "credential.helper=/workspace/cargo-home/bin/git-credential-null" "clone" "--bare" "https://github.com/tmayoff/advent_of_code_2023" "/workspace/cache/git-repos/https%3A%2F%2Fgithub.com%2Ftmayoff%2Fadvent_of_code_2023", kill_on_drop: false }`
[INFO] [stderr] Cloning into bare repository '/workspace/cache/git-repos/https%3A%2F%2Fgithub.com%2Ftmayoff%2Fadvent_of_code_2023'...
[INFO] running `Command { std: "git" "rev-parse" "HEAD", kill_on_drop: false }`
[INFO] [stdout] 8b6c3784ec922717ee0cbd56195746fbcc3c5e7e
[INFO] testing tmayoff/advent_of_code_2023 against beta-2024-12-08 for beta-1.84.0-4-retry
[INFO] running `Command { std: "git" "clone" "/workspace/cache/git-repos/https%3A%2F%2Fgithub.com%2Ftmayoff%2Fadvent_of_code_2023" "/workspace/builds/worker-7-tc2/source", kill_on_drop: false }`
[INFO] [stderr] Cloning into '/workspace/builds/worker-7-tc2/source'...
[INFO] [stderr] done.
[INFO] validating manifest of git repo https://github.com/tmayoff/advent_of_code_2023 on toolchain beta-2024-12-08
[INFO] running `Command { std: CARGO_HOME="/workspace/cargo-home" RUSTUP_HOME="/workspace/rustup-home" "/workspace/cargo-home/bin/cargo" "+beta-2024-12-08" "metadata" "--manifest-path" "Cargo.toml" "--no-deps", kill_on_drop: false }`
[INFO] started tweaking git repo https://github.com/tmayoff/advent_of_code_2023
[INFO] finished tweaking git repo https://github.com/tmayoff/advent_of_code_2023
[INFO] tweaked toml for git repo https://github.com/tmayoff/advent_of_code_2023 written to /workspace/builds/worker-7-tc2/source/Cargo.toml
[INFO] crate git repo https://github.com/tmayoff/advent_of_code_2023 already has a lockfile, it will not be regenerated
[INFO] running `Command { std: CARGO_HOME="/workspace/cargo-home" RUSTUP_HOME="/workspace/rustup-home" "/workspace/cargo-home/bin/cargo" "+beta-2024-12-08" "fetch" "--manifest-path" "Cargo.toml", kill_on_drop: false }`
[INFO] running `Command { std: "docker" "create" "-v" "/var/lib/crater-agent-workspace/builds/worker-7-tc2/target:/opt/rustwide/target:rw,Z" "-v" "/var/lib/crater-agent-workspace/builds/worker-7-tc2/source:/opt/rustwide/workdir:ro,Z" "-v" "/var/lib/crater-agent-workspace/cargo-home:/opt/rustwide/cargo-home:ro,Z" "-v" "/var/lib/crater-agent-workspace/rustup-home:/opt/rustwide/rustup-home:ro,Z" "-e" "SOURCE_DIR=/opt/rustwide/workdir" "-e" "CARGO_TARGET_DIR=/opt/rustwide/target" "-e" "CARGO_HOME=/opt/rustwide/cargo-home" "-e" "RUSTUP_HOME=/opt/rustwide/rustup-home" "-w" "/opt/rustwide/workdir" "-m" "1610612736" "--user" "0:0" "--network" "none" "ghcr.io/rust-lang/crates-build-env/linux@sha256:f3a9d4ad9d972b27faf3965f35b62e55ba32bbce8f20bc8fe909558a86702fde" "/opt/rustwide/cargo-home/bin/cargo" "+beta-2024-12-08" "metadata" "--no-deps" "--format-version=1", kill_on_drop: false }`
[INFO] [stdout] 9b6cb683d3442ea95809d3e926a520a7427ed638337070a024aebe1d27eb1264
[INFO] running `Command { std: "docker" "start" "-a" "9b6cb683d3442ea95809d3e926a520a7427ed638337070a024aebe1d27eb1264", kill_on_drop: false }`
[INFO] running `Command { std: "docker" "inspect" "9b6cb683d3442ea95809d3e926a520a7427ed638337070a024aebe1d27eb1264", kill_on_drop: false }`
[INFO] running `Command { std: "docker" "rm" "-f" "9b6cb683d3442ea95809d3e926a520a7427ed638337070a024aebe1d27eb1264", kill_on_drop: false }`
[INFO] [stdout] 9b6cb683d3442ea95809d3e926a520a7427ed638337070a024aebe1d27eb1264
[INFO] running `Command { std: "docker" "create" "-v" "/var/lib/crater-agent-workspace/builds/worker-7-tc2/target:/opt/rustwide/target:rw,Z" "-v" "/var/lib/crater-agent-workspace/builds/worker-7-tc2/source:/opt/rustwide/workdir:ro,Z" "-v" "/var/lib/crater-agent-workspace/cargo-home:/opt/rustwide/cargo-home:ro,Z" "-v" "/var/lib/crater-agent-workspace/rustup-home:/opt/rustwide/rustup-home:ro,Z" "-e" "SOURCE_DIR=/opt/rustwide/workdir" "-e" "CARGO_TARGET_DIR=/opt/rustwide/target" "-e" "CARGO_INCREMENTAL=0" "-e" "RUST_BACKTRACE=full" "-e" "RUSTFLAGS=--cap-lints=warn" "-e" "RUSTDOCFLAGS=--cap-lints=warn" "-e" "CARGO_HOME=/opt/rustwide/cargo-home" "-e" "RUSTUP_HOME=/opt/rustwide/rustup-home" "-w" "/opt/rustwide/workdir" "-m" "1610612736" "--user" "0:0" "--network" "none" "ghcr.io/rust-lang/crates-build-env/linux@sha256:f3a9d4ad9d972b27faf3965f35b62e55ba32bbce8f20bc8fe909558a86702fde" "/opt/rustwide/cargo-home/bin/cargo" "+beta-2024-12-08" "build" "--frozen" "--message-format=json", kill_on_drop: false }`
[INFO] [stdout] eb2419c54b723c12ec70bb533bcaf60cd9702bff02b2eb6bbdabc7bfd9f9b1d4
[INFO] running `Command { std: "docker" "start" "-a" "eb2419c54b723c12ec70bb533bcaf60cd9702bff02b2eb6bbdabc7bfd9f9b1d4", kill_on_drop: false }`
[INFO] [stderr]    Compiling autocfg v1.1.0
[INFO] [stderr]    Compiling crossbeam-utils v0.8.16
[INFO] [stderr]    Compiling cfg-if v1.0.0
[INFO] [stderr]    Compiling scopeguard v1.2.0
[INFO] [stderr]    Compiling common v0.1.0 (/opt/rustwide/workdir/common)
[INFO] [stderr]    Compiling rayon-core v1.12.0
[INFO] [stderr]    Compiling anyhow v1.0.75
[INFO] [stderr]    Compiling either v1.9.0
[INFO] [stderr]    Compiling day3 v0.1.0 (/opt/rustwide/workdir/day3)
[INFO] [stderr]    Compiling day6 v0.1.0 (/opt/rustwide/workdir/day6)
[INFO] [stderr]    Compiling day4 v0.1.0 (/opt/rustwide/workdir/day4)
[INFO] [stdout] warning: struct `Part1` is never constructed
[INFO] [stdout]  --> day6/src/lib.rs:3:8
[INFO] [stdout]   |
[INFO] [stdout] 3 | struct Part1;
[INFO] [stdout]   |        ^^^^^
[INFO] [stdout]   |
[INFO] [stdout]   = note: `#[warn(dead_code)]` on by default
[INFO] [stdout] 
[INFO] [stdout] 
[INFO] [stdout] warning: struct `Part1` is never constructed
[INFO] [stdout]  --> day4/src/lib.rs:5:8
[INFO] [stdout]   |
[INFO] [stdout] 5 | struct Part1;
[INFO] [stdout]   |        ^^^^^
[INFO] [stdout]   |
[INFO] [stdout]   = note: `#[warn(dead_code)]` on by default
[INFO] [stdout] 
[INFO] [stdout] 
[INFO] [stdout] warning: struct `Part2` is never constructed
[INFO] [stdout]   --> day4/src/lib.rs:41:8
[INFO] [stdout]    |
[INFO] [stdout] 41 | struct Part2;
[INFO] [stdout]    |        ^^^^^
[INFO] [stdout] 
[INFO] [stdout] 
[INFO] [stderr]    Compiling memoffset v0.9.0
[INFO] [stderr]    Compiling crossbeam-epoch v0.9.15
[INFO] [stderr]    Compiling day1 v0.1.0 (/opt/rustwide/workdir/day1)
[INFO] [stderr]    Compiling day2 v0.1.0 (/opt/rustwide/workdir/day2)
[INFO] [stdout] warning: unused import: `super::*`
[INFO] [stdout]    --> day1/src/main.rs:100:9
[INFO] [stdout]     |
[INFO] [stdout] 100 |     use super::*;
[INFO] [stdout]     |         ^^^^^^^^
[INFO] [stdout]     |
[INFO] [stdout] help: if this is a test module, consider adding a `#[cfg(test)]` to the containing module
[INFO] [stdout]    --> day1/src/main.rs:99:1
[INFO] [stdout]     |
[INFO] [stdout] 99  | mod tests {
[INFO] [stdout]     | ^^^^^^^^^
[INFO] [stdout]     = note: `#[warn(unused_imports)]` on by default
[INFO] [stdout] 
[INFO] [stdout] 
[INFO] [stdout] warning: unused import: `common::Runner`
[INFO] [stdout]    --> day2/src/main.rs:141:9
[INFO] [stdout]     |
[INFO] [stdout] 141 |     use common::Runner;
[INFO] [stdout]     |         ^^^^^^^^^^^^^^
[INFO] [stdout]     |
[INFO] [stdout] help: if this is a test module, consider adding a `#[cfg(test)]` to the containing module
[INFO] [stdout]    --> day2/src/main.rs:140:1
[INFO] [stdout]     |
[INFO] [stdout] 140 | mod tests {
[INFO] [stdout]     | ^^^^^^^^^
[INFO] [stdout]     = note: `#[warn(unused_imports)]` on by default
[INFO] [stdout] 
[INFO] [stdout] 
[INFO] [stderr]    Compiling crossbeam-deque v0.8.3
[INFO] [stderr]    Compiling rayon v1.8.0
[INFO] [stderr]    Compiling day5 v0.1.0 (/opt/rustwide/workdir/day5)
[INFO] [stdout] warning: unused import: `rayon::prelude`
[INFO] [stdout]  --> day5/src/lib.rs:1:5
[INFO] [stdout]   |
[INFO] [stdout] 1 | use rayon::prelude::*;
[INFO] [stdout]   |     ^^^^^^^^^^^^^^
[INFO] [stdout]   |
[INFO] [stdout]   = note: `#[warn(unused_imports)]` on by default
[INFO] [stdout] 
[INFO] [stdout] 
[INFO] [stdout] warning: struct `Part1` is never constructed
[INFO] [stdout]   --> day5/src/lib.rs:10:8
[INFO] [stdout]    |
[INFO] [stdout] 10 | struct Part1;
[INFO] [stdout]    |        ^^^^^
[INFO] [stdout]    |
[INFO] [stdout]    = note: `#[warn(dead_code)]` on by default
[INFO] [stdout] 
[INFO] [stdout] 
[INFO] [stdout] warning: struct `Part2` is never constructed
[INFO] [stdout]   --> day5/src/lib.rs:69:8
[INFO] [stdout]    |
[INFO] [stdout] 69 | struct Part2;
[INFO] [stdout]    |        ^^^^^
[INFO] [stdout] 
[INFO] [stdout] 
[INFO] [stderr]     Finished `dev` profile [unoptimized + debuginfo] target(s) in 10.19s
[INFO] running `Command { std: "docker" "inspect" "eb2419c54b723c12ec70bb533bcaf60cd9702bff02b2eb6bbdabc7bfd9f9b1d4", kill_on_drop: false }`
[INFO] running `Command { std: "docker" "rm" "-f" "eb2419c54b723c12ec70bb533bcaf60cd9702bff02b2eb6bbdabc7bfd9f9b1d4", kill_on_drop: false }`
[INFO] [stdout] eb2419c54b723c12ec70bb533bcaf60cd9702bff02b2eb6bbdabc7bfd9f9b1d4
[INFO] running `Command { std: "docker" "create" "-v" "/var/lib/crater-agent-workspace/builds/worker-7-tc2/target:/opt/rustwide/target:rw,Z" "-v" "/var/lib/crater-agent-workspace/builds/worker-7-tc2/source:/opt/rustwide/workdir:ro,Z" "-v" "/var/lib/crater-agent-workspace/cargo-home:/opt/rustwide/cargo-home:ro,Z" "-v" "/var/lib/crater-agent-workspace/rustup-home:/opt/rustwide/rustup-home:ro,Z" "-e" "SOURCE_DIR=/opt/rustwide/workdir" "-e" "CARGO_TARGET_DIR=/opt/rustwide/target" "-e" "CARGO_INCREMENTAL=0" "-e" "RUST_BACKTRACE=full" "-e" "RUSTFLAGS=--cap-lints=warn" "-e" "RUSTDOCFLAGS=--cap-lints=warn" "-e" "CARGO_HOME=/opt/rustwide/cargo-home" "-e" "RUSTUP_HOME=/opt/rustwide/rustup-home" "-w" "/opt/rustwide/workdir" "-m" "1610612736" "--user" "0:0" "--network" "none" "ghcr.io/rust-lang/crates-build-env/linux@sha256:f3a9d4ad9d972b27faf3965f35b62e55ba32bbce8f20bc8fe909558a86702fde" "/opt/rustwide/cargo-home/bin/cargo" "+beta-2024-12-08" "test" "--frozen" "--no-run" "--message-format=json", kill_on_drop: false }`
[INFO] [stdout] e7026444e8cd1bdf6fb505bef825854e2bba14de2dd9cb5b1503050a3a2eb1d2
[INFO] running `Command { std: "docker" "start" "-a" "e7026444e8cd1bdf6fb505bef825854e2bba14de2dd9cb5b1503050a3a2eb1d2", kill_on_drop: false }`
[INFO] [stdout] warning: struct `Part1` is never constructed
[INFO] [stdout]  --> day4/src/lib.rs:5:8
[INFO] [stdout]   |
[INFO] [stdout] 5 | struct Part1;
[INFO] [stdout]   |        ^^^^^
[INFO] [stdout]   |
[INFO] [stdout]   = note: `#[warn(dead_code)]` on by default
[INFO] [stdout] 
[INFO] [stdout] 
[INFO] [stdout] warning: struct `Part2` is never constructed
[INFO] [stdout]   --> day4/src/lib.rs:41:8
[INFO] [stdout]    |
[INFO] [stdout] 41 | struct Part2;
[INFO] [stdout]    |        ^^^^^
[INFO] [stdout] 
[INFO] [stdout] 
[INFO] [stdout] warning: struct `Part1` is never constructed
[INFO] [stdout]  --> day6/src/lib.rs:3:8
[INFO] [stdout]   |
[INFO] [stdout] 3 | struct Part1;
[INFO] [stdout]   |        ^^^^^
[INFO] [stdout]   |
[INFO] [stdout]   = note: `#[warn(dead_code)]` on by default
[INFO] [stdout] 
[INFO] [stdout] 
[INFO] [stderr]    Compiling day4 v0.1.0 (/opt/rustwide/workdir/day4)
[INFO] [stderr]    Compiling day3 v0.1.0 (/opt/rustwide/workdir/day3)
[INFO] [stderr]    Compiling day6 v0.1.0 (/opt/rustwide/workdir/day6)
[INFO] [stderr]    Compiling common v0.1.0 (/opt/rustwide/workdir/common)
[INFO] [stderr]    Compiling day2 v0.1.0 (/opt/rustwide/workdir/day2)
[INFO] [stderr]    Compiling day1 v0.1.0 (/opt/rustwide/workdir/day1)
[INFO] [stdout] warning: unused import: `rayon::prelude`
[INFO] [stdout]  --> day5/src/lib.rs:1:5
[INFO] [stdout]   |
[INFO] [stdout] 1 | use rayon::prelude::*;
[INFO] [stdout]   |     ^^^^^^^^^^^^^^
[INFO] [stdout]   |
[INFO] [stdout]   = note: `#[warn(unused_imports)]` on by default
[INFO] [stdout] 
[INFO] [stdout] 
[INFO] [stderr]    Compiling day5 v0.1.0 (/opt/rustwide/workdir/day5)
[INFO] [stdout] warning: struct `Part1` is never constructed
[INFO] [stdout]   --> day5/src/lib.rs:10:8
[INFO] [stdout]    |
[INFO] [stdout] 10 | struct Part1;
[INFO] [stdout]    |        ^^^^^
[INFO] [stdout]    |
[INFO] [stdout]    = note: `#[warn(dead_code)]` on by default
[INFO] [stdout] 
[INFO] [stdout] 
[INFO] [stdout] warning: struct `Part2` is never constructed
[INFO] [stdout]   --> day5/src/lib.rs:69:8
[INFO] [stdout]    |
[INFO] [stdout] 69 | struct Part2;
[INFO] [stdout]    |        ^^^^^
[INFO] [stdout] 
[INFO] [stdout] 
[INFO] [stdout] warning: unused import: `rayon::prelude`
[INFO] [stdout]  --> day5/src/lib.rs:1:5
[INFO] [stdout]   |
[INFO] [stdout] 1 | use rayon::prelude::*;
[INFO] [stdout]   |     ^^^^^^^^^^^^^^
[INFO] [stdout]   |
[INFO] [stdout]   = note: `#[warn(unused_imports)]` on by default
[INFO] [stdout] 
[INFO] [stdout] 
[INFO] [stdout] warning: unused variable: `res`
[INFO] [stdout]    --> day5/src/lib.rs:375:13
[INFO] [stdout]     |
[INFO] [stdout] 375 |         let res = Part2::run(input);
[INFO] [stdout]     |             ^^^ help: if this is intentional, prefix it with an underscore: `_res`
[INFO] [stdout]     |
[INFO] [stdout]     = note: `#[warn(unused_variables)]` on by default
[INFO] [stdout] 
[INFO] [stdout] 
[INFO] [stderr]     Finished `test` profile [unoptimized + debuginfo] target(s) in 3.01s
[INFO] running `Command { std: "docker" "inspect" "e7026444e8cd1bdf6fb505bef825854e2bba14de2dd9cb5b1503050a3a2eb1d2", kill_on_drop: false }`
[INFO] running `Command { std: "docker" "rm" "-f" "e7026444e8cd1bdf6fb505bef825854e2bba14de2dd9cb5b1503050a3a2eb1d2", kill_on_drop: false }`
[INFO] [stdout] e7026444e8cd1bdf6fb505bef825854e2bba14de2dd9cb5b1503050a3a2eb1d2
[INFO] running `Command { std: "docker" "create" "-v" "/var/lib/crater-agent-workspace/builds/worker-7-tc2/target:/opt/rustwide/target:rw,Z" "-v" "/var/lib/crater-agent-workspace/builds/worker-7-tc2/source:/opt/rustwide/workdir:ro,Z" "-v" "/var/lib/crater-agent-workspace/cargo-home:/opt/rustwide/cargo-home:ro,Z" "-v" "/var/lib/crater-agent-workspace/rustup-home:/opt/rustwide/rustup-home:ro,Z" "-e" "SOURCE_DIR=/opt/rustwide/workdir" "-e" "CARGO_TARGET_DIR=/opt/rustwide/target" "-e" "CARGO_INCREMENTAL=0" "-e" "RUST_BACKTRACE=full" "-e" "RUSTFLAGS=--cap-lints=warn" "-e" "RUSTDOCFLAGS=--cap-lints=warn" "-e" "CARGO_HOME=/opt/rustwide/cargo-home" "-e" "RUSTUP_HOME=/opt/rustwide/rustup-home" "-w" "/opt/rustwide/workdir" "-m" "1610612736" "--user" "0:0" "--network" "none" "ghcr.io/rust-lang/crates-build-env/linux@sha256:f3a9d4ad9d972b27faf3965f35b62e55ba32bbce8f20bc8fe909558a86702fde" "/opt/rustwide/cargo-home/bin/cargo" "+beta-2024-12-08" "test" "--frozen", kill_on_drop: false }`
[INFO] [stdout] 32a057ec5ba3dd603ee8db0ccae7380f1b99a8a2675df27f7bbde55a530c7b28
[INFO] running `Command { std: "docker" "start" "-a" "32a057ec5ba3dd603ee8db0ccae7380f1b99a8a2675df27f7bbde55a530c7b28", kill_on_drop: false }`
[INFO] [stderr] warning: struct `Part1` is never constructed
[INFO] [stderr]  --> day6/src/lib.rs:3:8
[INFO] [stderr]   |
[INFO] [stderr] 3 | struct Part1;
[INFO] [stderr]   |        ^^^^^
[INFO] [stderr]   |
[INFO] [stderr]   = note: `#[warn(dead_code)]` on by default
[INFO] [stderr] 
[INFO] [stderr] warning: struct `Part1` is never constructed
[INFO] [stderr]  --> day4/src/lib.rs:5:8
[INFO] [stderr]   |
[INFO] [stderr] 5 | struct Part1;
[INFO] [stderr]   |        ^^^^^
[INFO] [stderr]   |
[INFO] [stderr]   = note: `#[warn(dead_code)]` on by default
[INFO] [stderr] 
[INFO] [stderr] warning: struct `Part2` is never constructed
[INFO] [stderr]   --> day4/src/lib.rs:41:8
[INFO] [stderr]    |
[INFO] [stderr] 41 | struct Part2;
[INFO] [stderr]    |        ^^^^^
[INFO] [stderr] 
[INFO] [stderr] warning: `day6` (lib) generated 1 warning
[INFO] [stderr] warning: `day4` (lib) generated 2 warnings
[INFO] [stderr] warning: unused import: `rayon::prelude`
[INFO] [stderr]  --> day5/src/lib.rs:1:5
[INFO] [stderr]   |
[INFO] [stderr] 1 | use rayon::prelude::*;
[INFO] [stderr]   |     ^^^^^^^^^^^^^^
[INFO] [stderr]   |
[INFO] [stderr]   = note: `#[warn(unused_imports)]` on by default
[INFO] [stderr] 
[INFO] [stderr] warning: struct `Part1` is never constructed
[INFO] [stderr]   --> day5/src/lib.rs:10:8
[INFO] [stderr]    |
[INFO] [stderr] 10 | struct Part1;
[INFO] [stderr]    |        ^^^^^
[INFO] [stderr]    |
[INFO] [stderr]    = note: `#[warn(dead_code)]` on by default
[INFO] [stderr] 
[INFO] [stderr] warning: struct `Part2` is never constructed
[INFO] [stderr]   --> day5/src/lib.rs:69:8
[INFO] [stderr]    |
[INFO] [stderr] 69 | struct Part2;
[INFO] [stderr]    |        ^^^^^
[INFO] [stderr] 
[INFO] [stderr] warning: unused variable: `res`
[INFO] [stderr]    --> day5/src/lib.rs:375:13
[INFO] [stderr]     |
[INFO] [stderr] 375 |         let res = Part2::run(input);
[INFO] [stderr]     |             ^^^ help: if this is intentional, prefix it with an underscore: `_res`
[INFO] [stderr]     |
[INFO] [stderr]     = note: `#[warn(unused_variables)]` on by default
[INFO] [stderr] 
[INFO] [stderr] warning: `day5` (lib) generated 3 warnings
[INFO] [stderr] warning: `day5` (lib test) generated 2 warnings (1 duplicate)
[INFO] [stderr]     Finished `test` profile [unoptimized + debuginfo] target(s) in 0.04s
[INFO] [stderr]      Running unittests src/lib.rs (/opt/rustwide/target/debug/deps/common-57bd5ad518dd850e)
[INFO] [stderr]      Running unittests src/main.rs (/opt/rustwide/target/debug/deps/day1-1917d9635644db7c)
[INFO] [stdout] 
[INFO] [stdout] running 0 tests
[INFO] [stdout] 
[INFO] [stdout] test result: ok. 0 passed; 0 failed; 0 ignored; 0 measured; 0 filtered out; finished in 0.00s
[INFO] [stdout] 
[INFO] [stdout] 
[INFO] [stdout] running 4 tests
[INFO] [stdout] test tests::contains_number_test ... ok
[INFO] [stdout] test tests::words ... ok
[INFO] [stdout] test tests::part1 ... ok
[INFO] [stderr]      Running unittests src/main.rs (/opt/rustwide/target/debug/deps/day2-931db1659a99d2b7)
[INFO] [stdout] test tests::part2 ... ok
[INFO] [stdout] 
[INFO] [stdout] test result: ok. 4 passed; 0 failed; 0 ignored; 0 measured; 0 filtered out; finished in 0.16s
[INFO] [stdout] 
[INFO] [stdout] 
[INFO] [stdout] running 4 tests
[INFO] [stdout] test tests::get_game_id ... ok
[INFO] [stdout] test tests::part1 ... ok
[INFO] [stdout] test tests::part2 ... ok
[INFO] [stdout] test tests::get_pull ... ok
[INFO] [stdout] 
[INFO] [stdout] test result: ok. 4 passed; 0 failed; 0 ignored; 0 measured; 0 filtered out; finished in 0.01s
[INFO] [stdout] 
[INFO] [stdout] 
[INFO] [stderr]      Running unittests src/lib.rs (/opt/rustwide/target/debug/deps/day3-5e86425d7394d506)
[INFO] [stdout] running 4 tests
[INFO] [stdout] test tests::example_part2 ... ok
[INFO] [stdout] test tests::example_part1 ... ok
[INFO] [stdout] test tests::part2 ... ok
[INFO] [stdout] test tests::part1 ... ok
[INFO] [stdout] 
[INFO] [stdout] test result: ok. 4 passed; 0 failed; 0 ignored; 0 measured; 0 filtered out; finished in 0.04s
[INFO] [stdout] 
[INFO] [stderr]      Running unittests src/lib.rs (/opt/rustwide/target/debug/deps/day4-a0b155edc4920c9c)
[INFO] [stdout] 
[INFO] [stdout] running 4 tests
[INFO] [stdout] test tests::part1_example ... ok
[INFO] [stdout] test tests::part2_example ... ok
[INFO] [stdout] test tests::part1 ... ok
[INFO] [stderr]      Running unittests src/lib.rs (/opt/rustwide/target/debug/deps/day5-1bc91e9a0cb0e6b7)
[INFO] [stdout] test tests::part2 ... ok
[INFO] [stdout] 
[INFO] [stdout] test result: ok. 4 passed; 0 failed; 0 ignored; 0 measured; 0 filtered out; finished in 2.33s
[INFO] [stdout] 
[INFO] [stdout] 
[INFO] [stdout] running 4 tests
[INFO] [stdout] test tests::part1 ... ok
[INFO] [stdout] test tests::part2 ... ok
[INFO] [stdout] test tests::example_part1 ... ok
[INFO] [stdout] test tests::example_part2 ... ok
[INFO] [stdout] 
[INFO] [stdout] test result: ok. 4 passed; 0 failed; 0 ignored; 0 measured; 0 filtered out; finished in 0.01s
[INFO] [stdout] 
[INFO] [stderr]      Running unittests src/lib.rs (/opt/rustwide/target/debug/deps/day6-98ef09e1b7bce6ab)
[INFO] [stdout] 
[INFO] [stdout] running 4 tests
[INFO] [stdout] test tests::part1_sample ... ok
[INFO] [stdout] test tests::part2_sample ... ok
[INFO] [stdout] test tests::part1 ... FAILED
[INFO] [stdout] test tests::part2 ... ok
[INFO] [stderr] error: test failed, to rerun pass `-p day6 --lib`
[INFO] [stdout] 
[INFO] [stdout] failures:
[INFO] [stdout] 
[INFO] [stdout] ---- tests::part1 stdout ----
[INFO] [stdout] thread 'tests::part1' panicked at day6/src/lib.rs:61:9:
[INFO] [stdout] assertion `left == right` failed
[INFO] [stdout]   left: 170000
[INFO] [stdout]  right: 288
[INFO] [stdout] stack backtrace:
[INFO] [stdout]    0:     0x5b58293b262a - std::backtrace_rs::backtrace::libunwind::trace::h8810477743020387
[INFO] [stdout]                                at /rustc/202008a1b8de96d2e5b6bc02d379db03a877d34d/library/std/src/../../backtrace/src/backtrace/libunwind.rs:116:5
[INFO] [stdout]    1:     0x5b58293b262a - std::backtrace_rs::backtrace::trace_unsynchronized::h3aa55355dd6c54a6
[INFO] [stdout]                                at /rustc/202008a1b8de96d2e5b6bc02d379db03a877d34d/library/std/src/../../backtrace/src/backtrace/mod.rs:66:5
[INFO] [stdout]    2:     0x5b58293b262a - std::sys::backtrace::_print_fmt::h8588b0f62410823f
[INFO] [stdout]                                at /rustc/202008a1b8de96d2e5b6bc02d379db03a877d34d/library/std/src/sys/backtrace.rs:66:9
[INFO] [stdout]    3:     0x5b58293b262a - <std::sys::backtrace::BacktraceLock::print::DisplayBacktrace as core::fmt::Display>::fmt::h98c26ac25ffe89bb
[INFO] [stdout]                                at /rustc/202008a1b8de96d2e5b6bc02d379db03a877d34d/library/std/src/sys/backtrace.rs:39:26
[INFO] [stdout]    4:     0x5b58293d80b3 - core::fmt::rt::Argument::fmt::hf95377f4aebd453b
[INFO] [stdout]                                at /rustc/202008a1b8de96d2e5b6bc02d379db03a877d34d/library/core/src/fmt/rt.rs:177:76
[INFO] [stdout]    5:     0x5b58293d80b3 - core::fmt::write::h0dd5f6e2238c7982
[INFO] [stdout]                                at /rustc/202008a1b8de96d2e5b6bc02d379db03a877d34d/library/core/src/fmt/mod.rs:1189:21
[INFO] [stdout]    6:     0x5b58293af7c3 - std::io::Write::write_fmt::h03bb0ca26e6faf8c
[INFO] [stdout]                                at /rustc/202008a1b8de96d2e5b6bc02d379db03a877d34d/library/std/src/io/mod.rs:1884:15
[INFO] [stdout]    7:     0x5b58293b2472 - std::sys::backtrace::BacktraceLock::print::h5c19c1c038ee186d
[INFO] [stdout]                                at /rustc/202008a1b8de96d2e5b6bc02d379db03a877d34d/library/std/src/sys/backtrace.rs:42:9
[INFO] [stdout]    8:     0x5b58293b3aad - std::panicking::default_hook::{{closure}}::h77172f079a1fcb13
[INFO] [stdout]                                at /rustc/202008a1b8de96d2e5b6bc02d379db03a877d34d/library/std/src/panicking.rs:268:22
[INFO] [stdout]    9:     0x5b58293b38b7 - std::panicking::default_hook::he5f8e3b203ccddba
[INFO] [stdout]                                at /rustc/202008a1b8de96d2e5b6bc02d379db03a877d34d/library/std/src/panicking.rs:292:9
[INFO] [stdout]   10:     0x5b582937b1d7 - <alloc::boxed::Box<F,A> as core::ops::function::Fn<Args>>::call::h7a3c7b4a1ae77f2f
[INFO] [stdout]                                at /rustc/202008a1b8de96d2e5b6bc02d379db03a877d34d/library/alloc/src/boxed.rs:1986:9
[INFO] [stdout]   11:     0x5b582937b1d7 - test::test_main::{{closure}}::hf0d3b69ae9b353d1
[INFO] [stdout]                                at /rustc/202008a1b8de96d2e5b6bc02d379db03a877d34d/library/test/src/lib.rs:134:21
[INFO] [stdout]   12:     0x5b58293b4158 - <alloc::boxed::Box<F,A> as core::ops::function::Fn<Args>>::call::h6332e82e7b189abd
[INFO] [stdout]                                at /rustc/202008a1b8de96d2e5b6bc02d379db03a877d34d/library/alloc/src/boxed.rs:1986:9
[INFO] [stdout]   13:     0x5b58293b4158 - std::panicking::rust_panic_with_hook::h53863d4e9018df39
[INFO] [stdout]                                at /rustc/202008a1b8de96d2e5b6bc02d379db03a877d34d/library/std/src/panicking.rs:809:13
[INFO] [stdout]   14:     0x5b58293b3f1a - std::panicking::begin_panic_handler::{{closure}}::h67280e6fa0757873
[INFO] [stdout]                                at /rustc/202008a1b8de96d2e5b6bc02d379db03a877d34d/library/std/src/panicking.rs:674:13
[INFO] [stdout]   15:     0x5b58293b2b09 - std::sys::backtrace::__rust_end_short_backtrace::h1dac3f54d6fbbeb2
[INFO] [stdout]                                at /rustc/202008a1b8de96d2e5b6bc02d379db03a877d34d/library/std/src/sys/backtrace.rs:170:18
[INFO] [stdout]   16:     0x5b58293b3bac - rust_begin_unwind
[INFO] [stdout]                                at /rustc/202008a1b8de96d2e5b6bc02d379db03a877d34d/library/std/src/panicking.rs:665:5
[INFO] [stdout]   17:     0x5b582933caa0 - core::panicking::panic_fmt::h6792bd1b2bf01041
[INFO] [stdout]                                at /rustc/202008a1b8de96d2e5b6bc02d379db03a877d34d/library/core/src/panicking.rs:76:14
[INFO] [stdout]   18:     0x5b582933cdcb - core::panicking::assert_failed_inner::hf2c17e6d30928787
[INFO] [stdout]   19:     0x5b582933c86d - core::panicking::assert_failed::he8e2cb1628ee150d
[INFO] [stdout]   20:     0x5b58293417a7 - day6::tests::part1::hf7700f63ec87886f
[INFO] [stdout]                                at /opt/rustwide/workdir/day6/src/lib.rs:61:9
[INFO] [stdout]   21:     0x5b5829341707 - day6::tests::part1::{{closure}}::hb0e6dee0a67b4dfd
[INFO] [stdout]                                at /opt/rustwide/workdir/day6/src/lib.rs:54:15
[INFO] [stdout]   22:     0x5b582933e0a6 - core::ops::function::FnOnce::call_once::hbc75478f753f3eb1
[INFO] [stdout]                                at /rustc/202008a1b8de96d2e5b6bc02d379db03a877d34d/library/core/src/ops/function.rs:250:5
[INFO] [stdout]   23:     0x5b582937fcfb - core::ops::function::FnOnce::call_once::h871bf86719ec9aa4
[INFO] [stdout]                                at /rustc/202008a1b8de96d2e5b6bc02d379db03a877d34d/library/core/src/ops/function.rs:250:5
[INFO] [stdout]   24:     0x5b582937fcfb - test::__rust_begin_short_backtrace::h2167df1e2b7d76fd
[INFO] [stdout]                                at /rustc/202008a1b8de96d2e5b6bc02d379db03a877d34d/library/test/src/lib.rs:632:18
[INFO] [stdout]   25:     0x5b582937f6e8 - test::run_test_in_process::{{closure}}::h15d92f75a3adfb79
[INFO] [stdout]                                at /rustc/202008a1b8de96d2e5b6bc02d379db03a877d34d/library/test/src/lib.rs:655:60
[INFO] [stdout]   26:     0x5b582937f6e8 - <core::panic::unwind_safe::AssertUnwindSafe<F> as core::ops::function::FnOnce<()>>::call_once::hb6c8955835a8dbbb
[INFO] [stdout]                                at /rustc/202008a1b8de96d2e5b6bc02d379db03a877d34d/library/core/src/panic/unwind_safe.rs:272:9
[INFO] [stdout]   27:     0x5b582937f6e8 - std::panicking::try::do_call::hc79d0fc888a0bd30
[INFO] [stdout]                                at /rustc/202008a1b8de96d2e5b6bc02d379db03a877d34d/library/std/src/panicking.rs:557:40
[INFO] [stdout]   28:     0x5b582937f6e8 - std::panicking::try::hb8a7878e3a8589d6
[INFO] [stdout]                                at /rustc/202008a1b8de96d2e5b6bc02d379db03a877d34d/library/std/src/panicking.rs:520:19
[INFO] [stdout]   29:     0x5b582937f6e8 - std::panic::catch_unwind::hb8e4600ff0ff5cfa
[INFO] [stdout]                                at /rustc/202008a1b8de96d2e5b6bc02d379db03a877d34d/library/std/src/panic.rs:358:14
[INFO] [stdout]   30:     0x5b582937f6e8 - test::run_test_in_process::hc2900b0b18688dd6
[INFO] [stdout]                                at /rustc/202008a1b8de96d2e5b6bc02d379db03a877d34d/library/test/src/lib.rs:655:27
[INFO] [stdout]   31:     0x5b582937f6e8 - test::run_test::{{closure}}::hac2a9cb07be3d48d
[INFO] [stdout]                                at /rustc/202008a1b8de96d2e5b6bc02d379db03a877d34d/library/test/src/lib.rs:576:43
[INFO] [stdout]   32:     0x5b582934318a - test::run_test::{{closure}}::h4a5b729e66a38cd8
[INFO] [stdout]                                at /rustc/202008a1b8de96d2e5b6bc02d379db03a877d34d/library/test/src/lib.rs:606:41
[INFO] [stdout]   33:     0x5b582934318a - std::sys::backtrace::__rust_begin_short_backtrace::h0496fb742492f573
[INFO] [stdout]                                at /rustc/202008a1b8de96d2e5b6bc02d379db03a877d34d/library/std/src/sys/backtrace.rs:154:18
[INFO] [stdout]   34:     0x5b5829346b04 - std::thread::Builder::spawn_unchecked_::{{closure}}::{{closure}}::hbb6d257c550a54bd
[INFO] [stdout]                                at /rustc/202008a1b8de96d2e5b6bc02d379db03a877d34d/library/std/src/thread/mod.rs:561:17
[INFO] [stdout]   35:     0x5b5829346b04 - <core::panic::unwind_safe::AssertUnwindSafe<F> as core::ops::function::FnOnce<()>>::call_once::h46696fe4a6832328
[INFO] [stdout]                                at /rustc/202008a1b8de96d2e5b6bc02d379db03a877d34d/library/core/src/panic/unwind_safe.rs:272:9
[INFO] [stdout]   36:     0x5b5829346b04 - std::panicking::try::do_call::h2625a51b667bfb64
[INFO] [stdout]                                at /rustc/202008a1b8de96d2e5b6bc02d379db03a877d34d/library/std/src/panicking.rs:557:40
[INFO] [stdout]   37:     0x5b5829346b04 - std::panicking::try::hb956a59a1973aa4c
[INFO] [stdout]                                at /rustc/202008a1b8de96d2e5b6bc02d379db03a877d34d/library/std/src/panicking.rs:520:19
[INFO] [stdout]   38:     0x5b5829346b04 - std::panic::catch_unwind::h64f3b9d1067ef6a0
[INFO] [stdout]                                at /rustc/202008a1b8de96d2e5b6bc02d379db03a877d34d/library/std/src/panic.rs:358:14
[INFO] [stdout]   39:     0x5b5829346b04 - std::thread::Builder::spawn_unchecked_::{{closure}}::h42b2841295b6c0b2
[INFO] [stdout]                                at /rustc/202008a1b8de96d2e5b6bc02d379db03a877d34d/library/std/src/thread/mod.rs:559:30
[INFO] [stdout]   40:     0x5b5829346b04 - core::ops::function::FnOnce::call_once{{vtable.shim}}::h6127de71b8124639
[INFO] [stdout]                                at /rustc/202008a1b8de96d2e5b6bc02d379db03a877d34d/library/core/src/ops/function.rs:250:5
[INFO] [stdout]   41:     0x5b58293b809b - <alloc::boxed::Box<F,A> as core::ops::function::FnOnce<Args>>::call_once::h42f0ba71002a1b2c
[INFO] [stdout]                                at /rustc/202008a1b8de96d2e5b6bc02d379db03a877d34d/library/alloc/src/boxed.rs:1972:9
[INFO] [stdout]   42:     0x5b58293b809b - <alloc::boxed::Box<F,A> as core::ops::function::FnOnce<Args>>::call_once::had9e47d7a3dcecb8
[INFO] [stdout]                                at /rustc/202008a1b8de96d2e5b6bc02d379db03a877d34d/library/alloc/src/boxed.rs:1972:9
[INFO] [stdout]   43:     0x5b58293b809b - std::sys::pal::unix::thread::Thread::new::thread_start::h48cf765408f6f5f2
[INFO] [stdout]                                at /rustc/202008a1b8de96d2e5b6bc02d379db03a877d34d/library/std/src/sys/pal/unix/thread.rs:105:17
[INFO] [stdout]   44:     0x7ea18c8caac3 - <unknown>
[INFO] [stdout]   45:     0x7ea18c95ba04 - clone
[INFO] [stdout]   46:                0x0 - <unknown>
[INFO] [stdout] 
[INFO] [stdout] 
[INFO] [stdout] failures:
[INFO] [stdout]     tests::part1
[INFO] [stdout] 
[INFO] [stdout] test result: FAILED. 3 passed; 1 failed; 0 ignored; 0 measured; 0 filtered out; finished in 0.99s
[INFO] [stdout] 
[INFO] running `Command { std: "docker" "inspect" "32a057ec5ba3dd603ee8db0ccae7380f1b99a8a2675df27f7bbde55a530c7b28", kill_on_drop: false }`
[INFO] running `Command { std: "docker" "rm" "-f" "32a057ec5ba3dd603ee8db0ccae7380f1b99a8a2675df27f7bbde55a530c7b28", kill_on_drop: false }`
[INFO] [stdout] 32a057ec5ba3dd603ee8db0ccae7380f1b99a8a2675df27f7bbde55a530c7b28
