[INFO] cloning repository https://github.com/tmatilai/ruuvi2mqtt
[INFO] running `Command { std: "git" "-c" "credential.helper=" "-c" "credential.helper=/workspace/cargo-home/bin/git-credential-null" "clone" "--bare" "https://github.com/tmatilai/ruuvi2mqtt" "/workspace/cache/git-repos/https%3A%2F%2Fgithub.com%2Ftmatilai%2Fruuvi2mqtt", kill_on_drop: false }`
[INFO] [stderr] Cloning into bare repository '/workspace/cache/git-repos/https%3A%2F%2Fgithub.com%2Ftmatilai%2Fruuvi2mqtt'...
[INFO] running `Command { std: "git" "rev-parse" "HEAD", kill_on_drop: false }`
[INFO] [stdout] aec67a50ab2b75b4b7ce7912c0539426d86583fa
[INFO] testing tmatilai/ruuvi2mqtt against 1.83.0 for beta-1.84.0-4-retry
[INFO] running `Command { std: "git" "clone" "/workspace/cache/git-repos/https%3A%2F%2Fgithub.com%2Ftmatilai%2Fruuvi2mqtt" "/workspace/builds/worker-2-tc1/source", kill_on_drop: false }`
[INFO] [stderr] Cloning into '/workspace/builds/worker-2-tc1/source'...
[INFO] [stderr] done.
[INFO] validating manifest of git repo https://github.com/tmatilai/ruuvi2mqtt on toolchain 1.83.0
[INFO] running `Command { std: CARGO_HOME="/workspace/cargo-home" RUSTUP_HOME="/workspace/rustup-home" "/workspace/cargo-home/bin/cargo" "+1.83.0" "metadata" "--manifest-path" "Cargo.toml" "--no-deps", kill_on_drop: false }`
[INFO] started tweaking git repo https://github.com/tmatilai/ruuvi2mqtt
[INFO] finished tweaking git repo https://github.com/tmatilai/ruuvi2mqtt
[INFO] tweaked toml for git repo https://github.com/tmatilai/ruuvi2mqtt written to /workspace/builds/worker-2-tc1/source/Cargo.toml
[INFO] crate git repo https://github.com/tmatilai/ruuvi2mqtt already has a lockfile, it will not be regenerated
[INFO] running `Command { std: CARGO_HOME="/workspace/cargo-home" RUSTUP_HOME="/workspace/rustup-home" "/workspace/cargo-home/bin/cargo" "+1.83.0" "fetch" "--manifest-path" "Cargo.toml", kill_on_drop: false }`
[INFO] [stderr]     Updating crates.io index
[INFO] [stderr]  Downloading crates ...
[INFO] [stderr]   Downloaded ruuvi-sensor-protocol v0.6.1
[INFO] [stderr]   Downloaded objc2-core-bluetooth v0.2.2
[INFO] [stderr]   Downloaded rumqttc v0.24.0
[INFO] [stderr]   Downloaded btleplug v0.11.6
[INFO] [stderr]   Downloaded sysinfo v0.33.0
[INFO] running `Command { std: "docker" "create" "-v" "/var/lib/crater-agent-workspace/builds/worker-2-tc1/target:/opt/rustwide/target:rw,Z" "-v" "/var/lib/crater-agent-workspace/builds/worker-2-tc1/source:/opt/rustwide/workdir:ro,Z" "-v" "/var/lib/crater-agent-workspace/cargo-home:/opt/rustwide/cargo-home:ro,Z" "-v" "/var/lib/crater-agent-workspace/rustup-home:/opt/rustwide/rustup-home:ro,Z" "-e" "SOURCE_DIR=/opt/rustwide/workdir" "-e" "CARGO_TARGET_DIR=/opt/rustwide/target" "-e" "CARGO_HOME=/opt/rustwide/cargo-home" "-e" "RUSTUP_HOME=/opt/rustwide/rustup-home" "-w" "/opt/rustwide/workdir" "-m" "1610612736" "--user" "0:0" "--network" "none" "ghcr.io/rust-lang/crates-build-env/linux@sha256:f3a9d4ad9d972b27faf3965f35b62e55ba32bbce8f20bc8fe909558a86702fde" "/opt/rustwide/cargo-home/bin/cargo" "+1.83.0" "metadata" "--no-deps" "--format-version=1", kill_on_drop: false }`
[INFO] [stdout] 059e4effa73fa566a92865e7b211961c7c09450d0fdd8eca354d747bc2ed567e
[INFO] running `Command { std: "docker" "start" "-a" "059e4effa73fa566a92865e7b211961c7c09450d0fdd8eca354d747bc2ed567e", kill_on_drop: false }`
[INFO] running `Command { std: "docker" "inspect" "059e4effa73fa566a92865e7b211961c7c09450d0fdd8eca354d747bc2ed567e", kill_on_drop: false }`
[INFO] running `Command { std: "docker" "rm" "-f" "059e4effa73fa566a92865e7b211961c7c09450d0fdd8eca354d747bc2ed567e", kill_on_drop: false }`
[INFO] [stdout] 059e4effa73fa566a92865e7b211961c7c09450d0fdd8eca354d747bc2ed567e
[INFO] running `Command { std: "docker" "create" "-v" "/var/lib/crater-agent-workspace/builds/worker-2-tc1/target:/opt/rustwide/target:rw,Z" "-v" "/var/lib/crater-agent-workspace/builds/worker-2-tc1/source:/opt/rustwide/workdir:ro,Z" "-v" "/var/lib/crater-agent-workspace/cargo-home:/opt/rustwide/cargo-home:ro,Z" "-v" "/var/lib/crater-agent-workspace/rustup-home:/opt/rustwide/rustup-home:ro,Z" "-e" "SOURCE_DIR=/opt/rustwide/workdir" "-e" "CARGO_TARGET_DIR=/opt/rustwide/target" "-e" "CARGO_INCREMENTAL=0" "-e" "RUST_BACKTRACE=full" "-e" "RUSTFLAGS=--cap-lints=warn" "-e" "RUSTDOCFLAGS=--cap-lints=warn" "-e" "CARGO_HOME=/opt/rustwide/cargo-home" "-e" "RUSTUP_HOME=/opt/rustwide/rustup-home" "-w" "/opt/rustwide/workdir" "-m" "1610612736" "--user" "0:0" "--network" "none" "ghcr.io/rust-lang/crates-build-env/linux@sha256:f3a9d4ad9d972b27faf3965f35b62e55ba32bbce8f20bc8fe909558a86702fde" "/opt/rustwide/cargo-home/bin/cargo" "+1.83.0" "build" "--frozen" "--message-format=json", kill_on_drop: false }`
[INFO] [stdout] b3202f4519aea18745ecb6174e09434e65d65f812de0f72fbf756ab72e4ca919
[INFO] running `Command { std: "docker" "start" "-a" "b3202f4519aea18745ecb6174e09434e65d65f812de0f72fbf756ab72e4ca919", kill_on_drop: false }`
[INFO] [stderr]    Compiling proc-macro2 v1.0.92
[INFO] [stderr]    Compiling unicode-ident v1.0.14
[INFO] [stderr]    Compiling libc v0.2.167
[INFO] [stderr]    Compiling autocfg v1.4.0
[INFO] [stderr]    Compiling shlex v1.3.0
[INFO] [stderr]    Compiling memchr v2.7.4
[INFO] [stderr]    Compiling futures-sink v0.3.31
[INFO] [stderr]    Compiling futures-core v0.3.31
[INFO] [stderr]    Compiling cc v1.2.3
[INFO] [stderr]    Compiling pin-project-lite v0.2.15
[INFO] [stderr]    Compiling cfg-if v1.0.0
[INFO] [stderr]    Compiling scopeguard v1.2.0
[INFO] [stderr]    Compiling futures-channel v0.3.31
[INFO] [stderr]    Compiling pin-utils v0.1.0
[INFO] [stderr]    Compiling crossbeam-utils v0.8.20
[INFO] [stderr]    Compiling futures-task v0.3.31
[INFO] [stderr]    Compiling futures-io v0.3.31
[INFO] [stderr]    Compiling lock_api v0.4.12
[INFO] [stderr]    Compiling slab v0.4.9
[INFO] [stderr]    Compiling pkg-config v0.3.31
[INFO] [stderr]    Compiling log v0.4.22
[INFO] [stderr]    Compiling serde v1.0.215
[INFO] [stderr]    Compiling bytes v1.9.0
[INFO] [stderr]    Compiling strsim v0.11.1
[INFO] [stderr]    Compiling quote v1.0.37
[INFO] [stderr]    Compiling spin v0.9.8
[INFO] [stderr]    Compiling mio v1.0.3
[INFO] [stderr]    Compiling getrandom v0.2.15
[INFO] [stderr]    Compiling syn v2.0.90
[INFO] [stderr]    Compiling socket2 v0.5.8
[INFO] [stderr]    Compiling thiserror v1.0.69
[INFO] [stderr]    Compiling rustls-pki-types v1.10.0
[INFO] [stderr]    Compiling bitflags v2.6.0
[INFO] [stderr]    Compiling ident_case v1.0.1
[INFO] [stderr]    Compiling ring v0.17.8
[INFO] [stderr]    Compiling libdbus-sys v0.2.5
[INFO] [stderr]    Compiling untrusted v0.9.0
[INFO] [stderr]    Compiling utf8parse v0.2.2
[INFO] [stderr]    Compiling fnv v1.0.7
[INFO] [stderr]    Compiling rustix v0.38.41
[INFO] [stderr]    Compiling either v1.13.0
[INFO] [stderr]    Compiling anstyle-parse v0.2.6
[INFO] [stderr]    Compiling crossbeam-epoch v0.9.18
[INFO] [stderr]    Compiling aho-corasick v1.1.3
[INFO] [stderr]    Compiling byteorder v1.5.0
[INFO] [stderr]    Compiling rayon-core v1.12.1
[INFO] [stderr]    Compiling linux-raw-sys v0.4.14
[INFO] [stderr]    Compiling regex-syntax v0.8.5
[INFO] [stderr]    Compiling colorchoice v1.0.3
[INFO] [stderr]    Compiling parking_lot_core v0.9.10
[INFO] [stderr]    Compiling rustls v0.22.4
[INFO] [stderr]    Compiling anstyle v1.0.10
[INFO] [stderr]    Compiling is_terminal_polyfill v1.70.1
[INFO] [stderr]    Compiling anstyle-query v1.1.2
[INFO] [stderr]    Compiling anstream v0.6.18
[INFO] [stderr]    Compiling crossbeam-deque v0.8.5
[INFO] [stderr]    Compiling xml-rs v0.8.24
[INFO] [stderr]    Compiling subtle v2.6.1
[INFO] [stderr]    Compiling smallvec v1.13.2
[INFO] [stderr]    Compiling regex-automata v0.4.9
[INFO] [stderr]    Compiling zeroize v1.8.1
[INFO] [stderr]    Compiling terminal_size v0.4.1
[INFO] [stderr]    Compiling itertools v0.10.5
[INFO] [stderr]    Compiling darling_core v0.20.10
[INFO] [stderr]    Compiling regex v1.11.1
[INFO] [stderr]    Compiling rustls-pemfile v2.2.0
[INFO] [stderr]    Compiling rand_core v0.6.4
[INFO] [stderr]    Compiling once_cell v1.20.2
[INFO] [stderr]    Compiling hashbrown v0.15.2
[INFO] [stderr]    Compiling rustls-webpki v0.102.8
[INFO] [stderr]    Compiling clap_lex v0.7.4
[INFO] [stderr]    Compiling itoa v1.0.14
[INFO] [stderr]    Compiling serde_json v1.0.133
[INFO] [stderr]    Compiling ryu v1.0.18
[INFO] [stderr]    Compiling equivalent v1.0.1
[INFO] [stderr]    Compiling hashbrown v0.14.5
[INFO] [stderr]    Compiling uuid v1.11.0
[INFO] [stderr]    Compiling futures-macro v0.3.31
[INFO] [stderr]    Compiling tokio-macros v2.4.0
[INFO] [stderr]    Compiling serde_derive v1.0.215
[INFO] [stderr]    Compiling thiserror-impl v1.0.69
[INFO] [stderr]    Compiling zerocopy-derive v0.7.35
[INFO] [stderr]    Compiling async-trait v0.1.83
[INFO] [stderr]    Compiling tokio v1.42.0
[INFO] [stderr]    Compiling futures-util v0.3.31
[INFO] [stderr]    Compiling zerocopy v0.7.35
[INFO] [stderr]    Compiling darling_macro v0.20.10
[INFO] [stderr]    Compiling heck v0.5.0
[INFO] [stderr]    Compiling ppv-lite86 v0.2.20
[INFO] [stderr]    Compiling anyhow v1.0.94
[INFO] [stderr]    Compiling openssl-probe v0.1.5
[INFO] [stderr]    Compiling darling v0.20.10
[INFO] [stderr]    Compiling unicode-xid v0.2.6
[INFO] [stderr]    Compiling serde_with_macros v3.11.0
[INFO] [stderr]    Compiling derive_more-impl v1.0.0
[INFO] [stderr]    Compiling rand_chacha v0.3.1
[INFO] [stderr]    Compiling rustls-native-certs v0.7.3
[INFO] [stderr]    Compiling clap_derive v4.5.18
[INFO] [stderr]    Compiling dashmap v6.1.0
[INFO] [stderr]    Compiling dbus v0.9.7
[INFO] [stderr]    Compiling futures-executor v0.3.31
[INFO] [stderr]    Compiling indexmap v2.7.0
[INFO] [stderr]    Compiling futures v0.3.31
[INFO] [stderr]    Compiling clap_builder v4.5.23
[INFO] [stderr]    Compiling env_filter v0.1.2
[INFO] [stderr]    Compiling rayon v1.10.0
[INFO] [stderr]    Compiling flume v0.11.1
[INFO] [stderr]    Compiling unsafe-libyaml v0.2.11
[INFO] [stderr]    Compiling static_assertions v1.1.0
[INFO] [stderr]    Compiling tokio-util v0.7.13
[INFO] [stderr]    Compiling tokio-stream v0.1.17
[INFO] [stderr]    Compiling tokio-rustls v0.25.0
[INFO] [stderr]    Compiling humantime v2.1.0
[INFO] [stderr]    Compiling env_logger v0.11.5
[INFO] [stderr]    Compiling rumqttc v0.24.0
[INFO] [stderr]    Compiling derive_more v1.0.0
[INFO] [stderr]    Compiling rand v0.8.5
[INFO] [stderr]    Compiling bluez-generated v0.3.0
[INFO] [stderr]    Compiling dbus-tokio v0.7.6
[INFO] [stderr]    Compiling sysinfo v0.33.0
[INFO] [stderr]    Compiling clap v4.5.23
[INFO] [stderr]    Compiling ruuvi-sensor-protocol v0.6.1
[INFO] [stderr]    Compiling serde-xml-rs v0.6.0
[INFO] [stderr]    Compiling serde_with v3.11.0
[INFO] [stderr]    Compiling bluez-async v0.7.2
[INFO] [stderr]    Compiling serde_yaml v0.9.34+deprecated
[INFO] [stderr]    Compiling btleplug v0.11.6
[INFO] [stderr]    Compiling ruuvi2mqtt v1.3.4-dev (/opt/rustwide/workdir)
[INFO] [stderr]     Finished `dev` profile [unoptimized + debuginfo] target(s) in 2m 13s
[INFO] running `Command { std: "docker" "inspect" "b3202f4519aea18745ecb6174e09434e65d65f812de0f72fbf756ab72e4ca919", kill_on_drop: false }`
[INFO] running `Command { std: "docker" "rm" "-f" "b3202f4519aea18745ecb6174e09434e65d65f812de0f72fbf756ab72e4ca919", kill_on_drop: false }`
[INFO] [stdout] b3202f4519aea18745ecb6174e09434e65d65f812de0f72fbf756ab72e4ca919
[INFO] running `Command { std: "docker" "create" "-v" "/var/lib/crater-agent-workspace/builds/worker-2-tc1/target:/opt/rustwide/target:rw,Z" "-v" "/var/lib/crater-agent-workspace/builds/worker-2-tc1/source:/opt/rustwide/workdir:ro,Z" "-v" "/var/lib/crater-agent-workspace/cargo-home:/opt/rustwide/cargo-home:ro,Z" "-v" "/var/lib/crater-agent-workspace/rustup-home:/opt/rustwide/rustup-home:ro,Z" "-e" "SOURCE_DIR=/opt/rustwide/workdir" "-e" "CARGO_TARGET_DIR=/opt/rustwide/target" "-e" "CARGO_INCREMENTAL=0" "-e" "RUST_BACKTRACE=full" "-e" "RUSTFLAGS=--cap-lints=warn" "-e" "RUSTDOCFLAGS=--cap-lints=warn" "-e" "CARGO_HOME=/opt/rustwide/cargo-home" "-e" "RUSTUP_HOME=/opt/rustwide/rustup-home" "-w" "/opt/rustwide/workdir" "-m" "1610612736" "--user" "0:0" "--network" "none" "ghcr.io/rust-lang/crates-build-env/linux@sha256:f3a9d4ad9d972b27faf3965f35b62e55ba32bbce8f20bc8fe909558a86702fde" "/opt/rustwide/cargo-home/bin/cargo" "+1.83.0" "test" "--frozen" "--no-run" "--message-format=json", kill_on_drop: false }`
[INFO] [stdout] 6e2e28b18f3d0852c60efac7e435e70f4c4751a80041e75a4241a18580fd0af0
[INFO] running `Command { std: "docker" "start" "-a" "6e2e28b18f3d0852c60efac7e435e70f4c4751a80041e75a4241a18580fd0af0", kill_on_drop: false }`
[INFO] [stderr]    Compiling shlex v1.3.0
[INFO] [stderr]    Compiling rustix v0.38.41
[INFO] [stderr]    Compiling same-file v1.0.6
[INFO] [stderr]    Compiling fastrand v2.2.0
[INFO] [stderr]    Compiling snapbox-macros v0.3.10
[INFO] [stderr]    Compiling toml_datetime v0.6.8
[INFO] [stderr]    Compiling serde_spanned v0.6.8
[INFO] [stderr]    Compiling filetime v0.2.25
[INFO] [stderr]    Compiling os_pipe v1.2.1
[INFO] [stderr]    Compiling walkdir v2.5.0
[INFO] [stderr]    Compiling cc v1.2.3
[INFO] [stderr]    Compiling wait-timeout v0.2.0
[INFO] [stderr]    Compiling content_inspector v0.2.4
[INFO] [stderr]    Compiling winnow v0.6.20
[INFO] [stderr]    Compiling similar v2.6.0
[INFO] [stderr]    Compiling normalize-line-endings v0.3.0
[INFO] [stderr]    Compiling dunce v1.0.5
[INFO] [stderr]    Compiling humantime-serde v1.1.1
[INFO] [stderr]    Compiling automod v1.0.14
[INFO] [stderr]    Compiling glob v0.3.1
[INFO] [stderr]    Compiling libdbus-sys v0.2.5
[INFO] [stderr]    Compiling ring v0.17.8
[INFO] [stderr]    Compiling toml_edit v0.22.22
[INFO] [stderr]    Compiling terminal_size v0.4.1
[INFO] [stderr]    Compiling tempfile v3.14.0
[INFO] [stderr]    Compiling clap_builder v4.5.23
[INFO] [stderr]    Compiling snapbox v0.6.20
[INFO] [stderr]    Compiling trycmd v0.15.8
[INFO] [stderr]    Compiling rustls v0.22.4
[INFO] [stderr]    Compiling clap v4.5.23
[INFO] [stderr]    Compiling rustls-webpki v0.102.8
[INFO] [stderr]    Compiling dbus v0.9.7
[INFO] [stderr]    Compiling tokio-rustls v0.25.0
[INFO] [stderr]    Compiling rumqttc v0.24.0
[INFO] [stderr]    Compiling bluez-generated v0.3.0
[INFO] [stderr]    Compiling dbus-tokio v0.7.6
[INFO] [stderr]    Compiling bluez-async v0.7.2
[INFO] [stderr]    Compiling btleplug v0.11.6
[INFO] [stderr]    Compiling ruuvi2mqtt v1.3.4-dev (/opt/rustwide/workdir)
[INFO] [stderr]     Finished `test` profile [unoptimized + debuginfo] target(s) in 1m 15s
[INFO] running `Command { std: "docker" "inspect" "6e2e28b18f3d0852c60efac7e435e70f4c4751a80041e75a4241a18580fd0af0", kill_on_drop: false }`
[INFO] running `Command { std: "docker" "rm" "-f" "6e2e28b18f3d0852c60efac7e435e70f4c4751a80041e75a4241a18580fd0af0", kill_on_drop: false }`
[INFO] [stdout] 6e2e28b18f3d0852c60efac7e435e70f4c4751a80041e75a4241a18580fd0af0
[INFO] running `Command { std: "docker" "create" "-v" "/var/lib/crater-agent-workspace/builds/worker-2-tc1/target:/opt/rustwide/target:rw,Z" "-v" "/var/lib/crater-agent-workspace/builds/worker-2-tc1/source:/opt/rustwide/workdir:ro,Z" "-v" "/var/lib/crater-agent-workspace/cargo-home:/opt/rustwide/cargo-home:ro,Z" "-v" "/var/lib/crater-agent-workspace/rustup-home:/opt/rustwide/rustup-home:ro,Z" "-e" "SOURCE_DIR=/opt/rustwide/workdir" "-e" "CARGO_TARGET_DIR=/opt/rustwide/target" "-e" "CARGO_INCREMENTAL=0" "-e" "RUST_BACKTRACE=full" "-e" "RUSTFLAGS=--cap-lints=warn" "-e" "RUSTDOCFLAGS=--cap-lints=warn" "-e" "CARGO_HOME=/opt/rustwide/cargo-home" "-e" "RUSTUP_HOME=/opt/rustwide/rustup-home" "-w" "/opt/rustwide/workdir" "-m" "1610612736" "--user" "0:0" "--network" "none" "ghcr.io/rust-lang/crates-build-env/linux@sha256:f3a9d4ad9d972b27faf3965f35b62e55ba32bbce8f20bc8fe909558a86702fde" "/opt/rustwide/cargo-home/bin/cargo" "+1.83.0" "test" "--frozen", kill_on_drop: false }`
[INFO] [stdout] 0db7a04641126cb4e56cdd8114c9278a39570ccede21586eab7cb55f55a5fed3
[INFO] running `Command { std: "docker" "start" "-a" "0db7a04641126cb4e56cdd8114c9278a39570ccede21586eab7cb55f55a5fed3", kill_on_drop: false }`
[INFO] [stderr]     Finished `test` profile [unoptimized + debuginfo] target(s) in 0.29s
[INFO] [stderr]      Running unittests src/main.rs (/opt/rustwide/target/debug/deps/ruuvi2mqtt-374fcb7a45425312)
[INFO] [stdout] 
[INFO] [stdout] running 1 test
[INFO] [stdout] test config::verify_cli ... ok
[INFO] [stdout] 
[INFO] [stdout] test result: ok. 1 passed; 0 failed; 0 ignored; 0 measured; 0 filtered out; finished in 0.00s
[INFO] [stdout] 
[INFO] [stderr]      Running tests/cli_tests.rs (/opt/rustwide/target/debug/deps/cli_tests-dff36c3a9ed311d9)
[INFO] [stdout] 
[INFO] [stdout] running 1 test
[INFO] [stderr] Testing tests/cmd/help.toml ... ok
[INFO] [stderr] Testing tests/cmd/config-not-found-failure.toml ... failed
[INFO] [stderr] Exit: 1
[INFO] [stderr] stdout:
[INFO] [stderr] 
[INFO] [stderr] 
[INFO] [stderr] ---- expected: stderr
[INFO] [stderr] ++++ actual:   stderr
[INFO] [stderr]    1    1 | [[..] INFO  ruuvi2mqtt] ruuvi2mqtt [..]
[INFO] [stderr]    2    2 | Error: Failed to read non-existing.yaml
[INFO] [stderr]    3    3 | 
[INFO] [stderr]    4    4 | Caused by:
[INFO] [stderr]    5    5 |     No such file or directory (os error 2)
[INFO] [stderr]         6 + 
[INFO] [stderr]         7 + Stack backtrace:
[INFO] [stderr]         8 +    0: <E as anyhow::context::ext::StdError>::ext_context
[INFO] [stderr]         9 +              at /opt/rustwide/cargo-home/registry/src/index.crates.io-6f17d22bba15001f/anyhow-1.0.94/src/backtrace.rs:27:14
[INFO] [stderr]        10 +    1: anyhow::context::<impl anyhow::Context<T,E> for core::result::Result<T,E>>::with_context
[INFO] [stderr]        11 +              at /opt/rustwide/cargo-home/registry/src/index.crates.io-6f17d22bba15001f/anyhow-1.0.94/src/context.rs:65:31
[INFO] [stderr]        12 +    2: ruuvi2mqtt::config::Config::load
[INFO] [stderr]        13 +              at ./src/config.rs:58:26
[INFO] [stderr]        14 +    3: ruuvi2mqtt::main::{{closure}}
[INFO] [stderr]        15 +              at ./src/main.rs:37:18
[INFO] [stderr]        16 +    4: tokio::runtime::park::CachedParkThread::block_on::{{closure}}
[INFO] [stderr]        17 +              at /opt/rustwide/cargo-home/registry/src/index.crates.io-6f17d22bba15001f/tokio-1.42.0/src/runtime/park.rs:281:63
[INFO] [stderr]        18 +    5: tokio::runtime::coop::with_budget
[INFO] [stderr]        19 +              at /opt/rustwide/cargo-home/registry/src/index.crates.io-6f17d22bba15001f/tokio-1.42.0/src/runtime/coop.rs:107:5
[INFO] [stderr]        20 +    6: tokio::runtime::coop::budget
[INFO] [stderr]        21 +              at /opt/rustwide/cargo-home/registry/src/index.crates.io-6f17d22bba15001f/tokio-1.42.0/src/runtime/coop.rs:73:5
[INFO] [stderr]        22 +    7: tokio::runtime::park::CachedParkThread::block_on
[INFO] [stderr]        23 +              at /opt/rustwide/cargo-home/registry/src/index.crates.io-6f17d22bba15001f/tokio-1.42.0/src/runtime/park.rs:281:31
[INFO] [stderr]        24 +    8: tokio::runtime::context::blocking::BlockingRegionGuard::block_on
[INFO] [stderr]        25 +              at /opt/rustwide/cargo-home/registry/src/index.crates.io-6f17d22bba15001f/tokio-1.42.0/src/runtime/context/blocking.rs:66:9
[INFO] [stderr]        26 +    9: tokio::runtime::scheduler::multi_thread::MultiThread::block_on::{{closure}}
[INFO] [stderr]        27 +              at /opt/rustwide/cargo-home/registry/src/index.crates.io-6f17d22bba15001f/tokio-1.42.0/src/runtime/scheduler/multi_thread/mod.rs:87:13
[INFO] [stderr]        28 +   10: tokio::runtime::context::runtime::enter_runtime
[INFO] [stderr]        29 +              at /opt/rustwide/cargo-home/registry/src/index.crates.io-6f17d22bba15001f/tokio-1.42.0/src/runtime/context/runtime.rs:65:16
[INFO] [stderr]        30 +   11: tokio::runtime::scheduler::multi_thread::MultiThread::block_on
[INFO] [stderr]        31 +              at /opt/rustwide/cargo-home/registry/src/index.crates.io-6f17d22bba15001f/tokio-1.42.0/src/runtime/scheduler/multi_thread/mod.rs:86:9
[INFO] [stderr]        32 +   12: tokio::runtime::runtime::Runtime::block_on_inner
[INFO] [stderr]        33 +              at /opt/rustwide/cargo-home/registry/src/index.crates.io-6f17d22bba15001f/tokio-1.42.0/src/runtime/runtime.rs:370:45
[INFO] [stderr]        34 +   13: tokio::runtime::runtime::Runtime::block_on
[INFO] [stderr]        35 +              at /opt/rustwide/cargo-home/registry/src/index.crates.io-6f17d22bba15001f/tokio-1.42.0/src/runtime/runtime.rs:342:13
[INFO] [stderr]        36 +   14: ruuvi2mqtt::main
[INFO] [stderr]        37 +              at ./src/main.rs:49:5
[INFO] [stderr]        38 +   15: core::ops::function::FnOnce::call_once
[INFO] [stderr]        39 +              at /rustc/90b35a6239c3d8bdabc530a6a0816f7ff89a0aaf/library/core/src/ops/function.rs:250:5
[INFO] [stderr]        40 +   16: std::sys::backtrace::__rust_begin_short_backtrace
[INFO] [stderr]        41 +              at /rustc/90b35a6239c3d8bdabc530a6a0816f7ff89a0aaf/library/std/src/sys/backtrace.rs:154:18
[INFO] [stderr]        42 +   17: std::rt::lang_start::{{closure}}
[INFO] [stderr]        43 +              at /rustc/90b35a6239c3d8bdabc530a6a0816f7ff89a0aaf/library/std/src/rt.rs:195:18
[INFO] [stderr]        44 +   18: core::ops::function::impls::<impl core::ops::function::FnOnce<A> for &F>::call_once
[INFO] [stderr]        45 +              at /rustc/90b35a6239c3d8bdabc530a6a0816f7ff89a0aaf/library/core/src/ops/function.rs:284:13
[INFO] [stderr]        46 +   19: std::panicking::try::do_call
[INFO] [stderr]        47 +              at /rustc/90b35a6239c3d8bdabc530a6a0816f7ff89a0aaf/library/std/src/panicking.rs:557:40
[INFO] [stderr]        48 +   20: std::panicking::try
[INFO] [stderr]        49 +              at /rustc/90b35a6239c3d8bdabc530a6a0816f7ff89a0aaf/library/std/src/panicking.rs:520:19
[INFO] [stderr]        50 +   21: std::panic::catch_unwind
[INFO] [stderr]        51 +              at /rustc/90b35a6239c3d8bdabc530a6a0816f7ff89a0aaf/library/std/src/panic.rs:358:14
[INFO] [stderr]        52 +   22: std::rt::lang_start_internal::{{closure}}
[INFO] [stderr]        53 +              at /rustc/90b35a6239c3d8bdabc530a6a0816f7ff89a0aaf/library/std/src/rt.rs:174:48
[INFO] [stderr]        54 +   23: std::panicking::try::do_call
[INFO] [stderr]        55 +              at /rustc/90b35a6239c3d8bdabc530a6a0816f7ff89a0aaf/library/std/src/panicking.rs:557:40
[INFO] [stderr]        56 +   24: std::panicking::try
[INFO] [stderr]        57 +              at /rustc/90b35a6239c3d8bdabc530a6a0816f7ff89a0aaf/library/std/src/panicking.rs:520:19
[INFO] [stderr]        58 +   25: std::panic::catch_unwind
[INFO] [stderr]        59 +              at /rustc/90b35a6239c3d8bdabc530a6a0816f7ff89a0aaf/library/std/src/panic.rs:358:14
[INFO] [stderr]        60 +   26: std::rt::lang_start_internal
[INFO] [stderr]        61 +              at /rustc/90b35a6239c3d8bdabc530a6a0816f7ff89a0aaf/library/std/src/rt.rs:174:20
[INFO] [stderr]        62 +   27: std::rt::lang_start
[INFO] [stderr]        63 +              at /rustc/90b35a6239c3d8bdabc530a6a0816f7ff89a0aaf/library/std/src/rt.rs:194:17
[INFO] [stderr]        64 +   28: main
[INFO] [stderr]        65 +   29: <unknown>
[INFO] [stderr]        66 +   30: __libc_start_main
[INFO] [stderr]        67 +   31: _start
[INFO] [stderr] Update snapshots with `TRYCMD=overwrite`
[INFO] [stderr] Debug output with `TRYCMD=dump`
[INFO] [stdout] test cli_tests ... FAILED
[INFO] [stdout] 
[INFO] [stdout] failures:
[INFO] [stdout] 
[INFO] [stdout] ---- cli_tests stdout ----
[INFO] [stdout] thread 'cli_tests' panicked at /opt/rustwide/cargo-home/registry/src/index.crates.io-6f17d22bba15001f/trycmd-0.15.8/src/runner.rs:106:17:
[INFO] [stdout] 1 of 2 tests failed
[INFO] [stdout] stack backtrace:
[INFO] [stdout]    0:     0x5ee3ae5bc52a - std::backtrace_rs::backtrace::libunwind::trace::h5a5b8284f2d0c266
[INFO] [stdout]                                at /rustc/90b35a6239c3d8bdabc530a6a0816f7ff89a0aaf/library/std/src/../../backtrace/src/backtrace/libunwind.rs:116:5
[INFO] [stdout]    1:     0x5ee3ae5bc52a - std::backtrace_rs::backtrace::trace_unsynchronized::h76d4f1c9b0b875e3
[INFO] [stdout]                                at /rustc/90b35a6239c3d8bdabc530a6a0816f7ff89a0aaf/library/std/src/../../backtrace/src/backtrace/mod.rs:66:5
[INFO] [stdout]    2:     0x5ee3ae5bc52a - std::sys::backtrace::_print_fmt::hc4546b8364a537c6
[INFO] [stdout]                                at /rustc/90b35a6239c3d8bdabc530a6a0816f7ff89a0aaf/library/std/src/sys/backtrace.rs:66:9
[INFO] [stdout]    3:     0x5ee3ae5bc52a - <std::sys::backtrace::BacktraceLock::print::DisplayBacktrace as core::fmt::Display>::fmt::h5b6bd5631a6d1f6b
[INFO] [stdout]                                at /rustc/90b35a6239c3d8bdabc530a6a0816f7ff89a0aaf/library/std/src/sys/backtrace.rs:39:26
[INFO] [stdout]    4:     0x5ee3ae5e4f73 - core::fmt::rt::Argument::fmt::h270f6602a2b96f62
[INFO] [stdout]                                at /rustc/90b35a6239c3d8bdabc530a6a0816f7ff89a0aaf/library/core/src/fmt/rt.rs:177:76
[INFO] [stdout]    5:     0x5ee3ae5e4f73 - core::fmt::write::h7550c97b06c86515
[INFO] [stdout]                                at /rustc/90b35a6239c3d8bdabc530a6a0816f7ff89a0aaf/library/core/src/fmt/mod.rs:1186:21
[INFO] [stdout]    6:     0x5ee3ae5b8713 - std::io::Write::write_fmt::h509ff860e5956e5e
[INFO] [stdout]                                at /rustc/90b35a6239c3d8bdabc530a6a0816f7ff89a0aaf/library/std/src/io/mod.rs:1839:15
[INFO] [stdout]    7:     0x5ee3ae5bc372 - std::sys::backtrace::BacktraceLock::print::h2395ccd2c84ba3aa
[INFO] [stdout]                                at /rustc/90b35a6239c3d8bdabc530a6a0816f7ff89a0aaf/library/std/src/sys/backtrace.rs:42:9
[INFO] [stdout]    8:     0x5ee3ae5bdf8a - std::panicking::default_hook::{{closure}}::he19d4c7230e07961
[INFO] [stdout]                                at /rustc/90b35a6239c3d8bdabc530a6a0816f7ff89a0aaf/library/std/src/panicking.rs:268:22
[INFO] [stdout]    9:     0x5ee3ae5bdd94 - std::panicking::default_hook::hf614597d3c67bbdb
[INFO] [stdout]                                at /rustc/90b35a6239c3d8bdabc530a6a0816f7ff89a0aaf/library/std/src/panicking.rs:292:9
[INFO] [stdout]   10:     0x5ee3ae5850c9 - <alloc::boxed::Box<F,A> as core::ops::function::Fn<Args>>::call::h39b51ce4599c23d1
[INFO] [stdout]                                at /rustc/90b35a6239c3d8bdabc530a6a0816f7ff89a0aaf/library/alloc/src/boxed.rs:2468:9
[INFO] [stdout]   11:     0x5ee3ae5850c9 - test::test_main::{{closure}}::he977ae839a582784
[INFO] [stdout]                                at /rustc/90b35a6239c3d8bdabc530a6a0816f7ff89a0aaf/library/test/src/lib.rs:133:21
[INFO] [stdout]   12:     0x5ee3ae5be628 - <alloc::boxed::Box<F,A> as core::ops::function::Fn<Args>>::call::h9455091b6b06f9fb
[INFO] [stdout]                                at /rustc/90b35a6239c3d8bdabc530a6a0816f7ff89a0aaf/library/alloc/src/boxed.rs:2468:9
[INFO] [stdout]   13:     0x5ee3ae5be628 - std::panicking::rust_panic_with_hook::h8942133a8b252070
[INFO] [stdout]                                at /rustc/90b35a6239c3d8bdabc530a6a0816f7ff89a0aaf/library/std/src/panicking.rs:809:13
[INFO] [stdout]   14:     0x5ee3ae5be3ea - std::panicking::begin_panic_handler::{{closure}}::hb5f5963570096b29
[INFO] [stdout]                                at /rustc/90b35a6239c3d8bdabc530a6a0816f7ff89a0aaf/library/std/src/panicking.rs:674:13
[INFO] [stdout]   15:     0x5ee3ae5bca09 - std::sys::backtrace::__rust_end_short_backtrace::h6208cedc1922feda
[INFO] [stdout]                                at /rustc/90b35a6239c3d8bdabc530a6a0816f7ff89a0aaf/library/std/src/sys/backtrace.rs:170:18
[INFO] [stdout]   16:     0x5ee3ae5be07c - rust_begin_unwind
[INFO] [stdout]                                at /rustc/90b35a6239c3d8bdabc530a6a0816f7ff89a0aaf/library/std/src/panicking.rs:665:5
[INFO] [stdout]   17:     0x5ee3ae251310 - core::panicking::panic_fmt::h0c3082644d1bf418
[INFO] [stdout]                                at /rustc/90b35a6239c3d8bdabc530a6a0816f7ff89a0aaf/library/core/src/panicking.rs:74:14
[INFO] [stdout]   18:     0x5ee3ae466573 - core::panicking::panic_display::hb1cff1a235650c6a
[INFO] [stdout]                                at /rustc/90b35a6239c3d8bdabc530a6a0816f7ff89a0aaf/library/core/src/panicking.rs:264:5
[INFO] [stdout]   19:     0x5ee3ae27e11e - trycmd::runner::Runner::run::panic_cold_display::h79d622cbb1a18322
[INFO] [stdout]                                at /rustc/90b35a6239c3d8bdabc530a6a0816f7ff89a0aaf/library/core/src/panic.rs:100:13
[INFO] [stdout]   20:     0x5ee3ae2723dd - trycmd::runner::Runner::run::ha5f11f296a871ed9
[INFO] [stdout]                                at /opt/rustwide/cargo-home/registry/src/index.crates.io-6f17d22bba15001f/trycmd-0.15.8/src/runner.rs:106:17
[INFO] [stdout]   21:     0x5ee3ae25b266 - trycmd::cases::TestCases::run::hd496dd5a1c91a5dd
[INFO] [stdout]                                at /opt/rustwide/cargo-home/registry/src/index.crates.io-6f17d22bba15001f/trycmd-0.15.8/src/cases.rs:182:9
[INFO] [stdout]   22:     0x5ee3ae25b30a - <trycmd::cases::TestCases as core::ops::drop::Drop>::drop::hfbae76bc8cbe3242
[INFO] [stdout]                                at /opt/rustwide/cargo-home/registry/src/index.crates.io-6f17d22bba15001f/trycmd-0.15.8/src/cases.rs:192:13
[INFO] [stdout]   23:     0x5ee3ae2580a7 - core::ptr::drop_in_place<trycmd::cases::TestCases>::h6819eba3feba1473
[INFO] [stdout]                                at /rustc/90b35a6239c3d8bdabc530a6a0816f7ff89a0aaf/library/core/src/ptr/mod.rs:574:1
[INFO] [stdout]   24:     0x5ee3ae252213 - cli_tests::cli_tests::h118b70951623203b
[INFO] [stdout]                                at /opt/rustwide/workdir/tests/cli_tests.rs:3:54
[INFO] [stdout]   25:     0x5ee3ae252197 - cli_tests::cli_tests::{{closure}}::h6ca03c9870dbf88a
[INFO] [stdout]                                at /opt/rustwide/workdir/tests/cli_tests.rs:2:15
[INFO] [stdout]   26:     0x5ee3ae251ec6 - core::ops::function::FnOnce::call_once::h76058f6fe080413d
[INFO] [stdout]                                at /rustc/90b35a6239c3d8bdabc530a6a0816f7ff89a0aaf/library/core/src/ops/function.rs:250:5
[INFO] [stdout]   27:     0x5ee3ae589a8b - core::ops::function::FnOnce::call_once::h109cf8051a59b34e
[INFO] [stdout]                                at /rustc/90b35a6239c3d8bdabc530a6a0816f7ff89a0aaf/library/core/src/ops/function.rs:250:5
[INFO] [stdout]   28:     0x5ee3ae589a8b - test::__rust_begin_short_backtrace::hf4fff89d377446ba
[INFO] [stdout]                                at /rustc/90b35a6239c3d8bdabc530a6a0816f7ff89a0aaf/library/test/src/lib.rs:621:18
[INFO] [stdout]   29:     0x5ee3ae5892c7 - test::run_test_in_process::{{closure}}::h0e39181dd7ee5a43
[INFO] [stdout]                                at /rustc/90b35a6239c3d8bdabc530a6a0816f7ff89a0aaf/library/test/src/lib.rs:644:60
[INFO] [stdout]   30:     0x5ee3ae5892c7 - <core::panic::unwind_safe::AssertUnwindSafe<F> as core::ops::function::FnOnce<()>>::call_once::hc5a66a30f0bdfd1f
[INFO] [stdout]                                at /rustc/90b35a6239c3d8bdabc530a6a0816f7ff89a0aaf/library/core/src/panic/unwind_safe.rs:272:9
[INFO] [stdout]   31:     0x5ee3ae5892c7 - std::panicking::try::do_call::h873b7cf639554a5e
[INFO] [stdout]                                at /rustc/90b35a6239c3d8bdabc530a6a0816f7ff89a0aaf/library/std/src/panicking.rs:557:40
[INFO] [stdout]   32:     0x5ee3ae5892c7 - std::panicking::try::hdb19862fad9c8bd1
[INFO] [stdout]                                at /rustc/90b35a6239c3d8bdabc530a6a0816f7ff89a0aaf/library/std/src/panicking.rs:520:19
[INFO] [stdout]   33:     0x5ee3ae5892c7 - std::panic::catch_unwind::h281fe732d236d260
[INFO] [stdout]                                at /rustc/90b35a6239c3d8bdabc530a6a0816f7ff89a0aaf/library/std/src/panic.rs:358:14
[INFO] [stdout]   34:     0x5ee3ae5892c7 - test::run_test_in_process::h949b6df8457ed338
[INFO] [stdout]                                at /rustc/90b35a6239c3d8bdabc530a6a0816f7ff89a0aaf/library/test/src/lib.rs:644:27
[INFO] [stdout]   35:     0x5ee3ae5892c7 - test::run_test::{{closure}}::h52c556a6d4740e10
[INFO] [stdout]                                at /rustc/90b35a6239c3d8bdabc530a6a0816f7ff89a0aaf/library/test/src/lib.rs:565:43
[INFO] [stdout]   36:     0x5ee3ae54e5a4 - test::run_test::{{closure}}::h4237f6381c45ccb9
[INFO] [stdout]                                at /rustc/90b35a6239c3d8bdabc530a6a0816f7ff89a0aaf/library/test/src/lib.rs:595:41
[INFO] [stdout]   37:     0x5ee3ae54e5a4 - std::sys::backtrace::__rust_begin_short_backtrace::h505c97a579eca628
[INFO] [stdout]                                at /rustc/90b35a6239c3d8bdabc530a6a0816f7ff89a0aaf/library/std/src/sys/backtrace.rs:154:18
[INFO] [stdout]   38:     0x5ee3ae551c6e - std::thread::Builder::spawn_unchecked_::{{closure}}::{{closure}}::h9e86b2e2bc107ea3
[INFO] [stdout]                                at /rustc/90b35a6239c3d8bdabc530a6a0816f7ff89a0aaf/library/std/src/thread/mod.rs:538:17
[INFO] [stdout]   39:     0x5ee3ae551c6e - <core::panic::unwind_safe::AssertUnwindSafe<F> as core::ops::function::FnOnce<()>>::call_once::h8b06ddb275ff4a25
[INFO] [stdout]                                at /rustc/90b35a6239c3d8bdabc530a6a0816f7ff89a0aaf/library/core/src/panic/unwind_safe.rs:272:9
[INFO] [stdout]   40:     0x5ee3ae551c6e - std::panicking::try::do_call::hb26ecd7cd9a9355d
[INFO] [stdout]                                at /rustc/90b35a6239c3d8bdabc530a6a0816f7ff89a0aaf/library/std/src/panicking.rs:557:40
[INFO] [stdout]   41:     0x5ee3ae551c6e - std::panicking::try::h8ddeca9d705f9069
[INFO] [stdout]                                at /rustc/90b35a6239c3d8bdabc530a6a0816f7ff89a0aaf/library/std/src/panicking.rs:520:19
[INFO] [stdout]   42:     0x5ee3ae551c6e - std::panic::catch_unwind::h49e1c33078844c46
[INFO] [stdout]                                at /rustc/90b35a6239c3d8bdabc530a6a0816f7ff89a0aaf/library/std/src/panic.rs:358:14
[INFO] [stdout]   43:     0x5ee3ae551c6e - std::thread::Builder::spawn_unchecked_::{{closure}}::h6073db6ff56ad35d
[INFO] [stdout]                                at /rustc/90b35a6239c3d8bdabc530a6a0816f7ff89a0aaf/library/std/src/thread/mod.rs:537:30
[INFO] [stdout]   44:     0x5ee3ae551c6e - core::ops::function::FnOnce::call_once{{vtable.shim}}::h2c5a5f3779c774f1
[INFO] [stdout]                                at /rustc/90b35a6239c3d8bdabc530a6a0816f7ff89a0aaf/library/core/src/ops/function.rs:250:5
[INFO] [stdout]   45:     0x5ee3ae5c3f9b - <alloc::boxed::Box<F,A> as core::ops::function::FnOnce<Args>>::call_once::hf75717d9f28faebf
[INFO] [stdout]                                at /rustc/90b35a6239c3d8bdabc530a6a0816f7ff89a0aaf/library/alloc/src/boxed.rs:2454:9
[INFO] [stdout]   46:     0x5ee3ae5c3f9b - <alloc::boxed::Box<F,A> as core::ops::function::FnOnce<Args>>::call_once::h7bd883a5f3c5f3c1
[INFO] [stdout]                                at /rustc/90b35a6239c3d8bdabc530a6a0816f7ff89a0aaf/library/alloc/src/boxed.rs:2454:9
[INFO] [stdout]   47:     0x5ee3ae5c3f9b - std::sys::pal::unix::thread::Thread::new::thread_start::hcc78f3943333fa94
[INFO] [stdout]                                at /rustc/90b35a6239c3d8bdabc530a6a0816f7ff89a0aaf/library/std/src/sys/pal/unix/thread.rs:105:17
[INFO] [stdout]   48:     0x7fd195cbaac3 - <unknown>
[INFO] [stdout]   49:     0x7fd195d4ba04 - clone
[INFO] [stdout]   50:                0x0 - <unknown>
[INFO] [stdout] 
[INFO] [stdout] 
[INFO] [stdout] failures:
[INFO] [stdout]     cli_tests
[INFO] [stdout] 
[INFO] [stdout] test result: FAILED. 0 passed; 1 failed; 0 ignored; 0 measured; 0 filtered out; finished in 0.15s
[INFO] [stdout] 
[INFO] [stderr] error: test failed, to rerun pass `--test cli_tests`
[INFO] running `Command { std: "docker" "inspect" "0db7a04641126cb4e56cdd8114c9278a39570ccede21586eab7cb55f55a5fed3", kill_on_drop: false }`
[INFO] running `Command { std: "docker" "rm" "-f" "0db7a04641126cb4e56cdd8114c9278a39570ccede21586eab7cb55f55a5fed3", kill_on_drop: false }`
[INFO] [stdout] 0db7a04641126cb4e56cdd8114c9278a39570ccede21586eab7cb55f55a5fed3
