[INFO] cloning repository https://github.com/timothee-haudebourg/scc-trait
[INFO] running `Command { std: "git" "-c" "credential.helper=" "-c" "credential.helper=/workspace/cargo-home/bin/git-credential-null" "clone" "--bare" "https://github.com/timothee-haudebourg/scc-trait" "/workspace/cache/git-repos/https%3A%2F%2Fgithub.com%2Ftimothee-haudebourg%2Fscc-trait", kill_on_drop: false }`
[INFO] [stderr] Cloning into bare repository '/workspace/cache/git-repos/https%3A%2F%2Fgithub.com%2Ftimothee-haudebourg%2Fscc-trait'...
[INFO] running `Command { std: "git" "rev-parse" "HEAD", kill_on_drop: false }`
[INFO] [stdout] 85f14ab16b570fa3414b5081cae5280020d0c12f
[INFO] testing timothee-haudebourg/scc-trait against 1.83.0 for beta-1.84.0-4-retry
[INFO] running `Command { std: "git" "clone" "/workspace/cache/git-repos/https%3A%2F%2Fgithub.com%2Ftimothee-haudebourg%2Fscc-trait" "/workspace/builds/worker-3-tc1/source", kill_on_drop: false }`
[INFO] [stderr] Cloning into '/workspace/builds/worker-3-tc1/source'...
[INFO] [stderr] done.
[INFO] validating manifest of git repo https://github.com/timothee-haudebourg/scc-trait on toolchain 1.83.0
[INFO] running `Command { std: CARGO_HOME="/workspace/cargo-home" RUSTUP_HOME="/workspace/rustup-home" "/workspace/cargo-home/bin/cargo" "+1.83.0" "metadata" "--manifest-path" "Cargo.toml" "--no-deps", kill_on_drop: false }`
[INFO] started tweaking git repo https://github.com/timothee-haudebourg/scc-trait
[INFO] finished tweaking git repo https://github.com/timothee-haudebourg/scc-trait
[INFO] tweaked toml for git repo https://github.com/timothee-haudebourg/scc-trait written to /workspace/builds/worker-3-tc1/source/Cargo.toml
[INFO] running `Command { std: CARGO_HOME="/workspace/cargo-home" RUSTUP_HOME="/workspace/rustup-home" "/workspace/cargo-home/bin/cargo" "+1.83.0" "generate-lockfile" "--manifest-path" "Cargo.toml", kill_on_drop: false }`
[INFO] running `Command { std: CARGO_HOME="/workspace/cargo-home" RUSTUP_HOME="/workspace/rustup-home" "/workspace/cargo-home/bin/cargo" "+1.83.0" "fetch" "--manifest-path" "Cargo.toml", kill_on_drop: false }`
[INFO] [stderr]     Blocking waiting for file lock on package cache
[INFO] running `Command { std: "docker" "create" "-v" "/var/lib/crater-agent-workspace/builds/worker-3-tc1/target:/opt/rustwide/target:rw,Z" "-v" "/var/lib/crater-agent-workspace/builds/worker-3-tc1/source:/opt/rustwide/workdir:ro,Z" "-v" "/var/lib/crater-agent-workspace/cargo-home:/opt/rustwide/cargo-home:ro,Z" "-v" "/var/lib/crater-agent-workspace/rustup-home:/opt/rustwide/rustup-home:ro,Z" "-e" "SOURCE_DIR=/opt/rustwide/workdir" "-e" "CARGO_TARGET_DIR=/opt/rustwide/target" "-e" "CARGO_HOME=/opt/rustwide/cargo-home" "-e" "RUSTUP_HOME=/opt/rustwide/rustup-home" "-w" "/opt/rustwide/workdir" "-m" "1610612736" "--user" "0:0" "--network" "none" "ghcr.io/rust-lang/crates-build-env/linux@sha256:f3a9d4ad9d972b27faf3965f35b62e55ba32bbce8f20bc8fe909558a86702fde" "/opt/rustwide/cargo-home/bin/cargo" "+1.83.0" "metadata" "--no-deps" "--format-version=1", kill_on_drop: false }`
[INFO] [stdout] 26c738da60e95590c4dd9b3da7d4b71a1f30159990aec69d4cb4f34b860def6b
[INFO] running `Command { std: "docker" "start" "-a" "26c738da60e95590c4dd9b3da7d4b71a1f30159990aec69d4cb4f34b860def6b", kill_on_drop: false }`
[INFO] running `Command { std: "docker" "inspect" "26c738da60e95590c4dd9b3da7d4b71a1f30159990aec69d4cb4f34b860def6b", kill_on_drop: false }`
[INFO] running `Command { std: "docker" "rm" "-f" "26c738da60e95590c4dd9b3da7d4b71a1f30159990aec69d4cb4f34b860def6b", kill_on_drop: false }`
[INFO] [stdout] 26c738da60e95590c4dd9b3da7d4b71a1f30159990aec69d4cb4f34b860def6b
[INFO] running `Command { std: "docker" "create" "-v" "/var/lib/crater-agent-workspace/builds/worker-3-tc1/target:/opt/rustwide/target:rw,Z" "-v" "/var/lib/crater-agent-workspace/builds/worker-3-tc1/source:/opt/rustwide/workdir:ro,Z" "-v" "/var/lib/crater-agent-workspace/cargo-home:/opt/rustwide/cargo-home:ro,Z" "-v" "/var/lib/crater-agent-workspace/rustup-home:/opt/rustwide/rustup-home:ro,Z" "-e" "SOURCE_DIR=/opt/rustwide/workdir" "-e" "CARGO_TARGET_DIR=/opt/rustwide/target" "-e" "CARGO_INCREMENTAL=0" "-e" "RUST_BACKTRACE=full" "-e" "RUSTFLAGS=--cap-lints=warn" "-e" "RUSTDOCFLAGS=--cap-lints=warn" "-e" "CARGO_HOME=/opt/rustwide/cargo-home" "-e" "RUSTUP_HOME=/opt/rustwide/rustup-home" "-w" "/opt/rustwide/workdir" "-m" "1610612736" "--user" "0:0" "--network" "none" "ghcr.io/rust-lang/crates-build-env/linux@sha256:f3a9d4ad9d972b27faf3965f35b62e55ba32bbce8f20bc8fe909558a86702fde" "/opt/rustwide/cargo-home/bin/cargo" "+1.83.0" "build" "--frozen" "--message-format=json", kill_on_drop: false }`
[INFO] [stdout] 44310f7bb4463e2842b3aac5bbaa5ea3acc90e16587a7bc792d4654bdf6545b7
[INFO] running `Command { std: "docker" "start" "-a" "44310f7bb4463e2842b3aac5bbaa5ea3acc90e16587a7bc792d4654bdf6545b7", kill_on_drop: false }`
[INFO] [stderr]    Compiling scc-trait v1.0.0 (/opt/rustwide/workdir)
[INFO] [stderr]     Finished `dev` profile [unoptimized + debuginfo] target(s) in 0.18s
[INFO] running `Command { std: "docker" "inspect" "44310f7bb4463e2842b3aac5bbaa5ea3acc90e16587a7bc792d4654bdf6545b7", kill_on_drop: false }`
[INFO] running `Command { std: "docker" "rm" "-f" "44310f7bb4463e2842b3aac5bbaa5ea3acc90e16587a7bc792d4654bdf6545b7", kill_on_drop: false }`
[INFO] [stdout] 44310f7bb4463e2842b3aac5bbaa5ea3acc90e16587a7bc792d4654bdf6545b7
[INFO] running `Command { std: "docker" "create" "-v" "/var/lib/crater-agent-workspace/builds/worker-3-tc1/target:/opt/rustwide/target:rw,Z" "-v" "/var/lib/crater-agent-workspace/builds/worker-3-tc1/source:/opt/rustwide/workdir:ro,Z" "-v" "/var/lib/crater-agent-workspace/cargo-home:/opt/rustwide/cargo-home:ro,Z" "-v" "/var/lib/crater-agent-workspace/rustup-home:/opt/rustwide/rustup-home:ro,Z" "-e" "SOURCE_DIR=/opt/rustwide/workdir" "-e" "CARGO_TARGET_DIR=/opt/rustwide/target" "-e" "CARGO_INCREMENTAL=0" "-e" "RUST_BACKTRACE=full" "-e" "RUSTFLAGS=--cap-lints=warn" "-e" "RUSTDOCFLAGS=--cap-lints=warn" "-e" "CARGO_HOME=/opt/rustwide/cargo-home" "-e" "RUSTUP_HOME=/opt/rustwide/rustup-home" "-w" "/opt/rustwide/workdir" "-m" "1610612736" "--user" "0:0" "--network" "none" "ghcr.io/rust-lang/crates-build-env/linux@sha256:f3a9d4ad9d972b27faf3965f35b62e55ba32bbce8f20bc8fe909558a86702fde" "/opt/rustwide/cargo-home/bin/cargo" "+1.83.0" "test" "--frozen" "--no-run" "--message-format=json", kill_on_drop: false }`
[INFO] [stdout] 01b59190187598b11390cf3d9070c2eee29ae09311f7101bdafa801519e59c4b
[INFO] running `Command { std: "docker" "start" "-a" "01b59190187598b11390cf3d9070c2eee29ae09311f7101bdafa801519e59c4b", kill_on_drop: false }`
[INFO] [stderr]    Compiling scc-trait v1.0.0 (/opt/rustwide/workdir)
[INFO] [stderr]     Finished `test` profile [unoptimized + debuginfo] target(s) in 0.45s
[INFO] running `Command { std: "docker" "inspect" "01b59190187598b11390cf3d9070c2eee29ae09311f7101bdafa801519e59c4b", kill_on_drop: false }`
[INFO] running `Command { std: "docker" "rm" "-f" "01b59190187598b11390cf3d9070c2eee29ae09311f7101bdafa801519e59c4b", kill_on_drop: false }`
[INFO] [stdout] 01b59190187598b11390cf3d9070c2eee29ae09311f7101bdafa801519e59c4b
[INFO] running `Command { std: "docker" "create" "-v" "/var/lib/crater-agent-workspace/builds/worker-3-tc1/target:/opt/rustwide/target:rw,Z" "-v" "/var/lib/crater-agent-workspace/builds/worker-3-tc1/source:/opt/rustwide/workdir:ro,Z" "-v" "/var/lib/crater-agent-workspace/cargo-home:/opt/rustwide/cargo-home:ro,Z" "-v" "/var/lib/crater-agent-workspace/rustup-home:/opt/rustwide/rustup-home:ro,Z" "-e" "SOURCE_DIR=/opt/rustwide/workdir" "-e" "CARGO_TARGET_DIR=/opt/rustwide/target" "-e" "CARGO_INCREMENTAL=0" "-e" "RUST_BACKTRACE=full" "-e" "RUSTFLAGS=--cap-lints=warn" "-e" "RUSTDOCFLAGS=--cap-lints=warn" "-e" "CARGO_HOME=/opt/rustwide/cargo-home" "-e" "RUSTUP_HOME=/opt/rustwide/rustup-home" "-w" "/opt/rustwide/workdir" "-m" "1610612736" "--user" "0:0" "--network" "none" "ghcr.io/rust-lang/crates-build-env/linux@sha256:f3a9d4ad9d972b27faf3965f35b62e55ba32bbce8f20bc8fe909558a86702fde" "/opt/rustwide/cargo-home/bin/cargo" "+1.83.0" "test" "--frozen", kill_on_drop: false }`
[INFO] [stdout] 7f3344dc5a6d441647a37999fe1bd972dcc1c6f16a20c5ea2f8dda31196e3eed
[INFO] running `Command { std: "docker" "start" "-a" "7f3344dc5a6d441647a37999fe1bd972dcc1c6f16a20c5ea2f8dda31196e3eed", kill_on_drop: false }`
[INFO] [stderr]     Finished `test` profile [unoptimized + debuginfo] target(s) in 0.01s
[INFO] [stderr]      Running unittests src/lib.rs (/opt/rustwide/target/debug/deps/scc_trait-36fd047a6f09e1ed)
[INFO] [stdout] 
[INFO] [stdout] running 0 tests
[INFO] [stdout] 
[INFO] [stdout] test result: ok. 0 passed; 0 failed; 0 ignored; 0 measured; 0 filtered out; finished in 0.00s
[INFO] [stdout] 
[INFO] [stderr]    Doc-tests scc_trait
[INFO] [stdout] 
[INFO] [stdout] running 2 tests
[INFO] [stdout] test src/lib.rs - (line 11) ... FAILED
[INFO] [stdout] test src/lib.rs - (line 38) ... FAILED
[INFO] [stdout] 
[INFO] [stdout] failures:
[INFO] [stdout] 
[INFO] [stdout] ---- src/lib.rs - (line 11) stdout ----
[INFO] [stdout] error[E0412]: cannot find type `HashMap` in this scope
[INFO] [stdout]  --> src/lib.rs:15:10
[INFO] [stdout]   |
[INFO] [stdout] 6 |   edges: HashMap<Vertex, HashSet<Vertex>>
[INFO] [stdout]   |          ^^^^^^^ not found in this scope
[INFO] [stdout]   |
[INFO] [stdout] help: consider importing this struct
[INFO] [stdout]   |
[INFO] [stdout] 2 + use std::collections::HashMap;
[INFO] [stdout]   |
[INFO] [stdout] 
[INFO] [stdout] error[E0412]: cannot find type `HashSet` in this scope
[INFO] [stdout]  --> src/lib.rs:15:26
[INFO] [stdout]   |
[INFO] [stdout] 6 |   edges: HashMap<Vertex, HashSet<Vertex>>
[INFO] [stdout]   |                          ^^^^^^^ not found in this scope
[INFO] [stdout]   |
[INFO] [stdout] help: consider importing this struct
[INFO] [stdout]   |
[INFO] [stdout] 2 + use std::collections::HashSet;
[INFO] [stdout]   |
[INFO] [stdout] 
[INFO] [stdout] error[E0405]: cannot find trait `Scc` in this scope
[INFO] [stdout]  --> src/lib.rs:18:6
[INFO] [stdout]   |
[INFO] [stdout] 9 | impl Scc for MyGraphType {
[INFO] [stdout]   |      ^^^ not found in this scope
[INFO] [stdout]   |
[INFO] [stdout] help: consider importing this trait
[INFO] [stdout]   |
[INFO] [stdout] 2 + use scc_trait::Scc;
[INFO] [stdout]   |
[INFO] [stdout] 
[INFO] [stdout] error: aborting due to 3 previous errors
[INFO] [stdout] 
[INFO] [stdout] Some errors have detailed explanations: E0405, E0412.
[INFO] [stdout] For more information about an error, try `rustc --explain E0405`.
[INFO] [stdout] Couldn't compile the test.
[INFO] [stdout] ---- src/lib.rs - (line 38) stdout ----
[INFO] [stdout] error[E0412]: cannot find type `HashSet` in this scope
[INFO] [stdout]  --> src/lib.rs:40:16
[INFO] [stdout]   |
[INFO] [stdout] 5 | let graph: Vec<HashSet<usize>> = Vec::new();
[INFO] [stdout]   |                ^^^^^^^ not found in this scope
[INFO] [stdout]   |
[INFO] [stdout] help: consider importing this struct
[INFO] [stdout]   |
[INFO] [stdout] 2 + use std::collections::HashSet;
[INFO] [stdout]   |
[INFO] [stdout] 
[INFO] [stdout] error: aborting due to 1 previous error
[INFO] [stdout] 
[INFO] [stdout] For more information about this error, try `rustc --explain E0412`.
[INFO] [stdout] Couldn't compile the test.
[INFO] [stdout] 
[INFO] [stdout] failures:
[INFO] [stdout]     src/lib.rs - (line 11)
[INFO] [stdout]     src/lib.rs - (line 38)
[INFO] [stdout] 
[INFO] [stdout] test result: FAILED. 0 passed; 2 failed; 0 ignored; 0 measured; 0 filtered out; finished in 0.08s
[INFO] [stdout] 
[INFO] [stderr] error: doctest failed, to rerun pass `--doc`
[INFO] running `Command { std: "docker" "inspect" "7f3344dc5a6d441647a37999fe1bd972dcc1c6f16a20c5ea2f8dda31196e3eed", kill_on_drop: false }`
[INFO] running `Command { std: "docker" "rm" "-f" "7f3344dc5a6d441647a37999fe1bd972dcc1c6f16a20c5ea2f8dda31196e3eed", kill_on_drop: false }`
[INFO] [stdout] 7f3344dc5a6d441647a37999fe1bd972dcc1c6f16a20c5ea2f8dda31196e3eed
