[INFO] cloning repository https://github.com/tigerplush/advent_of_code_2024
[INFO] running `Command { std: "git" "-c" "credential.helper=" "-c" "credential.helper=/workspace/cargo-home/bin/git-credential-null" "clone" "--bare" "https://github.com/tigerplush/advent_of_code_2024" "/workspace/cache/git-repos/https%3A%2F%2Fgithub.com%2Ftigerplush%2Fadvent_of_code_2024", kill_on_drop: false }`
[INFO] [stderr] Cloning into bare repository '/workspace/cache/git-repos/https%3A%2F%2Fgithub.com%2Ftigerplush%2Fadvent_of_code_2024'...
[INFO] running `Command { std: "git" "rev-parse" "HEAD", kill_on_drop: false }`
[INFO] [stdout] 60f791a060ce7b9f31d6187907f6fd350401a47d
[INFO] testing tigerplush/advent_of_code_2024 against 1.83.0 for beta-1.84.0-4-retry
[INFO] running `Command { std: "git" "clone" "/workspace/cache/git-repos/https%3A%2F%2Fgithub.com%2Ftigerplush%2Fadvent_of_code_2024" "/workspace/builds/worker-0-tc1/source", kill_on_drop: false }`
[INFO] [stderr] Cloning into '/workspace/builds/worker-0-tc1/source'...
[INFO] [stderr] done.
[INFO] validating manifest of git repo https://github.com/tigerplush/advent_of_code_2024 on toolchain 1.83.0
[INFO] running `Command { std: CARGO_HOME="/workspace/cargo-home" RUSTUP_HOME="/workspace/rustup-home" "/workspace/cargo-home/bin/cargo" "+1.83.0" "metadata" "--manifest-path" "Cargo.toml" "--no-deps", kill_on_drop: false }`
[INFO] started tweaking git repo https://github.com/tigerplush/advent_of_code_2024
[INFO] finished tweaking git repo https://github.com/tigerplush/advent_of_code_2024
[INFO] tweaked toml for git repo https://github.com/tigerplush/advent_of_code_2024 written to /workspace/builds/worker-0-tc1/source/Cargo.toml
[INFO] crate git repo https://github.com/tigerplush/advent_of_code_2024 already has a lockfile, it will not be regenerated
[INFO] running `Command { std: CARGO_HOME="/workspace/cargo-home" RUSTUP_HOME="/workspace/rustup-home" "/workspace/cargo-home/bin/cargo" "+1.83.0" "fetch" "--manifest-path" "Cargo.toml", kill_on_drop: false }`
[INFO] running `Command { std: "docker" "create" "-v" "/var/lib/crater-agent-workspace/builds/worker-0-tc1/target:/opt/rustwide/target:rw,Z" "-v" "/var/lib/crater-agent-workspace/builds/worker-0-tc1/source:/opt/rustwide/workdir:ro,Z" "-v" "/var/lib/crater-agent-workspace/cargo-home:/opt/rustwide/cargo-home:ro,Z" "-v" "/var/lib/crater-agent-workspace/rustup-home:/opt/rustwide/rustup-home:ro,Z" "-e" "SOURCE_DIR=/opt/rustwide/workdir" "-e" "CARGO_TARGET_DIR=/opt/rustwide/target" "-e" "CARGO_HOME=/opt/rustwide/cargo-home" "-e" "RUSTUP_HOME=/opt/rustwide/rustup-home" "-w" "/opt/rustwide/workdir" "-m" "1610612736" "--user" "0:0" "--network" "none" "ghcr.io/rust-lang/crates-build-env/linux@sha256:f3a9d4ad9d972b27faf3965f35b62e55ba32bbce8f20bc8fe909558a86702fde" "/opt/rustwide/cargo-home/bin/cargo" "+1.83.0" "metadata" "--no-deps" "--format-version=1", kill_on_drop: false }`
[INFO] [stdout] 8886a2cd37cd1ec1c35e014e2882eb4f1d00d3874323acc4d5d151fff955eb7d
[INFO] running `Command { std: "docker" "start" "-a" "8886a2cd37cd1ec1c35e014e2882eb4f1d00d3874323acc4d5d151fff955eb7d", kill_on_drop: false }`
[INFO] running `Command { std: "docker" "inspect" "8886a2cd37cd1ec1c35e014e2882eb4f1d00d3874323acc4d5d151fff955eb7d", kill_on_drop: false }`
[INFO] running `Command { std: "docker" "rm" "-f" "8886a2cd37cd1ec1c35e014e2882eb4f1d00d3874323acc4d5d151fff955eb7d", kill_on_drop: false }`
[INFO] [stdout] 8886a2cd37cd1ec1c35e014e2882eb4f1d00d3874323acc4d5d151fff955eb7d
[INFO] running `Command { std: "docker" "create" "-v" "/var/lib/crater-agent-workspace/builds/worker-0-tc1/target:/opt/rustwide/target:rw,Z" "-v" "/var/lib/crater-agent-workspace/builds/worker-0-tc1/source:/opt/rustwide/workdir:ro,Z" "-v" "/var/lib/crater-agent-workspace/cargo-home:/opt/rustwide/cargo-home:ro,Z" "-v" "/var/lib/crater-agent-workspace/rustup-home:/opt/rustwide/rustup-home:ro,Z" "-e" "SOURCE_DIR=/opt/rustwide/workdir" "-e" "CARGO_TARGET_DIR=/opt/rustwide/target" "-e" "CARGO_INCREMENTAL=0" "-e" "RUST_BACKTRACE=full" "-e" "RUSTFLAGS=--cap-lints=warn" "-e" "RUSTDOCFLAGS=--cap-lints=warn" "-e" "CARGO_HOME=/opt/rustwide/cargo-home" "-e" "RUSTUP_HOME=/opt/rustwide/rustup-home" "-w" "/opt/rustwide/workdir" "-m" "1610612736" "--user" "0:0" "--network" "none" "ghcr.io/rust-lang/crates-build-env/linux@sha256:f3a9d4ad9d972b27faf3965f35b62e55ba32bbce8f20bc8fe909558a86702fde" "/opt/rustwide/cargo-home/bin/cargo" "+1.83.0" "build" "--frozen" "--message-format=json", kill_on_drop: false }`
[INFO] [stdout] 16d03a84f0d18d197205778b229cd7a1c941533cd4f69b8401f16175ccb3f15c
[INFO] running `Command { std: "docker" "start" "-a" "16d03a84f0d18d197205778b229cd7a1c941533cd4f69b8401f16175ccb3f15c", kill_on_drop: false }`
[INFO] [stderr]    Compiling advent_of_code_2024 v0.1.0 (/opt/rustwide/workdir)
[INFO] [stdout] warning: unused import: `num::ParseIntError`
[INFO] [stdout]  --> src/lib.rs:1:11
[INFO] [stdout]   |
[INFO] [stdout] 1 | use std::{num::ParseIntError, ops::Add};
[INFO] [stdout]   |           ^^^^^^^^^^^^^^^^^^
[INFO] [stdout]   |
[INFO] [stdout]   = note: `#[warn(unused_imports)]` on by default
[INFO] [stdout] 
[INFO] [stdout] 
[INFO] [stdout] warning: unused import: `ops::Add`
[INFO] [stdout]  --> src/day_06.rs:1:37
[INFO] [stdout]   |
[INFO] [stdout] 1 | use std::{collections::HashSet, fs, ops::Add};
[INFO] [stdout]   |                                     ^^^^^^^^
[INFO] [stdout]   |
[INFO] [stdout]   = note: `#[warn(unused_imports)]` on by default
[INFO] [stdout] 
[INFO] [stdout] 
[INFO] [stdout] warning: unused import: `result`
[INFO] [stdout]  --> src/day_07.rs:1:15
[INFO] [stdout]   |
[INFO] [stdout] 1 | use std::{fs, result};
[INFO] [stdout]   |               ^^^^^^
[INFO] [stdout] 
[INFO] [stdout] 
[INFO] [stdout] warning: unused import: `std::fs`
[INFO] [stdout]  --> src/day_08.rs:1:5
[INFO] [stdout]   |
[INFO] [stdout] 1 | use std::fs;
[INFO] [stdout]   |     ^^^^^^^
[INFO] [stdout] 
[INFO] [stdout] 
[INFO] [stdout] warning: unused imports: `collections::HashMap` and `fs`
[INFO] [stdout]  --> src/day_12.rs:1:11
[INFO] [stdout]   |
[INFO] [stdout] 1 | use std::{collections::HashMap, fs};
[INFO] [stdout]   |           ^^^^^^^^^^^^^^^^^^^^  ^^
[INFO] [stdout] 
[INFO] [stdout] 
[INFO] [stdout] warning: unused import: `Direction`
[INFO] [stdout]  --> src/day_12.rs:3:27
[INFO] [stdout]   |
[INFO] [stdout] 3 | use advent_of_code_2024::{Direction, Position, DIRECTIONS};
[INFO] [stdout]   |                           ^^^^^^^^^
[INFO] [stdout] 
[INFO] [stdout] 
[INFO] [stdout] warning: unused variable: `input`
[INFO] [stdout]   --> src/day_06.rs:43:22
[INFO] [stdout]    |
[INFO] [stdout] 43 | fn evaluate_part_two(input: &str) -> i32 {
[INFO] [stdout]    |                      ^^^^^ help: if this is intentional, prefix it with an underscore: `_input`
[INFO] [stdout]    |
[INFO] [stdout]    = note: `#[warn(unused_variables)]` on by default
[INFO] [stdout] 
[INFO] [stdout] 
[INFO] [stdout] warning: unused variable: `input`
[INFO] [stdout]  --> src/day_08.rs:8:22
[INFO] [stdout]   |
[INFO] [stdout] 8 | fn evaluate_part_one(input: &str) -> i32 {
[INFO] [stdout]   |                      ^^^^^ help: if this is intentional, prefix it with an underscore: `_input`
[INFO] [stdout] 
[INFO] [stdout] 
[INFO] [stdout] warning: unused variable: `input`
[INFO] [stdout]   --> src/day_08.rs:12:22
[INFO] [stdout]    |
[INFO] [stdout] 12 | fn evaluate_part_two(input: &str) -> i32 {
[INFO] [stdout]    |                      ^^^^^ help: if this is intentional, prefix it with an underscore: `_input`
[INFO] [stdout] 
[INFO] [stdout] 
[INFO] [stdout] warning: unused variable: `input`
[INFO] [stdout]   --> src/day_12.rs:55:22
[INFO] [stdout]    |
[INFO] [stdout] 55 | fn evaluate_part_two(input: &str) -> i32 {
[INFO] [stdout]    |                      ^^^^^ help: if this is intentional, prefix it with an underscore: `_input`
[INFO] [stdout] 
[INFO] [stdout] 
[INFO] [stdout] warning: constant `TEST_INPUT` is never used
[INFO] [stdout]  --> src/day_01.rs:3:11
[INFO] [stdout]   |
[INFO] [stdout] 3 | pub const TEST_INPUT: &str = "3   4
[INFO] [stdout]   |           ^^^^^^^^^^
[INFO] [stdout]   |
[INFO] [stdout]   = note: `#[warn(dead_code)]` on by default
[INFO] [stdout] 
[INFO] [stdout] 
[INFO] [stdout] warning: function `load_and_evaluate` is never used
[INFO] [stdout]   --> src/day_01.rs:10:8
[INFO] [stdout]    |
[INFO] [stdout] 10 | pub fn load_and_evaluate(path: &str) -> (i32, i32) {
[INFO] [stdout]    |        ^^^^^^^^^^^^^^^^^
[INFO] [stdout] 
[INFO] [stdout] 
[INFO] [stdout] warning: function `evaluate` is never used
[INFO] [stdout]   --> src/day_01.rs:15:4
[INFO] [stdout]    |
[INFO] [stdout] 15 | fn evaluate(input: &str) -> i32 {
[INFO] [stdout]    |    ^^^^^^^^
[INFO] [stdout] 
[INFO] [stdout] 
[INFO] [stdout] warning: function `evaluate_part_two` is never used
[INFO] [stdout]   --> src/day_01.rs:29:4
[INFO] [stdout]    |
[INFO] [stdout] 29 | fn evaluate_part_two(input: &str) -> i32 {
[INFO] [stdout]    |    ^^^^^^^^^^^^^^^^^
[INFO] [stdout] 
[INFO] [stdout] 
[INFO] [stdout] warning: function `parse` is never used
[INFO] [stdout]   --> src/day_01.rs:39:4
[INFO] [stdout]    |
[INFO] [stdout] 39 | fn parse(input: &str) -> (Vec<i32>, Vec<i32>) {
[INFO] [stdout]    |    ^^^^^
[INFO] [stdout] 
[INFO] [stdout] 
[INFO] [stdout] warning: function `load_and_evaluate` is never used
[INFO] [stdout]  --> src/day_02.rs:3:8
[INFO] [stdout]   |
[INFO] [stdout] 3 | pub fn load_and_evaluate(path: &str) -> (usize, usize) {
[INFO] [stdout]   |        ^^^^^^^^^^^^^^^^^
[INFO] [stdout] 
[INFO] [stdout] 
[INFO] [stdout] warning: constant `TEST_INPUT` is never used
[INFO] [stdout]  --> src/day_02.rs:8:7
[INFO] [stdout]   |
[INFO] [stdout] 8 | const TEST_INPUT: &str = "7 6 4 2 1
[INFO] [stdout]   |       ^^^^^^^^^^
[INFO] [stdout] 
[INFO] [stdout] 
[INFO] [stdout] warning: function `evaluate` is never used
[INFO] [stdout]   --> src/day_02.rs:15:4
[INFO] [stdout]    |
[INFO] [stdout] 15 | fn evaluate(input: &str) -> usize {
[INFO] [stdout]    |    ^^^^^^^^
[INFO] [stdout] 
[INFO] [stdout] 
[INFO] [stdout] warning: function `evaluate_part_two` is never used
[INFO] [stdout]   --> src/day_02.rs:35:4
[INFO] [stdout]    |
[INFO] [stdout] 35 | fn evaluate_part_two(input: &str) -> usize {
[INFO] [stdout]    |    ^^^^^^^^^^^^^^^^^
[INFO] [stdout] 
[INFO] [stdout] 
[INFO] [stdout] warning: struct `Report` is never constructed
[INFO] [stdout]   --> src/day_02.rs:49:8
[INFO] [stdout]    |
[INFO] [stdout] 49 | struct Report {
[INFO] [stdout]    |        ^^^^^^
[INFO] [stdout] 
[INFO] [stdout] 
[INFO] [stdout] warning: associated items `new`, `is_valid`, and `fix` are never used
[INFO] [stdout]   --> src/day_02.rs:54:8
[INFO] [stdout]    |
[INFO] [stdout] 53 | impl Report {
[INFO] [stdout]    | ----------- associated items in this implementation
[INFO] [stdout] 54 |     fn new(levels: Vec<i32>) -> Self {
[INFO] [stdout]    |        ^^^
[INFO] [stdout] ...
[INFO] [stdout] 58 |     fn is_valid(&self) -> bool {
[INFO] [stdout]    |        ^^^^^^^^
[INFO] [stdout] ...
[INFO] [stdout] 70 |     fn fix(&mut self) {
[INFO] [stdout]    |        ^^^
[INFO] [stdout] 
[INFO] [stdout] 
[INFO] [stdout] warning: trait `Derivation` is never used
[INFO] [stdout]   --> src/day_02.rs:89:7
[INFO] [stdout]    |
[INFO] [stdout] 89 | trait Derivation {
[INFO] [stdout]    |       ^^^^^^^^^^
[INFO] [stdout] 
[INFO] [stdout] 
[INFO] [stdout] warning: function `parse` is never used
[INFO] [stdout]    --> src/day_02.rs:103:4
[INFO] [stdout]     |
[INFO] [stdout] 103 | fn parse(input: &str) -> Vec<Vec<i32>> {
[INFO] [stdout]     |    ^^^^^
[INFO] [stdout] 
[INFO] [stdout] 
[INFO] [stdout] warning: constant `TEST_INPUT` is never used
[INFO] [stdout]  --> src/day_03.rs:3:7
[INFO] [stdout]   |
[INFO] [stdout] 3 | const TEST_INPUT: &str = "xmul(2,4)%&mul[3,7]!@^do_not_mul(5,5)+mul(32,64]then(mul(11,8)mul(8,5))";
[INFO] [stdout]   |       ^^^^^^^^^^
[INFO] [stdout] 
[INFO] [stdout] 
[INFO] [stdout] warning: constant `TEST_INPUT_TWO` is never used
[INFO] [stdout]  --> src/day_03.rs:4:7
[INFO] [stdout]   |
[INFO] [stdout] 4 | const TEST_INPUT_TWO: &str =
[INFO] [stdout]   |       ^^^^^^^^^^^^^^
[INFO] [stdout] 
[INFO] [stdout] 
[INFO] [stdout] warning: function `load_and_evaluate` is never used
[INFO] [stdout]  --> src/day_03.rs:7:8
[INFO] [stdout]   |
[INFO] [stdout] 7 | pub fn load_and_evaluate(path: &str) -> (i32, i32) {
[INFO] [stdout]   |        ^^^^^^^^^^^^^^^^^
[INFO] [stdout] 
[INFO] [stdout] 
[INFO] [stdout] warning: function `evaluate_part_one` is never used
[INFO] [stdout]   --> src/day_03.rs:15:4
[INFO] [stdout]    |
[INFO] [stdout] 15 | fn evaluate_part_one(input: &str) -> i32 {
[INFO] [stdout]    |    ^^^^^^^^^^^^^^^^^
[INFO] [stdout] 
[INFO] [stdout] 
[INFO] [stdout] warning: function `evaluate_part_two` is never used
[INFO] [stdout]   --> src/day_03.rs:42:4
[INFO] [stdout]    |
[INFO] [stdout] 42 | fn evaluate_part_two(input: &str) -> i32 {
[INFO] [stdout]    |    ^^^^^^^^^^^^^^^^^
[INFO] [stdout] 
[INFO] [stdout] 
[INFO] [stdout] warning: function `load_and_evaluate` is never used
[INFO] [stdout]  --> src/day_04.rs:3:8
[INFO] [stdout]   |
[INFO] [stdout] 3 | pub fn load_and_evaluate(path: &str) -> (i32, i32) {
[INFO] [stdout]   |        ^^^^^^^^^^^^^^^^^
[INFO] [stdout] 
[INFO] [stdout] 
[INFO] [stdout] warning: function `evaluate_part_one` is never used
[INFO] [stdout]   --> src/day_04.rs:11:4
[INFO] [stdout]    |
[INFO] [stdout] 11 | fn evaluate_part_one(input: &str) -> i32 {
[INFO] [stdout]    |    ^^^^^^^^^^^^^^^^^
[INFO] [stdout] 
[INFO] [stdout] 
[INFO] [stdout] warning: function `evaluate_part_two` is never used
[INFO] [stdout]   --> src/day_04.rs:48:4
[INFO] [stdout]    |
[INFO] [stdout] 48 | fn evaluate_part_two(input: &str) -> i32 {
[INFO] [stdout]    |    ^^^^^^^^^^^^^^^^^
[INFO] [stdout] 
[INFO] [stdout] 
[INFO] [stdout] warning: function `parse` is never used
[INFO] [stdout]   --> src/day_04.rs:71:4
[INFO] [stdout]    |
[INFO] [stdout] 71 | fn parse(input: &str) -> Vec<Vec<char>> {
[INFO] [stdout]    |    ^^^^^
[INFO] [stdout] 
[INFO] [stdout] 
[INFO] [stdout] warning: struct `Direction` is never constructed
[INFO] [stdout]   --> src/day_04.rs:79:8
[INFO] [stdout]    |
[INFO] [stdout] 79 | struct Direction {
[INFO] [stdout]    |        ^^^^^^^^^
[INFO] [stdout] 
[INFO] [stdout] 
[INFO] [stdout] warning: multiple associated items are never used
[INFO] [stdout]    --> src/day_04.rs:85:11
[INFO] [stdout]     |
[INFO] [stdout] 84  | impl Direction {
[INFO] [stdout]     | -------------- associated items in this implementation
[INFO] [stdout] 85  |     const RIGHT: Direction = Direction::new(1, 0);
[INFO] [stdout]     |           ^^^^^
[INFO] [stdout] 86  |     const LEFT: Direction = Direction::new(-1, 0);
[INFO] [stdout]     |           ^^^^
[INFO] [stdout] 87  |     const UP: Direction = Direction::new(0, -1);
[INFO] [stdout]     |           ^^
[INFO] [stdout] 88  |     const DOWN: Direction = Direction::new(0, 1);
[INFO] [stdout]     |           ^^^^
[INFO] [stdout] 89  |     const DOWN_RIGHT: Direction = Direction::new(1, 1);
[INFO] [stdout]     |           ^^^^^^^^^^
[INFO] [stdout] 90  |     const DOWN_LEFT: Direction = Direction::new(-1, 1);
[INFO] [stdout]     |           ^^^^^^^^^
[INFO] [stdout] 91  |     const UP_RIGHT: Direction = Direction::new(1, -1);
[INFO] [stdout]     |           ^^^^^^^^
[INFO] [stdout] 92  |     const UP_LEFT: Direction = Direction::new(-1, -1);
[INFO] [stdout]     |           ^^^^^^^
[INFO] [stdout] 93  |
[INFO] [stdout] 94  |     const DIRECTIONS: [Direction; 8] = [
[INFO] [stdout]     |           ^^^^^^^^^^
[INFO] [stdout] ...
[INFO] [stdout] 105 |     const fn new(x: isize, y: isize) -> Self {
[INFO] [stdout]     |              ^^^
[INFO] [stdout] 
[INFO] [stdout] 
[INFO] [stdout] warning: constant `TEST_INPUT_ONE` is never used
[INFO] [stdout]    --> src/day_04.rs:110:7
[INFO] [stdout]     |
[INFO] [stdout] 110 | const TEST_INPUT_ONE: &str = "MMMSXXMASM
[INFO] [stdout]     |       ^^^^^^^^^^^^^^
[INFO] [stdout] 
[INFO] [stdout] 
[INFO] [stdout] warning: function `load_and_evaluate` is never used
[INFO] [stdout]  --> src/day_05.rs:3:8
[INFO] [stdout]   |
[INFO] [stdout] 3 | pub fn load_and_evaluate(path: &str) -> (i32, i32) {
[INFO] [stdout]   |        ^^^^^^^^^^^^^^^^^
[INFO] [stdout] 
[INFO] [stdout] 
[INFO] [stdout] warning: function `evaluate_part_one` is never used
[INFO] [stdout]   --> src/day_05.rs:11:4
[INFO] [stdout]    |
[INFO] [stdout] 11 | fn evaluate_part_one(input: &str) -> i32 {
[INFO] [stdout]    |    ^^^^^^^^^^^^^^^^^
[INFO] [stdout] 
[INFO] [stdout] 
[INFO] [stdout] warning: function `evaluate_part_two` is never used
[INFO] [stdout]   --> src/day_05.rs:29:4
[INFO] [stdout]    |
[INFO] [stdout] 29 | fn evaluate_part_two(input: &str) -> i32 {
[INFO] [stdout]    |    ^^^^^^^^^^^^^^^^^
[INFO] [stdout] 
[INFO] [stdout] 
[INFO] [stdout] warning: function `parse` is never used
[INFO] [stdout]   --> src/day_05.rs:53:4
[INFO] [stdout]    |
[INFO] [stdout] 53 | fn parse(input: &str) -> (Vec<PageOrderingRule>, Vec<Vec<i32>>) {
[INFO] [stdout]    |    ^^^^^
[INFO] [stdout] 
[INFO] [stdout] 
[INFO] [stdout] warning: struct `PageOrderingRule` is never constructed
[INFO] [stdout]   --> src/day_05.rs:79:8
[INFO] [stdout]    |
[INFO] [stdout] 79 | struct PageOrderingRule {
[INFO] [stdout]    |        ^^^^^^^^^^^^^^^^
[INFO] [stdout] 
[INFO] [stdout] 
[INFO] [stdout] warning: associated items `parse_from` and `evaluate` are never used
[INFO] [stdout]   --> src/day_05.rs:85:8
[INFO] [stdout]    |
[INFO] [stdout] 84 | impl PageOrderingRule {
[INFO] [stdout]    | --------------------- associated items in this implementation
[INFO] [stdout] 85 |     fn parse_from(input: &str) -> Self {
[INFO] [stdout]    |        ^^^^^^^^^^
[INFO] [stdout] ...
[INFO] [stdout] 96 |     fn evaluate(&self, window: &[i32]) -> bool {
[INFO] [stdout]    |        ^^^^^^^^
[INFO] [stdout] 
[INFO] [stdout] 
[INFO] [stdout] warning: trait `Evaluate` is never used
[INFO] [stdout]    --> src/day_05.rs:105:7
[INFO] [stdout]     |
[INFO] [stdout] 105 | trait Evaluate {
[INFO] [stdout]     |       ^^^^^^^^
[INFO] [stdout] 
[INFO] [stdout] 
[INFO] [stdout] warning: constant `TEST_INPUT_ONE` is never used
[INFO] [stdout]    --> src/day_05.rs:122:7
[INFO] [stdout]     |
[INFO] [stdout] 122 | const TEST_INPUT_ONE: &str = "47|53
[INFO] [stdout]     |       ^^^^^^^^^^^^^^
[INFO] [stdout] 
[INFO] [stdout] 
[INFO] [stdout] warning: function `load_and_evaluate` is never used
[INFO] [stdout]  --> src/day_06.rs:5:8
[INFO] [stdout]   |
[INFO] [stdout] 5 | pub fn load_and_evaluate(path: &str) -> (usize, i32) {
[INFO] [stdout]   |        ^^^^^^^^^^^^^^^^^
[INFO] [stdout] 
[INFO] [stdout] 
[INFO] [stdout] warning: function `evaluate_part_one` is never used
[INFO] [stdout]   --> src/day_06.rs:14:4
[INFO] [stdout]    |
[INFO] [stdout] 14 | fn evaluate_part_one(input: &str) -> usize {
[INFO] [stdout]    |    ^^^^^^^^^^^^^^^^^
[INFO] [stdout] 
[INFO] [stdout] 
[INFO] [stdout] warning: function `evaluate_part_two` is never used
[INFO] [stdout]   --> src/day_06.rs:43:4
[INFO] [stdout]    |
[INFO] [stdout] 43 | fn evaluate_part_two(input: &str) -> i32 {
[INFO] [stdout]    |    ^^^^^^^^^^^^^^^^^
[INFO] [stdout] 
[INFO] [stdout] 
[INFO] [stdout] warning: constant `TEST_INPUT_ONE` is never used
[INFO] [stdout]   --> src/day_06.rs:47:7
[INFO] [stdout]    |
[INFO] [stdout] 47 | const TEST_INPUT_ONE: &str = "....#.....
[INFO] [stdout]    |       ^^^^^^^^^^^^^^
[INFO] [stdout] 
[INFO] [stdout] 
[INFO] [stdout] warning: function `load_and_evaluate` is never used
[INFO] [stdout]  --> src/day_07.rs:3:8
[INFO] [stdout]   |
[INFO] [stdout] 3 | pub fn load_and_evaluate(path: &str) -> (i64, i64) {
[INFO] [stdout]   |        ^^^^^^^^^^^^^^^^^
[INFO] [stdout] 
[INFO] [stdout] 
[INFO] [stdout] warning: function `evaluate_part_one` is never used
[INFO] [stdout]   --> src/day_07.rs:11:4
[INFO] [stdout]    |
[INFO] [stdout] 11 | fn evaluate_part_one(input: &str) -> i64 {
[INFO] [stdout]    |    ^^^^^^^^^^^^^^^^^
[INFO] [stdout] 
[INFO] [stdout] 
[INFO] [stdout] warning: function `solve_part_one` is never used
[INFO] [stdout]   --> src/day_07.rs:26:4
[INFO] [stdout]    |
[INFO] [stdout] 26 | fn solve_part_one(input: Vec<i64>) -> Vec<Vec<i64>> {
[INFO] [stdout]    |    ^^^^^^^^^^^^^^
[INFO] [stdout] 
[INFO] [stdout] 
[INFO] [stdout] warning: function `solve_part_two` is never used
[INFO] [stdout]   --> src/day_07.rs:41:4
[INFO] [stdout]    |
[INFO] [stdout] 41 | fn solve_part_two(input: Vec<i64>) -> Vec<Vec<i64>> {
[INFO] [stdout]    |    ^^^^^^^^^^^^^^
[INFO] [stdout] 
[INFO] [stdout] 
[INFO] [stdout] warning: function `evaluate_part_two` is never used
[INFO] [stdout]   --> src/day_07.rs:60:4
[INFO] [stdout]    |
[INFO] [stdout] 60 | fn evaluate_part_two(input: &str) -> i64 {
[INFO] [stdout]    |    ^^^^^^^^^^^^^^^^^
[INFO] [stdout] 
[INFO] [stdout] 
[INFO] [stdout] warning: function `parse` is never used
[INFO] [stdout]   --> src/day_07.rs:75:4
[INFO] [stdout]    |
[INFO] [stdout] 75 | fn parse(input: &str) -> Vec<Vec<i64>> {
[INFO] [stdout]    |    ^^^^^
[INFO] [stdout] 
[INFO] [stdout] 
[INFO] [stdout] warning: constant `TEST_INPUT_ONE` is never used
[INFO] [stdout]   --> src/day_07.rs:87:7
[INFO] [stdout]    |
[INFO] [stdout] 87 | const TEST_INPUT_ONE: &str = "190: 10 19
[INFO] [stdout]    |       ^^^^^^^^^^^^^^
[INFO] [stdout] 
[INFO] [stdout] 
[INFO] [stdout] warning: function `load_and_evaluate` is never used
[INFO] [stdout]  --> src/day_08.rs:4:8
[INFO] [stdout]   |
[INFO] [stdout] 4 | pub fn load_and_evaluate(input: &str) -> (i32, i32) {
[INFO] [stdout]   |        ^^^^^^^^^^^^^^^^^
[INFO] [stdout] 
[INFO] [stdout] 
[INFO] [stdout] warning: function `evaluate_part_one` is never used
[INFO] [stdout]  --> src/day_08.rs:8:4
[INFO] [stdout]   |
[INFO] [stdout] 8 | fn evaluate_part_one(input: &str) -> i32 {
[INFO] [stdout]   |    ^^^^^^^^^^^^^^^^^
[INFO] [stdout] 
[INFO] [stdout] 
[INFO] [stdout] warning: function `evaluate_part_two` is never used
[INFO] [stdout]   --> src/day_08.rs:12:4
[INFO] [stdout]    |
[INFO] [stdout] 12 | fn evaluate_part_two(input: &str) -> i32 {
[INFO] [stdout]    |    ^^^^^^^^^^^^^^^^^
[INFO] [stdout] 
[INFO] [stdout] 
[INFO] [stdout] warning: constant `TEST_INPUT_ONE` is never used
[INFO] [stdout]   --> src/day_08.rs:17:7
[INFO] [stdout]    |
[INFO] [stdout] 17 | const TEST_INPUT_ONE: &str ="............
[INFO] [stdout]    |       ^^^^^^^^^^^^^^
[INFO] [stdout] 
[INFO] [stdout] 
[INFO] [stdout] warning: function `load_and_evaluate` is never used
[INFO] [stdout]  --> src/day_11.rs:3:8
[INFO] [stdout]   |
[INFO] [stdout] 3 | pub fn load_and_evaluate(input: &str) -> (usize, usize) {
[INFO] [stdout]   |        ^^^^^^^^^^^^^^^^^
[INFO] [stdout] 
[INFO] [stdout] 
[INFO] [stdout] warning: function `evaluate_part_one` is never used
[INFO] [stdout]  --> src/day_11.rs:7:4
[INFO] [stdout]   |
[INFO] [stdout] 7 | fn evaluate_part_one(input: &str) -> usize {
[INFO] [stdout]   |    ^^^^^^^^^^^^^^^^^
[INFO] [stdout] 
[INFO] [stdout] 
[INFO] [stdout] warning: function `evaluate_part_two` is never used
[INFO] [stdout]   --> src/day_11.rs:15:4
[INFO] [stdout]    |
[INFO] [stdout] 15 | fn evaluate_part_two(input: &str) -> usize {
[INFO] [stdout]    |    ^^^^^^^^^^^^^^^^^
[INFO] [stdout] 
[INFO] [stdout] 
[INFO] [stdout] warning: function `blink_dict` is never used
[INFO] [stdout]   --> src/day_11.rs:31:4
[INFO] [stdout]    |
[INFO] [stdout] 31 | fn blink_dict(input: HashMap<u64, usize>) -> HashMap<u64, usize> {
[INFO] [stdout]    |    ^^^^^^^^^^
[INFO] [stdout] 
[INFO] [stdout] 
[INFO] [stdout] warning: function `blink` is never used
[INFO] [stdout]   --> src/day_11.rs:50:4
[INFO] [stdout]    |
[INFO] [stdout] 50 | fn blink(input: &Vec<u64>) -> Vec<u64> {
[INFO] [stdout]    |    ^^^^^
[INFO] [stdout] 
[INFO] [stdout] 
[INFO] [stdout] warning: constant `TEST_INPUT_ONE` is never used
[INFO] [stdout]   --> src/day_11.rs:69:7
[INFO] [stdout]    |
[INFO] [stdout] 69 | const TEST_INPUT_ONE: &str ="0 1 10 99 999";
[INFO] [stdout]    |       ^^^^^^^^^^^^^^
[INFO] [stdout] 
[INFO] [stdout] 
[INFO] [stdout] warning: function `load_and_evaluate` is never used
[INFO] [stdout]  --> src/day_12.rs:6:8
[INFO] [stdout]   |
[INFO] [stdout] 6 | pub fn load_and_evaluate(input: &str) -> (usize, i32) {
[INFO] [stdout]   |        ^^^^^^^^^^^^^^^^^
[INFO] [stdout] 
[INFO] [stdout] 
[INFO] [stdout] warning: function `evaluate_part_one` is never used
[INFO] [stdout]   --> src/day_12.rs:10:4
[INFO] [stdout]    |
[INFO] [stdout] 10 | fn evaluate_part_one(input: &str) -> usize {
[INFO] [stdout]    |    ^^^^^^^^^^^^^^^^^
[INFO] [stdout] 
[INFO] [stdout] 
[INFO] [stdout] warning: function `evaluate_part_two` is never used
[INFO] [stdout]   --> src/day_12.rs:55:4
[INFO] [stdout]    |
[INFO] [stdout] 55 | fn evaluate_part_two(input: &str) -> i32 {
[INFO] [stdout]    |    ^^^^^^^^^^^^^^^^^
[INFO] [stdout] 
[INFO] [stdout] 
[INFO] [stdout] warning: constant `TEST_INPUT_ONE` is never used
[INFO] [stdout]   --> src/day_12.rs:59:7
[INFO] [stdout]    |
[INFO] [stdout] 59 | const TEST_INPUT_ONE: &str = "AAAA
[INFO] [stdout]    |       ^^^^^^^^^^^^^^
[INFO] [stdout] 
[INFO] [stdout] 
[INFO] [stdout] warning: constant `TEST_INPUT_TWO` is never used
[INFO] [stdout]   --> src/day_12.rs:64:7
[INFO] [stdout]    |
[INFO] [stdout] 64 | const TEST_INPUT_TWO: &str = "OOOOO
[INFO] [stdout]    |       ^^^^^^^^^^^^^^
[INFO] [stdout] 
[INFO] [stdout] 
[INFO] [stdout] warning: constant `TEST_INPUT_THREE` is never used
[INFO] [stdout]   --> src/day_12.rs:71:7
[INFO] [stdout]    |
[INFO] [stdout] 71 | const TEST_INPUT_THREE: &str ="RRRRIICCFF
[INFO] [stdout]    |       ^^^^^^^^^^^^^^^^
[INFO] [stdout] 
[INFO] [stdout] 
[INFO] [stdout] warning: struct `Region` is never constructed
[INFO] [stdout]   --> src/day_12.rs:93:8
[INFO] [stdout]    |
[INFO] [stdout] 93 | struct Region {
[INFO] [stdout]    |        ^^^^^^
[INFO] [stdout] 
[INFO] [stdout] 
[INFO] [stdout] warning: methods `price` and `side_price` are never used
[INFO] [stdout]    --> src/day_12.rs:99:8
[INFO] [stdout]     |
[INFO] [stdout] 98  | impl Region {
[INFO] [stdout]     | ----------- methods in this implementation
[INFO] [stdout] 99  |     fn price(&self) -> usize {
[INFO] [stdout]     |        ^^^^^
[INFO] [stdout] ...
[INFO] [stdout] 112 |     fn side_price(&self) -> usize {
[INFO] [stdout]     |        ^^^^^^^^^^
[INFO] [stdout] 
[INFO] [stdout] 
[INFO] [stdout] warning: constant `TEST_INPUT_ONE` is never used
[INFO] [stdout]   --> src/day_13.rs:50:7
[INFO] [stdout]    |
[INFO] [stdout] 50 | const TEST_INPUT_ONE: &str ="Button A: X+94, Y+34
[INFO] [stdout]    |       ^^^^^^^^^^^^^^
[INFO] [stdout] 
[INFO] [stdout] 
[INFO] [stderr]     Finished `dev` profile [unoptimized + debuginfo] target(s) in 0.83s
[INFO] running `Command { std: "docker" "inspect" "16d03a84f0d18d197205778b229cd7a1c941533cd4f69b8401f16175ccb3f15c", kill_on_drop: false }`
[INFO] running `Command { std: "docker" "rm" "-f" "16d03a84f0d18d197205778b229cd7a1c941533cd4f69b8401f16175ccb3f15c", kill_on_drop: false }`
[INFO] [stdout] 16d03a84f0d18d197205778b229cd7a1c941533cd4f69b8401f16175ccb3f15c
[INFO] running `Command { std: "docker" "create" "-v" "/var/lib/crater-agent-workspace/builds/worker-0-tc1/target:/opt/rustwide/target:rw,Z" "-v" "/var/lib/crater-agent-workspace/builds/worker-0-tc1/source:/opt/rustwide/workdir:ro,Z" "-v" "/var/lib/crater-agent-workspace/cargo-home:/opt/rustwide/cargo-home:ro,Z" "-v" "/var/lib/crater-agent-workspace/rustup-home:/opt/rustwide/rustup-home:ro,Z" "-e" "SOURCE_DIR=/opt/rustwide/workdir" "-e" "CARGO_TARGET_DIR=/opt/rustwide/target" "-e" "CARGO_INCREMENTAL=0" "-e" "RUST_BACKTRACE=full" "-e" "RUSTFLAGS=--cap-lints=warn" "-e" "RUSTDOCFLAGS=--cap-lints=warn" "-e" "CARGO_HOME=/opt/rustwide/cargo-home" "-e" "RUSTUP_HOME=/opt/rustwide/rustup-home" "-w" "/opt/rustwide/workdir" "-m" "1610612736" "--user" "0:0" "--network" "none" "ghcr.io/rust-lang/crates-build-env/linux@sha256:f3a9d4ad9d972b27faf3965f35b62e55ba32bbce8f20bc8fe909558a86702fde" "/opt/rustwide/cargo-home/bin/cargo" "+1.83.0" "test" "--frozen" "--no-run" "--message-format=json", kill_on_drop: false }`
[INFO] [stdout] f5b413ee33e66b21a39570d7562507236ccf11fd1f53caba96ff557a3294ba3f
[INFO] running `Command { std: "docker" "start" "-a" "f5b413ee33e66b21a39570d7562507236ccf11fd1f53caba96ff557a3294ba3f", kill_on_drop: false }`
[INFO] [stderr]    Compiling advent_of_code_2024 v0.1.0 (/opt/rustwide/workdir)
[INFO] [stdout] warning: unused import: `num::ParseIntError`
[INFO] [stdout]  --> src/lib.rs:1:11
[INFO] [stdout]   |
[INFO] [stdout] 1 | use std::{num::ParseIntError, ops::Add};
[INFO] [stdout]   |           ^^^^^^^^^^^^^^^^^^
[INFO] [stdout]   |
[INFO] [stdout]   = note: `#[warn(unused_imports)]` on by default
[INFO] [stdout] 
[INFO] [stdout] 
[INFO] [stdout] warning: unused import: `num::ParseIntError`
[INFO] [stdout]  --> src/lib.rs:1:11
[INFO] [stdout]   |
[INFO] [stdout] 1 | use std::{num::ParseIntError, ops::Add};
[INFO] [stdout]   |           ^^^^^^^^^^^^^^^^^^
[INFO] [stdout]   |
[INFO] [stdout]   = note: `#[warn(unused_imports)]` on by default
[INFO] [stdout] 
[INFO] [stdout] 
[INFO] [stdout] warning: unused import: `ops::Add`
[INFO] [stdout]  --> src/day_06.rs:1:37
[INFO] [stdout]   |
[INFO] [stdout] 1 | use std::{collections::HashSet, fs, ops::Add};
[INFO] [stdout]   |                                     ^^^^^^^^
[INFO] [stdout]   |
[INFO] [stdout]   = note: `#[warn(unused_imports)]` on by default
[INFO] [stdout] 
[INFO] [stdout] 
[INFO] [stdout] warning: unused import: `result`
[INFO] [stdout]  --> src/day_07.rs:1:15
[INFO] [stdout]   |
[INFO] [stdout] 1 | use std::{fs, result};
[INFO] [stdout]   |               ^^^^^^
[INFO] [stdout] 
[INFO] [stdout] 
[INFO] [stdout] warning: unused import: `std::fs`
[INFO] [stdout]  --> src/day_08.rs:1:5
[INFO] [stdout]   |
[INFO] [stdout] 1 | use std::fs;
[INFO] [stdout]   |     ^^^^^^^
[INFO] [stdout] 
[INFO] [stdout] 
[INFO] [stdout] warning: unused imports: `collections::HashMap` and `fs`
[INFO] [stdout]  --> src/day_12.rs:1:11
[INFO] [stdout]   |
[INFO] [stdout] 1 | use std::{collections::HashMap, fs};
[INFO] [stdout]   |           ^^^^^^^^^^^^^^^^^^^^  ^^
[INFO] [stdout] 
[INFO] [stdout] 
[INFO] [stdout] warning: unused import: `Direction`
[INFO] [stdout]  --> src/day_12.rs:3:27
[INFO] [stdout]   |
[INFO] [stdout] 3 | use advent_of_code_2024::{Direction, Position, DIRECTIONS};
[INFO] [stdout]   |                           ^^^^^^^^^
[INFO] [stdout] 
[INFO] [stdout] 
[INFO] [stdout] warning: unused variable: `input`
[INFO] [stdout]   --> src/day_06.rs:43:22
[INFO] [stdout]    |
[INFO] [stdout] 43 | fn evaluate_part_two(input: &str) -> i32 {
[INFO] [stdout]    |                      ^^^^^ help: if this is intentional, prefix it with an underscore: `_input`
[INFO] [stdout]    |
[INFO] [stdout]    = note: `#[warn(unused_variables)]` on by default
[INFO] [stdout] 
[INFO] [stdout] 
[INFO] [stdout] warning: unused variable: `input`
[INFO] [stdout]  --> src/day_08.rs:8:22
[INFO] [stdout]   |
[INFO] [stdout] 8 | fn evaluate_part_one(input: &str) -> i32 {
[INFO] [stdout]   |                      ^^^^^ help: if this is intentional, prefix it with an underscore: `_input`
[INFO] [stdout] 
[INFO] [stdout] 
[INFO] [stdout] warning: unused variable: `input`
[INFO] [stdout]   --> src/day_08.rs:12:22
[INFO] [stdout]    |
[INFO] [stdout] 12 | fn evaluate_part_two(input: &str) -> i32 {
[INFO] [stdout]    |                      ^^^^^ help: if this is intentional, prefix it with an underscore: `_input`
[INFO] [stdout] 
[INFO] [stdout] 
[INFO] [stdout] warning: unused variable: `input`
[INFO] [stdout]   --> src/day_12.rs:55:22
[INFO] [stdout]    |
[INFO] [stdout] 55 | fn evaluate_part_two(input: &str) -> i32 {
[INFO] [stdout]    |                      ^^^^^ help: if this is intentional, prefix it with an underscore: `_input`
[INFO] [stdout] 
[INFO] [stdout] 
[INFO] [stdout] warning: function `load_and_evaluate` is never used
[INFO] [stdout]   --> src/day_01.rs:10:8
[INFO] [stdout]    |
[INFO] [stdout] 10 | pub fn load_and_evaluate(path: &str) -> (i32, i32) {
[INFO] [stdout]    |        ^^^^^^^^^^^^^^^^^
[INFO] [stdout]    |
[INFO] [stdout]    = note: `#[warn(dead_code)]` on by default
[INFO] [stdout] 
[INFO] [stdout] 
[INFO] [stdout] warning: function `load_and_evaluate` is never used
[INFO] [stdout]  --> src/day_02.rs:3:8
[INFO] [stdout]   |
[INFO] [stdout] 3 | pub fn load_and_evaluate(path: &str) -> (usize, usize) {
[INFO] [stdout]   |        ^^^^^^^^^^^^^^^^^
[INFO] [stdout] 
[INFO] [stdout] 
[INFO] [stdout] warning: function `evaluate_part_two` is never used
[INFO] [stdout]   --> src/day_02.rs:35:4
[INFO] [stdout]    |
[INFO] [stdout] 35 | fn evaluate_part_two(input: &str) -> usize {
[INFO] [stdout]    |    ^^^^^^^^^^^^^^^^^
[INFO] [stdout] 
[INFO] [stdout] 
[INFO] [stdout] warning: method `fix` is never used
[INFO] [stdout]   --> src/day_02.rs:70:8
[INFO] [stdout]    |
[INFO] [stdout] 53 | impl Report {
[INFO] [stdout]    | ----------- method in this implementation
[INFO] [stdout] ...
[INFO] [stdout] 70 |     fn fix(&mut self) {
[INFO] [stdout]    |        ^^^
[INFO] [stdout] 
[INFO] [stdout] 
[INFO] [stdout] warning: function `load_and_evaluate` is never used
[INFO] [stdout]  --> src/day_03.rs:7:8
[INFO] [stdout]   |
[INFO] [stdout] 7 | pub fn load_and_evaluate(path: &str) -> (i32, i32) {
[INFO] [stdout]   |        ^^^^^^^^^^^^^^^^^
[INFO] [stdout] 
[INFO] [stdout] 
[INFO] [stdout] warning: function `load_and_evaluate` is never used
[INFO] [stdout]  --> src/day_04.rs:3:8
[INFO] [stdout]   |
[INFO] [stdout] 3 | pub fn load_and_evaluate(path: &str) -> (i32, i32) {
[INFO] [stdout]   |        ^^^^^^^^^^^^^^^^^
[INFO] [stdout] 
[INFO] [stdout] 
[INFO] [stdout] warning: function `load_and_evaluate` is never used
[INFO] [stdout]  --> src/day_05.rs:3:8
[INFO] [stdout]   |
[INFO] [stdout] 3 | pub fn load_and_evaluate(path: &str) -> (i32, i32) {
[INFO] [stdout]   |        ^^^^^^^^^^^^^^^^^
[INFO] [stdout] 
[INFO] [stdout] 
[INFO] [stdout] warning: function `load_and_evaluate` is never used
[INFO] [stdout]  --> src/day_06.rs:5:8
[INFO] [stdout]   |
[INFO] [stdout] 5 | pub fn load_and_evaluate(path: &str) -> (usize, i32) {
[INFO] [stdout]   |        ^^^^^^^^^^^^^^^^^
[INFO] [stdout] 
[INFO] [stdout] 
[INFO] [stdout] warning: function `load_and_evaluate` is never used
[INFO] [stdout]  --> src/day_07.rs:3:8
[INFO] [stdout]   |
[INFO] [stdout] 3 | pub fn load_and_evaluate(path: &str) -> (i64, i64) {
[INFO] [stdout]   |        ^^^^^^^^^^^^^^^^^
[INFO] [stdout] 
[INFO] [stdout] 
[INFO] [stdout] warning: function `load_and_evaluate` is never used
[INFO] [stdout]  --> src/day_08.rs:4:8
[INFO] [stdout]   |
[INFO] [stdout] 4 | pub fn load_and_evaluate(input: &str) -> (i32, i32) {
[INFO] [stdout]   |        ^^^^^^^^^^^^^^^^^
[INFO] [stdout] 
[INFO] [stdout] 
[INFO] [stdout] warning: function `load_and_evaluate` is never used
[INFO] [stdout]  --> src/day_11.rs:3:8
[INFO] [stdout]   |
[INFO] [stdout] 3 | pub fn load_and_evaluate(input: &str) -> (usize, usize) {
[INFO] [stdout]   |        ^^^^^^^^^^^^^^^^^
[INFO] [stdout] 
[INFO] [stdout] 
[INFO] [stdout] warning: function `evaluate_part_two` is never used
[INFO] [stdout]   --> src/day_11.rs:15:4
[INFO] [stdout]    |
[INFO] [stdout] 15 | fn evaluate_part_two(input: &str) -> usize {
[INFO] [stdout]    |    ^^^^^^^^^^^^^^^^^
[INFO] [stdout] 
[INFO] [stdout] 
[INFO] [stdout] warning: function `blink_dict` is never used
[INFO] [stdout]   --> src/day_11.rs:31:4
[INFO] [stdout]    |
[INFO] [stdout] 31 | fn blink_dict(input: HashMap<u64, usize>) -> HashMap<u64, usize> {
[INFO] [stdout]    |    ^^^^^^^^^^
[INFO] [stdout] 
[INFO] [stdout] 
[INFO] [stdout] warning: function `load_and_evaluate` is never used
[INFO] [stdout]  --> src/day_12.rs:6:8
[INFO] [stdout]   |
[INFO] [stdout] 6 | pub fn load_and_evaluate(input: &str) -> (usize, i32) {
[INFO] [stdout]   |        ^^^^^^^^^^^^^^^^^
[INFO] [stdout] 
[INFO] [stdout] 
[INFO] [stdout] warning: field `label` is never read
[INFO] [stdout]   --> src/day_12.rs:94:5
[INFO] [stdout]    |
[INFO] [stdout] 93 | struct Region {
[INFO] [stdout]    |        ------ field in this struct
[INFO] [stdout] 94 |     label: char,
[INFO] [stdout]    |     ^^^^^
[INFO] [stdout] 
[INFO] [stdout] 
[INFO] [stdout] warning: method `side_price` is never used
[INFO] [stdout]    --> src/day_12.rs:112:8
[INFO] [stdout]     |
[INFO] [stdout] 98  | impl Region {
[INFO] [stdout]     | ----------- method in this implementation
[INFO] [stdout] ...
[INFO] [stdout] 112 |     fn side_price(&self) -> usize {
[INFO] [stdout]     |        ^^^^^^^^^^
[INFO] [stdout] 
[INFO] [stdout] 
[INFO] [stderr]     Finished `test` profile [unoptimized + debuginfo] target(s) in 1.67s
[INFO] running `Command { std: "docker" "inspect" "f5b413ee33e66b21a39570d7562507236ccf11fd1f53caba96ff557a3294ba3f", kill_on_drop: false }`
[INFO] running `Command { std: "docker" "rm" "-f" "f5b413ee33e66b21a39570d7562507236ccf11fd1f53caba96ff557a3294ba3f", kill_on_drop: false }`
[INFO] [stdout] f5b413ee33e66b21a39570d7562507236ccf11fd1f53caba96ff557a3294ba3f
[INFO] running `Command { std: "docker" "create" "-v" "/var/lib/crater-agent-workspace/builds/worker-0-tc1/target:/opt/rustwide/target:rw,Z" "-v" "/var/lib/crater-agent-workspace/builds/worker-0-tc1/source:/opt/rustwide/workdir:ro,Z" "-v" "/var/lib/crater-agent-workspace/cargo-home:/opt/rustwide/cargo-home:ro,Z" "-v" "/var/lib/crater-agent-workspace/rustup-home:/opt/rustwide/rustup-home:ro,Z" "-e" "SOURCE_DIR=/opt/rustwide/workdir" "-e" "CARGO_TARGET_DIR=/opt/rustwide/target" "-e" "CARGO_INCREMENTAL=0" "-e" "RUST_BACKTRACE=full" "-e" "RUSTFLAGS=--cap-lints=warn" "-e" "RUSTDOCFLAGS=--cap-lints=warn" "-e" "CARGO_HOME=/opt/rustwide/cargo-home" "-e" "RUSTUP_HOME=/opt/rustwide/rustup-home" "-w" "/opt/rustwide/workdir" "-m" "1610612736" "--user" "0:0" "--network" "none" "ghcr.io/rust-lang/crates-build-env/linux@sha256:f3a9d4ad9d972b27faf3965f35b62e55ba32bbce8f20bc8fe909558a86702fde" "/opt/rustwide/cargo-home/bin/cargo" "+1.83.0" "test" "--frozen", kill_on_drop: false }`
[INFO] [stdout] 07e2bc19f4f8fbc9e16b0d8d4d34d0823ca46c3643b2baab6f2dd078f59afbbc
[INFO] running `Command { std: "docker" "start" "-a" "07e2bc19f4f8fbc9e16b0d8d4d34d0823ca46c3643b2baab6f2dd078f59afbbc", kill_on_drop: false }`
[INFO] [stderr] warning: unused import: `num::ParseIntError`
[INFO] [stderr]  --> src/lib.rs:1:11
[INFO] [stderr]   |
[INFO] [stderr] 1 | use std::{num::ParseIntError, ops::Add};
[INFO] [stderr]   |           ^^^^^^^^^^^^^^^^^^
[INFO] [stderr]   |
[INFO] [stderr]   = note: `#[warn(unused_imports)]` on by default
[INFO] [stderr] 
[INFO] [stderr] warning: `advent_of_code_2024` (lib) generated 1 warning (run `cargo fix --lib -p advent_of_code_2024` to apply 1 suggestion)
[INFO] [stderr] warning: unused import: `ops::Add`
[INFO] [stderr]  --> src/day_06.rs:1:37
[INFO] [stderr]   |
[INFO] [stderr] 1 | use std::{collections::HashSet, fs, ops::Add};
[INFO] [stderr]   |                                     ^^^^^^^^
[INFO] [stderr]   |
[INFO] [stderr]   = note: `#[warn(unused_imports)]` on by default
[INFO] [stderr] 
[INFO] [stderr] warning: unused import: `result`
[INFO] [stderr]  --> src/day_07.rs:1:15
[INFO] [stderr]   |
[INFO] [stderr] 1 | use std::{fs, result};
[INFO] [stderr]   |               ^^^^^^
[INFO] [stderr] 
[INFO] [stderr] warning: unused import: `std::fs`
[INFO] [stderr]  --> src/day_08.rs:1:5
[INFO] [stderr]   |
[INFO] [stderr] 1 | use std::fs;
[INFO] [stderr]   |     ^^^^^^^
[INFO] [stderr] 
[INFO] [stderr] warning: unused imports: `collections::HashMap` and `fs`
[INFO] [stderr]  --> src/day_12.rs:1:11
[INFO] [stderr]   |
[INFO] [stderr] 1 | use std::{collections::HashMap, fs};
[INFO] [stderr]   |           ^^^^^^^^^^^^^^^^^^^^  ^^
[INFO] [stderr] 
[INFO] [stderr] warning: unused import: `Direction`
[INFO] [stderr]  --> src/day_12.rs:3:27
[INFO] [stderr]   |
[INFO] [stderr] 3 | use advent_of_code_2024::{Direction, Position, DIRECTIONS};
[INFO] [stderr]   |                           ^^^^^^^^^
[INFO] [stderr] 
[INFO] [stderr] warning: unused variable: `input`
[INFO] [stderr]   --> src/day_06.rs:43:22
[INFO] [stderr]    |
[INFO] [stderr] 43 | fn evaluate_part_two(input: &str) -> i32 {
[INFO] [stderr]    |                      ^^^^^ help: if this is intentional, prefix it with an underscore: `_input`
[INFO] [stderr]    |
[INFO] [stderr]    = note: `#[warn(unused_variables)]` on by default
[INFO] [stderr] 
[INFO] [stderr] warning: unused variable: `input`
[INFO] [stderr]  --> src/day_08.rs:8:22
[INFO] [stderr]   |
[INFO] [stderr] 8 | fn evaluate_part_one(input: &str) -> i32 {
[INFO] [stderr]   |                      ^^^^^ help: if this is intentional, prefix it with an underscore: `_input`
[INFO] [stderr] 
[INFO] [stderr] warning: unused variable: `input`
[INFO] [stderr]   --> src/day_08.rs:12:22
[INFO] [stderr]    |
[INFO] [stderr] 12 | fn evaluate_part_two(input: &str) -> i32 {
[INFO] [stderr]    |                      ^^^^^ help: if this is intentional, prefix it with an underscore: `_input`
[INFO] [stderr] 
[INFO] [stderr] warning: unused variable: `input`
[INFO] [stderr]   --> src/day_12.rs:55:22
[INFO] [stderr]    |
[INFO] [stderr] 55 | fn evaluate_part_two(input: &str) -> i32 {
[INFO] [stderr]    |                      ^^^^^ help: if this is intentional, prefix it with an underscore: `_input`
[INFO] [stderr] 
[INFO] [stderr] warning: function `load_and_evaluate` is never used
[INFO] [stderr]   --> src/day_01.rs:10:8
[INFO] [stderr]    |
[INFO] [stderr] 10 | pub fn load_and_evaluate(path: &str) -> (i32, i32) {
[INFO] [stderr]    |        ^^^^^^^^^^^^^^^^^
[INFO] [stderr]    |
[INFO] [stderr]    = note: `#[warn(dead_code)]` on by default
[INFO] [stderr] 
[INFO] [stderr] warning: function `load_and_evaluate` is never used
[INFO] [stderr]  --> src/day_02.rs:3:8
[INFO] [stderr]   |
[INFO] [stderr] 3 | pub fn load_and_evaluate(path: &str) -> (usize, usize) {
[INFO] [stderr]   |        ^^^^^^^^^^^^^^^^^
[INFO] [stderr] 
[INFO] [stderr] warning: function `evaluate_part_two` is never used
[INFO] [stderr]   --> src/day_02.rs:35:4
[INFO] [stderr]    |
[INFO] [stderr] 35 | fn evaluate_part_two(input: &str) -> usize {
[INFO] [stderr]    |    ^^^^^^^^^^^^^^^^^
[INFO] [stderr] 
[INFO] [stderr] warning: method `fix` is never used
[INFO] [stderr]   --> src/day_02.rs:70:8
[INFO] [stderr]    |
[INFO] [stderr] 53 | impl Report {
[INFO] [stderr]    | ----------- method in this implementation
[INFO] [stderr] ...
[INFO] [stderr] 70 |     fn fix(&mut self) {
[INFO] [stderr]    |        ^^^
[INFO] [stderr] 
[INFO] [stderr] warning: function `load_and_evaluate` is never used
[INFO] [stderr]  --> src/day_03.rs:7:8
[INFO] [stderr]   |
[INFO] [stderr] 7 | pub fn load_and_evaluate(path: &str) -> (i32, i32) {
[INFO] [stderr]   |        ^^^^^^^^^^^^^^^^^
[INFO] [stderr] 
[INFO] [stderr] warning: function `load_and_evaluate` is never used
[INFO] [stderr]  --> src/day_04.rs:3:8
[INFO] [stderr]   |
[INFO] [stderr] 3 | pub fn load_and_evaluate(path: &str) -> (i32, i32) {
[INFO] [stderr]   |        ^^^^^^^^^^^^^^^^^
[INFO] [stderr] 
[INFO] [stderr] warning: function `load_and_evaluate` is never used
[INFO] [stderr]  --> src/day_05.rs:3:8
[INFO] [stderr]   |
[INFO] [stderr] 3 | pub fn load_and_evaluate(path: &str) -> (i32, i32) {
[INFO] [stderr]   |        ^^^^^^^^^^^^^^^^^
[INFO] [stderr] 
[INFO] [stderr] warning: function `load_and_evaluate` is never used
[INFO] [stderr]  --> src/day_06.rs:5:8
[INFO] [stderr]   |
[INFO] [stderr] 5 | pub fn load_and_evaluate(path: &str) -> (usize, i32) {
[INFO] [stderr]   |        ^^^^^^^^^^^^^^^^^
[INFO] [stderr] 
[INFO] [stderr] warning: function `load_and_evaluate` is never used
[INFO] [stderr]  --> src/day_07.rs:3:8
[INFO] [stderr]   |
[INFO] [stderr] 3 | pub fn load_and_evaluate(path: &str) -> (i64, i64) {
[INFO] [stderr]   |        ^^^^^^^^^^^^^^^^^
[INFO] [stderr] 
[INFO] [stderr] warning: function `load_and_evaluate` is never used
[INFO] [stderr]  --> src/day_08.rs:4:8
[INFO] [stderr]   |
[INFO] [stderr] 4 | pub fn load_and_evaluate(input: &str) -> (i32, i32) {
[INFO] [stderr]   |        ^^^^^^^^^^^^^^^^^
[INFO] [stderr] 
[INFO] [stderr] warning: function `load_and_evaluate` is never used
[INFO] [stderr]  --> src/day_11.rs:3:8
[INFO] [stderr]   |
[INFO] [stderr] 3 | pub fn load_and_evaluate(input: &str) -> (usize, usize) {
[INFO] [stderr]   |        ^^^^^^^^^^^^^^^^^
[INFO] [stderr] 
[INFO] [stderr] warning: function `evaluate_part_two` is never used
[INFO] [stderr]   --> src/day_11.rs:15:4
[INFO] [stderr]    |
[INFO] [stderr] 15 | fn evaluate_part_two(input: &str) -> usize {
[INFO] [stderr]    |    ^^^^^^^^^^^^^^^^^
[INFO] [stderr] 
[INFO] [stderr] warning: function `blink_dict` is never used
[INFO] [stderr]   --> src/day_11.rs:31:4
[INFO] [stderr]    |
[INFO] [stderr] 31 | fn blink_dict(input: HashMap<u64, usize>) -> HashMap<u64, usize> {
[INFO] [stderr]    |    ^^^^^^^^^^
[INFO] [stderr] 
[INFO] [stderr] warning: function `load_and_evaluate` is never used
[INFO] [stderr]  --> src/day_12.rs:6:8
[INFO] [stderr]   |
[INFO] [stderr] 6 | pub fn load_and_evaluate(input: &str) -> (usize, i32) {
[INFO] [stderr]   |        ^^^^^^^^^^^^^^^^^
[INFO] [stderr] 
[INFO] [stderr] warning: field `label` is never read
[INFO] [stderr]   --> src/day_12.rs:94:5
[INFO] [stderr]    |
[INFO] [stderr] 93 | struct Region {
[INFO] [stderr]    |        ------ field in this struct
[INFO] [stderr] 94 |     label: char,
[INFO] [stderr]    |     ^^^^^
[INFO] [stderr] 
[INFO] [stderr] warning: method `side_price` is never used
[INFO] [stderr]    --> src/day_12.rs:112:8
[INFO] [stderr]     |
[INFO] [stderr] 98  | impl Region {
[INFO] [stderr]     | ----------- method in this implementation
[INFO] [stderr] ...
[INFO] [stderr] 112 |     fn side_price(&self) -> usize {
[INFO] [stderr]     |        ^^^^^^^^^^
[INFO] [stderr] 
[INFO] [stderr] warning: `advent_of_code_2024` (bin "advent_of_code_2024" test) generated 25 warnings (run `cargo fix --bin "advent_of_code_2024" --tests` to apply 5 suggestions)
[INFO] [stderr] warning: `advent_of_code_2024` (lib test) generated 1 warning (1 duplicate)
[INFO] [stderr]     Finished `test` profile [unoptimized + debuginfo] target(s) in 0.02s
[INFO] [stderr]      Running unittests src/lib.rs (/opt/rustwide/target/debug/deps/advent_of_code_2024-ffc6e150a90fc936)
[INFO] [stdout] 
[INFO] [stdout] running 0 tests
[INFO] [stdout] 
[INFO] [stdout] test result: ok. 0 passed; 0 failed; 0 ignored; 0 measured; 0 filtered out; finished in 0.00s
[INFO] [stdout] 
[INFO] [stderr]      Running unittests src/main.rs (/opt/rustwide/target/debug/deps/advent_of_code_2024-d7ea14606c0bf080)
[INFO] [stdout] 
[INFO] [stdout] running 29 tests
[INFO] [stdout] test day_01::test_evaluate_part_two ... ok
[INFO] [stdout] test day_01::test_evaluate ... ok
[INFO] [stdout] test day_01::test_parse ... ok
[INFO] [stdout] test day_02::test_evaluate_part_two ... ok
[INFO] [stdout] test day_03::test_evaluate_part_one ... ok
[INFO] [stdout] test day_04::test_parse ... ok
[INFO] [stdout] test day_05::test_part_one ... ok
[INFO] [stdout] test day_03::test_evaluate_part_two ... ok
[INFO] [stdout] test day_02::test_evaluate ... ok
[INFO] [stdout] test day_05::test_parse ... ok
[INFO] [stdout] test day_05::test_part_two ... ok
[INFO] [stdout] test day_06::test_part_one ... ok
[INFO] [stdout] test day_04::test_part_two ... ok
[INFO] [stdout] test day_02::test_parse ... ok
[INFO] [stdout] test day_02::test_validity ... ok
[INFO] [stdout] test day_04::test_part_one ... ok
[INFO] [stdout] test day_11::test_blink ... ok
[INFO] [stdout] test day_07::test_part_one ... ok
[INFO] [stdout] test day_07::test_part_two ... ok
[INFO] [stdout] test day_07::test_parse ... ok
[INFO] [stdout] test day_12::test_part_two ... ok
[INFO] [stdout] test day_13::test_parse ... ok
[INFO] [stdout] test day_06::test_part_two ... ok
[INFO] [stdout] test day_08::test_part_one ... ok
[INFO] [stdout] test day_13::test_part_one ... ok
[INFO] [stdout] test day_08::test_part_two ... ok
[INFO] [stdout] test day_12::test_part_one ... ok
[INFO] [stdout] test day_13::test_part_two ... FAILED
[INFO] [stdout] test day_11::test_part_one ... ok
[INFO] [stdout] 
[INFO] [stdout] failures:
[INFO] [stdout] 
[INFO] [stdout] ---- day_13::test_part_two stdout ----
[INFO] [stdout] Direction { x: 26, y: 66 } Direction { x: 67, y: 21 } Position { x: 10000000012748, y: 10000000012176, width: 0, height: 0 }: 118679050709 103199174542
[INFO] [stdout] Direction { x: 69, y: 23 } Direction { x: 27, y: 71 } Position { x: 10000000018641, y: 10000000010279, width: 0, height: 0 }: 102851800151 107526881786
[INFO] [stdout] thread 'day_13::test_part_two' panicked at src/day_13.rs:111:5:
[INFO] [stdout] assertion `left == right` failed
[INFO] [stdout]   left: 875318608908
[INFO] [stdout]  right: 0
[INFO] [stdout] stack backtrace:
[INFO] [stdout]    0:     0x55ad69cc2d9a - std::backtrace_rs::backtrace::libunwind::trace::h5a5b8284f2d0c266
[INFO] [stdout]                                at /rustc/90b35a6239c3d8bdabc530a6a0816f7ff89a0aaf/library/std/src/../../backtrace/src/backtrace/libunwind.rs:116:5
[INFO] [stdout]    1:     0x55ad69cc2d9a - std::backtrace_rs::backtrace::trace_unsynchronized::h76d4f1c9b0b875e3
[INFO] [stdout]                                at /rustc/90b35a6239c3d8bdabc530a6a0816f7ff89a0aaf/library/std/src/../../backtrace/src/backtrace/mod.rs:66:5
[INFO] [stdout]    2:     0x55ad69cc2d9a - std::sys::backtrace::_print_fmt::hc4546b8364a537c6
[INFO] [stdout]                                at /rustc/90b35a6239c3d8bdabc530a6a0816f7ff89a0aaf/library/std/src/sys/backtrace.rs:66:9
[INFO] [stdout]    3:     0x55ad69cc2d9a - <std::sys::backtrace::BacktraceLock::print::DisplayBacktrace as core::fmt::Display>::fmt::h5b6bd5631a6d1f6b
[INFO] [stdout]                                at /rustc/90b35a6239c3d8bdabc530a6a0816f7ff89a0aaf/library/std/src/sys/backtrace.rs:39:26
[INFO] [stdout]    4:     0x55ad69ce8203 - core::fmt::rt::Argument::fmt::h270f6602a2b96f62
[INFO] [stdout]                                at /rustc/90b35a6239c3d8bdabc530a6a0816f7ff89a0aaf/library/core/src/fmt/rt.rs:177:76
[INFO] [stdout]    5:     0x55ad69ce8203 - core::fmt::write::h7550c97b06c86515
[INFO] [stdout]                                at /rustc/90b35a6239c3d8bdabc530a6a0816f7ff89a0aaf/library/core/src/fmt/mod.rs:1186:21
[INFO] [stdout]    6:     0x55ad69cbff63 - std::io::Write::write_fmt::h509ff860e5956e5e
[INFO] [stdout]                                at /rustc/90b35a6239c3d8bdabc530a6a0816f7ff89a0aaf/library/std/src/io/mod.rs:1839:15
[INFO] [stdout]    7:     0x55ad69cc2be2 - std::sys::backtrace::BacktraceLock::print::h2395ccd2c84ba3aa
[INFO] [stdout]                                at /rustc/90b35a6239c3d8bdabc530a6a0816f7ff89a0aaf/library/std/src/sys/backtrace.rs:42:9
[INFO] [stdout]    8:     0x55ad69cc41fa - std::panicking::default_hook::{{closure}}::he19d4c7230e07961
[INFO] [stdout]                                at /rustc/90b35a6239c3d8bdabc530a6a0816f7ff89a0aaf/library/std/src/panicking.rs:268:22
[INFO] [stdout]    9:     0x55ad69cc4004 - std::panicking::default_hook::hf614597d3c67bbdb
[INFO] [stdout]                                at /rustc/90b35a6239c3d8bdabc530a6a0816f7ff89a0aaf/library/std/src/panicking.rs:292:9
[INFO] [stdout]   10:     0x55ad69c8f699 - <alloc::boxed::Box<F,A> as core::ops::function::Fn<Args>>::call::h39b51ce4599c23d1
[INFO] [stdout]                                at /rustc/90b35a6239c3d8bdabc530a6a0816f7ff89a0aaf/library/alloc/src/boxed.rs:2468:9
[INFO] [stdout]   11:     0x55ad69c8f699 - test::test_main::{{closure}}::he977ae839a582784
[INFO] [stdout]                                at /rustc/90b35a6239c3d8bdabc530a6a0816f7ff89a0aaf/library/test/src/lib.rs:133:21
[INFO] [stdout]   12:     0x55ad69cc4898 - <alloc::boxed::Box<F,A> as core::ops::function::Fn<Args>>::call::h9455091b6b06f9fb
[INFO] [stdout]                                at /rustc/90b35a6239c3d8bdabc530a6a0816f7ff89a0aaf/library/alloc/src/boxed.rs:2468:9
[INFO] [stdout]   13:     0x55ad69cc4898 - std::panicking::rust_panic_with_hook::h8942133a8b252070
[INFO] [stdout]                                at /rustc/90b35a6239c3d8bdabc530a6a0816f7ff89a0aaf/library/std/src/panicking.rs:809:13
[INFO] [stdout]   14:     0x55ad69cc465a - std::panicking::begin_panic_handler::{{closure}}::hb5f5963570096b29
[INFO] [stdout]                                at /rustc/90b35a6239c3d8bdabc530a6a0816f7ff89a0aaf/library/std/src/panicking.rs:674:13
[INFO] [stdout]   15:     0x55ad69cc3279 - std::sys::backtrace::__rust_end_short_backtrace::h6208cedc1922feda
[INFO] [stdout]                                at /rustc/90b35a6239c3d8bdabc530a6a0816f7ff89a0aaf/library/std/src/sys/backtrace.rs:170:18
[INFO] [stdout]   16:     0x55ad69cc42ec - rust_begin_unwind
[INFO] [stdout]                                at /rustc/90b35a6239c3d8bdabc530a6a0816f7ff89a0aaf/library/std/src/panicking.rs:665:5
[INFO] [stdout]   17:     0x55ad69c18aa0 - core::panicking::panic_fmt::h0c3082644d1bf418
[INFO] [stdout]                                at /rustc/90b35a6239c3d8bdabc530a6a0816f7ff89a0aaf/library/core/src/panicking.rs:74:14
[INFO] [stdout]   18:     0x55ad69c18e6b - core::panicking::assert_failed_inner::h2ddf1fcc067fa858
[INFO] [stdout]   19:     0x55ad69c54871 - core::panicking::assert_failed::hed39f19501ceed31
[INFO] [stdout]                                at /rustc/90b35a6239c3d8bdabc530a6a0816f7ff89a0aaf/library/core/src/panicking.rs:367:5
[INFO] [stdout]   20:     0x55ad69c3640e - advent_of_code_2024::day_13::test_part_two::h750169201eca5701
[INFO] [stdout]                                at /opt/rustwide/workdir/src/day_13.rs:111:5
[INFO] [stdout]   21:     0x55ad69c36387 - advent_of_code_2024::day_13::test_part_two::{{closure}}::hf33d1b4391ba843d
[INFO] [stdout]                                at /opt/rustwide/workdir/src/day_13.rs:110:19
[INFO] [stdout]   22:     0x55ad69c30b66 - core::ops::function::FnOnce::call_once::h35918b56f12b29ad
[INFO] [stdout]                                at /rustc/90b35a6239c3d8bdabc530a6a0816f7ff89a0aaf/library/core/src/ops/function.rs:250:5
[INFO] [stdout]   23:     0x55ad69c9405b - core::ops::function::FnOnce::call_once::h109cf8051a59b34e
[INFO] [stdout]                                at /rustc/90b35a6239c3d8bdabc530a6a0816f7ff89a0aaf/library/core/src/ops/function.rs:250:5
[INFO] [stdout]   24:     0x55ad69c9405b - test::__rust_begin_short_backtrace::hf4fff89d377446ba
[INFO] [stdout]                                at /rustc/90b35a6239c3d8bdabc530a6a0816f7ff89a0aaf/library/test/src/lib.rs:621:18
[INFO] [stdout]   25:     0x55ad69c93897 - test::run_test_in_process::{{closure}}::h0e39181dd7ee5a43
[INFO] [stdout]                                at /rustc/90b35a6239c3d8bdabc530a6a0816f7ff89a0aaf/library/test/src/lib.rs:644:60
[INFO] [stdout]   26:     0x55ad69c93897 - <core::panic::unwind_safe::AssertUnwindSafe<F> as core::ops::function::FnOnce<()>>::call_once::hc5a66a30f0bdfd1f
[INFO] [stdout]                                at /rustc/90b35a6239c3d8bdabc530a6a0816f7ff89a0aaf/library/core/src/panic/unwind_safe.rs:272:9
[INFO] [stdout]   27:     0x55ad69c93897 - std::panicking::try::do_call::h873b7cf639554a5e
[INFO] [stdout]                                at /rustc/90b35a6239c3d8bdabc530a6a0816f7ff89a0aaf/library/std/src/panicking.rs:557:40
[INFO] [stdout]   28:     0x55ad69c93897 - std::panicking::try::hdb19862fad9c8bd1
[INFO] [stdout]                                at /rustc/90b35a6239c3d8bdabc530a6a0816f7ff89a0aaf/library/std/src/panicking.rs:520:19
[INFO] [stdout]   29:     0x55ad69c93897 - std::panic::catch_unwind::h281fe732d236d260
[INFO] [stdout]                                at /rustc/90b35a6239c3d8bdabc530a6a0816f7ff89a0aaf/library/std/src/panic.rs:358:14
[INFO] [stdout]   30:     0x55ad69c93897 - test::run_test_in_process::h949b6df8457ed338
[INFO] [stdout]                                at /rustc/90b35a6239c3d8bdabc530a6a0816f7ff89a0aaf/library/test/src/lib.rs:644:27
[INFO] [stdout]   31:     0x55ad69c93897 - test::run_test::{{closure}}::h52c556a6d4740e10
[INFO] [stdout]                                at /rustc/90b35a6239c3d8bdabc530a6a0816f7ff89a0aaf/library/test/src/lib.rs:565:43
[INFO] [stdout]   32:     0x55ad69c58b74 - test::run_test::{{closure}}::h4237f6381c45ccb9
[INFO] [stdout]                                at /rustc/90b35a6239c3d8bdabc530a6a0816f7ff89a0aaf/library/test/src/lib.rs:595:41
[INFO] [stdout]   33:     0x55ad69c58b74 - std::sys::backtrace::__rust_begin_short_backtrace::h505c97a579eca628
[INFO] [stdout]                                at /rustc/90b35a6239c3d8bdabc530a6a0816f7ff89a0aaf/library/std/src/sys/backtrace.rs:154:18
[INFO] [stdout]   34:     0x55ad69c5c23e - std::thread::Builder::spawn_unchecked_::{{closure}}::{{closure}}::h9e86b2e2bc107ea3
[INFO] [stdout]                                at /rustc/90b35a6239c3d8bdabc530a6a0816f7ff89a0aaf/library/std/src/thread/mod.rs:538:17
[INFO] [stdout]   35:     0x55ad69c5c23e - <core::panic::unwind_safe::AssertUnwindSafe<F> as core::ops::function::FnOnce<()>>::call_once::h8b06ddb275ff4a25
[INFO] [stdout]                                at /rustc/90b35a6239c3d8bdabc530a6a0816f7ff89a0aaf/library/core/src/panic/unwind_safe.rs:272:9
[INFO] [stdout]   36:     0x55ad69c5c23e - std::panicking::try::do_call::hb26ecd7cd9a9355d
[INFO] [stdout]                                at /rustc/90b35a6239c3d8bdabc530a6a0816f7ff89a0aaf/library/std/src/panicking.rs:557:40
[INFO] [stdout]   37:     0x55ad69c5c23e - std::panicking::try::h8ddeca9d705f9069
[INFO] [stdout]                                at /rustc/90b35a6239c3d8bdabc530a6a0816f7ff89a0aaf/library/std/src/panicking.rs:520:19
[INFO] [stdout]   38:     0x55ad69c5c23e - std::panic::catch_unwind::h49e1c33078844c46
[INFO] [stdout]                                at /rustc/90b35a6239c3d8bdabc530a6a0816f7ff89a0aaf/library/std/src/panic.rs:358:14
[INFO] [stdout]   39:     0x55ad69c5c23e - std::thread::Builder::spawn_unchecked_::{{closure}}::h6073db6ff56ad35d
[INFO] [stdout]                                at /rustc/90b35a6239c3d8bdabc530a6a0816f7ff89a0aaf/library/std/src/thread/mod.rs:537:30
[INFO] [stdout]   40:     0x55ad69c5c23e - core::ops::function::FnOnce::call_once{{vtable.shim}}::h2c5a5f3779c774f1
[INFO] [stdout]                                at /rustc/90b35a6239c3d8bdabc530a6a0816f7ff89a0aaf/library/core/src/ops/function.rs:250:5
[INFO] [stdout]   41:     0x55ad69cc85eb - <alloc::boxed::Box<F,A> as core::ops::function::FnOnce<Args>>::call_once::hf75717d9f28faebf
[INFO] [stdout]                                at /rustc/90b35a6239c3d8bdabc530a6a0816f7ff89a0aaf/library/alloc/src/boxed.rs:2454:9
[INFO] [stdout]   42:     0x55ad69cc85eb - <alloc::boxed::Box<F,A> as core::ops::function::FnOnce<Args>>::call_once::h7bd883a5f3c5f3c1
[INFO] [stdout]                                at /rustc/90b35a6239c3d8bdabc530a6a0816f7ff89a0aaf/library/alloc/src/boxed.rs:2454:9
[INFO] [stdout]   43:     0x55ad69cc85eb - std::sys::pal::unix::thread::Thread::new::thread_start::hcc78f3943333fa94
[INFO] [stdout]                                at /rustc/90b35a6239c3d8bdabc530a6a0816f7ff89a0aaf/library/std/src/sys/pal/unix/thread.rs:105:17
[INFO] [stdout]   44:     0x78bffec71ac3 - <unknown>
[INFO] [stdout]   45:     0x78bffed02a04 - clone
[INFO] [stdout]   46:                0x0 - <unknown>
[INFO] [stdout] 
[INFO] [stdout] 
[INFO] [stdout] failures:
[INFO] [stdout]     day_13::test_part_two
[INFO] [stdout] 
[INFO] [stdout] test result: FAILED. 28 passed; 1 failed; 0 ignored; 0 measured; 0 filtered out; finished in 0.12s
[INFO] [stdout] 
[INFO] [stderr] error: test failed, to rerun pass `--bin advent_of_code_2024`
[INFO] running `Command { std: "docker" "inspect" "07e2bc19f4f8fbc9e16b0d8d4d34d0823ca46c3643b2baab6f2dd078f59afbbc", kill_on_drop: false }`
[INFO] running `Command { std: "docker" "rm" "-f" "07e2bc19f4f8fbc9e16b0d8d4d34d0823ca46c3643b2baab6f2dd078f59afbbc", kill_on_drop: false }`
[INFO] [stdout] 07e2bc19f4f8fbc9e16b0d8d4d34d0823ca46c3643b2baab6f2dd078f59afbbc
