[INFO] cloning repository https://github.com/three014/usb_vhci
[INFO] running `Command { std: "git" "-c" "credential.helper=" "-c" "credential.helper=/workspace/cargo-home/bin/git-credential-null" "clone" "--bare" "https://github.com/three014/usb_vhci" "/workspace/cache/git-repos/https%3A%2F%2Fgithub.com%2Fthree014%2Fusb_vhci", kill_on_drop: false }`
[INFO] [stderr] Cloning into bare repository '/workspace/cache/git-repos/https%3A%2F%2Fgithub.com%2Fthree014%2Fusb_vhci'...
[INFO] running `Command { std: "git" "rev-parse" "HEAD", kill_on_drop: false }`
[INFO] [stdout] df3f16022b74f00eb7371b0d0813aefeb94008ee
[INFO] testing three014/usb_vhci against 1.83.0 for beta-1.84.0-4-retry
[INFO] running `Command { std: "git" "clone" "/workspace/cache/git-repos/https%3A%2F%2Fgithub.com%2Fthree014%2Fusb_vhci" "/workspace/builds/worker-5-tc1/source", kill_on_drop: false }`
[INFO] [stderr] Cloning into '/workspace/builds/worker-5-tc1/source'...
[INFO] [stderr] done.
[INFO] validating manifest of git repo https://github.com/three014/usb_vhci on toolchain 1.83.0
[INFO] running `Command { std: CARGO_HOME="/workspace/cargo-home" RUSTUP_HOME="/workspace/rustup-home" "/workspace/cargo-home/bin/cargo" "+1.83.0" "metadata" "--manifest-path" "Cargo.toml" "--no-deps", kill_on_drop: false }`
[INFO] started tweaking git repo https://github.com/three014/usb_vhci
[INFO] finished tweaking git repo https://github.com/three014/usb_vhci
[INFO] tweaked toml for git repo https://github.com/three014/usb_vhci written to /workspace/builds/worker-5-tc1/source/Cargo.toml
[INFO] crate git repo https://github.com/three014/usb_vhci already has a lockfile, it will not be regenerated
[INFO] running `Command { std: CARGO_HOME="/workspace/cargo-home" RUSTUP_HOME="/workspace/rustup-home" "/workspace/cargo-home/bin/cargo" "+1.83.0" "fetch" "--manifest-path" "Cargo.toml", kill_on_drop: false }`
[INFO] running `Command { std: "docker" "create" "-v" "/var/lib/crater-agent-workspace/builds/worker-5-tc1/target:/opt/rustwide/target:rw,Z" "-v" "/var/lib/crater-agent-workspace/builds/worker-5-tc1/source:/opt/rustwide/workdir:ro,Z" "-v" "/var/lib/crater-agent-workspace/cargo-home:/opt/rustwide/cargo-home:ro,Z" "-v" "/var/lib/crater-agent-workspace/rustup-home:/opt/rustwide/rustup-home:ro,Z" "-e" "SOURCE_DIR=/opt/rustwide/workdir" "-e" "CARGO_TARGET_DIR=/opt/rustwide/target" "-e" "CARGO_HOME=/opt/rustwide/cargo-home" "-e" "RUSTUP_HOME=/opt/rustwide/rustup-home" "-w" "/opt/rustwide/workdir" "-m" "1610612736" "--user" "0:0" "--network" "none" "ghcr.io/rust-lang/crates-build-env/linux@sha256:f3a9d4ad9d972b27faf3965f35b62e55ba32bbce8f20bc8fe909558a86702fde" "/opt/rustwide/cargo-home/bin/cargo" "+1.83.0" "metadata" "--no-deps" "--format-version=1", kill_on_drop: false }`
[INFO] [stdout] 3404a4ad707a2faf95decef232a927e01e6c00ab8552d8c417090911effac05d
[INFO] running `Command { std: "docker" "start" "-a" "3404a4ad707a2faf95decef232a927e01e6c00ab8552d8c417090911effac05d", kill_on_drop: false }`
[INFO] running `Command { std: "docker" "inspect" "3404a4ad707a2faf95decef232a927e01e6c00ab8552d8c417090911effac05d", kill_on_drop: false }`
[INFO] running `Command { std: "docker" "rm" "-f" "3404a4ad707a2faf95decef232a927e01e6c00ab8552d8c417090911effac05d", kill_on_drop: false }`
[INFO] [stdout] 3404a4ad707a2faf95decef232a927e01e6c00ab8552d8c417090911effac05d
[INFO] running `Command { std: "docker" "create" "-v" "/var/lib/crater-agent-workspace/builds/worker-5-tc1/target:/opt/rustwide/target:rw,Z" "-v" "/var/lib/crater-agent-workspace/builds/worker-5-tc1/source:/opt/rustwide/workdir:ro,Z" "-v" "/var/lib/crater-agent-workspace/cargo-home:/opt/rustwide/cargo-home:ro,Z" "-v" "/var/lib/crater-agent-workspace/rustup-home:/opt/rustwide/rustup-home:ro,Z" "-e" "SOURCE_DIR=/opt/rustwide/workdir" "-e" "CARGO_TARGET_DIR=/opt/rustwide/target" "-e" "CARGO_INCREMENTAL=0" "-e" "RUST_BACKTRACE=full" "-e" "RUSTFLAGS=--cap-lints=warn" "-e" "RUSTDOCFLAGS=--cap-lints=warn" "-e" "CARGO_HOME=/opt/rustwide/cargo-home" "-e" "RUSTUP_HOME=/opt/rustwide/rustup-home" "-w" "/opt/rustwide/workdir" "-m" "1610612736" "--user" "0:0" "--network" "none" "ghcr.io/rust-lang/crates-build-env/linux@sha256:f3a9d4ad9d972b27faf3965f35b62e55ba32bbce8f20bc8fe909558a86702fde" "/opt/rustwide/cargo-home/bin/cargo" "+1.83.0" "build" "--frozen" "--message-format=json", kill_on_drop: false }`
[INFO] [stdout] 6a013fc5323ef7b9fec71cce7ba27f80f05dffaebffab4882c6702cc0581ca6f
[INFO] running `Command { std: "docker" "start" "-a" "6a013fc5323ef7b9fec71cce7ba27f80f05dffaebffab4882c6702cc0581ca6f", kill_on_drop: false }`
[INFO] [stderr]    Compiling proc-macro2 v1.0.92
[INFO] [stderr]    Compiling equivalent v1.0.1
[INFO] [stderr]    Compiling hashbrown v0.15.2
[INFO] [stderr]    Compiling unicode-ident v1.0.14
[INFO] [stderr]    Compiling winnow v0.6.20
[INFO] [stderr]    Compiling toml_datetime v0.6.8
[INFO] [stderr]    Compiling libc v0.2.168
[INFO] [stderr]    Compiling cfg_aliases v0.2.1
[INFO] [stderr]    Compiling byteorder v1.5.0
[INFO] [stderr]    Compiling heapless v0.8.0
[INFO] [stderr]    Compiling cfg-if v1.0.0
[INFO] [stderr]    Compiling stable_deref_trait v1.2.0
[INFO] [stderr]    Compiling bitflags v2.6.0
[INFO] [stderr]    Compiling nohash-hasher v0.2.0
[INFO] [stderr]    Compiling bit-vec v0.8.0
[INFO] [stderr]    Compiling nix v0.29.0
[INFO] [stderr]    Compiling hash32 v0.3.1
[INFO] [stderr]    Compiling indexmap v2.7.0
[INFO] [stderr]    Compiling quote v1.0.37
[INFO] [stderr]    Compiling syn v2.0.90
[INFO] [stderr]    Compiling toml_edit v0.22.22
[INFO] [stderr]    Compiling proc-macro-crate v3.2.0
[INFO] [stderr]    Compiling num_enum_derive v0.7.3
[INFO] [stderr]    Compiling num_enum v0.7.3
[INFO] [stderr]    Compiling usb_vhci v0.1.0 (/opt/rustwide/workdir)
[INFO] [stdout] warning: fields `asap` and `interval` are never read
[INFO] [stdout]    --> src/lib.rs:199:5
[INFO] [stdout]     |
[INFO] [stdout] 188 | pub struct UrbIso {
[INFO] [stdout]     |            ------ fields in this struct
[INFO] [stdout] ...
[INFO] [stdout] 199 |     asap: bool,
[INFO] [stdout]     |     ^^^^
[INFO] [stdout] 200 |     interval: i32,
[INFO] [stdout]     |     ^^^^^^^^
[INFO] [stdout]     |
[INFO] [stdout]     = note: `UrbIso` has derived impls for the traits `Clone` and `Debug`, but these are intentionally ignored during dead code analysis
[INFO] [stdout]     = note: `#[warn(dead_code)]` on by default
[INFO] [stdout] 
[INFO] [stdout] 
[INFO] [stdout] warning: fields `short_not_ok` and `interval` are never read
[INFO] [stdout]    --> src/lib.rs:210:5
[INFO] [stdout]     |
[INFO] [stdout] 204 | pub struct UrbInt {
[INFO] [stdout]     |            ------ fields in this struct
[INFO] [stdout] ...
[INFO] [stdout] 210 |     short_not_ok: bool,
[INFO] [stdout]     |     ^^^^^^^^^^^^
[INFO] [stdout] 211 |     interval: i32,
[INFO] [stdout]     |     ^^^^^^^^
[INFO] [stdout]     |
[INFO] [stdout]     = note: `UrbInt` has derived impls for the traits `Clone` and `Debug`, but these are intentionally ignored during dead code analysis
[INFO] [stdout] 
[INFO] [stdout] 
[INFO] [stdout] warning: field `send_zero_packet` is never read
[INFO] [stdout]    --> src/lib.rs:235:5
[INFO] [stdout]     |
[INFO] [stdout] 229 | pub struct UrbBulk {
[INFO] [stdout]     |            ------- field in this struct
[INFO] [stdout] ...
[INFO] [stdout] 235 |     send_zero_packet: bool,
[INFO] [stdout]     |     ^^^^^^^^^^^^^^^^
[INFO] [stdout]     |
[INFO] [stdout]     = note: `UrbBulk` has derived impls for the traits `Clone` and `Debug`, but these are intentionally ignored during dead code analysis
[INFO] [stdout] 
[INFO] [stdout] 
[INFO] [stdout] warning: fields `controller_id`, `usb_busnum`, and `bus_id` are never read
[INFO] [stdout]    --> src/lib.rs:424:5
[INFO] [stdout]     |
[INFO] [stdout] 421 | pub struct Vhci {
[INFO] [stdout]     |            ---- fields in this struct
[INFO] [stdout] ...
[INFO] [stdout] 424 |     controller_id: i32,
[INFO] [stdout]     |     ^^^^^^^^^^^^^
[INFO] [stdout] 425 |     usb_busnum: i32,
[INFO] [stdout]     |     ^^^^^^^^^^
[INFO] [stdout] 426 |     bus_id: Box<str>,
[INFO] [stdout]     |     ^^^^^^
[INFO] [stdout]     |
[INFO] [stdout]     = note: `Vhci` has a derived impl for the trait `Debug`, but this is intentionally ignored during dead code analysis
[INFO] [stdout] 
[INFO] [stdout] 
[INFO] [stdout] warning: constant `USB_VHCI_HCD_IOCFETCHWORK_RO` is never used
[INFO] [stdout]    --> src/lib.rs:830:15
[INFO] [stdout]     |
[INFO] [stdout] 830 |     pub const USB_VHCI_HCD_IOCFETCHWORK_RO: u8 = 2;
[INFO] [stdout]     |               ^^^^^^^^^^^^^^^^^^^^^^^^^^^^
[INFO] [stdout] 
[INFO] [stdout] 
[INFO] [stdout] warning: constant `USB_VHCI_HCD_IOCGIVEBACK32` is never used
[INFO] [stdout]    --> src/lib.rs:833:15
[INFO] [stdout]     |
[INFO] [stdout] 833 |     pub const USB_VHCI_HCD_IOCGIVEBACK32: u8 = 3;
[INFO] [stdout]     |               ^^^^^^^^^^^^^^^^^^^^^^^^^^
[INFO] [stdout] 
[INFO] [stdout] 
[INFO] [stdout] warning: constant `USB_VHCI_HCD_IOCFETCHDATA32` is never used
[INFO] [stdout]    --> src/lib.rs:835:15
[INFO] [stdout]     |
[INFO] [stdout] 835 |     pub const USB_VHCI_HCD_IOCFETCHDATA32: u8 = 4;
[INFO] [stdout]     |               ^^^^^^^^^^^^^^^^^^^^^^^^^^^
[INFO] [stdout] 
[INFO] [stdout] 
[INFO] [stdout] warning: constant `USB_VHCI_PORT_STAT_FLAG_RESUMING` is never used
[INFO] [stdout]    --> src/lib.rs:837:15
[INFO] [stdout]     |
[INFO] [stdout] 837 |     pub const USB_VHCI_PORT_STAT_FLAG_RESUMING: u8 = 0x01;
[INFO] [stdout]     |               ^^^^^^^^^^^^^^^^^^^^^^^^^^^^^^^^
[INFO] [stdout] 
[INFO] [stdout] 
[INFO] [stdout] warning: constant `USB_VHCI_URB_FLAGS_SHORT_NOT_OK` is never used
[INFO] [stdout]    --> src/lib.rs:839:15
[INFO] [stdout]     |
[INFO] [stdout] 839 |     pub const USB_VHCI_URB_FLAGS_SHORT_NOT_OK: u16 = 0x0001;
[INFO] [stdout]     |               ^^^^^^^^^^^^^^^^^^^^^^^^^^^^^^^
[INFO] [stdout] 
[INFO] [stdout] 
[INFO] [stdout] warning: constant `USB_VHCI_URB_FLAGS_ISO_ASAP` is never used
[INFO] [stdout]    --> src/lib.rs:840:15
[INFO] [stdout]     |
[INFO] [stdout] 840 |     pub const USB_VHCI_URB_FLAGS_ISO_ASAP: u16 = 0x0002;
[INFO] [stdout]     |               ^^^^^^^^^^^^^^^^^^^^^^^^^^^
[INFO] [stdout] 
[INFO] [stdout] 
[INFO] [stdout] warning: constant `USB_VHCI_URB_FLAGS_ZERO_PACKET` is never used
[INFO] [stdout]    --> src/lib.rs:841:15
[INFO] [stdout]     |
[INFO] [stdout] 841 |     pub const USB_VHCI_URB_FLAGS_ZERO_PACKET: u16 = 0x0040;
[INFO] [stdout]     |               ^^^^^^^^^^^^^^^^^^^^^^^^^^^^^^
[INFO] [stdout] 
[INFO] [stdout] 
[INFO] [stdout] warning: constant `USB_VHCI_TIMEOUT_INFINITE` is never used
[INFO] [stdout]    --> src/lib.rs:848:15
[INFO] [stdout]     |
[INFO] [stdout] 848 |     pub const USB_VHCI_TIMEOUT_INFINITE: i16 = -1;
[INFO] [stdout]     |               ^^^^^^^^^^^^^^^^^^^^^^^^^
[INFO] [stdout] 
[INFO] [stdout] 
[INFO] [stdout] warning: constant `URB_RQ_GET_STATUS` is never used
[INFO] [stdout]    --> src/lib.rs:854:15
[INFO] [stdout]     |
[INFO] [stdout] 854 |     pub const URB_RQ_GET_STATUS: u8 = 0;
[INFO] [stdout]     |               ^^^^^^^^^^^^^^^^^
[INFO] [stdout] 
[INFO] [stdout] 
[INFO] [stdout] warning: constant `URB_RQ_CLEAR_FEATURE` is never used
[INFO] [stdout]    --> src/lib.rs:855:15
[INFO] [stdout]     |
[INFO] [stdout] 855 |     pub const URB_RQ_CLEAR_FEATURE: u8 = 1;
[INFO] [stdout]     |               ^^^^^^^^^^^^^^^^^^^^
[INFO] [stdout] 
[INFO] [stdout] 
[INFO] [stdout] warning: constant `URB_RQ_SET_FEATURE` is never used
[INFO] [stdout]    --> src/lib.rs:856:15
[INFO] [stdout]     |
[INFO] [stdout] 856 |     pub const URB_RQ_SET_FEATURE: u8 = 3;
[INFO] [stdout]     |               ^^^^^^^^^^^^^^^^^^
[INFO] [stdout] 
[INFO] [stdout] 
[INFO] [stdout] warning: constant `URB_RQ_SET_ADDRESS` is never used
[INFO] [stdout]    --> src/lib.rs:857:15
[INFO] [stdout]     |
[INFO] [stdout] 857 |     pub const URB_RQ_SET_ADDRESS: u8 = 5;
[INFO] [stdout]     |               ^^^^^^^^^^^^^^^^^^
[INFO] [stdout] 
[INFO] [stdout] 
[INFO] [stdout] warning: constant `URB_RQ_GET_DESCRIPTOR` is never used
[INFO] [stdout]    --> src/lib.rs:858:15
[INFO] [stdout]     |
[INFO] [stdout] 858 |     pub const URB_RQ_GET_DESCRIPTOR: u8 = 6;
[INFO] [stdout]     |               ^^^^^^^^^^^^^^^^^^^^^
[INFO] [stdout] 
[INFO] [stdout] 
[INFO] [stdout] warning: constant `URB_RQ_SET_DESCRIPTOR` is never used
[INFO] [stdout]    --> src/lib.rs:859:15
[INFO] [stdout]     |
[INFO] [stdout] 859 |     pub const URB_RQ_SET_DESCRIPTOR: u8 = 7;
[INFO] [stdout]     |               ^^^^^^^^^^^^^^^^^^^^^
[INFO] [stdout] 
[INFO] [stdout] 
[INFO] [stdout] warning: constant `URB_RQ_GET_CONFIGURATION` is never used
[INFO] [stdout]    --> src/lib.rs:860:15
[INFO] [stdout]     |
[INFO] [stdout] 860 |     pub const URB_RQ_GET_CONFIGURATION: u8 = 8;
[INFO] [stdout]     |               ^^^^^^^^^^^^^^^^^^^^^^^^
[INFO] [stdout] 
[INFO] [stdout] 
[INFO] [stdout] warning: constant `URB_RQ_SET_CONFIGURATION` is never used
[INFO] [stdout]    --> src/lib.rs:861:15
[INFO] [stdout]     |
[INFO] [stdout] 861 |     pub const URB_RQ_SET_CONFIGURATION: u8 = 9;
[INFO] [stdout]     |               ^^^^^^^^^^^^^^^^^^^^^^^^
[INFO] [stdout] 
[INFO] [stdout] 
[INFO] [stdout] warning: constant `URB_RQ_GET_INTERFACE` is never used
[INFO] [stdout]    --> src/lib.rs:862:15
[INFO] [stdout]     |
[INFO] [stdout] 862 |     pub const URB_RQ_GET_INTERFACE: u8 = 10;
[INFO] [stdout]     |               ^^^^^^^^^^^^^^^^^^^^
[INFO] [stdout] 
[INFO] [stdout] 
[INFO] [stdout] warning: constant `URB_RQ_SET_INTERFACE` is never used
[INFO] [stdout]    --> src/lib.rs:863:15
[INFO] [stdout]     |
[INFO] [stdout] 863 |     pub const URB_RQ_SET_INTERFACE: u8 = 11;
[INFO] [stdout]     |               ^^^^^^^^^^^^^^^^^^^^
[INFO] [stdout] 
[INFO] [stdout] 
[INFO] [stdout] warning: constant `URB_RQ_SYNCH_FRAME` is never used
[INFO] [stdout]    --> src/lib.rs:864:15
[INFO] [stdout]     |
[INFO] [stdout] 864 |     pub const URB_RQ_SYNCH_FRAME: u8 = 12;
[INFO] [stdout]     |               ^^^^^^^^^^^^^^^^^^
[INFO] [stdout] 
[INFO] [stdout] 
[INFO] [stderr]     Finished `dev` profile [unoptimized + debuginfo] target(s) in 11.48s
[INFO] running `Command { std: "docker" "inspect" "6a013fc5323ef7b9fec71cce7ba27f80f05dffaebffab4882c6702cc0581ca6f", kill_on_drop: false }`
[INFO] running `Command { std: "docker" "rm" "-f" "6a013fc5323ef7b9fec71cce7ba27f80f05dffaebffab4882c6702cc0581ca6f", kill_on_drop: false }`
[INFO] [stdout] 6a013fc5323ef7b9fec71cce7ba27f80f05dffaebffab4882c6702cc0581ca6f
[INFO] running `Command { std: "docker" "create" "-v" "/var/lib/crater-agent-workspace/builds/worker-5-tc1/target:/opt/rustwide/target:rw,Z" "-v" "/var/lib/crater-agent-workspace/builds/worker-5-tc1/source:/opt/rustwide/workdir:ro,Z" "-v" "/var/lib/crater-agent-workspace/cargo-home:/opt/rustwide/cargo-home:ro,Z" "-v" "/var/lib/crater-agent-workspace/rustup-home:/opt/rustwide/rustup-home:ro,Z" "-e" "SOURCE_DIR=/opt/rustwide/workdir" "-e" "CARGO_TARGET_DIR=/opt/rustwide/target" "-e" "CARGO_INCREMENTAL=0" "-e" "RUST_BACKTRACE=full" "-e" "RUSTFLAGS=--cap-lints=warn" "-e" "RUSTDOCFLAGS=--cap-lints=warn" "-e" "CARGO_HOME=/opt/rustwide/cargo-home" "-e" "RUSTUP_HOME=/opt/rustwide/rustup-home" "-w" "/opt/rustwide/workdir" "-m" "1610612736" "--user" "0:0" "--network" "none" "ghcr.io/rust-lang/crates-build-env/linux@sha256:f3a9d4ad9d972b27faf3965f35b62e55ba32bbce8f20bc8fe909558a86702fde" "/opt/rustwide/cargo-home/bin/cargo" "+1.83.0" "test" "--frozen" "--no-run" "--message-format=json", kill_on_drop: false }`
[INFO] [stdout] fbb752d9baac8221c74356052b9aae6503050524404b688358f2043a24e1d7b1
[INFO] running `Command { std: "docker" "start" "-a" "fbb752d9baac8221c74356052b9aae6503050524404b688358f2043a24e1d7b1", kill_on_drop: false }`
[INFO] [stdout] warning: fields `asap` and `interval` are never read
[INFO] [stdout]    --> src/lib.rs:199:5
[INFO] [stdout]     |
[INFO] [stdout] 188 | pub struct UrbIso {
[INFO] [stdout]     |            ------ fields in this struct
[INFO] [stdout] ...
[INFO] [stdout] 199 |     asap: bool,
[INFO] [stdout]     |     ^^^^
[INFO] [stdout] 200 |     interval: i32,
[INFO] [stdout]     |     ^^^^^^^^
[INFO] [stdout]     |
[INFO] [stdout]     = note: `UrbIso` has derived impls for the traits `Clone` and `Debug`, but these are intentionally ignored during dead code analysis
[INFO] [stdout]     = note: `#[warn(dead_code)]` on by default
[INFO] [stdout] 
[INFO] [stdout] 
[INFO] [stdout] warning: fields `short_not_ok` and `interval` are never read
[INFO] [stdout]    --> src/lib.rs:210:5
[INFO] [stdout]     |
[INFO] [stdout] 204 | pub struct UrbInt {
[INFO] [stdout]     |            ------ fields in this struct
[INFO] [stdout] ...
[INFO] [stdout] 210 |     short_not_ok: bool,
[INFO] [stdout]     |     ^^^^^^^^^^^^
[INFO] [stdout] 211 |     interval: i32,
[INFO] [stdout]     |     ^^^^^^^^
[INFO] [stdout]     |
[INFO] [stdout]     = note: `UrbInt` has derived impls for the traits `Clone` and `Debug`, but these are intentionally ignored during dead code analysis
[INFO] [stdout] 
[INFO] [stdout] 
[INFO] [stderr]    Compiling usb_vhci v0.1.0 (/opt/rustwide/workdir)
[INFO] [stdout] warning: field `send_zero_packet` is never read
[INFO] [stdout]    --> src/lib.rs:235:5
[INFO] [stdout]     |
[INFO] [stdout] 229 | pub struct UrbBulk {
[INFO] [stdout]     |            ------- field in this struct
[INFO] [stdout] ...
[INFO] [stdout] 235 |     send_zero_packet: bool,
[INFO] [stdout]     |     ^^^^^^^^^^^^^^^^
[INFO] [stdout]     |
[INFO] [stdout]     = note: `UrbBulk` has derived impls for the traits `Clone` and `Debug`, but these are intentionally ignored during dead code analysis
[INFO] [stdout] 
[INFO] [stdout] 
[INFO] [stdout] warning: fields `controller_id`, `usb_busnum`, and `bus_id` are never read
[INFO] [stdout]    --> src/lib.rs:424:5
[INFO] [stdout]     |
[INFO] [stdout] 421 | pub struct Vhci {
[INFO] [stdout]     |            ---- fields in this struct
[INFO] [stdout] ...
[INFO] [stdout] 424 |     controller_id: i32,
[INFO] [stdout]     |     ^^^^^^^^^^^^^
[INFO] [stdout] 425 |     usb_busnum: i32,
[INFO] [stdout]     |     ^^^^^^^^^^
[INFO] [stdout] 426 |     bus_id: Box<str>,
[INFO] [stdout]     |     ^^^^^^
[INFO] [stdout]     |
[INFO] [stdout]     = note: `Vhci` has a derived impl for the trait `Debug`, but this is intentionally ignored during dead code analysis
[INFO] [stdout] 
[INFO] [stdout] 
[INFO] [stdout] warning: constant `USB_VHCI_HCD_IOCFETCHWORK_RO` is never used
[INFO] [stdout]    --> src/lib.rs:830:15
[INFO] [stdout]     |
[INFO] [stdout] 830 |     pub const USB_VHCI_HCD_IOCFETCHWORK_RO: u8 = 2;
[INFO] [stdout]     |               ^^^^^^^^^^^^^^^^^^^^^^^^^^^^
[INFO] [stdout] 
[INFO] [stdout] 
[INFO] [stdout] warning: constant `USB_VHCI_HCD_IOCGIVEBACK32` is never used
[INFO] [stdout]    --> src/lib.rs:833:15
[INFO] [stdout]     |
[INFO] [stdout] 833 |     pub const USB_VHCI_HCD_IOCGIVEBACK32: u8 = 3;
[INFO] [stdout]     |               ^^^^^^^^^^^^^^^^^^^^^^^^^^
[INFO] [stdout] 
[INFO] [stdout] 
[INFO] [stdout] warning: constant `USB_VHCI_HCD_IOCFETCHDATA32` is never used
[INFO] [stdout]    --> src/lib.rs:835:15
[INFO] [stdout]     |
[INFO] [stdout] 835 |     pub const USB_VHCI_HCD_IOCFETCHDATA32: u8 = 4;
[INFO] [stdout]     |               ^^^^^^^^^^^^^^^^^^^^^^^^^^^
[INFO] [stdout] 
[INFO] [stdout] 
[INFO] [stdout] warning: constant `USB_VHCI_PORT_STAT_FLAG_RESUMING` is never used
[INFO] [stdout]    --> src/lib.rs:837:15
[INFO] [stdout]     |
[INFO] [stdout] 837 |     pub const USB_VHCI_PORT_STAT_FLAG_RESUMING: u8 = 0x01;
[INFO] [stdout]     |               ^^^^^^^^^^^^^^^^^^^^^^^^^^^^^^^^
[INFO] [stdout] 
[INFO] [stdout] 
[INFO] [stdout] warning: constant `USB_VHCI_URB_FLAGS_SHORT_NOT_OK` is never used
[INFO] [stdout]    --> src/lib.rs:839:15
[INFO] [stdout]     |
[INFO] [stdout] 839 |     pub const USB_VHCI_URB_FLAGS_SHORT_NOT_OK: u16 = 0x0001;
[INFO] [stdout]     |               ^^^^^^^^^^^^^^^^^^^^^^^^^^^^^^^
[INFO] [stdout] 
[INFO] [stdout] 
[INFO] [stdout] warning: constant `USB_VHCI_URB_FLAGS_ISO_ASAP` is never used
[INFO] [stdout]    --> src/lib.rs:840:15
[INFO] [stdout]     |
[INFO] [stdout] 840 |     pub const USB_VHCI_URB_FLAGS_ISO_ASAP: u16 = 0x0002;
[INFO] [stdout]     |               ^^^^^^^^^^^^^^^^^^^^^^^^^^^
[INFO] [stdout] 
[INFO] [stdout] 
[INFO] [stdout] warning: constant `USB_VHCI_URB_FLAGS_ZERO_PACKET` is never used
[INFO] [stdout]    --> src/lib.rs:841:15
[INFO] [stdout]     |
[INFO] [stdout] 841 |     pub const USB_VHCI_URB_FLAGS_ZERO_PACKET: u16 = 0x0040;
[INFO] [stdout]     |               ^^^^^^^^^^^^^^^^^^^^^^^^^^^^^^
[INFO] [stdout] 
[INFO] [stdout] 
[INFO] [stdout] warning: constant `USB_VHCI_TIMEOUT_INFINITE` is never used
[INFO] [stdout]    --> src/lib.rs:848:15
[INFO] [stdout]     |
[INFO] [stdout] 848 |     pub const USB_VHCI_TIMEOUT_INFINITE: i16 = -1;
[INFO] [stdout]     |               ^^^^^^^^^^^^^^^^^^^^^^^^^
[INFO] [stdout] 
[INFO] [stdout] 
[INFO] [stdout] warning: constant `URB_RQ_GET_STATUS` is never used
[INFO] [stdout]    --> src/lib.rs:854:15
[INFO] [stdout]     |
[INFO] [stdout] 854 |     pub const URB_RQ_GET_STATUS: u8 = 0;
[INFO] [stdout]     |               ^^^^^^^^^^^^^^^^^
[INFO] [stdout] 
[INFO] [stdout] 
[INFO] [stdout] warning: constant `URB_RQ_CLEAR_FEATURE` is never used
[INFO] [stdout]    --> src/lib.rs:855:15
[INFO] [stdout]     |
[INFO] [stdout] 855 |     pub const URB_RQ_CLEAR_FEATURE: u8 = 1;
[INFO] [stdout]     |               ^^^^^^^^^^^^^^^^^^^^
[INFO] [stdout] 
[INFO] [stdout] 
[INFO] [stdout] warning: constant `URB_RQ_SET_FEATURE` is never used
[INFO] [stdout]    --> src/lib.rs:856:15
[INFO] [stdout]     |
[INFO] [stdout] 856 |     pub const URB_RQ_SET_FEATURE: u8 = 3;
[INFO] [stdout]     |               ^^^^^^^^^^^^^^^^^^
[INFO] [stdout] 
[INFO] [stdout] 
[INFO] [stdout] warning: constant `URB_RQ_SET_ADDRESS` is never used
[INFO] [stdout]    --> src/lib.rs:857:15
[INFO] [stdout]     |
[INFO] [stdout] 857 |     pub const URB_RQ_SET_ADDRESS: u8 = 5;
[INFO] [stdout]     |               ^^^^^^^^^^^^^^^^^^
[INFO] [stdout] 
[INFO] [stdout] 
[INFO] [stdout] warning: constant `URB_RQ_GET_DESCRIPTOR` is never used
[INFO] [stdout]    --> src/lib.rs:858:15
[INFO] [stdout]     |
[INFO] [stdout] 858 |     pub const URB_RQ_GET_DESCRIPTOR: u8 = 6;
[INFO] [stdout]     |               ^^^^^^^^^^^^^^^^^^^^^
[INFO] [stdout] 
[INFO] [stdout] 
[INFO] [stdout] warning: constant `URB_RQ_SET_DESCRIPTOR` is never used
[INFO] [stdout]    --> src/lib.rs:859:15
[INFO] [stdout]     |
[INFO] [stdout] 859 |     pub const URB_RQ_SET_DESCRIPTOR: u8 = 7;
[INFO] [stdout]     |               ^^^^^^^^^^^^^^^^^^^^^
[INFO] [stdout] 
[INFO] [stdout] 
[INFO] [stdout] warning: constant `URB_RQ_GET_CONFIGURATION` is never used
[INFO] [stdout]    --> src/lib.rs:860:15
[INFO] [stdout]     |
[INFO] [stdout] 860 |     pub const URB_RQ_GET_CONFIGURATION: u8 = 8;
[INFO] [stdout]     |               ^^^^^^^^^^^^^^^^^^^^^^^^
[INFO] [stdout] 
[INFO] [stdout] 
[INFO] [stdout] warning: constant `URB_RQ_SET_CONFIGURATION` is never used
[INFO] [stdout]    --> src/lib.rs:861:15
[INFO] [stdout]     |
[INFO] [stdout] 861 |     pub const URB_RQ_SET_CONFIGURATION: u8 = 9;
[INFO] [stdout]     |               ^^^^^^^^^^^^^^^^^^^^^^^^
[INFO] [stdout] 
[INFO] [stdout] 
[INFO] [stdout] warning: constant `URB_RQ_GET_INTERFACE` is never used
[INFO] [stdout]    --> src/lib.rs:862:15
[INFO] [stdout]     |
[INFO] [stdout] 862 |     pub const URB_RQ_GET_INTERFACE: u8 = 10;
[INFO] [stdout]     |               ^^^^^^^^^^^^^^^^^^^^
[INFO] [stdout] 
[INFO] [stdout] 
[INFO] [stdout] warning: constant `URB_RQ_SET_INTERFACE` is never used
[INFO] [stdout]    --> src/lib.rs:863:15
[INFO] [stdout]     |
[INFO] [stdout] 863 |     pub const URB_RQ_SET_INTERFACE: u8 = 11;
[INFO] [stdout]     |               ^^^^^^^^^^^^^^^^^^^^
[INFO] [stdout] 
[INFO] [stdout] 
[INFO] [stdout] warning: constant `URB_RQ_SYNCH_FRAME` is never used
[INFO] [stdout]    --> src/lib.rs:864:15
[INFO] [stdout]     |
[INFO] [stdout] 864 |     pub const URB_RQ_SYNCH_FRAME: u8 = 12;
[INFO] [stdout]     |               ^^^^^^^^^^^^^^^^^^
[INFO] [stdout] 
[INFO] [stdout] 
[INFO] [stdout] warning: fields `asap` and `interval` are never read
[INFO] [stdout]    --> src/lib.rs:199:5
[INFO] [stdout]     |
[INFO] [stdout] 188 | pub struct UrbIso {
[INFO] [stdout]     |            ------ fields in this struct
[INFO] [stdout] ...
[INFO] [stdout] 199 |     asap: bool,
[INFO] [stdout]     |     ^^^^
[INFO] [stdout] 200 |     interval: i32,
[INFO] [stdout]     |     ^^^^^^^^
[INFO] [stdout]     |
[INFO] [stdout]     = note: `UrbIso` has derived impls for the traits `Clone` and `Debug`, but these are intentionally ignored during dead code analysis
[INFO] [stdout]     = note: `#[warn(dead_code)]` on by default
[INFO] [stdout] 
[INFO] [stdout] 
[INFO] [stdout] warning: fields `short_not_ok` and `interval` are never read
[INFO] [stdout]    --> src/lib.rs:210:5
[INFO] [stdout]     |
[INFO] [stdout] 204 | pub struct UrbInt {
[INFO] [stdout]     |            ------ fields in this struct
[INFO] [stdout] ...
[INFO] [stdout] 210 |     short_not_ok: bool,
[INFO] [stdout]     |     ^^^^^^^^^^^^
[INFO] [stdout] 211 |     interval: i32,
[INFO] [stdout]     |     ^^^^^^^^
[INFO] [stdout]     |
[INFO] [stdout]     = note: `UrbInt` has derived impls for the traits `Clone` and `Debug`, but these are intentionally ignored during dead code analysis
[INFO] [stdout] 
[INFO] [stdout] 
[INFO] [stdout] warning: field `send_zero_packet` is never read
[INFO] [stdout]    --> src/lib.rs:235:5
[INFO] [stdout]     |
[INFO] [stdout] 229 | pub struct UrbBulk {
[INFO] [stdout]     |            ------- field in this struct
[INFO] [stdout] ...
[INFO] [stdout] 235 |     send_zero_packet: bool,
[INFO] [stdout]     |     ^^^^^^^^^^^^^^^^
[INFO] [stdout]     |
[INFO] [stdout]     = note: `UrbBulk` has derived impls for the traits `Clone` and `Debug`, but these are intentionally ignored during dead code analysis
[INFO] [stdout] 
[INFO] [stdout] 
[INFO] [stdout] warning: fields `controller_id`, `usb_busnum`, and `bus_id` are never read
[INFO] [stdout]    --> src/lib.rs:424:5
[INFO] [stdout]     |
[INFO] [stdout] 421 | pub struct Vhci {
[INFO] [stdout]     |            ---- fields in this struct
[INFO] [stdout] ...
[INFO] [stdout] 424 |     controller_id: i32,
[INFO] [stdout]     |     ^^^^^^^^^^^^^
[INFO] [stdout] 425 |     usb_busnum: i32,
[INFO] [stdout]     |     ^^^^^^^^^^
[INFO] [stdout] 426 |     bus_id: Box<str>,
[INFO] [stdout]     |     ^^^^^^
[INFO] [stdout]     |
[INFO] [stdout]     = note: `Vhci` has a derived impl for the trait `Debug`, but this is intentionally ignored during dead code analysis
[INFO] [stdout] 
[INFO] [stdout] 
[INFO] [stdout] warning: constant `USB_VHCI_HCD_IOCFETCHWORK_RO` is never used
[INFO] [stdout]    --> src/lib.rs:830:15
[INFO] [stdout]     |
[INFO] [stdout] 830 |     pub const USB_VHCI_HCD_IOCFETCHWORK_RO: u8 = 2;
[INFO] [stdout]     |               ^^^^^^^^^^^^^^^^^^^^^^^^^^^^
[INFO] [stdout] 
[INFO] [stdout] 
[INFO] [stdout] warning: constant `USB_VHCI_HCD_IOCGIVEBACK32` is never used
[INFO] [stdout]    --> src/lib.rs:833:15
[INFO] [stdout]     |
[INFO] [stdout] 833 |     pub const USB_VHCI_HCD_IOCGIVEBACK32: u8 = 3;
[INFO] [stdout]     |               ^^^^^^^^^^^^^^^^^^^^^^^^^^
[INFO] [stdout] 
[INFO] [stdout] 
[INFO] [stdout] warning: constant `USB_VHCI_HCD_IOCFETCHDATA32` is never used
[INFO] [stdout]    --> src/lib.rs:835:15
[INFO] [stdout]     |
[INFO] [stdout] 835 |     pub const USB_VHCI_HCD_IOCFETCHDATA32: u8 = 4;
[INFO] [stdout]     |               ^^^^^^^^^^^^^^^^^^^^^^^^^^^
[INFO] [stdout] 
[INFO] [stdout] 
[INFO] [stdout] warning: constant `USB_VHCI_PORT_STAT_FLAG_RESUMING` is never used
[INFO] [stdout]    --> src/lib.rs:837:15
[INFO] [stdout]     |
[INFO] [stdout] 837 |     pub const USB_VHCI_PORT_STAT_FLAG_RESUMING: u8 = 0x01;
[INFO] [stdout]     |               ^^^^^^^^^^^^^^^^^^^^^^^^^^^^^^^^
[INFO] [stdout] 
[INFO] [stdout] 
[INFO] [stdout] warning: constant `USB_VHCI_URB_FLAGS_SHORT_NOT_OK` is never used
[INFO] [stdout]    --> src/lib.rs:839:15
[INFO] [stdout]     |
[INFO] [stdout] 839 |     pub const USB_VHCI_URB_FLAGS_SHORT_NOT_OK: u16 = 0x0001;
[INFO] [stdout]     |               ^^^^^^^^^^^^^^^^^^^^^^^^^^^^^^^
[INFO] [stdout] 
[INFO] [stdout] 
[INFO] [stdout] warning: constant `USB_VHCI_URB_FLAGS_ISO_ASAP` is never used
[INFO] [stdout]    --> src/lib.rs:840:15
[INFO] [stdout]     |
[INFO] [stdout] 840 |     pub const USB_VHCI_URB_FLAGS_ISO_ASAP: u16 = 0x0002;
[INFO] [stdout]     |               ^^^^^^^^^^^^^^^^^^^^^^^^^^^
[INFO] [stdout] 
[INFO] [stdout] 
[INFO] [stdout] warning: constant `USB_VHCI_URB_FLAGS_ZERO_PACKET` is never used
[INFO] [stdout]    --> src/lib.rs:841:15
[INFO] [stdout]     |
[INFO] [stdout] 841 |     pub const USB_VHCI_URB_FLAGS_ZERO_PACKET: u16 = 0x0040;
[INFO] [stdout]     |               ^^^^^^^^^^^^^^^^^^^^^^^^^^^^^^
[INFO] [stdout] 
[INFO] [stdout] 
[INFO] [stdout] warning: constant `USB_VHCI_TIMEOUT_INFINITE` is never used
[INFO] [stdout]    --> src/lib.rs:848:15
[INFO] [stdout]     |
[INFO] [stdout] 848 |     pub const USB_VHCI_TIMEOUT_INFINITE: i16 = -1;
[INFO] [stdout]     |               ^^^^^^^^^^^^^^^^^^^^^^^^^
[INFO] [stdout] 
[INFO] [stdout] 
[INFO] [stdout] warning: constant `URB_RQ_GET_STATUS` is never used
[INFO] [stdout]    --> src/lib.rs:854:15
[INFO] [stdout]     |
[INFO] [stdout] 854 |     pub const URB_RQ_GET_STATUS: u8 = 0;
[INFO] [stdout]     |               ^^^^^^^^^^^^^^^^^
[INFO] [stdout] 
[INFO] [stdout] 
[INFO] [stdout] warning: constant `URB_RQ_CLEAR_FEATURE` is never used
[INFO] [stdout]    --> src/lib.rs:855:15
[INFO] [stdout]     |
[INFO] [stdout] 855 |     pub const URB_RQ_CLEAR_FEATURE: u8 = 1;
[INFO] [stdout]     |               ^^^^^^^^^^^^^^^^^^^^
[INFO] [stdout] 
[INFO] [stdout] 
[INFO] [stdout] warning: constant `URB_RQ_SET_FEATURE` is never used
[INFO] [stdout]    --> src/lib.rs:856:15
[INFO] [stdout]     |
[INFO] [stdout] 856 |     pub const URB_RQ_SET_FEATURE: u8 = 3;
[INFO] [stdout]     |               ^^^^^^^^^^^^^^^^^^
[INFO] [stdout] 
[INFO] [stdout] 
[INFO] [stdout] warning: constant `URB_RQ_SET_ADDRESS` is never used
[INFO] [stdout]    --> src/lib.rs:857:15
[INFO] [stdout]     |
[INFO] [stdout] 857 |     pub const URB_RQ_SET_ADDRESS: u8 = 5;
[INFO] [stdout]     |               ^^^^^^^^^^^^^^^^^^
[INFO] [stdout] 
[INFO] [stdout] 
[INFO] [stdout] warning: constant `URB_RQ_GET_DESCRIPTOR` is never used
[INFO] [stdout]    --> src/lib.rs:858:15
[INFO] [stdout]     |
[INFO] [stdout] 858 |     pub const URB_RQ_GET_DESCRIPTOR: u8 = 6;
[INFO] [stdout]     |               ^^^^^^^^^^^^^^^^^^^^^
[INFO] [stdout] 
[INFO] [stdout] 
[INFO] [stdout] warning: constant `URB_RQ_SET_DESCRIPTOR` is never used
[INFO] [stdout]    --> src/lib.rs:859:15
[INFO] [stdout]     |
[INFO] [stdout] 859 |     pub const URB_RQ_SET_DESCRIPTOR: u8 = 7;
[INFO] [stdout]     |               ^^^^^^^^^^^^^^^^^^^^^
[INFO] [stdout] 
[INFO] [stdout] 
[INFO] [stdout] warning: constant `URB_RQ_GET_CONFIGURATION` is never used
[INFO] [stdout]    --> src/lib.rs:860:15
[INFO] [stdout]     |
[INFO] [stdout] 860 |     pub const URB_RQ_GET_CONFIGURATION: u8 = 8;
[INFO] [stdout]     |               ^^^^^^^^^^^^^^^^^^^^^^^^
[INFO] [stdout] 
[INFO] [stdout] 
[INFO] [stdout] warning: constant `URB_RQ_SET_CONFIGURATION` is never used
[INFO] [stdout]    --> src/lib.rs:861:15
[INFO] [stdout]     |
[INFO] [stdout] 861 |     pub const URB_RQ_SET_CONFIGURATION: u8 = 9;
[INFO] [stdout]     |               ^^^^^^^^^^^^^^^^^^^^^^^^
[INFO] [stdout] 
[INFO] [stdout] 
[INFO] [stdout] warning: constant `URB_RQ_GET_INTERFACE` is never used
[INFO] [stdout]    --> src/lib.rs:862:15
[INFO] [stdout]     |
[INFO] [stdout] 862 |     pub const URB_RQ_GET_INTERFACE: u8 = 10;
[INFO] [stdout]     |               ^^^^^^^^^^^^^^^^^^^^
[INFO] [stdout] 
[INFO] [stdout] 
[INFO] [stdout] warning: constant `URB_RQ_SET_INTERFACE` is never used
[INFO] [stdout]    --> src/lib.rs:863:15
[INFO] [stdout]     |
[INFO] [stdout] 863 |     pub const URB_RQ_SET_INTERFACE: u8 = 11;
[INFO] [stdout]     |               ^^^^^^^^^^^^^^^^^^^^
[INFO] [stdout] 
[INFO] [stdout] 
[INFO] [stdout] warning: constant `URB_RQ_SYNCH_FRAME` is never used
[INFO] [stdout]    --> src/lib.rs:864:15
[INFO] [stdout]     |
[INFO] [stdout] 864 |     pub const URB_RQ_SYNCH_FRAME: u8 = 12;
[INFO] [stdout]     |               ^^^^^^^^^^^^^^^^^^
[INFO] [stdout] 
[INFO] [stdout] 
[INFO] [stderr]     Finished `test` profile [unoptimized + debuginfo] target(s) in 1.06s
[INFO] running `Command { std: "docker" "inspect" "fbb752d9baac8221c74356052b9aae6503050524404b688358f2043a24e1d7b1", kill_on_drop: false }`
[INFO] running `Command { std: "docker" "rm" "-f" "fbb752d9baac8221c74356052b9aae6503050524404b688358f2043a24e1d7b1", kill_on_drop: false }`
[INFO] [stdout] fbb752d9baac8221c74356052b9aae6503050524404b688358f2043a24e1d7b1
[INFO] running `Command { std: "docker" "create" "-v" "/var/lib/crater-agent-workspace/builds/worker-5-tc1/target:/opt/rustwide/target:rw,Z" "-v" "/var/lib/crater-agent-workspace/builds/worker-5-tc1/source:/opt/rustwide/workdir:ro,Z" "-v" "/var/lib/crater-agent-workspace/cargo-home:/opt/rustwide/cargo-home:ro,Z" "-v" "/var/lib/crater-agent-workspace/rustup-home:/opt/rustwide/rustup-home:ro,Z" "-e" "SOURCE_DIR=/opt/rustwide/workdir" "-e" "CARGO_TARGET_DIR=/opt/rustwide/target" "-e" "CARGO_INCREMENTAL=0" "-e" "RUST_BACKTRACE=full" "-e" "RUSTFLAGS=--cap-lints=warn" "-e" "RUSTDOCFLAGS=--cap-lints=warn" "-e" "CARGO_HOME=/opt/rustwide/cargo-home" "-e" "RUSTUP_HOME=/opt/rustwide/rustup-home" "-w" "/opt/rustwide/workdir" "-m" "1610612736" "--user" "0:0" "--network" "none" "ghcr.io/rust-lang/crates-build-env/linux@sha256:f3a9d4ad9d972b27faf3965f35b62e55ba32bbce8f20bc8fe909558a86702fde" "/opt/rustwide/cargo-home/bin/cargo" "+1.83.0" "test" "--frozen", kill_on_drop: false }`
[INFO] [stdout] 929c105cdc5b4993e4b8dc605a4db6cfa04af5a1150cdd4dc3dd19a3c67450bc
[INFO] running `Command { std: "docker" "start" "-a" "929c105cdc5b4993e4b8dc605a4db6cfa04af5a1150cdd4dc3dd19a3c67450bc", kill_on_drop: false }`
[INFO] [stderr] warning: fields `asap` and `interval` are never read
[INFO] [stderr]    --> src/lib.rs:199:5
[INFO] [stderr]     |
[INFO] [stderr] 188 | pub struct UrbIso {
[INFO] [stderr]     |            ------ fields in this struct
[INFO] [stderr] ...
[INFO] [stderr] 199 |     asap: bool,
[INFO] [stderr]     |     ^^^^
[INFO] [stderr] 200 |     interval: i32,
[INFO] [stderr]     |     ^^^^^^^^
[INFO] [stderr]     |
[INFO] [stderr]     = note: `UrbIso` has derived impls for the traits `Clone` and `Debug`, but these are intentionally ignored during dead code analysis
[INFO] [stderr]     = note: `#[warn(dead_code)]` on by default
[INFO] [stderr] 
[INFO] [stderr] warning: fields `short_not_ok` and `interval` are never read
[INFO] [stderr]    --> src/lib.rs:210:5
[INFO] [stderr]     |
[INFO] [stderr] 204 | pub struct UrbInt {
[INFO] [stderr]     |            ------ fields in this struct
[INFO] [stderr] ...
[INFO] [stderr] 210 |     short_not_ok: bool,
[INFO] [stderr]     |     ^^^^^^^^^^^^
[INFO] [stderr] 211 |     interval: i32,
[INFO] [stderr]     |     ^^^^^^^^
[INFO] [stderr]     |
[INFO] [stderr]     = note: `UrbInt` has derived impls for the traits `Clone` and `Debug`, but these are intentionally ignored during dead code analysis
[INFO] [stderr] 
[INFO] [stderr] warning: field `send_zero_packet` is never read
[INFO] [stderr]    --> src/lib.rs:235:5
[INFO] [stderr]     |
[INFO] [stderr] 229 | pub struct UrbBulk {
[INFO] [stderr]     |            ------- field in this struct
[INFO] [stderr] ...
[INFO] [stderr] 235 |     send_zero_packet: bool,
[INFO] [stderr]     |     ^^^^^^^^^^^^^^^^
[INFO] [stderr]     |
[INFO] [stderr]     = note: `UrbBulk` has derived impls for the traits `Clone` and `Debug`, but these are intentionally ignored during dead code analysis
[INFO] [stderr] 
[INFO] [stderr] warning: fields `controller_id`, `usb_busnum`, and `bus_id` are never read
[INFO] [stderr]    --> src/lib.rs:424:5
[INFO] [stderr]     |
[INFO] [stderr] 421 | pub struct Vhci {
[INFO] [stderr]     |            ---- fields in this struct
[INFO] [stderr] ...
[INFO] [stderr] 424 |     controller_id: i32,
[INFO] [stderr]     |     ^^^^^^^^^^^^^
[INFO] [stderr] 425 |     usb_busnum: i32,
[INFO] [stderr]     |     ^^^^^^^^^^
[INFO] [stderr] 426 |     bus_id: Box<str>,
[INFO] [stderr]     |     ^^^^^^
[INFO] [stderr]     |
[INFO] [stderr]     = note: `Vhci` has a derived impl for the trait `Debug`, but this is intentionally ignored during dead code analysis
[INFO] [stderr] 
[INFO] [stderr] warning: constant `USB_VHCI_HCD_IOCFETCHWORK_RO` is never used
[INFO] [stderr]    --> src/lib.rs:830:15
[INFO] [stderr]     |
[INFO] [stderr] 830 |     pub const USB_VHCI_HCD_IOCFETCHWORK_RO: u8 = 2;
[INFO] [stderr]     |               ^^^^^^^^^^^^^^^^^^^^^^^^^^^^
[INFO] [stderr] 
[INFO] [stderr] warning: constant `USB_VHCI_HCD_IOCGIVEBACK32` is never used
[INFO] [stderr]    --> src/lib.rs:833:15
[INFO] [stderr]     |
[INFO] [stderr] 833 |     pub const USB_VHCI_HCD_IOCGIVEBACK32: u8 = 3;
[INFO] [stderr]     |               ^^^^^^^^^^^^^^^^^^^^^^^^^^
[INFO] [stderr] 
[INFO] [stderr] warning: constant `USB_VHCI_HCD_IOCFETCHDATA32` is never used
[INFO] [stderr]    --> src/lib.rs:835:15
[INFO] [stderr]     |
[INFO] [stderr] 835 |     pub const USB_VHCI_HCD_IOCFETCHDATA32: u8 = 4;
[INFO] [stderr]     |               ^^^^^^^^^^^^^^^^^^^^^^^^^^^
[INFO] [stderr] 
[INFO] [stderr] warning: constant `USB_VHCI_PORT_STAT_FLAG_RESUMING` is never used
[INFO] [stderr]    --> src/lib.rs:837:15
[INFO] [stderr]     |
[INFO] [stderr] 837 |     pub const USB_VHCI_PORT_STAT_FLAG_RESUMING: u8 = 0x01;
[INFO] [stderr]     |               ^^^^^^^^^^^^^^^^^^^^^^^^^^^^^^^^
[INFO] [stderr] 
[INFO] [stderr] warning: constant `USB_VHCI_URB_FLAGS_SHORT_NOT_OK` is never used
[INFO] [stderr]    --> src/lib.rs:839:15
[INFO] [stderr]     |
[INFO] [stderr] 839 |     pub const USB_VHCI_URB_FLAGS_SHORT_NOT_OK: u16 = 0x0001;
[INFO] [stderr]     |               ^^^^^^^^^^^^^^^^^^^^^^^^^^^^^^^
[INFO] [stderr] 
[INFO] [stderr] warning: constant `USB_VHCI_URB_FLAGS_ISO_ASAP` is never used
[INFO] [stderr]    --> src/lib.rs:840:15
[INFO] [stderr]     |
[INFO] [stderr] 840 |     pub const USB_VHCI_URB_FLAGS_ISO_ASAP: u16 = 0x0002;
[INFO] [stderr]     |               ^^^^^^^^^^^^^^^^^^^^^^^^^^^
[INFO] [stderr] 
[INFO] [stderr] warning: constant `USB_VHCI_URB_FLAGS_ZERO_PACKET` is never used
[INFO] [stderr]    --> src/lib.rs:841:15
[INFO] [stderr]     |
[INFO] [stderr] 841 |     pub const USB_VHCI_URB_FLAGS_ZERO_PACKET: u16 = 0x0040;
[INFO] [stderr]     |               ^^^^^^^^^^^^^^^^^^^^^^^^^^^^^^
[INFO] [stderr] 
[INFO] [stderr] warning: constant `USB_VHCI_TIMEOUT_INFINITE` is never used
[INFO] [stderr]    --> src/lib.rs:848:15
[INFO] [stderr]     |
[INFO] [stderr] 848 |     pub const USB_VHCI_TIMEOUT_INFINITE: i16 = -1;
[INFO] [stderr]     |               ^^^^^^^^^^^^^^^^^^^^^^^^^
[INFO] [stderr] 
[INFO] [stderr] warning: constant `URB_RQ_GET_STATUS` is never used
[INFO] [stderr]    --> src/lib.rs:854:15
[INFO] [stderr]     |
[INFO] [stderr] 854 |     pub const URB_RQ_GET_STATUS: u8 = 0;
[INFO] [stderr]     |               ^^^^^^^^^^^^^^^^^
[INFO] [stderr] 
[INFO] [stderr] warning: constant `URB_RQ_CLEAR_FEATURE` is never used
[INFO] [stderr]    --> src/lib.rs:855:15
[INFO] [stderr]     |
[INFO] [stderr] 855 |     pub const URB_RQ_CLEAR_FEATURE: u8 = 1;
[INFO] [stderr]     |               ^^^^^^^^^^^^^^^^^^^^
[INFO] [stderr] 
[INFO] [stderr] warning: constant `URB_RQ_SET_FEATURE` is never used
[INFO] [stderr]    --> src/lib.rs:856:15
[INFO] [stderr]     |
[INFO] [stderr] 856 |     pub const URB_RQ_SET_FEATURE: u8 = 3;
[INFO] [stderr]     |               ^^^^^^^^^^^^^^^^^^
[INFO] [stderr] 
[INFO] [stderr] warning: constant `URB_RQ_SET_ADDRESS` is never used
[INFO] [stderr]    --> src/lib.rs:857:15
[INFO] [stderr]     |
[INFO] [stderr] 857 |     pub const URB_RQ_SET_ADDRESS: u8 = 5;
[INFO] [stderr]     |               ^^^^^^^^^^^^^^^^^^
[INFO] [stderr] 
[INFO] [stderr] warning: constant `URB_RQ_GET_DESCRIPTOR` is never used
[INFO] [stderr]    --> src/lib.rs:858:15
[INFO] [stderr]     |
[INFO] [stderr] 858 |     pub const URB_RQ_GET_DESCRIPTOR: u8 = 6;
[INFO] [stderr]     |               ^^^^^^^^^^^^^^^^^^^^^
[INFO] [stderr] 
[INFO] [stderr] warning: constant `URB_RQ_SET_DESCRIPTOR` is never used
[INFO] [stderr]    --> src/lib.rs:859:15
[INFO] [stderr]     |
[INFO] [stderr] 859 |     pub const URB_RQ_SET_DESCRIPTOR: u8 = 7;
[INFO] [stderr]     |               ^^^^^^^^^^^^^^^^^^^^^
[INFO] [stderr] 
[INFO] [stderr] warning: constant `URB_RQ_GET_CONFIGURATION` is never used
[INFO] [stderr]    --> src/lib.rs:860:15
[INFO] [stderr]     |
[INFO] [stderr] 860 |     pub const URB_RQ_GET_CONFIGURATION: u8 = 8;
[INFO] [stderr]     |               ^^^^^^^^^^^^^^^^^^^^^^^^
[INFO] [stderr] 
[INFO] [stderr] warning: constant `URB_RQ_SET_CONFIGURATION` is never used
[INFO] [stderr]    --> src/lib.rs:861:15
[INFO] [stderr]     |
[INFO] [stderr] 861 |     pub const URB_RQ_SET_CONFIGURATION: u8 = 9;
[INFO] [stderr]     |               ^^^^^^^^^^^^^^^^^^^^^^^^
[INFO] [stderr] 
[INFO] [stderr] warning: constant `URB_RQ_GET_INTERFACE` is never used
[INFO] [stderr]    --> src/lib.rs:862:15
[INFO] [stderr]     |
[INFO] [stderr] 862 |     pub const URB_RQ_GET_INTERFACE: u8 = 10;
[INFO] [stderr]     |               ^^^^^^^^^^^^^^^^^^^^
[INFO] [stderr] 
[INFO] [stderr] warning: constant `URB_RQ_SET_INTERFACE` is never used
[INFO] [stderr]    --> src/lib.rs:863:15
[INFO] [stderr]     |
[INFO] [stderr] 863 |     pub const URB_RQ_SET_INTERFACE: u8 = 11;
[INFO] [stderr]     |               ^^^^^^^^^^^^^^^^^^^^
[INFO] [stderr] 
[INFO] [stderr] warning: constant `URB_RQ_SYNCH_FRAME` is never used
[INFO] [stderr]    --> src/lib.rs:864:15
[INFO] [stderr]     |
[INFO] [stderr] 864 |     pub const URB_RQ_SYNCH_FRAME: u8 = 12;
[INFO] [stderr]     |               ^^^^^^^^^^^^^^^^^^
[INFO] [stderr] 
[INFO] [stderr] warning: `usb_vhci` (lib) generated 23 warnings
[INFO] [stderr] warning: `usb_vhci` (lib test) generated 23 warnings (23 duplicates)
[INFO] [stderr]     Finished `test` profile [unoptimized + debuginfo] target(s) in 0.04s
[INFO] [stderr]      Running unittests src/lib.rs (/opt/rustwide/target/debug/deps/usb_vhci-1b4afd329deaba5a)
[INFO] [stdout] 
[INFO] [stdout] running 3 tests
[INFO] [stdout] test tests::can_connect_disconnect_port ... FAILED
[INFO] [stdout] test tests::can_fetch_work ... FAILED
[INFO] [stdout] test tests::can_create_vhci ... FAILED
[INFO] [stdout] 
[INFO] [stdout] failures:
[INFO] [stdout] 
[INFO] [stdout] ---- tests::can_connect_disconnect_port stdout ----
[INFO] [stdout] thread 'tests::can_connect_disconnect_port' panicked at src/lib.rs:1046:46:
[INFO] [stdout] called `Result::unwrap()` on an `Err` value: Os { code: 2, kind: NotFound, message: "No such file or directory" }
[INFO] [stdout] stack backtrace:
[INFO] [stdout]    0:     0x5ca63ffad23a - std::backtrace_rs::backtrace::libunwind::trace::h5a5b8284f2d0c266
[INFO] [stdout]                                at /rustc/90b35a6239c3d8bdabc530a6a0816f7ff89a0aaf/library/std/src/../../backtrace/src/backtrace/libunwind.rs:116:5
[INFO] [stdout]    1:     0x5ca63ffad23a - std::backtrace_rs::backtrace::trace_unsynchronized::h76d4f1c9b0b875e3
[INFO] [stdout]                                at /rustc/90b35a6239c3d8bdabc530a6a0816f7ff89a0aaf/library/std/src/../../backtrace/src/backtrace/mod.rs:66:5
[INFO] [stdout]    2:     0x5ca63ffad23a - std::sys::backtrace::_print_fmt::hc4546b8364a537c6
[INFO] [stdout]                                at /rustc/90b35a6239c3d8bdabc530a6a0816f7ff89a0aaf/library/std/src/sys/backtrace.rs:66:9
[INFO] [stdout]    3:     0x5ca63ffad23a - <std::sys::backtrace::BacktraceLock::print::DisplayBacktrace as core::fmt::Display>::fmt::h5b6bd5631a6d1f6b
[INFO] [stdout]                                at /rustc/90b35a6239c3d8bdabc530a6a0816f7ff89a0aaf/library/std/src/sys/backtrace.rs:39:26
[INFO] [stdout]    4:     0x5ca63ffd2663 - core::fmt::rt::Argument::fmt::h270f6602a2b96f62
[INFO] [stdout]                                at /rustc/90b35a6239c3d8bdabc530a6a0816f7ff89a0aaf/library/core/src/fmt/rt.rs:177:76
[INFO] [stdout]    5:     0x5ca63ffd2663 - core::fmt::write::h7550c97b06c86515
[INFO] [stdout]                                at /rustc/90b35a6239c3d8bdabc530a6a0816f7ff89a0aaf/library/core/src/fmt/mod.rs:1186:21
[INFO] [stdout]    6:     0x5ca63ffaa403 - std::io::Write::write_fmt::h509ff860e5956e5e
[INFO] [stdout]                                at /rustc/90b35a6239c3d8bdabc530a6a0816f7ff89a0aaf/library/std/src/io/mod.rs:1839:15
[INFO] [stdout]    7:     0x5ca63ffad082 - std::sys::backtrace::BacktraceLock::print::h2395ccd2c84ba3aa
[INFO] [stdout]                                at /rustc/90b35a6239c3d8bdabc530a6a0816f7ff89a0aaf/library/std/src/sys/backtrace.rs:42:9
[INFO] [stdout]    8:     0x5ca63ffae69a - std::panicking::default_hook::{{closure}}::he19d4c7230e07961
[INFO] [stdout]                                at /rustc/90b35a6239c3d8bdabc530a6a0816f7ff89a0aaf/library/std/src/panicking.rs:268:22
[INFO] [stdout]    9:     0x5ca63ffae4a4 - std::panicking::default_hook::hf614597d3c67bbdb
[INFO] [stdout]                                at /rustc/90b35a6239c3d8bdabc530a6a0816f7ff89a0aaf/library/std/src/panicking.rs:292:9
[INFO] [stdout]   10:     0x5ca63ff77e19 - <alloc::boxed::Box<F,A> as core::ops::function::Fn<Args>>::call::h39b51ce4599c23d1
[INFO] [stdout]                                at /rustc/90b35a6239c3d8bdabc530a6a0816f7ff89a0aaf/library/alloc/src/boxed.rs:2468:9
[INFO] [stdout]   11:     0x5ca63ff77e19 - test::test_main::{{closure}}::he977ae839a582784
[INFO] [stdout]                                at /rustc/90b35a6239c3d8bdabc530a6a0816f7ff89a0aaf/library/test/src/lib.rs:133:21
[INFO] [stdout]   12:     0x5ca63ffaed38 - <alloc::boxed::Box<F,A> as core::ops::function::Fn<Args>>::call::h9455091b6b06f9fb
[INFO] [stdout]                                at /rustc/90b35a6239c3d8bdabc530a6a0816f7ff89a0aaf/library/alloc/src/boxed.rs:2468:9
[INFO] [stdout]   13:     0x5ca63ffaed38 - std::panicking::rust_panic_with_hook::h8942133a8b252070
[INFO] [stdout]                                at /rustc/90b35a6239c3d8bdabc530a6a0816f7ff89a0aaf/library/std/src/panicking.rs:809:13
[INFO] [stdout]   14:     0x5ca63ffaeafa - std::panicking::begin_panic_handler::{{closure}}::hb5f5963570096b29
[INFO] [stdout]                                at /rustc/90b35a6239c3d8bdabc530a6a0816f7ff89a0aaf/library/std/src/panicking.rs:674:13
[INFO] [stdout]   15:     0x5ca63ffad719 - std::sys::backtrace::__rust_end_short_backtrace::h6208cedc1922feda
[INFO] [stdout]                                at /rustc/90b35a6239c3d8bdabc530a6a0816f7ff89a0aaf/library/std/src/sys/backtrace.rs:170:18
[INFO] [stdout]   16:     0x5ca63ffae78c - rust_begin_unwind
[INFO] [stdout]                                at /rustc/90b35a6239c3d8bdabc530a6a0816f7ff89a0aaf/library/std/src/panicking.rs:665:5
[INFO] [stdout]   17:     0x5ca63ff2ea60 - core::panicking::panic_fmt::h0c3082644d1bf418
[INFO] [stdout]                                at /rustc/90b35a6239c3d8bdabc530a6a0816f7ff89a0aaf/library/core/src/panicking.rs:74:14
[INFO] [stdout]   18:     0x5ca63ff2eee6 - core::result::unwrap_failed::hd20b4aa073bda1e2
[INFO] [stdout]                                at /rustc/90b35a6239c3d8bdabc530a6a0816f7ff89a0aaf/library/core/src/result.rs:1700:5
[INFO] [stdout]   19:     0x5ca63ff3bd0b - core::result::Result<T,E>::unwrap::h96da2f1d68d946e7
[INFO] [stdout]                                at /rustc/90b35a6239c3d8bdabc530a6a0816f7ff89a0aaf/library/core/src/result.rs:1104:23
[INFO] [stdout]   20:     0x5ca63ff3bd0b - usb_vhci::tests::can_connect_disconnect_port::h93ae7f21ae3184d2
[INFO] [stdout]                                at /opt/rustwide/workdir/src/lib.rs:1046:24
[INFO] [stdout]   21:     0x5ca63ff3bc77 - usb_vhci::tests::can_connect_disconnect_port::{{closure}}::hf25f71f972a18fcd
[INFO] [stdout]                                at /opt/rustwide/workdir/src/lib.rs:1045:37
[INFO] [stdout]   22:     0x5ca63ff300a6 - core::ops::function::FnOnce::call_once::h8bfd6d9b25ed84f7
[INFO] [stdout]                                at /rustc/90b35a6239c3d8bdabc530a6a0816f7ff89a0aaf/library/core/src/ops/function.rs:250:5
[INFO] [stdout]   23:     0x5ca63ff7c7db - core::ops::function::FnOnce::call_once::h109cf8051a59b34e
[INFO] [stdout]                                at /rustc/90b35a6239c3d8bdabc530a6a0816f7ff89a0aaf/library/core/src/ops/function.rs:250:5
[INFO] [stdout]   24:     0x5ca63ff7c7db - test::__rust_begin_short_backtrace::hf4fff89d377446ba
[INFO] [stdout]                                at /rustc/90b35a6239c3d8bdabc530a6a0816f7ff89a0aaf/library/test/src/lib.rs:621:18
[INFO] [stdout]   25:     0x5ca63ff7c017 - test::run_test_in_process::{{closure}}::h0e39181dd7ee5a43
[INFO] [stdout]                                at /rustc/90b35a6239c3d8bdabc530a6a0816f7ff89a0aaf/library/test/src/lib.rs:644:60
[INFO] [stdout]   26:     0x5ca63ff7c017 - <core::panic::unwind_safe::AssertUnwindSafe<F> as core::ops::function::FnOnce<()>>::call_once::hc5a66a30f0bdfd1f
[INFO] [stdout]                                at /rustc/90b35a6239c3d8bdabc530a6a0816f7ff89a0aaf/library/core/src/panic/unwind_safe.rs:272:9
[INFO] [stdout]   27:     0x5ca63ff7c017 - std::panicking::try::do_call::h873b7cf639554a5e
[INFO] [stdout]                                at /rustc/90b35a6239c3d8bdabc530a6a0816f7ff89a0aaf/library/std/src/panicking.rs:557:40
[INFO] [stdout]   28:     0x5ca63ff7c017 - std::panicking::try::hdb19862fad9c8bd1
[INFO] [stdout]                                at /rustc/90b35a6239c3d8bdabc530a6a0816f7ff89a0aaf/library/std/src/panicking.rs:520:19
[INFO] [stdout]   29:     0x5ca63ff7c017 - std::panic::catch_unwind::h281fe732d236d260
[INFO] [stdout]                                at /rustc/90b35a6239c3d8bdabc530a6a0816f7ff89a0aaf/library/std/src/panic.rs:358:14
[INFO] [stdout]   30:     0x5ca63ff7c017 - test::run_test_in_process::h949b6df8457ed338
[INFO] [stdout]                                at /rustc/90b35a6239c3d8bdabc530a6a0816f7ff89a0aaf/library/test/src/lib.rs:644:27
[INFO] [stdout]   31:     0x5ca63ff7c017 - test::run_test::{{closure}}::h52c556a6d4740e10
[INFO] [stdout]                                at /rustc/90b35a6239c3d8bdabc530a6a0816f7ff89a0aaf/library/test/src/lib.rs:565:43
[INFO] [stdout]   32:     0x5ca63ff412f4 - test::run_test::{{closure}}::h4237f6381c45ccb9
[INFO] [stdout]                                at /rustc/90b35a6239c3d8bdabc530a6a0816f7ff89a0aaf/library/test/src/lib.rs:595:41
[INFO] [stdout]   33:     0x5ca63ff412f4 - std::sys::backtrace::__rust_begin_short_backtrace::h505c97a579eca628
[INFO] [stdout]                                at /rustc/90b35a6239c3d8bdabc530a6a0816f7ff89a0aaf/library/std/src/sys/backtrace.rs:154:18
[INFO] [stdout]   34:     0x5ca63ff449be - std::thread::Builder::spawn_unchecked_::{{closure}}::{{closure}}::h9e86b2e2bc107ea3
[INFO] [stdout]                                at /rustc/90b35a6239c3d8bdabc530a6a0816f7ff89a0aaf/library/std/src/thread/mod.rs:538:17
[INFO] [stdout]   35:     0x5ca63ff449be - <core::panic::unwind_safe::AssertUnwindSafe<F> as core::ops::function::FnOnce<()>>::call_once::h8b06ddb275ff4a25
[INFO] [stdout]                                at /rustc/90b35a6239c3d8bdabc530a6a0816f7ff89a0aaf/library/core/src/panic/unwind_safe.rs:272:9
[INFO] [stdout]   36:     0x5ca63ff449be - std::panicking::try::do_call::hb26ecd7cd9a9355d
[INFO] [stdout]                                at /rustc/90b35a6239c3d8bdabc530a6a0816f7ff89a0aaf/library/std/src/panicking.rs:557:40
[INFO] [stdout]   37:     0x5ca63ff449be - std::panicking::try::h8ddeca9d705f9069
[INFO] [stdout]                                at /rustc/90b35a6239c3d8bdabc530a6a0816f7ff89a0aaf/library/std/src/panicking.rs:520:19
[INFO] [stdout]   38:     0x5ca63ff449be - std::panic::catch_unwind::h49e1c33078844c46
[INFO] [stdout]                                at /rustc/90b35a6239c3d8bdabc530a6a0816f7ff89a0aaf/library/std/src/panic.rs:358:14
[INFO] [stdout]   39:     0x5ca63ff449be - std::thread::Builder::spawn_unchecked_::{{closure}}::h6073db6ff56ad35d
[INFO] [stdout]                                at /rustc/90b35a6239c3d8bdabc530a6a0816f7ff89a0aaf/library/std/src/thread/mod.rs:537:30
[INFO] [stdout]   40:     0x5ca63ff449be - core::ops::function::FnOnce::call_once{{vtable.shim}}::h2c5a5f3779c774f1
[INFO] [stdout]                                at /rustc/90b35a6239c3d8bdabc530a6a0816f7ff89a0aaf/library/core/src/ops/function.rs:250:5
[INFO] [stdout]   41:     0x5ca63ffb2a9b - <alloc::boxed::Box<F,A> as core::ops::function::FnOnce<Args>>::call_once::hf75717d9f28faebf
[INFO] [stdout]                                at /rustc/90b35a6239c3d8bdabc530a6a0816f7ff89a0aaf/library/alloc/src/boxed.rs:2454:9
[INFO] [stdout]   42:     0x5ca63ffb2a9b - <alloc::boxed::Box<F,A> as core::ops::function::FnOnce<Args>>::call_once::h7bd883a5f3c5f3c1
[INFO] [stdout]                                at /rustc/90b35a6239c3d8bdabc530a6a0816f7ff89a0aaf/library/alloc/src/boxed.rs:2454:9
[INFO] [stdout]   43:     0x5ca63ffb2a9b - std::sys::pal::unix::thread::Thread::new::thread_start::hcc78f3943333fa94
[INFO] [stdout]                                at /rustc/90b35a6239c3d8bdabc530a6a0816f7ff89a0aaf/library/std/src/sys/pal/unix/thread.rs:105:17
[INFO] [stdout]   44:     0x73b9a868cac3 - <unknown>
[INFO] [stdout]   45:     0x73b9a871da04 - clone
[INFO] [stdout]   46:                0x0 - <unknown>
[INFO] [stdout] 
[INFO] [stdout] ---- tests::can_fetch_work stdout ----
[INFO] [stdout] thread 'tests::can_fetch_work' panicked at src/lib.rs:1054:46:
[INFO] [stdout] called `Result::unwrap()` on an `Err` value: Os { code: 2, kind: NotFound, message: "No such file or directory" }
[INFO] [stdout] stack backtrace:
[INFO] [stdout]    0:     0x5ca63ffad23a - std::backtrace_rs::backtrace::libunwind::trace::h5a5b8284f2d0c266
[INFO] [stdout]                                at /rustc/90b35a6239c3d8bdabc530a6a0816f7ff89a0aaf/library/std/src/../../backtrace/src/backtrace/libunwind.rs:116:5
[INFO] [stdout]    1:     0x5ca63ffad23a - std::backtrace_rs::backtrace::trace_unsynchronized::h76d4f1c9b0b875e3
[INFO] [stdout]                                at /rustc/90b35a6239c3d8bdabc530a6a0816f7ff89a0aaf/library/std/src/../../backtrace/src/backtrace/mod.rs:66:5
[INFO] [stdout]    2:     0x5ca63ffad23a - std::sys::backtrace::_print_fmt::hc4546b8364a537c6
[INFO] [stdout]                                at /rustc/90b35a6239c3d8bdabc530a6a0816f7ff89a0aaf/library/std/src/sys/backtrace.rs:66:9
[INFO] [stdout]    3:     0x5ca63ffad23a - <std::sys::backtrace::BacktraceLock::print::DisplayBacktrace as core::fmt::Display>::fmt::h5b6bd5631a6d1f6b
[INFO] [stdout]                                at /rustc/90b35a6239c3d8bdabc530a6a0816f7ff89a0aaf/library/std/src/sys/backtrace.rs:39:26
[INFO] [stdout]    4:     0x5ca63ffd2663 - core::fmt::rt::Argument::fmt::h270f6602a2b96f62
[INFO] [stdout]                                at /rustc/90b35a6239c3d8bdabc530a6a0816f7ff89a0aaf/library/core/src/fmt/rt.rs:177:76
[INFO] [stdout]    5:     0x5ca63ffd2663 - core::fmt::write::h7550c97b06c86515
[INFO] [stdout]                                at /rustc/90b35a6239c3d8bdabc530a6a0816f7ff89a0aaf/library/core/src/fmt/mod.rs:1186:21
[INFO] [stdout]    6:     0x5ca63ffaa403 - std::io::Write::write_fmt::h509ff860e5956e5e
[INFO] [stdout]                                at /rustc/90b35a6239c3d8bdabc530a6a0816f7ff89a0aaf/library/std/src/io/mod.rs:1839:15
[INFO] [stdout]    7:     0x5ca63ffad082 - std::sys::backtrace::BacktraceLock::print::h2395ccd2c84ba3aa
[INFO] [stdout]                                at /rustc/90b35a6239c3d8bdabc530a6a0816f7ff89a0aaf/library/std/src/sys/backtrace.rs:42:9
[INFO] [stdout]    8:     0x5ca63ffae69a - std::panicking::default_hook::{{closure}}::he19d4c7230e07961
[INFO] [stdout]                                at /rustc/90b35a6239c3d8bdabc530a6a0816f7ff89a0aaf/library/std/src/panicking.rs:268:22
[INFO] [stdout]    9:     0x5ca63ffae4a4 - std::panicking::default_hook::hf614597d3c67bbdb
[INFO] [stdout]                                at /rustc/90b35a6239c3d8bdabc530a6a0816f7ff89a0aaf/library/std/src/panicking.rs:292:9
[INFO] [stdout]   10:     0x5ca63ff77e19 - <alloc::boxed::Box<F,A> as core::ops::function::Fn<Args>>::call::h39b51ce4599c23d1
[INFO] [stdout]                                at /rustc/90b35a6239c3d8bdabc530a6a0816f7ff89a0aaf/library/alloc/src/boxed.rs:2468:9
[INFO] [stdout]   11:     0x5ca63ff77e19 - test::test_main::{{closure}}::he977ae839a582784
[INFO] [stdout]                                at /rustc/90b35a6239c3d8bdabc530a6a0816f7ff89a0aaf/library/test/src/lib.rs:133:21
[INFO] [stdout]   12:     0x5ca63ffaed38 - <alloc::boxed::Box<F,A> as core::ops::function::Fn<Args>>::call::h9455091b6b06f9fb
[INFO] [stdout]                                at /rustc/90b35a6239c3d8bdabc530a6a0816f7ff89a0aaf/library/alloc/src/boxed.rs:2468:9
[INFO] [stdout]   13:     0x5ca63ffaed38 - std::panicking::rust_panic_with_hook::h8942133a8b252070
[INFO] [stdout]                                at /rustc/90b35a6239c3d8bdabc530a6a0816f7ff89a0aaf/library/std/src/panicking.rs:809:13
[INFO] [stdout]   14:     0x5ca63ffaeafa - std::panicking::begin_panic_handler::{{closure}}::hb5f5963570096b29
[INFO] [stdout]                                at /rustc/90b35a6239c3d8bdabc530a6a0816f7ff89a0aaf/library/std/src/panicking.rs:674:13
[INFO] [stdout]   15:     0x5ca63ffad719 - std::sys::backtrace::__rust_end_short_backtrace::h6208cedc1922feda
[INFO] [stdout]                                at /rustc/90b35a6239c3d8bdabc530a6a0816f7ff89a0aaf/library/std/src/sys/backtrace.rs:170:18
[INFO] [stdout]   16:     0x5ca63ffae78c - rust_begin_unwind
[INFO] [stdout]                                at /rustc/90b35a6239c3d8bdabc530a6a0816f7ff89a0aaf/library/std/src/panicking.rs:665:5
[INFO] [stdout]   17:     0x5ca63ff2ea60 - core::panicking::panic_fmt::h0c3082644d1bf418
[INFO] [stdout]                                at /rustc/90b35a6239c3d8bdabc530a6a0816f7ff89a0aaf/library/core/src/panicking.rs:74:14
[INFO] [stdout]   18:     0x5ca63ff2eee6 - core::result::unwrap_failed::hd20b4aa073bda1e2
[INFO] [stdout]                                at /rustc/90b35a6239c3d8bdabc530a6a0816f7ff89a0aaf/library/core/src/result.rs:1700:5
[INFO] [stdout]   19:     0x5ca63ff3c0b2 - core::result::Result<T,E>::unwrap::h96da2f1d68d946e7
[INFO] [stdout]                                at /rustc/90b35a6239c3d8bdabc530a6a0816f7ff89a0aaf/library/core/src/result.rs:1104:23
[INFO] [stdout]   20:     0x5ca63ff3c0b2 - usb_vhci::tests::can_fetch_work::hafb9025653e7dfe7
[INFO] [stdout]                                at /opt/rustwide/workdir/src/lib.rs:1054:24
[INFO] [stdout]   21:     0x5ca63ff3bfc7 - usb_vhci::tests::can_fetch_work::{{closure}}::h25087a8bf7d7e7a4
[INFO] [stdout]                                at /opt/rustwide/workdir/src/lib.rs:1052:24
[INFO] [stdout]   22:     0x5ca63ff30026 - core::ops::function::FnOnce::call_once::h372e769f4a267b92
[INFO] [stdout]                                at /rustc/90b35a6239c3d8bdabc530a6a0816f7ff89a0aaf/library/core/src/ops/function.rs:250:5
[INFO] [stdout]   23:     0x5ca63ff7c7db - core::ops::function::FnOnce::call_once::h109cf8051a59b34e
[INFO] [stdout]                                at /rustc/90b35a6239c3d8bdabc530a6a0816f7ff89a0aaf/library/core/src/ops/function.rs:250:5
[INFO] [stdout]   24:     0x5ca63ff7c7db - test::__rust_begin_short_backtrace::hf4fff89d377446ba
[INFO] [stdout]                                at /rustc/90b35a6239c3d8bdabc530a6a0816f7ff89a0aaf/library/test/src/lib.rs:621:18
[INFO] [stdout]   25:     0x5ca63ff7c017 - test::run_test_in_process::{{closure}}::h0e39181dd7ee5a43
[INFO] [stdout]                                at /rustc/90b35a6239c3d8bdabc530a6a0816f7ff89a0aaf/library/test/src/lib.rs:644:60
[INFO] [stdout]   26:     0x5ca63ff7c017 - <core::panic::unwind_safe::AssertUnwindSafe<F> as core::ops::function::FnOnce<()>>::call_once::hc5a66a30f0bdfd1f
[INFO] [stdout]                                at /rustc/90b35a6239c3d8bdabc530a6a0816f7ff89a0aaf/library/core/src/panic/unwind_safe.rs:272:9
[INFO] [stdout]   27:     0x5ca63ff7c017 - std::panicking::try::do_call::h873b7cf639554a5e
[INFO] [stdout]                                at /rustc/90b35a6239c3d8bdabc530a6a0816f7ff89a0aaf/library/std/src/panicking.rs:557:40
[INFO] [stdout]   28:     0x5ca63ff7c017 - std::panicking::try::hdb19862fad9c8bd1
[INFO] [stdout]                                at /rustc/90b35a6239c3d8bdabc530a6a0816f7ff89a0aaf/library/std/src/panicking.rs:520:19
[INFO] [stdout]   29:     0x5ca63ff7c017 - std::panic::catch_unwind::h281fe732d236d260
[INFO] [stdout]                                at /rustc/90b35a6239c3d8bdabc530a6a0816f7ff89a0aaf/library/std/src/panic.rs:358:14
[INFO] [stdout]   30:     0x5ca63ff7c017 - test::run_test_in_process::h949b6df8457ed338
[INFO] [stdout]                                at /rustc/90b35a6239c3d8bdabc530a6a0816f7ff89a0aaf/library/test/src/lib.rs:644:27
[INFO] [stdout]   31:     0x5ca63ff7c017 - test::run_test::{{closure}}::h52c556a6d4740e10
[INFO] [stdout]                                at /rustc/90b35a6239c3d8bdabc530a6a0816f7ff89a0aaf/library/test/src/lib.rs:565:43
[INFO] [stdout]   32:     0x5ca63ff412f4 - test::run_test::{{closure}}::h4237f6381c45ccb9
[INFO] [stdout]                                at /rustc/90b35a6239c3d8bdabc530a6a0816f7ff89a0aaf/library/test/src/lib.rs:595:41
[INFO] [stdout]   33:     0x5ca63ff412f4 - std::sys::backtrace::__rust_begin_short_backtrace::h505c97a579eca628
[INFO] [stdout]                                at /rustc/90b35a6239c3d8bdabc530a6a0816f7ff89a0aaf/library/std/src/sys/backtrace.rs:154:18
[INFO] [stdout]   34:     0x5ca63ff449be - std::thread::Builder::spawn_unchecked_::{{closure}}::{{closure}}::h9e86b2e2bc107ea3
[INFO] [stdout]                                at /rustc/90b35a6239c3d8bdabc530a6a0816f7ff89a0aaf/library/std/src/thread/mod.rs:538:17
[INFO] [stdout]   35:     0x5ca63ff449be - <core::panic::unwind_safe::AssertUnwindSafe<F> as core::ops::function::FnOnce<()>>::call_once::h8b06ddb275ff4a25
[INFO] [stdout]                                at /rustc/90b35a6239c3d8bdabc530a6a0816f7ff89a0aaf/library/core/src/panic/unwind_safe.rs:272:9
[INFO] [stdout]   36:     0x5ca63ff449be - std::panicking::try::do_call::hb26ecd7cd9a9355d
[INFO] [stdout]                                at /rustc/90b35a6239c3d8bdabc530a6a0816f7ff89a0aaf/library/std/src/panicking.rs:557:40
[INFO] [stdout]   37:     0x5ca63ff449be - std::panicking::try::h8ddeca9d705f9069
[INFO] [stdout]                                at /rustc/90b35a6239c3d8bdabc530a6a0816f7ff89a0aaf/library/std/src/panicking.rs:520:19
[INFO] [stdout]   38:     0x5ca63ff449be - std::panic::catch_unwind::h49e1c33078844c46
[INFO] [stdout]                                at /rustc/90b35a6239c3d8bdabc530a6a0816f7ff89a0aaf/library/std/src/panic.rs:358:14
[INFO] [stdout]   39:     0x5ca63ff449be - std::thread::Builder::spawn_unchecked_::{{closure}}::h6073db6ff56ad35d
[INFO] [stdout]                                at /rustc/90b35a6239c3d8bdabc530a6a0816f7ff89a0aaf/library/std/src/thread/mod.rs:537:30
[INFO] [stdout]   40:     0x5ca63ff449be - core::ops::function::FnOnce::call_once{{vtable.shim}}::h2c5a5f3779c774f1
[INFO] [stdout]                                at /rustc/90b35a6239c3d8bdabc530a6a0816f7ff89a0aaf/library/core/src/ops/function.rs:250:5
[INFO] [stdout]   41:     0x5ca63ffb2a9b - <alloc::boxed::Box<F,A> as core::ops::function::FnOnce<Args>>::call_once::hf75717d9f28faebf
[INFO] [stdout]                                at /rustc/90b35a6239c3d8bdabc530a6a0816f7ff89a0aaf/library/alloc/src/boxed.rs:2454:9
[INFO] [stdout]   42:     0x5ca63ffb2a9b - <alloc::boxed::Box<F,A> as core::ops::function::FnOnce<Args>>::call_once::h7bd883a5f3c5f3c1
[INFO] [stdout]                                at /rustc/90b35a6239c3d8bdabc530a6a0816f7ff89a0aaf/library/alloc/src/boxed.rs:2454:9
[INFO] [stdout]   43:     0x5ca63ffb2a9b - std::sys::pal::unix::thread::Thread::new::thread_start::hcc78f3943333fa94
[INFO] [stdout]                                at /rustc/90b35a6239c3d8bdabc530a6a0816f7ff89a0aaf/library/std/src/sys/pal/unix/thread.rs:105:17
[INFO] [stdout]   44:     0x73b9a868cac3 - <unknown>
[INFO] [stdout]   45:     0x73b9a871da04 - clone
[INFO] [stdout]   46:                0x0 - <unknown>
[INFO] [stdout] 
[INFO] [stdout] ---- tests::can_create_vhci stdout ----
[INFO] [stdout] thread 'tests::can_create_vhci' panicked at src/lib.rs:1041:43:
[INFO] [stdout] called `Result::unwrap()` on an `Err` value: Os { code: 2, kind: NotFound, message: "No such file or directory" }
[INFO] [stdout] stack backtrace:
[INFO] [stdout]    0:     0x5ca63ffad23a - std::backtrace_rs::backtrace::libunwind::trace::h5a5b8284f2d0c266
[INFO] [stdout]                                at /rustc/90b35a6239c3d8bdabc530a6a0816f7ff89a0aaf/library/std/src/../../backtrace/src/backtrace/libunwind.rs:116:5
[INFO] [stdout]    1:     0x5ca63ffad23a - std::backtrace_rs::backtrace::trace_unsynchronized::h76d4f1c9b0b875e3
[INFO] [stdout]                                at /rustc/90b35a6239c3d8bdabc530a6a0816f7ff89a0aaf/library/std/src/../../backtrace/src/backtrace/mod.rs:66:5
[INFO] [stdout]    2:     0x5ca63ffad23a - std::sys::backtrace::_print_fmt::hc4546b8364a537c6
[INFO] [stdout]                                at /rustc/90b35a6239c3d8bdabc530a6a0816f7ff89a0aaf/library/std/src/sys/backtrace.rs:66:9
[INFO] [stdout]    3:     0x5ca63ffad23a - <std::sys::backtrace::BacktraceLock::print::DisplayBacktrace as core::fmt::Display>::fmt::h5b6bd5631a6d1f6b
[INFO] [stdout]                                at /rustc/90b35a6239c3d8bdabc530a6a0816f7ff89a0aaf/library/std/src/sys/backtrace.rs:39:26
[INFO] [stdout]    4:     0x5ca63ffd2663 - core::fmt::rt::Argument::fmt::h270f6602a2b96f62
[INFO] [stdout]                                at /rustc/90b35a6239c3d8bdabc530a6a0816f7ff89a0aaf/library/core/src/fmt/rt.rs:177:76
[INFO] [stdout]    5:     0x5ca63ffd2663 - core::fmt::write::h7550c97b06c86515
[INFO] [stdout]                                at /rustc/90b35a6239c3d8bdabc530a6a0816f7ff89a0aaf/library/core/src/fmt/mod.rs:1186:21
[INFO] [stdout]    6:     0x5ca63ffaa403 - std::io::Write::write_fmt::h509ff860e5956e5e
[INFO] [stdout]                                at /rustc/90b35a6239c3d8bdabc530a6a0816f7ff89a0aaf/library/std/src/io/mod.rs:1839:15
[INFO] [stdout]    7:     0x5ca63ffad082 - std::sys::backtrace::BacktraceLock::print::h2395ccd2c84ba3aa
[INFO] [stdout]                                at /rustc/90b35a6239c3d8bdabc530a6a0816f7ff89a0aaf/library/std/src/sys/backtrace.rs:42:9
[INFO] [stdout]    8:     0x5ca63ffae69a - std::panicking::default_hook::{{closure}}::he19d4c7230e07961
[INFO] [stdout]                                at /rustc/90b35a6239c3d8bdabc530a6a0816f7ff89a0aaf/library/std/src/panicking.rs:268:22
[INFO] [stdout]    9:     0x5ca63ffae4a4 - std::panicking::default_hook::hf614597d3c67bbdb
[INFO] [stdout]                                at /rustc/90b35a6239c3d8bdabc530a6a0816f7ff89a0aaf/library/std/src/panicking.rs:292:9
[INFO] [stdout]   10:     0x5ca63ff77e19 - <alloc::boxed::Box<F,A> as core::ops::function::Fn<Args>>::call::h39b51ce4599c23d1
[INFO] [stdout]                                at /rustc/90b35a6239c3d8bdabc530a6a0816f7ff89a0aaf/library/alloc/src/boxed.rs:2468:9
[INFO] [stdout]   11:     0x5ca63ff77e19 - test::test_main::{{closure}}::he977ae839a582784
[INFO] [stdout]                                at /rustc/90b35a6239c3d8bdabc530a6a0816f7ff89a0aaf/library/test/src/lib.rs:133:21
[INFO] [stdout]   12:     0x5ca63ffaed38 - <alloc::boxed::Box<F,A> as core::ops::function::Fn<Args>>::call::h9455091b6b06f9fb
[INFO] [stdout]                                at /rustc/90b35a6239c3d8bdabc530a6a0816f7ff89a0aaf/library/alloc/src/boxed.rs:2468:9
[INFO] [stdout]   13:     0x5ca63ffaed38 - std::panicking::rust_panic_with_hook::h8942133a8b252070
[INFO] [stdout]                                at /rustc/90b35a6239c3d8bdabc530a6a0816f7ff89a0aaf/library/std/src/panicking.rs:809:13
[INFO] [stdout]   14:     0x5ca63ffaeafa - std::panicking::begin_panic_handler::{{closure}}::hb5f5963570096b29
[INFO] [stdout]                                at /rustc/90b35a6239c3d8bdabc530a6a0816f7ff89a0aaf/library/std/src/panicking.rs:674:13
[INFO] [stdout]   15:     0x5ca63ffad719 - std::sys::backtrace::__rust_end_short_backtrace::h6208cedc1922feda
[INFO] [stdout]                                at /rustc/90b35a6239c3d8bdabc530a6a0816f7ff89a0aaf/library/std/src/sys/backtrace.rs:170:18
[INFO] [stdout]   16:     0x5ca63ffae78c - rust_begin_unwind
[INFO] [stdout]                                at /rustc/90b35a6239c3d8bdabc530a6a0816f7ff89a0aaf/library/std/src/panicking.rs:665:5
[INFO] [stdout]   17:     0x5ca63ff2ea60 - core::panicking::panic_fmt::h0c3082644d1bf418
[INFO] [stdout]                                at /rustc/90b35a6239c3d8bdabc530a6a0816f7ff89a0aaf/library/core/src/panicking.rs:74:14
[INFO] [stdout]   18:     0x5ca63ff2eee6 - core::result::unwrap_failed::hd20b4aa073bda1e2
[INFO] [stdout]                                at /rustc/90b35a6239c3d8bdabc530a6a0816f7ff89a0aaf/library/core/src/result.rs:1700:5
[INFO] [stdout]   19:     0x5ca63ff3bbee - core::result::Result<T,E>::unwrap::h96da2f1d68d946e7
[INFO] [stdout]                                at /rustc/90b35a6239c3d8bdabc530a6a0816f7ff89a0aaf/library/core/src/result.rs:1104:23
[INFO] [stdout]   20:     0x5ca63ff3bbee - usb_vhci::tests::can_create_vhci::h040b1407b73bd2eb
[INFO] [stdout]                                at /opt/rustwide/workdir/src/lib.rs:1041:21
[INFO] [stdout]   21:     0x5ca63ff3bb67 - usb_vhci::tests::can_create_vhci::{{closure}}::hc6b062b496c1621f
[INFO] [stdout]                                at /opt/rustwide/workdir/src/lib.rs:1040:25
[INFO] [stdout]   22:     0x5ca63ff300e6 - core::ops::function::FnOnce::call_once::ha53ebf938c162db6
[INFO] [stdout]                                at /rustc/90b35a6239c3d8bdabc530a6a0816f7ff89a0aaf/library/core/src/ops/function.rs:250:5
[INFO] [stdout]   23:     0x5ca63ff7c7db - core::ops::function::FnOnce::call_once::h109cf8051a59b34e
[INFO] [stdout]                                at /rustc/90b35a6239c3d8bdabc530a6a0816f7ff89a0aaf/library/core/src/ops/function.rs:250:5
[INFO] [stdout]   24:     0x5ca63ff7c7db - test::__rust_begin_short_backtrace::hf4fff89d377446ba
[INFO] [stdout]                                at /rustc/90b35a6239c3d8bdabc530a6a0816f7ff89a0aaf/library/test/src/lib.rs:621:18
[INFO] [stdout]   25:     0x5ca63ff7c017 - test::run_test_in_process::{{closure}}::h0e39181dd7ee5a43
[INFO] [stdout]                                at /rustc/90b35a6239c3d8bdabc530a6a0816f7ff89a0aaf/library/test/src/lib.rs:644:60
[INFO] [stdout]   26:     0x5ca63ff7c017 - <core::panic::unwind_safe::AssertUnwindSafe<F> as core::ops::function::FnOnce<()>>::call_once::hc5a66a30f0bdfd1f
[INFO] [stdout]                                at /rustc/90b35a6239c3d8bdabc530a6a0816f7ff89a0aaf/library/core/src/panic/unwind_safe.rs:272:9
[INFO] [stdout]   27:     0x5ca63ff7c017 - std::panicking::try::do_call::h873b7cf639554a5e
[INFO] [stdout]                                at /rustc/90b35a6239c3d8bdabc530a6a0816f7ff89a0aaf/library/std/src/panicking.rs:557:40
[INFO] [stdout]   28:     0x5ca63ff7c017 - std::panicking::try::hdb19862fad9c8bd1
[INFO] [stdout]                                at /rustc/90b35a6239c3d8bdabc530a6a0816f7ff89a0aaf/library/std/src/panicking.rs:520:19
[INFO] [stdout]   29:     0x5ca63ff7c017 - std::panic::catch_unwind::h281fe732d236d260
[INFO] [stdout]                                at /rustc/90b35a6239c3d8bdabc530a6a0816f7ff89a0aaf/library/std/src/panic.rs:358:14
[INFO] [stdout]   30:     0x5ca63ff7c017 - test::run_test_in_process::h949b6df8457ed338
[INFO] [stdout]                                at /rustc/90b35a6239c3d8bdabc530a6a0816f7ff89a0aaf/library/test/src/lib.rs:644:27
[INFO] [stdout]   31:     0x5ca63ff7c017 - test::run_test::{{closure}}::h52c556a6d4740e10
[INFO] [stdout]                                at /rustc/90b35a6239c3d8bdabc530a6a0816f7ff89a0aaf/library/test/src/lib.rs:565:43
[INFO] [stdout]   32:     0x5ca63ff412f4 - test::run_test::{{closure}}::h4237f6381c45ccb9
[INFO] [stdout]                                at /rustc/90b35a6239c3d8bdabc530a6a0816f7ff89a0aaf/library/test/src/lib.rs:595:41
[INFO] [stdout]   33:     0x5ca63ff412f4 - std::sys::backtrace::__rust_begin_short_backtrace::h505c97a579eca628
[INFO] [stdout]                                at /rustc/90b35a6239c3d8bdabc530a6a0816f7ff89a0aaf/library/std/src/sys/backtrace.rs:154:18
[INFO] [stdout]   34:     0x5ca63ff449be - std::thread::Builder::spawn_unchecked_::{{closure}}::{{closure}}::h9e86b2e2bc107ea3
[INFO] [stdout]                                at /rustc/90b35a6239c3d8bdabc530a6a0816f7ff89a0aaf/library/std/src/thread/mod.rs:538:17
[INFO] [stdout]   35:     0x5ca63ff449be - <core::panic::unwind_safe::AssertUnwindSafe<F> as core::ops::function::FnOnce<()>>::call_once::h8b06ddb275ff4a25
[INFO] [stdout]                                at /rustc/90b35a6239c3d8bdabc530a6a0816f7ff89a0aaf/library/core/src/panic/unwind_safe.rs:272:9
[INFO] [stdout]   36:     0x5ca63ff449be - std::panicking::try::do_call::hb26ecd7cd9a9355d
[INFO] [stdout]                                at /rustc/90b35a6239c3d8bdabc530a6a0816f7ff89a0aaf/library/std/src/panicking.rs:557:40
[INFO] [stdout]   37:     0x5ca63ff449be - std::panicking::try::h8ddeca9d705f9069
[INFO] [stdout]                                at /rustc/90b35a6239c3d8bdabc530a6a0816f7ff89a0aaf/library/std/src/panicking.rs:520:19
[INFO] [stdout]   38:     0x5ca63ff449be - std::panic::catch_unwind::h49e1c33078844c46
[INFO] [stdout]                                at /rustc/90b35a6239c3d8bdabc530a6a0816f7ff89a0aaf/library/std/src/panic.rs:358:14
[INFO] [stdout]   39:     0x5ca63ff449be - std::thread::Builder::spawn_unchecked_::{{closure}}::h6073db6ff56ad35d
[INFO] [stdout]                                at /rustc/90b35a6239c3d8bdabc530a6a0816f7ff89a0aaf/library/std/src/thread/mod.rs:537:30
[INFO] [stdout]   40:     0x5ca63ff449be - core::ops::function::FnOnce::call_once{{vtable.shim}}::h2c5a5f3779c774f1
[INFO] [stdout]                                at /rustc/90b35a6239c3d8bdabc530a6a0816f7ff89a0aaf/library/core/src/ops/function.rs:250:5
[INFO] [stdout]   41:     0x5ca63ffb2a9b - <alloc::boxed::Box<F,A> as core::ops::function::FnOnce<Args>>::call_once::hf75717d9f28faebf
[INFO] [stdout]                                at /rustc/90b35a6239c3d8bdabc530a6a0816f7ff89a0aaf/library/alloc/src/boxed.rs:2454:9
[INFO] [stdout]   42:     0x5ca63ffb2a9b - <alloc::boxed::Box<F,A> as core::ops::function::FnOnce<Args>>::call_once::h7bd883a5f3c5f3c1
[INFO] [stdout]                                at /rustc/90b35a6239c3d8bdabc530a6a0816f7ff89a0aaf/library/alloc/src/boxed.rs:2454:9
[INFO] [stdout]   43:     0x5ca63ffb2a9b - std::sys::pal::unix::thread::Thread::new::thread_start::hcc78f3943333fa94
[INFO] [stdout]                                at /rustc/90b35a6239c3d8bdabc530a6a0816f7ff89a0aaf/library/std/src/sys/pal/unix/thread.rs:105:17
[INFO] [stdout]   44:     0x73b9a868cac3 - <unknown>
[INFO] [stdout]   45:     0x73b9a871da04 - clone
[INFO] [stdout]   46:                0x0 - <unknown>
[INFO] [stdout] 
[INFO] [stdout] 
[INFO] [stdout] failures:
[INFO] [stdout]     tests::can_connect_disconnect_port
[INFO] [stdout]     tests::can_create_vhci
[INFO] [stdout]     tests::can_fetch_work
[INFO] [stdout] 
[INFO] [stdout] test result: FAILED. 0 passed; 3 failed; 0 ignored; 0 measured; 0 filtered out; finished in 0.04s
[INFO] [stdout] 
[INFO] [stderr] error: test failed, to rerun pass `--lib`
[INFO] running `Command { std: "docker" "inspect" "929c105cdc5b4993e4b8dc605a4db6cfa04af5a1150cdd4dc3dd19a3c67450bc", kill_on_drop: false }`
[INFO] running `Command { std: "docker" "rm" "-f" "929c105cdc5b4993e4b8dc605a4db6cfa04af5a1150cdd4dc3dd19a3c67450bc", kill_on_drop: false }`
[INFO] [stdout] 929c105cdc5b4993e4b8dc605a4db6cfa04af5a1150cdd4dc3dd19a3c67450bc
