[INFO] cloning repository https://github.com/thr-ls/musync
[INFO] running `Command { std: "git" "-c" "credential.helper=" "-c" "credential.helper=/workspace/cargo-home/bin/git-credential-null" "clone" "--bare" "https://github.com/thr-ls/musync" "/workspace/cache/git-repos/https%3A%2F%2Fgithub.com%2Fthr-ls%2Fmusync", kill_on_drop: false }`
[INFO] [stderr] Cloning into bare repository '/workspace/cache/git-repos/https%3A%2F%2Fgithub.com%2Fthr-ls%2Fmusync'...
[INFO] running `Command { std: "git" "rev-parse" "HEAD", kill_on_drop: false }`
[INFO] [stdout] da01ebf7fa4699c5b460f6e5d9a0af6019df4922
[INFO] testing thr-ls/musync against 1.83.0 for beta-1.84.0-4-retry
[INFO] running `Command { std: "git" "clone" "/workspace/cache/git-repos/https%3A%2F%2Fgithub.com%2Fthr-ls%2Fmusync" "/workspace/builds/worker-1-tc1/source", kill_on_drop: false }`
[INFO] [stderr] Cloning into '/workspace/builds/worker-1-tc1/source'...
[INFO] [stderr] done.
[INFO] validating manifest of git repo https://github.com/thr-ls/musync on toolchain 1.83.0
[INFO] running `Command { std: CARGO_HOME="/workspace/cargo-home" RUSTUP_HOME="/workspace/rustup-home" "/workspace/cargo-home/bin/cargo" "+1.83.0" "metadata" "--manifest-path" "Cargo.toml" "--no-deps", kill_on_drop: false }`
[INFO] started tweaking git repo https://github.com/thr-ls/musync
[INFO] finished tweaking git repo https://github.com/thr-ls/musync
[INFO] tweaked toml for git repo https://github.com/thr-ls/musync written to /workspace/builds/worker-1-tc1/source/Cargo.toml
[INFO] crate git repo https://github.com/thr-ls/musync already has a lockfile, it will not be regenerated
[INFO] running `Command { std: CARGO_HOME="/workspace/cargo-home" RUSTUP_HOME="/workspace/rustup-home" "/workspace/cargo-home/bin/cargo" "+1.83.0" "fetch" "--manifest-path" "Cargo.toml", kill_on_drop: false }`
[INFO] [stderr]  Downloading crates ...
[INFO] [stderr]   Downloaded zstd v0.9.2+zstd.1.5.1
[INFO] [stderr]   Downloaded zstd-safe v4.1.3+zstd.1.5.1
[INFO] [stderr]   Downloaded zstd-sys v1.6.2+zstd.1.5.1
[INFO] running `Command { std: "docker" "create" "-v" "/var/lib/crater-agent-workspace/builds/worker-1-tc1/target:/opt/rustwide/target:rw,Z" "-v" "/var/lib/crater-agent-workspace/builds/worker-1-tc1/source:/opt/rustwide/workdir:ro,Z" "-v" "/var/lib/crater-agent-workspace/cargo-home:/opt/rustwide/cargo-home:ro,Z" "-v" "/var/lib/crater-agent-workspace/rustup-home:/opt/rustwide/rustup-home:ro,Z" "-e" "SOURCE_DIR=/opt/rustwide/workdir" "-e" "CARGO_TARGET_DIR=/opt/rustwide/target" "-e" "CARGO_HOME=/opt/rustwide/cargo-home" "-e" "RUSTUP_HOME=/opt/rustwide/rustup-home" "-w" "/opt/rustwide/workdir" "-m" "1610612736" "--user" "0:0" "--network" "none" "ghcr.io/rust-lang/crates-build-env/linux@sha256:f3a9d4ad9d972b27faf3965f35b62e55ba32bbce8f20bc8fe909558a86702fde" "/opt/rustwide/cargo-home/bin/cargo" "+1.83.0" "metadata" "--no-deps" "--format-version=1", kill_on_drop: false }`
[INFO] [stdout] 467cc3f374084b75f3fccfbc177e9fb1f6cce18cda65ea4929934b7117faa0f3
[INFO] running `Command { std: "docker" "start" "-a" "467cc3f374084b75f3fccfbc177e9fb1f6cce18cda65ea4929934b7117faa0f3", kill_on_drop: false }`
[INFO] running `Command { std: "docker" "inspect" "467cc3f374084b75f3fccfbc177e9fb1f6cce18cda65ea4929934b7117faa0f3", kill_on_drop: false }`
[INFO] running `Command { std: "docker" "rm" "-f" "467cc3f374084b75f3fccfbc177e9fb1f6cce18cda65ea4929934b7117faa0f3", kill_on_drop: false }`
[INFO] [stdout] 467cc3f374084b75f3fccfbc177e9fb1f6cce18cda65ea4929934b7117faa0f3
[INFO] running `Command { std: "docker" "create" "-v" "/var/lib/crater-agent-workspace/builds/worker-1-tc1/target:/opt/rustwide/target:rw,Z" "-v" "/var/lib/crater-agent-workspace/builds/worker-1-tc1/source:/opt/rustwide/workdir:ro,Z" "-v" "/var/lib/crater-agent-workspace/cargo-home:/opt/rustwide/cargo-home:ro,Z" "-v" "/var/lib/crater-agent-workspace/rustup-home:/opt/rustwide/rustup-home:ro,Z" "-e" "SOURCE_DIR=/opt/rustwide/workdir" "-e" "CARGO_TARGET_DIR=/opt/rustwide/target" "-e" "CARGO_INCREMENTAL=0" "-e" "RUST_BACKTRACE=full" "-e" "RUSTFLAGS=--cap-lints=warn" "-e" "RUSTDOCFLAGS=--cap-lints=warn" "-e" "CARGO_HOME=/opt/rustwide/cargo-home" "-e" "RUSTUP_HOME=/opt/rustwide/rustup-home" "-w" "/opt/rustwide/workdir" "-m" "1610612736" "--user" "0:0" "--network" "none" "ghcr.io/rust-lang/crates-build-env/linux@sha256:f3a9d4ad9d972b27faf3965f35b62e55ba32bbce8f20bc8fe909558a86702fde" "/opt/rustwide/cargo-home/bin/cargo" "+1.83.0" "build" "--frozen" "--message-format=json", kill_on_drop: false }`
[INFO] [stdout] 68764497bfb5694c39687a9e37e66b6c28f41c1dfb1dba72efab917adb4d3ffb
[INFO] running `Command { std: "docker" "start" "-a" "68764497bfb5694c39687a9e37e66b6c28f41c1dfb1dba72efab917adb4d3ffb", kill_on_drop: false }`
[INFO] [stderr]    Compiling libc v0.2.159
[INFO] [stderr]    Compiling proc-macro2 v1.0.87
[INFO] [stderr]    Compiling unicode-ident v1.0.13
[INFO] [stderr]    Compiling once_cell v1.20.2
[INFO] [stderr]    Compiling shlex v1.3.0
[INFO] [stderr]    Compiling serde v1.0.210
[INFO] [stderr]    Compiling autocfg v1.4.0
[INFO] [stderr]    Compiling smallvec v1.13.2
[INFO] [stderr]    Compiling memchr v2.7.4
[INFO] [stderr]    Compiling scopeguard v1.2.0
[INFO] [stderr]    Compiling pkg-config v0.3.31
[INFO] [stderr]    Compiling pin-project-lite v0.2.14
[INFO] [stderr]    Compiling parking_lot_core v0.9.10
[INFO] [stderr]    Compiling vcpkg v0.2.15
[INFO] [stderr]    Compiling bytes v1.7.2
[INFO] [stderr]    Compiling itoa v1.0.11
[INFO] [stderr]    Compiling crunchy v0.2.2
[INFO] [stderr]    Compiling tiny-keccak v2.0.2
[INFO] [stderr]    Compiling thiserror v1.0.64
[INFO] [stderr]    Compiling hashbrown v0.15.0
[INFO] [stderr]    Compiling equivalent v1.0.1
[INFO] [stderr]    Compiling futures-core v0.3.31
[INFO] [stderr]    Compiling crossbeam-utils v0.8.20
[INFO] [stderr]    Compiling foreign-types-shared v0.1.1
[INFO] [stderr]    Compiling openssl v0.10.66
[INFO] [stderr]    Compiling ucd-trie v0.1.7
[INFO] [stderr]    Compiling fnv v1.0.7
[INFO] [stderr]    Compiling foreign-types v0.3.2
[INFO] [stderr]    Compiling tracing-core v0.1.32
[INFO] [stderr]    Compiling httparse v1.9.5
[INFO] [stderr]    Compiling futures-task v0.3.31
[INFO] [stderr]    Compiling lock_api v0.4.12
[INFO] [stderr]    Compiling slab v0.4.9
[INFO] [stderr]    Compiling tinyvec_macros v0.1.1
[INFO] [stderr]    Compiling pin-utils v0.1.0
[INFO] [stderr]    Compiling futures-sink v0.3.31
[INFO] [stderr]    Compiling log v0.4.22
[INFO] [stderr]    Compiling native-tls v0.2.12
[INFO] [stderr]    Compiling futures-util v0.3.31
[INFO] [stderr]    Compiling quote v1.0.37
[INFO] [stderr]    Compiling indexmap v2.6.0
[INFO] [stderr]    Compiling http v0.2.12
[INFO] [stderr]    Compiling syn v2.0.79
[INFO] [stderr]    Compiling crossbeam-epoch v0.9.18
[INFO] [stderr]    Compiling tinyvec v1.8.0
[INFO] [stderr]    Compiling tracing v0.1.40
[INFO] [stderr]    Compiling base64 v0.21.7
[INFO] [stderr]    Compiling openssl-probe v0.1.5
[INFO] [stderr]    Compiling serde_json v1.0.128
[INFO] [stderr]    Compiling zstd-safe v4.1.3+zstd.1.5.1
[INFO] [stderr]    Compiling percent-encoding v2.3.1
[INFO] [stderr]    Compiling utf8parse v0.2.2
[INFO] [stderr]    Compiling ryu v1.0.18
[INFO] [stderr]    Compiling parking_lot_core v0.8.6
[INFO] [stderr]    Compiling try-lock v0.2.5
[INFO] [stderr]    Compiling jobserver v0.1.32
[INFO] [stderr]    Compiling signal-hook-registry v1.4.2
[INFO] [stderr]    Compiling socket2 v0.5.7
[INFO] [stderr]    Compiling mio v1.0.2
[INFO] [stderr]    Compiling parking_lot v0.12.3
[INFO] [stderr]    Compiling getrandom v0.2.15
[INFO] [stderr]    Compiling form_urlencoded v1.2.1
[INFO] [stderr]    Compiling want v0.3.1
[INFO] [stderr]    Compiling anstyle-parse v0.2.5
[INFO] [stderr]    Compiling futures-channel v0.3.31
[INFO] [stderr]    Compiling instant v0.1.13
[INFO] [stderr]    Compiling cc v1.1.30
[INFO] [stderr]    Compiling is_terminal_polyfill v1.70.1
[INFO] [stderr]    Compiling rayon-core v1.12.1
[INFO] [stderr]    Compiling unicode-bidi v0.3.17
[INFO] [stderr]    Compiling const-random-macro v0.1.16
[INFO] [stderr]    Compiling anstyle v1.0.8
[INFO] [stderr]    Compiling lazy_static v1.5.0
[INFO] [stderr]    Compiling winnow v0.6.20
[INFO] [stderr]    Compiling httpdate v1.0.3
[INFO] [stderr]    Compiling tower-service v0.3.3
[INFO] [stderr]    Compiling anstyle-query v1.1.1
[INFO] [stderr]    Compiling unicode-normalization v0.1.24
[INFO] [stderr]    Compiling hashbrown v0.13.2
[INFO] [stderr]    Compiling colorchoice v1.0.2
[INFO] [stderr]    Compiling http-body v0.4.6
[INFO] [stderr]    Compiling portable-atomic v1.9.0
[INFO] [stderr]    Compiling anstream v0.6.15
[INFO] [stderr]    Compiling crossbeam-deque v0.8.5
[INFO] [stderr]    Compiling aho-corasick v1.1.3
[INFO] [stderr]    Compiling const-random v0.1.18
[INFO] [stderr]    Compiling regex-syntax v0.8.5
[INFO] [stderr]    Compiling dlv-list v0.5.2
[INFO] [stderr]    Compiling byteorder v1.5.0
[INFO] [stderr]    Compiling unicode-width v0.1.14
[INFO] [stderr]    Compiling anyhow v1.0.89
[INFO] [stderr]    Compiling minimal-lexical v0.2.1
[INFO] [stderr]    Compiling linked-hash-map v0.5.6
[INFO] [stderr]    Compiling strsim v0.11.1
[INFO] [stderr]    Compiling clap_lex v0.7.2
[INFO] [stderr]    Compiling unicode-segmentation v1.12.0
[INFO] [stderr]    Compiling nom v7.1.3
[INFO] [stderr]    Compiling console v0.15.8
[INFO] [stderr]    Compiling fxhash v0.2.1
[INFO] [stderr]    Compiling parking_lot v0.11.2
[INFO] [stderr]    Compiling yaml-rust v0.4.5
[INFO] [stderr]    Compiling idna v0.5.0
[INFO] [stderr]    Compiling convert_case v0.6.0
[INFO] [stderr]    Compiling clap_builder v4.5.20
[INFO] [stderr]    Compiling ordered-multimap v0.6.0
[INFO] [stderr]    Compiling openssl-src v300.3.2+3.3.2
[INFO] [stderr]    Compiling rustls-pemfile v1.0.4
[INFO] [stderr]    Compiling rust-ini v0.19.0
[INFO] [stderr]    Compiling fs2 v0.4.3
[INFO] [stderr]    Compiling encoding_rs v0.8.34
[INFO] [stderr]    Compiling url v2.5.2
[INFO] [stderr]    Compiling crc32fast v1.4.2
[INFO] [stderr]    Compiling number_prefix v0.4.0
[INFO] [stderr]    Compiling mime v0.3.17
[INFO] [stderr]    Compiling ipnet v2.10.1
[INFO] [stderr]    Compiling sync_wrapper v0.1.2
[INFO] [stderr]    Compiling either v1.13.0
[INFO] [stderr]    Compiling pathdiff v0.2.2
[INFO] [stderr]    Compiling indicatif v0.17.8
[INFO] [stderr]    Compiling walkdir v2.5.0
[INFO] [stderr]    Compiling rayon v1.10.0
[INFO] [stderr]    Compiling openssl-sys v0.9.103
[INFO] [stderr]    Compiling zstd-sys v1.6.2+zstd.1.5.1
[INFO] [stderr]    Compiling regex-automata v0.4.8
[INFO] [stderr]    Compiling clap v4.5.20
[INFO] [stderr]    Compiling serde_derive v1.0.210
[INFO] [stderr]    Compiling thiserror-impl v1.0.64
[INFO] [stderr]    Compiling tokio-macros v2.4.0
[INFO] [stderr]    Compiling openssl-macros v0.1.1
[INFO] [stderr]    Compiling async-trait v0.1.83
[INFO] [stderr]    Compiling tokio v1.40.0
[INFO] [stderr]    Compiling pest v2.7.14
[INFO] [stderr]    Compiling regex v1.11.0
[INFO] [stderr]    Compiling pest_meta v2.7.14
[INFO] [stderr]    Compiling pest_generator v2.7.14
[INFO] [stderr]    Compiling pest_derive v2.7.14
[INFO] [stderr]    Compiling bitflags v2.6.0
[INFO] [stderr]    Compiling serde_spanned v0.6.8
[INFO] [stderr]    Compiling toml_datetime v0.6.8
[INFO] [stderr]    Compiling json5 v0.4.1
[INFO] [stderr]    Compiling serde_urlencoded v0.7.1
[INFO] [stderr]    Compiling bincode v1.3.3
[INFO] [stderr]    Compiling ron v0.8.1
[INFO] [stderr]    Compiling toml_edit v0.22.22
[INFO] [stderr]    Compiling tokio-util v0.7.12
[INFO] [stderr]    Compiling h2 v0.3.26
[INFO] [stderr]    Compiling toml v0.8.19
[INFO] [stderr]    Compiling config v0.14.0
[INFO] [stderr]    Compiling hyper v0.14.30
[INFO] [stderr]    Compiling zstd v0.9.2+zstd.1.5.1
[INFO] [stderr]    Compiling sled v0.34.7
[INFO] [stderr]    Compiling tokio-native-tls v0.3.1
[INFO] [stderr]    Compiling hyper-tls v0.5.0
[INFO] [stderr]    Compiling reqwest v0.11.27
[INFO] [stderr]    Compiling musync v0.1.0 (/opt/rustwide/workdir)
[INFO] [stderr]     Finished `dev` profile [unoptimized + debuginfo] target(s) in 2m 40s
[INFO] running `Command { std: "docker" "inspect" "68764497bfb5694c39687a9e37e66b6c28f41c1dfb1dba72efab917adb4d3ffb", kill_on_drop: false }`
[INFO] running `Command { std: "docker" "rm" "-f" "68764497bfb5694c39687a9e37e66b6c28f41c1dfb1dba72efab917adb4d3ffb", kill_on_drop: false }`
[INFO] [stdout] 68764497bfb5694c39687a9e37e66b6c28f41c1dfb1dba72efab917adb4d3ffb
[INFO] running `Command { std: "docker" "create" "-v" "/var/lib/crater-agent-workspace/builds/worker-1-tc1/target:/opt/rustwide/target:rw,Z" "-v" "/var/lib/crater-agent-workspace/builds/worker-1-tc1/source:/opt/rustwide/workdir:ro,Z" "-v" "/var/lib/crater-agent-workspace/cargo-home:/opt/rustwide/cargo-home:ro,Z" "-v" "/var/lib/crater-agent-workspace/rustup-home:/opt/rustwide/rustup-home:ro,Z" "-e" "SOURCE_DIR=/opt/rustwide/workdir" "-e" "CARGO_TARGET_DIR=/opt/rustwide/target" "-e" "CARGO_INCREMENTAL=0" "-e" "RUST_BACKTRACE=full" "-e" "RUSTFLAGS=--cap-lints=warn" "-e" "RUSTDOCFLAGS=--cap-lints=warn" "-e" "CARGO_HOME=/opt/rustwide/cargo-home" "-e" "RUSTUP_HOME=/opt/rustwide/rustup-home" "-w" "/opt/rustwide/workdir" "-m" "1610612736" "--user" "0:0" "--network" "none" "ghcr.io/rust-lang/crates-build-env/linux@sha256:f3a9d4ad9d972b27faf3965f35b62e55ba32bbce8f20bc8fe909558a86702fde" "/opt/rustwide/cargo-home/bin/cargo" "+1.83.0" "test" "--frozen" "--no-run" "--message-format=json", kill_on_drop: false }`
[INFO] [stdout] 87d20ff7ad1adc48abbf7c0fda3a877aff1af661f7d49776f456144d90a47205
[INFO] running `Command { std: "docker" "start" "-a" "87d20ff7ad1adc48abbf7c0fda3a877aff1af661f7d49776f456144d90a47205", kill_on_drop: false }`
[INFO] [stderr]    Compiling syn v2.0.79
[INFO] [stderr]    Compiling predicates-core v1.0.8
[INFO] [stderr]    Compiling mockall_derive v0.13.0
[INFO] [stderr]    Compiling rustix v0.38.37
[INFO] [stderr]    Compiling termtree v0.4.1
[INFO] [stderr]    Compiling linux-raw-sys v0.4.14
[INFO] [stderr]    Compiling fastrand v2.1.1
[INFO] [stderr]    Compiling fragile v2.0.0
[INFO] [stderr]    Compiling downcast v0.11.0
[INFO] [stderr]    Compiling predicates v3.1.2
[INFO] [stderr]    Compiling predicates-tree v1.0.11
[INFO] [stderr]    Compiling serde_derive v1.0.210
[INFO] [stderr]    Compiling thiserror-impl v1.0.64
[INFO] [stderr]    Compiling tokio-macros v2.4.0
[INFO] [stderr]    Compiling openssl-macros v0.1.1
[INFO] [stderr]    Compiling async-trait v0.1.83
[INFO] [stderr]    Compiling tokio v1.40.0
[INFO] [stderr]    Compiling thiserror v1.0.64
[INFO] [stderr]    Compiling pest v2.7.14
[INFO] [stderr]    Compiling pest_meta v2.7.14
[INFO] [stderr]    Compiling serde v1.0.210
[INFO] [stderr]    Compiling mockall v0.13.0
[INFO] [stderr]    Compiling pest_generator v2.7.14
[INFO] [stderr]    Compiling pest_derive v2.7.14
[INFO] [stderr]    Compiling bitflags v2.6.0
[INFO] [stderr]    Compiling toml_datetime v0.6.8
[INFO] [stderr]    Compiling serde_spanned v0.6.8
[INFO] [stderr]    Compiling serde_json v1.0.128
[INFO] [stderr]    Compiling json5 v0.4.1
[INFO] [stderr]    Compiling serde_urlencoded v0.7.1
[INFO] [stderr]    Compiling bincode v1.3.3
[INFO] [stderr]    Compiling tokio-util v0.7.12
[INFO] [stderr]    Compiling openssl v0.10.66
[INFO] [stderr]    Compiling ron v0.8.1
[INFO] [stderr]    Compiling toml_edit v0.22.22
[INFO] [stderr]    Compiling h2 v0.3.26
[INFO] [stderr]    Compiling tempfile v3.13.0
[INFO] [stderr]    Compiling toml v0.8.19
[INFO] [stderr]    Compiling config v0.14.0
[INFO] [stderr]    Compiling hyper v0.14.30
[INFO] [stderr]    Compiling native-tls v0.2.12
[INFO] [stderr]    Compiling tokio-native-tls v0.3.1
[INFO] [stderr]    Compiling hyper-tls v0.5.0
[INFO] [stderr]    Compiling reqwest v0.11.27
[INFO] [stderr]    Compiling musync v0.1.0 (/opt/rustwide/workdir)
[INFO] [stderr]     Finished `test` profile [unoptimized + debuginfo] target(s) in 54.37s
[INFO] running `Command { std: "docker" "inspect" "87d20ff7ad1adc48abbf7c0fda3a877aff1af661f7d49776f456144d90a47205", kill_on_drop: false }`
[INFO] running `Command { std: "docker" "rm" "-f" "87d20ff7ad1adc48abbf7c0fda3a877aff1af661f7d49776f456144d90a47205", kill_on_drop: false }`
[INFO] [stdout] 87d20ff7ad1adc48abbf7c0fda3a877aff1af661f7d49776f456144d90a47205
[INFO] running `Command { std: "docker" "create" "-v" "/var/lib/crater-agent-workspace/builds/worker-1-tc1/target:/opt/rustwide/target:rw,Z" "-v" "/var/lib/crater-agent-workspace/builds/worker-1-tc1/source:/opt/rustwide/workdir:ro,Z" "-v" "/var/lib/crater-agent-workspace/cargo-home:/opt/rustwide/cargo-home:ro,Z" "-v" "/var/lib/crater-agent-workspace/rustup-home:/opt/rustwide/rustup-home:ro,Z" "-e" "SOURCE_DIR=/opt/rustwide/workdir" "-e" "CARGO_TARGET_DIR=/opt/rustwide/target" "-e" "CARGO_INCREMENTAL=0" "-e" "RUST_BACKTRACE=full" "-e" "RUSTFLAGS=--cap-lints=warn" "-e" "RUSTDOCFLAGS=--cap-lints=warn" "-e" "CARGO_HOME=/opt/rustwide/cargo-home" "-e" "RUSTUP_HOME=/opt/rustwide/rustup-home" "-w" "/opt/rustwide/workdir" "-m" "1610612736" "--user" "0:0" "--network" "none" "ghcr.io/rust-lang/crates-build-env/linux@sha256:f3a9d4ad9d972b27faf3965f35b62e55ba32bbce8f20bc8fe909558a86702fde" "/opt/rustwide/cargo-home/bin/cargo" "+1.83.0" "test" "--frozen", kill_on_drop: false }`
[INFO] [stdout] f2f4447460ab3da62e443f52c3b6b6cbc230dd024c6203dc59f9285f1fa9bfce
[INFO] running `Command { std: "docker" "start" "-a" "f2f4447460ab3da62e443f52c3b6b6cbc230dd024c6203dc59f9285f1fa9bfce", kill_on_drop: false }`
[INFO] [stderr]     Finished `test` profile [unoptimized + debuginfo] target(s) in 0.36s
[INFO] [stderr]      Running unittests src/lib.rs (/opt/rustwide/target/debug/deps/musync-49768c76b787d57c)
[INFO] [stdout] 
[INFO] [stdout] running 10 tests
[INFO] [stdout] test process::process::tests::test_has_audio_files ... ok
[INFO] [stdout] test process::process::tests::test_get_last_modified_time ... ok
[INFO] [stdout] test process::process::tests::test_is_audio_file ... ok
[INFO] [stdout] test process::process::tests::test_collect_albums ... ok
[INFO] [stdout] test foundation::database::operations::tests::test_unicode_normalization ... ok
[INFO] [stdout] test foundation::database::operations::tests::test_open_database ... ok
[INFO] [stdout] test foundation::database::operations::tests::test_store_and_get_artist_data ... ok
[INFO] [stdout] test foundation::database::operations::tests::test_get_nonexistent_artist ... ok
[INFO] [stdout] test process::process::tests::test_process_root ... ok
[INFO] [stdout] test foundation::database::operations::tests::test_overwrite_artist_data ... ok
[INFO] [stdout] 
[INFO] [stdout] test result: ok. 10 passed; 0 failed; 0 ignored; 0 measured; 0 filtered out; finished in 0.24s
[INFO] [stdout] 
[INFO] [stderr]      Running unittests src/main.rs (/opt/rustwide/target/debug/deps/musync-dba37ed7ab3999b9)
[INFO] [stdout] 
[INFO] [stdout] running 0 tests
[INFO] [stdout] 
[INFO] [stdout] test result: ok. 0 passed; 0 failed; 0 ignored; 0 measured; 0 filtered out; finished in 0.00s
[INFO] [stdout] 
[INFO] [stderr]    Doc-tests musync
[INFO] [stdout] 
[INFO] [stdout] running 8 tests
[INFO] [stdout] test src/foundation/database/operations.rs - foundation::database::operations::open_database (line 14) ... FAILED
[INFO] [stdout] test src/foundation/database/operations.rs - foundation::database::operations::get_artist_data (line 87) ... FAILED
[INFO] [stdout] test src/foundation/database/operations.rs - foundation::database::operations::store_artist_data (line 38) ... FAILED
[INFO] [stdout] test src/api_client/upload.rs - api_client::upload::extract_artist_and_album (line 118) ... ok
[INFO] [stdout] test src/api_client/compare.rs - api_client::compare::compare_with_api (line 49) ... ok
[INFO] [stdout] test src/api_client/upload.rs - api_client::upload::upload_missing_albums (line 26) ... FAILED
[INFO] [stdout] test src/foundation/utils/string_utils.rs - foundation::utils::string_utils::clean_album_name (line 16) ... ok
[INFO] [stdout] test src/foundation/utils/string_utils.rs - foundation::utils::string_utils::normalize_unicode (line 43) ... FAILED
[INFO] [stdout] 
[INFO] [stdout] failures:
[INFO] [stdout] 
[INFO] [stdout] ---- src/foundation/database/operations.rs - foundation::database::operations::open_database (line 14) stdout ----
[INFO] [stdout] error[E0277]: the `?` operator can only be used in a function that returns `Result` or `Option` (or another type that implements `FromResidual`)
[INFO] [stdout]  --> src/foundation/database/operations.rs:17:47
[INFO] [stdout]   |
[INFO] [stdout] 4 | fn main() { #[allow(non_snake_case)] fn _doctest_main_src_foundation_database_operations_rs_14_0() {
[INFO] [stdout]   |                                      ------------------------------------------------------------- this function should return `Result` or `Option` to accept `?`
[INFO] [stdout] 5 | use musync::open_database;
[INFO] [stdout] 6 | let db = open_database("/path/to/my/database")?;
[INFO] [stdout]   |                                               ^ cannot use the `?` operator in a function that returns `()`
[INFO] [stdout]   |
[INFO] [stdout]   = help: the trait `FromResidual<Result<Infallible, std::io::Error>>` is not implemented for `()`
[INFO] [stdout] help: consider adding return type
[INFO] [stdout]   |
[INFO] [stdout] 4 ~ fn main() { #[allow(non_snake_case)] fn _doctest_main_src_foundation_database_operations_rs_14_0() -> Result<(), Box<dyn std::error::Error>> {
[INFO] [stdout] 5 | use musync::open_database;
[INFO] [stdout] 6 | let db = open_database("/path/to/my/database")?;
[INFO] [stdout] 7 +     Ok(())
[INFO] [stdout]   |
[INFO] [stdout] 
[INFO] [stdout] error: aborting due to 1 previous error
[INFO] [stdout] 
[INFO] [stdout] For more information about this error, try `rustc --explain E0277`.
[INFO] [stdout] Couldn't compile the test.
[INFO] [stdout] ---- src/foundation/database/operations.rs - foundation::database::operations::get_artist_data (line 87) stdout ----
[INFO] [stdout] error[E0277]: the `?` operator can only be used in a function that returns `Result` or `Option` (or another type that implements `FromResidual`)
[INFO] [stdout]  --> src/foundation/database/operations.rs:92:47
[INFO] [stdout]   |
[INFO] [stdout] 4 | fn main() { #[allow(non_snake_case)] fn _doctest_main_src_foundation_database_operations_rs_87_0() {
[INFO] [stdout]   |                                      ------------------------------------------------------------- this function should return `Result` or `Option` to accept `?`
[INFO] [stdout] ...
[INFO] [stdout] 8 | let db = open_database("/path/to/my/database")?;
[INFO] [stdout]   |                                               ^ cannot use the `?` operator in a function that returns `()`
[INFO] [stdout]   |
[INFO] [stdout]   = help: the trait `FromResidual<Result<Infallible, std::io::Error>>` is not implemented for `()`
[INFO] [stdout] help: consider adding return type
[INFO] [stdout]   |
[INFO] [stdout] 4 | fn main() { #[allow(non_snake_case)] fn _doctest_main_src_foundation_database_operations_rs_87_0() -> Result<(), Box<dyn std::error::Error>> {
[INFO] [stdout]   |                                                                                                    +++++++++++++++++++++++++++++++++++++++++
[INFO] [stdout] 
[INFO] [stdout] error[E0277]: the `?` operator can only be used in a function that returns `Result` or `Option` (or another type that implements `FromResidual`)
[INFO] [stdout]   --> src/foundation/database/operations.rs:94:42
[INFO] [stdout]    |
[INFO] [stdout] 4  | fn main() { #[allow(non_snake_case)] fn _doctest_main_src_foundation_database_operations_rs_87_0() {
[INFO] [stdout]    |                                      ------------------------------------------------------------- this function should return `Result` or `Option` to accept `?`
[INFO] [stdout] ...
[INFO] [stdout] 10 | match get_artist_data(&db, "Artist Name")? {
[INFO] [stdout]    |                                          ^ cannot use the `?` operator in a function that returns `()`
[INFO] [stdout]    |
[INFO] [stdout]    = help: the trait `FromResidual<Result<Infallible, std::io::Error>>` is not implemented for `()`
[INFO] [stdout] help: consider adding return type
[INFO] [stdout]    |
[INFO] [stdout] 4  | fn main() { #[allow(non_snake_case)] fn _doctest_main_src_foundation_database_operations_rs_87_0() -> Result<(), Box<dyn std::error::Error>> {
[INFO] [stdout]    |                                                                                                    +++++++++++++++++++++++++++++++++++++++++
[INFO] [stdout] 
[INFO] [stdout] error: aborting due to 2 previous errors
[INFO] [stdout] 
[INFO] [stdout] For more information about this error, try `rustc --explain E0277`.
[INFO] [stdout] Couldn't compile the test.
[INFO] [stdout] ---- src/foundation/database/operations.rs - foundation::database::operations::store_artist_data (line 38) stdout ----
[INFO] [stdout] error[E0277]: the `?` operator can only be used in a function that returns `Result` or `Option` (or another type that implements `FromResidual`)
[INFO] [stdout]  --> src/foundation/database/operations.rs:43:47
[INFO] [stdout]   |
[INFO] [stdout] 4 | fn main() { #[allow(non_snake_case)] fn _doctest_main_src_foundation_database_operations_rs_38_0() {
[INFO] [stdout]   |                                      ------------------------------------------------------------- this function should return `Result` or `Option` to accept `?`
[INFO] [stdout] ...
[INFO] [stdout] 8 | let db = open_database("/path/to/my/database")?;
[INFO] [stdout]   |                                               ^ cannot use the `?` operator in a function that returns `()`
[INFO] [stdout]   |
[INFO] [stdout]   = help: the trait `FromResidual<Result<Infallible, std::io::Error>>` is not implemented for `()`
[INFO] [stdout] help: consider adding return type
[INFO] [stdout]   |
[INFO] [stdout] 4 ~ fn main() { #[allow(non_snake_case)] fn _doctest_main_src_foundation_database_operations_rs_38_0() -> Result<(), Box<dyn std::error::Error>> {
[INFO] [stdout] 5 | use musync::store_artist_data;
[INFO] [stdout] ...
[INFO] [stdout] 11| store_artist_data(&db, "Artist Name", 1, 1234567890, albums)?;
[INFO] [stdout] 12+     Ok(())
[INFO] [stdout]   |
[INFO] [stdout] 
[INFO] [stdout] error[E0277]: the `?` operator can only be used in a function that returns `Result` or `Option` (or another type that implements `FromResidual`)
[INFO] [stdout]   --> src/foundation/database/operations.rs:46:61
[INFO] [stdout]    |
[INFO] [stdout] 4  | fn main() { #[allow(non_snake_case)] fn _doctest_main_src_foundation_database_operations_rs_38_0() {
[INFO] [stdout]    |                                      ------------------------------------------------------------- this function should return `Result` or `Option` to accept `?`
[INFO] [stdout] ...
[INFO] [stdout] 11 | store_artist_data(&db, "Artist Name", 1, 1234567890, albums)?;
[INFO] [stdout]    |                                                             ^ cannot use the `?` operator in a function that returns `()`
[INFO] [stdout]    |
[INFO] [stdout]    = help: the trait `FromResidual<Result<Infallible, std::io::Error>>` is not implemented for `()`
[INFO] [stdout] help: consider adding return type
[INFO] [stdout]    |
[INFO] [stdout] 4  ~ fn main() { #[allow(non_snake_case)] fn _doctest_main_src_foundation_database_operations_rs_38_0() -> Result<(), Box<dyn std::error::Error>> {
[INFO] [stdout] 5  | use musync::store_artist_data;
[INFO] [stdout] ...
[INFO] [stdout] 11 | store_artist_data(&db, "Artist Name", 1, 1234567890, albums)?;
[INFO] [stdout] 12 +     Ok(())
[INFO] [stdout]    |
[INFO] [stdout] 
[INFO] [stdout] error: aborting due to 2 previous errors
[INFO] [stdout] 
[INFO] [stdout] For more information about this error, try `rustc --explain E0277`.
[INFO] [stdout] Couldn't compile the test.
[INFO] [stdout] ---- src/api_client/upload.rs - api_client::upload::upload_missing_albums (line 26) stdout ----
[INFO] [stdout] error: linking with `cc` failed: exit status: 1
[INFO] [stdout]   |
[INFO] [stdout]   = note: LC_ALL="C" PATH="/opt/rustwide/rustup-home/toolchains/1.83.0-x86_64-unknown-linux-gnu/lib/rustlib/x86_64-unknown-linux-gnu/bin:/opt/rustwide/cargo-home/bin:/usr/local/sbin:/usr/local/bin:/usr/sbin:/usr/bin:/sbin:/bin" VSLANG="1033" "cc" "-m64" "/tmp/rustcCzCIzV/symbols.o" "/tmp/rustdoctestcN6pVl/rust_out.rust_out.cb03291d53e4e161-cgu.0.rcgu.o" "/tmp/rustdoctestcN6pVl/rust_out.1s7umcihpz0t7nkz1uc2ifee9.rcgu.o" "-Wl,--as-needed" "-Wl,-Bstatic" "/opt/rustwide/target/debug/deps/libmusync-d69fb49705aeaab0.rlib" "/opt/rustwide/target/debug/deps/libbincode-e974872dabe8bf86.rlib" "/opt/rustwide/target/debug/deps/libwalkdir-1dd1923acd2c1bf5.rlib" "/opt/rustwide/target/debug/deps/libsame_file-5669399e58eccd84.rlib" "/opt/rustwide/target/debug/deps/librayon-d7db5a20e0668877.rlib" "/opt/rustwide/target/debug/deps/librayon_core-4a64168a03f98d6a.rlib" "/opt/rustwide/target/debug/deps/libcrossbeam_deque-565f040cd0721ade.rlib" "/opt/rustwide/target/debug/deps/libeither-1067b48a2d820a8f.rlib" "/opt/rustwide/target/debug/deps/libconfig-519d9a38b964e20d.rlib" "/opt/rustwide/target/debug/deps/libpathdiff-2a70242c45704443.rlib" "/opt/rustwide/target/debug/deps/libjson5-7f8fa1b0f95c3fd6.rlib" "/opt/rustwide/target/debug/deps/libpest-dd32d3b33f83e3f4.rlib" "/opt/rustwide/target/debug/deps/libucd_trie-60180606a3bb610f.rlib" "/opt/rustwide/target/debug/deps/libthiserror-87a477aac755b10c.rlib" "/opt/rustwide/target/debug/deps/libron-52d7d2c2cd2dfbc9.rlib" "/opt/rustwide/target/debug/deps/libtoml-8fd148101a8c6a26.rlib" "/opt/rustwide/target/debug/deps/libtoml_edit-b7789878087f1358.rlib" "/opt/rustwide/target/debug/deps/libserde_spanned-4291074ad533deeb.rlib" "/opt/rustwide/target/debug/deps/libwinnow-44486a17e70ec525.rlib" "/opt/rustwide/target/debug/deps/libtoml_datetime-626a909e19feb94a.rlib" "/opt/rustwide/target/debug/deps/libnom-768e1a78634ba60f.rlib" "/opt/rustwide/target/debug/deps/libini-d7456746a29e2188.rlib" "/opt/rustwide/target/debug/deps/libordered_multimap-32293938e9a32208.rlib" "/opt/rustwide/target/debug/deps/libhashbrown-2f7194d6fa0d38fb.rlib" "/opt/rustwide/target/debug/deps/libdlv_list-8e160f758e1e93fa.rlib" "/opt/rustwide/target/debug/deps/libyaml_rust-0b794305f56778fb.rlib" "/opt/rustwide/target/debug/deps/liblinked_hash_map-6d3040aaca98a906.rlib" "/opt/rustwide/target/debug/deps/libconvert_case-675eaf95039128b6.rlib" "/opt/rustwide/target/debug/deps/libunicode_segmentation-e2ab372fbd4616e0.rlib" "/opt/rustwide/target/debug/deps/libregex-836e7cda268402d9.rlib" "/opt/rustwide/target/debug/deps/libregex_automata-0b16463a9bcebd02.rlib" "/opt/rustwide/target/debug/deps/libaho_corasick-ca3c2ec2e6ffa0c6.rlib" "/opt/rustwide/target/debug/deps/libregex_syntax-155e812807b49638.rlib" "/opt/rustwide/target/debug/deps/libindicatif-91824f8ba0a89398.rlib" "/opt/rustwide/target/debug/deps/libportable_atomic-237c03b9ddccc39a.rlib" "/opt/rustwide/target/debug/deps/libnumber_prefix-720d0dd324d686e2.rlib" "/opt/rustwide/target/debug/deps/libconsole-7205a51b23aa67da.rlib" "/opt/rustwide/target/debug/deps/libunicode_width-5585deccba236fb6.rlib" "/opt/rustwide/target/debug/deps/liblazy_static-977f75dcedc2f7be.rlib" "/opt/rustwide/target/debug/deps/libsled-7c1e4ac11368244a.rlib" "/opt/rustwide/target/debug/deps/libfxhash-17a7b64bed36dd98.rlib" "/opt/rustwide/target/debug/deps/libbyteorder-f47bc0e1adee4793.rlib" "/opt/rustwide/target/debug/deps/libcrc32fast-6da0a50d86e2d24a.rlib" "/opt/rustwide/target/debug/deps/libcrossbeam_epoch-4ca741e67795c6ce.rlib" "/opt/rustwide/target/debug/deps/libcrossbeam_utils-be96993693568ee0.rlib" "/opt/rustwide/target/debug/deps/libzstd-f69ce6c92ac3bda0.rlib" "/opt/rustwide/target/debug/deps/libzstd_safe-797930108a5c53b6.rlib" "/opt/rustwide/target/debug/deps/libzstd_sys-079b4fab52de7ca5.rlib" "/opt/rustwide/target/debug/deps/libfs2-cf0e85653f03a59e.rlib" "/opt/rustwide/target/debug/deps/libparking_lot-cbc4debb0b2b4ffe.rlib" "/opt/rustwide/target/debug/deps/libparking_lot_core-49ce4261d2503a17.rlib" "/opt/rustwide/target/debug/deps/libinstant-a51e70c2f65ddb36.rlib" "/opt/rustwide/target/debug/deps/libreqwest-b2d69a5963fd5d74.rlib" "/opt/rustwide/target/debug/deps/librustls_pemfile-b4469f59e1b4f2e0.rlib" "/opt/rustwide/target/debug/deps/libhyper_tls-4ae84054d28d3259.rlib" "/opt/rustwide/target/debug/deps/libserde_urlencoded-e43ded13aece3ec0.rlib" "/opt/rustwide/target/debug/deps/libbase64-c3b18b0672582aa9.rlib" "/opt/rustwide/target/debug/deps/libipnet-8bcb02e74b665020.rlib" "/opt/rustwide/target/debug/deps/libtokio_native_tls-dc37a1507ab87d86.rlib" "/opt/rustwide/target/debug/deps/libmime-566b615028bbb9d4.rlib" "/opt/rustwide/target/debug/deps/libencoding_rs-8700cf6701f4ea83.rlib" "/opt/rustwide/target/debug/deps/libserde_json-9054c0fbe3d21681.rlib" "/opt/rustwide/target/debug/deps/libmemchr-a61794c77f52d343.rlib" "/opt/rustwide/target/debug/deps/libryu-bba83beca99dd7c0.rlib" "/opt/rustwide/target/debug/deps/libnative_tls-34c8fafdb743f26b.rlib" "/opt/rustwide/target/debug/deps/libopenssl_probe-111dcb0b3b714b0f.rlib" "/opt/rustwide/target/debug/deps/libopenssl-2d165b7baf5da5f2.rlib" "/opt/rustwide/target/debug/deps/libbitflags-a1c0830c0f5729b7.rlib" "/opt/rustwide/target/debug/deps/libserde-c22a604f9cdf28f9.rlib" "/opt/rustwide/target/debug/deps/libforeign_types-504d8dbdd27ff197.rlib" "/opt/rustwide/target/debug/deps/libforeign_types_shared-f6b6a54f87ce1292.rlib" "/opt/rustwide/target/debug/deps/libopenssl_sys-0594adf538b35288.rlib" "/opt/rustwide/target/debug/deps/libhyper-9f503c0e9ec85996.rlib" "/opt/rustwide/target/debug/deps/libwant-3f13e9c0d2560241.rlib" "/opt/rustwide/target/debug/deps/libtry_lock-f3f4362ed4ca7e4a.rlib" "/opt/rustwide/target/debug/deps/libhttparse-63cb856626cec0ca.rlib" "/opt/rustwide/target/debug/deps/libh2-96e0ade7ccd2edae.rlib" "/opt/rustwide/target/debug/deps/libindexmap-3b61befb0fcbe039.rlib" "/opt/rustwide/target/debug/deps/libequivalent-4d5cfde55792e26d.rlib" "/opt/rustwide/target/debug/deps/libhashbrown-6289f19fff399cbf.rlib" "/opt/rustwide/target/debug/deps/libslab-083dd68e0bc19c95.rlib" "/opt/rustwide/target/debug/deps/libtokio_util-21e1508dec07e404.rlib" "/opt/rustwide/target/debug/deps/libfutures_sink-140504a081023950.rlib" "/opt/rustwide/target/debug/deps/libtower_service-153488c259ad6c35.rlib" "/opt/rustwide/target/debug/deps/libtracing-dd4c7c6e71557b52.rlib" "/opt/rustwide/target/debug/deps/libtracing_core-f8f0b4af6c34417e.rlib" "/opt/rustwide/target/debug/deps/libonce_cell-6f631f2a5f71cecc.rlib" "/opt/rustwide/target/debug/deps/libfutures_channel-46d54cad4c5c024e.rlib" "/opt/rustwide/target/debug/deps/libfutures_util-ae1265ad445a91c6.rlib" "/opt/rustwide/target/debug/deps/libfutures_task-5d58811e5ddf600d.rlib" "/opt/rustwide/target/debug/deps/libpin_utils-6bd6355de79f98af.rlib" "/opt/rustwide/target/debug/deps/libtokio-3d68556d15ce71bb.rlib" "/opt/rustwide/target/debug/deps/libsignal_hook_registry-b6af86005e3cab6f.rlib" "/opt/rustwide/target/debug/deps/libsocket2-a931dfd19583e381.rlib" "/opt/rustwide/target/debug/deps/libmio-74e9d0fb4b1a82eb.rlib" "/opt/rustwide/target/debug/deps/libparking_lot-8338e5fa67e7baae.rlib" "/opt/rustwide/target/debug/deps/libparking_lot_core-2de5ed87abbfb568.rlib" "/opt/rustwide/target/debug/deps/liblibc-c79c75013b5c6287.rlib" "/opt/rustwide/target/debug/deps/libcfg_if-8217498f8667ada9.rlib" "/opt/rustwide/target/debug/deps/libsmallvec-27682ff183e60130.rlib" "/opt/rustwide/target/debug/deps/liblock_api-a23216ec06dff3bb.rlib" "/opt/rustwide/target/debug/deps/libscopeguard-d59b845c07f126eb.rlib" "/opt/rustwide/target/debug/deps/libsync_wrapper-7e107893d08c1041.rlib" "/opt/rustwide/target/debug/deps/libhttp_body-d83a63d17e002383.rlib" "/opt/rustwide/target/debug/deps/libpin_project_lite-04d37b8eb510eecb.rlib" "/opt/rustwide/target/debug/deps/liblog-2579a5a2dbce8c4d.rlib" "/opt/rustwide/target/debug/deps/libfutures_core-6acc1f6b4df0dd33.rlib" "/opt/rustwide/target/debug/deps/liburl-2b0517424bdd6937.rlib" "/opt/rustwide/target/debug/deps/libidna-91dbe26a9f4f2721.rlib" "/opt/rustwide/target/debug/deps/libunicode_normalization-aa23cd958ba44085.rlib" "/opt/rustwide/target/debug/deps/libtinyvec-ae8d3c8ddfe5386c.rlib" "/opt/rustwide/target/debug/deps/libtinyvec_macros-bb1333ecdeeba2ad.rlib" "/opt/rustwide/target/debug/deps/libunicode_bidi-bf47b57c3332bce2.rlib" "/opt/rustwide/target/debug/deps/libform_urlencoded-533db7122d3ddfc5.rlib" "/opt/rustwide/target/debug/deps/libpercent_encoding-88cba40a7181d984.rlib" "/opt/rustwide/target/debug/deps/libhttp-13ce825008bf47b9.rlib" "/opt/rustwide/target/debug/deps/libitoa-cde9c8f28780c780.rlib" "/opt/rustwide/target/debug/deps/libbytes-f13b9daec80db726.rlib" "/opt/rustwide/target/debug/deps/libfnv-b4bd047f342dff07.rlib" "/opt/rustwide/rustup-home/toolchains/1.83.0-x86_64-unknown-linux-gnu/lib/rustlib/x86_64-unknown-linux-gnu/lib/libstd-ca74a2d9c5166d9f.rlib" "/opt/rustwide/rustup-home/toolchains/1.83.0-x86_64-unknown-linux-gnu/lib/rustlib/x86_64-unknown-linux-gnu/lib/libpanic_unwind-e31ab23316ed5080.rlib" "/opt/rustwide/rustup-home/toolchains/1.83.0-x86_64-unknown-linux-gnu/lib/rustlib/x86_64-unknown-linux-gnu/lib/libobject-27dc4aa955912662.rlib" "/opt/rustwide/rustup-home/toolchains/1.83.0-x86_64-unknown-linux-gnu/lib/rustlib/x86_64-unknown-linux-gnu/lib/libmemchr-bd0d6cccce077b99.rlib" "/opt/rustwide/rustup-home/toolchains/1.83.0-x86_64-unknown-linux-gnu/lib/rustlib/x86_64-unknown-linux-gnu/lib/libaddr2line-8d001680935b5e3c.rlib" "/opt/rustwide/rustup-home/toolchains/1.83.0-x86_64-unknown-linux-gnu/lib/rustlib/x86_64-unknown-linux-gnu/lib/libgimli-ba8ce71964f984f4.rlib" "/opt/rustwide/rustup-home/toolchains/1.83.0-x86_64-unknown-linux-gnu/lib/rustlib/x86_64-unknown-linux-gnu/lib/librustc_demangle-99a73526abcec14b.rlib" "/opt/rustwide/rustup-home/toolchains/1.83.0-x86_64-unknown-linux-gnu/lib/rustlib/x86_64-unknown-linux-gnu/lib/libstd_detect-63ac0d22cff92579.rlib" "/opt/rustwide/rustup-home/toolchains/1.83.0-x86_64-unknown-linux-gnu/lib/rustlib/x86_64-unknown-linux-gnu/lib/libhashbrown-9057355c92c922d5.rlib" "/opt/rustwide/rustup-home/toolchains/1.83.0-x86_64-unknown-linux-gnu/lib/rustlib/x86_64-unknown-linux-gnu/lib/librustc_std_workspace_alloc-358be9bc1f6bab04.rlib" "/opt/rustwide/rustup-home/toolchains/1.83.0-x86_64-unknown-linux-gnu/lib/rustlib/x86_64-unknown-linux-gnu/lib/libminiz_oxide-aca15549d5bff974.rlib" "/opt/rustwide/rustup-home/toolchains/1.83.0-x86_64-unknown-linux-gnu/lib/rustlib/x86_64-unknown-linux-gnu/lib/libadler-8251d2cef7072448.rlib" "/opt/rustwide/rustup-home/toolchains/1.83.0-x86_64-unknown-linux-gnu/lib/rustlib/x86_64-unknown-linux-gnu/lib/libunwind-7d50b86011c66411.rlib" "/opt/rustwide/rustup-home/toolchains/1.83.0-x86_64-unknown-linux-gnu/lib/rustlib/x86_64-unknown-linux-gnu/lib/libcfg_if-51ea098fce5006bf.rlib" "/opt/rustwide/rustup-home/toolchains/1.83.0-x86_64-unknown-linux-gnu/lib/rustlib/x86_64-unknown-linux-gnu/lib/liblibc-5a14e0d0b712e731.rlib" "/opt/rustwide/rustup-home/toolchains/1.83.0-x86_64-unknown-linux-gnu/lib/rustlib/x86_64-unknown-linux-gnu/lib/liballoc-8b83dbf3a7b8f999.rlib" "/opt/rustwide/rustup-home/toolchains/1.83.0-x86_64-unknown-linux-gnu/lib/rustlib/x86_64-unknown-linux-gnu/lib/librustc_std_workspace_core-c6fd227bdc7b39ff.rlib" "/opt/rustwide/rustup-home/toolchains/1.83.0-x86_64-unknown-linux-gnu/lib/rustlib/x86_64-unknown-linux-gnu/lib/libcore-959d3389fa3da8a5.rlib" "/opt/rustwide/rustup-home/toolchains/1.83.0-x86_64-unknown-linux-gnu/lib/rustlib/x86_64-unknown-linux-gnu/lib/libcompiler_builtins-abe05db089cc2c62.rlib" "-Wl,-Bdynamic" "-lgcc_s" "-lutil" "-lrt" "-lpthread" "-lm" "-ldl" "-lc" "-Wl,--eh-frame-hdr" "-Wl,-z,noexecstack" "-L" "/opt/rustwide/target/debug/build/openssl-sys-c37c48aaae1e59f0/out/openssl-build/install/lib" "-L" "/opt/rustwide/target/debug/build/zstd-sys-712dcc3ca15e2ac8/out" "-L" "/opt/rustwide/rustup-home/toolchains/1.83.0-x86_64-unknown-linux-gnu/lib/rustlib/x86_64-unknown-linux-gnu/lib" "-o" "/tmp/rustdoctestcN6pVl/rust_out" "-Wl,--gc-sections" "-pie" "-Wl,-z,relro,-z,now" "-nodefaultlibs"
[INFO] [stdout]   = note: collect2: fatal error: ld terminated with signal 9 [Killed]
[INFO] [stdout]           compilation terminated.
[INFO] [stdout]           
[INFO] [stdout] 
[INFO] [stdout] error: aborting due to 1 previous error
[INFO] [stdout] 
[INFO] [stdout] Couldn't compile the test.
[INFO] [stdout] ---- src/foundation/utils/string_utils.rs - foundation::utils::string_utils::normalize_unicode (line 43) stdout ----
[INFO] [stdout] Test executable failed (exit status: 101).
[INFO] [stdout] 
[INFO] [stdout] stderr:
[INFO] [stdout] thread 'main' panicked at src/foundation/utils/string_utils.rs:9:1:
[INFO] [stdout] assertion `left == right` failed
[INFO] [stdout]   left: "cafe\u{301}"
[INFO] [stdout]  right: "cafe"
[INFO] [stdout] stack backtrace:
[INFO] [stdout]    0:     0x5ba54b26120a - std::backtrace_rs::backtrace::libunwind::trace::h5a5b8284f2d0c266
[INFO] [stdout]                                at /rustc/90b35a6239c3d8bdabc530a6a0816f7ff89a0aaf/library/std/src/../../backtrace/src/backtrace/libunwind.rs:116:5
[INFO] [stdout]    1:     0x5ba54b26120a - std::backtrace_rs::backtrace::trace_unsynchronized::h76d4f1c9b0b875e3
[INFO] [stdout]                                at /rustc/90b35a6239c3d8bdabc530a6a0816f7ff89a0aaf/library/std/src/../../backtrace/src/backtrace/mod.rs:66:5
[INFO] [stdout]    2:     0x5ba54b26120a - std::sys::backtrace::_print_fmt::hc4546b8364a537c6
[INFO] [stdout]                                at /rustc/90b35a6239c3d8bdabc530a6a0816f7ff89a0aaf/library/std/src/sys/backtrace.rs:66:9
[INFO] [stdout]    3:     0x5ba54b26120a - <std::sys::backtrace::BacktraceLock::print::DisplayBacktrace as core::fmt::Display>::fmt::h5b6bd5631a6d1f6b
[INFO] [stdout]                                at /rustc/90b35a6239c3d8bdabc530a6a0816f7ff89a0aaf/library/std/src/sys/backtrace.rs:39:26
[INFO] [stdout]    4:     0x5ba54b27d2a3 - core::fmt::rt::Argument::fmt::h270f6602a2b96f62
[INFO] [stdout]                                at /rustc/90b35a6239c3d8bdabc530a6a0816f7ff89a0aaf/library/core/src/fmt/rt.rs:177:76
[INFO] [stdout]    5:     0x5ba54b27d2a3 - core::fmt::write::h7550c97b06c86515
[INFO] [stdout]                                at /rustc/90b35a6239c3d8bdabc530a6a0816f7ff89a0aaf/library/core/src/fmt/mod.rs:1186:21
[INFO] [stdout]    6:     0x5ba54b25efb3 - std::io::Write::write_fmt::h7b09c64fe0be9c84
[INFO] [stdout]                                at /rustc/90b35a6239c3d8bdabc530a6a0816f7ff89a0aaf/library/std/src/io/mod.rs:1839:15
[INFO] [stdout]    7:     0x5ba54b261052 - std::sys::backtrace::BacktraceLock::print::h2395ccd2c84ba3aa
[INFO] [stdout]                                at /rustc/90b35a6239c3d8bdabc530a6a0816f7ff89a0aaf/library/std/src/sys/backtrace.rs:42:9
[INFO] [stdout]    8:     0x5ba54b261ffc - std::panicking::default_hook::{{closure}}::he19d4c7230e07961
[INFO] [stdout]                                at /rustc/90b35a6239c3d8bdabc530a6a0816f7ff89a0aaf/library/std/src/panicking.rs:268:22
[INFO] [stdout]    9:     0x5ba54b261e42 - std::panicking::default_hook::hf614597d3c67bbdb
[INFO] [stdout]                                at /rustc/90b35a6239c3d8bdabc530a6a0816f7ff89a0aaf/library/std/src/panicking.rs:295:9
[INFO] [stdout]   10:     0x5ba54b2625d7 - std::panicking::rust_panic_with_hook::h8942133a8b252070
[INFO] [stdout]                                at /rustc/90b35a6239c3d8bdabc530a6a0816f7ff89a0aaf/library/std/src/panicking.rs:801:13
[INFO] [stdout]   11:     0x5ba54b26246a - std::panicking::begin_panic_handler::{{closure}}::hb5f5963570096b29
[INFO] [stdout]                                at /rustc/90b35a6239c3d8bdabc530a6a0816f7ff89a0aaf/library/std/src/panicking.rs:674:13
[INFO] [stdout]   12:     0x5ba54b2616e9 - std::sys::backtrace::__rust_end_short_backtrace::h6208cedc1922feda
[INFO] [stdout]                                at /rustc/90b35a6239c3d8bdabc530a6a0816f7ff89a0aaf/library/std/src/sys/backtrace.rs:170:18
[INFO] [stdout]   13:     0x5ba54b2620fc - rust_begin_unwind
[INFO] [stdout]                                at /rustc/90b35a6239c3d8bdabc530a6a0816f7ff89a0aaf/library/std/src/panicking.rs:665:5
[INFO] [stdout]   14:     0x5ba54b236080 - core::panicking::panic_fmt::h0c3082644d1bf418
[INFO] [stdout]                                at /rustc/90b35a6239c3d8bdabc530a6a0816f7ff89a0aaf/library/core/src/panicking.rs:74:14
[INFO] [stdout]   15:     0x5ba54b236372 - core::panicking::assert_failed_inner::h2ddf1fcc067fa858
[INFO] [stdout]   16:     0x5ba54b2369ca - core::panicking::assert_failed::h30f0ddcf9054d805
[INFO] [stdout]                                at /opt/rustwide/target/debug/build/openssl-sys-c37c48aaae1e59f0/out/openssl-build/build/src/crypto/sha/sha256-mb-x86_64.s:7828
[INFO] [stdout]   17:     0x5ba54b236ae4 - rust_out::main::_doctest_main_src_foundation_utils_string_utils_rs_43_0::hde8f863ec7856baa
[INFO] [stdout]                                at /opt/rustwide/target/debug/build/openssl-sys-c37c48aaae1e59f0/out/openssl-build/build/src/crypto/sha/sha256-mb-x86_64.s:7828
[INFO] [stdout]   18:     0x5ba54b236a46 - rust_out::main::h86d391cc11b8a827
[INFO] [stdout]                                at /opt/rustwide/target/debug/build/openssl-sys-c37c48aaae1e59f0/out/openssl-build/build/src/crypto/sha/sha256-mb-x86_64.s:7828
[INFO] [stdout]   19:     0x5ba54b236943 - core::ops::function::FnOnce::call_once::hd1e0b33d350e8c2e
[INFO] [stdout]                                at /opt/rustwide/target/debug/build/openssl-sys-c37c48aaae1e59f0/out/openssl-build/build/src/crypto/sha/sha256-mb-x86_64.s:7828
[INFO] [stdout]   20:     0x5ba54b236926 - std::sys::backtrace::__rust_begin_short_backtrace::hb7c4fd168269da08
[INFO] [stdout]                                at /opt/rustwide/target/debug/build/openssl-sys-c37c48aaae1e59f0/out/openssl-build/build/src/crypto/sha/sha256-mb-x86_64.s:7828
[INFO] [stdout]   21:     0x5ba54b236909 - std::rt::lang_start::{{closure}}::h7630186e3858a44d
[INFO] [stdout]                                at /opt/rustwide/target/debug/build/openssl-sys-c37c48aaae1e59f0/out/openssl-build/build/src/crypto/sha/sha256-mb-x86_64.s:7828
[INFO] [stdout]   22:     0x5ba54b25d72e - core::ops::function::impls::<impl core::ops::function::FnOnce<A> for &F>::call_once::hfdb85f4ee94732d3
[INFO] [stdout]                                at /rustc/90b35a6239c3d8bdabc530a6a0816f7ff89a0aaf/library/core/src/ops/function.rs:284:13
[INFO] [stdout]   23:     0x5ba54b25d72e - std::panicking::try::do_call::h6e577310f330cbef
[INFO] [stdout]                                at /rustc/90b35a6239c3d8bdabc530a6a0816f7ff89a0aaf/library/std/src/panicking.rs:557:40
[INFO] [stdout]   24:     0x5ba54b25d72e - std::panicking::try::ha588d438267d2645
[INFO] [stdout]                                at /rustc/90b35a6239c3d8bdabc530a6a0816f7ff89a0aaf/library/std/src/panicking.rs:520:19
[INFO] [stdout]   25:     0x5ba54b25d72e - std::panic::catch_unwind::h429fda1e025f26d9
[INFO] [stdout]                                at /rustc/90b35a6239c3d8bdabc530a6a0816f7ff89a0aaf/library/std/src/panic.rs:358:14
[INFO] [stdout]   26:     0x5ba54b25d72e - std::rt::lang_start_internal::{{closure}}::h7b731265e841c4bf
[INFO] [stdout]                                at /rustc/90b35a6239c3d8bdabc530a6a0816f7ff89a0aaf/library/std/src/rt.rs:174:48
[INFO] [stdout]   27:     0x5ba54b25d72e - std::panicking::try::do_call::hc0f6a675b7ae5a36
[INFO] [stdout]                                at /rustc/90b35a6239c3d8bdabc530a6a0816f7ff89a0aaf/library/std/src/panicking.rs:557:40
[INFO] [stdout]   28:     0x5ba54b25d72e - std::panicking::try::h4c93b7ff0671f1ff
[INFO] [stdout]                                at /rustc/90b35a6239c3d8bdabc530a6a0816f7ff89a0aaf/library/std/src/panicking.rs:520:19
[INFO] [stdout]   29:     0x5ba54b25d72e - std::panic::catch_unwind::hcc1e154961d16ce6
[INFO] [stdout]                                at /rustc/90b35a6239c3d8bdabc530a6a0816f7ff89a0aaf/library/std/src/panic.rs:358:14
[INFO] [stdout]   30:     0x5ba54b25d72e - std::rt::lang_start_internal::h1c66660c99c8424c
[INFO] [stdout]                                at /rustc/90b35a6239c3d8bdabc530a6a0816f7ff89a0aaf/library/std/src/rt.rs:174:20
[INFO] [stdout]   31:     0x5ba54b2368e7 - std::rt::lang_start::hcdb31f4834f76b8c
[INFO] [stdout]                                at /opt/rustwide/target/debug/build/openssl-sys-c37c48aaae1e59f0/out/openssl-build/build/src/crypto/sha/sha256-mb-x86_64.s:7828
[INFO] [stdout]   32:     0x5ba54b236b25 - main
[INFO] [stdout]                                at /opt/rustwide/target/debug/build/openssl-sys-c37c48aaae1e59f0/out/openssl-build/build/src/crypto/sha/sha256-mb-x86_64.s:7828
[INFO] [stdout]   33:     0x7befacf73d90 - <unknown>
[INFO] [stdout]   34:     0x7befacf73e40 - __libc_start_main
[INFO] [stdout]   35:     0x5ba54b2367f5 - _start
[INFO] [stdout]                                at /opt/rustwide/target/debug/build/openssl-sys-c37c48aaae1e59f0/out/openssl-build/build/src/crypto/sha/sha256-mb-x86_64.s:7828
[INFO] [stdout]   36:                0x0 - <unknown>
[INFO] [stdout] 
[INFO] [stdout] 
[INFO] [stdout] 
[INFO] [stdout] failures:
[INFO] [stdout]     src/api_client/upload.rs - api_client::upload::upload_missing_albums (line 26)
[INFO] [stdout]     src/foundation/database/operations.rs - foundation::database::operations::get_artist_data (line 87)
[INFO] [stdout]     src/foundation/database/operations.rs - foundation::database::operations::open_database (line 14)
[INFO] [stdout]     src/foundation/database/operations.rs - foundation::database::operations::store_artist_data (line 38)
[INFO] [stdout]     src/foundation/utils/string_utils.rs - foundation::utils::string_utils::normalize_unicode (line 43)
[INFO] [stdout] 
[INFO] [stdout] test result: FAILED. 3 passed; 5 failed; 0 ignored; 0 measured; 0 filtered out; finished in 8.39s
[INFO] [stdout] 
[INFO] [stderr] error: doctest failed, to rerun pass `--doc`
[INFO] running `Command { std: "docker" "inspect" "f2f4447460ab3da62e443f52c3b6b6cbc230dd024c6203dc59f9285f1fa9bfce", kill_on_drop: false }`
[INFO] running `Command { std: "docker" "rm" "-f" "f2f4447460ab3da62e443f52c3b6b6cbc230dd024c6203dc59f9285f1fa9bfce", kill_on_drop: false }`
[INFO] [stdout] f2f4447460ab3da62e443f52c3b6b6cbc230dd024c6203dc59f9285f1fa9bfce
