[INFO] cloning repository https://github.com/thommay/rit_save
[INFO] running `Command { std: "git" "-c" "credential.helper=" "-c" "credential.helper=/workspace/cargo-home/bin/git-credential-null" "clone" "--bare" "https://github.com/thommay/rit_save" "/workspace/cache/git-repos/https%3A%2F%2Fgithub.com%2Fthommay%2Frit_save", kill_on_drop: false }`
[INFO] [stderr] Cloning into bare repository '/workspace/cache/git-repos/https%3A%2F%2Fgithub.com%2Fthommay%2Frit_save'...
[INFO] running `Command { std: "git" "rev-parse" "HEAD", kill_on_drop: false }`
[INFO] [stdout] 7fb966be44e26881ed7b3815ff9299deacc2c169
[INFO] testing thommay/rit_save against beta-2024-12-08 for beta-1.84.0-4-retry
[INFO] running `Command { std: "git" "clone" "/workspace/cache/git-repos/https%3A%2F%2Fgithub.com%2Fthommay%2Frit_save" "/workspace/builds/worker-3-tc2/source", kill_on_drop: false }`
[INFO] [stderr] Cloning into '/workspace/builds/worker-3-tc2/source'...
[INFO] [stderr] done.
[INFO] validating manifest of git repo https://github.com/thommay/rit_save on toolchain beta-2024-12-08
[INFO] running `Command { std: CARGO_HOME="/workspace/cargo-home" RUSTUP_HOME="/workspace/rustup-home" "/workspace/cargo-home/bin/cargo" "+beta-2024-12-08" "metadata" "--manifest-path" "Cargo.toml" "--no-deps", kill_on_drop: false }`
[INFO] started tweaking git repo https://github.com/thommay/rit_save
[INFO] finished tweaking git repo https://github.com/thommay/rit_save
[INFO] tweaked toml for git repo https://github.com/thommay/rit_save written to /workspace/builds/worker-3-tc2/source/Cargo.toml
[INFO] crate git repo https://github.com/thommay/rit_save already has a lockfile, it will not be regenerated
[INFO] running `Command { std: CARGO_HOME="/workspace/cargo-home" RUSTUP_HOME="/workspace/rustup-home" "/workspace/cargo-home/bin/cargo" "+beta-2024-12-08" "fetch" "--manifest-path" "Cargo.toml", kill_on_drop: false }`
[INFO] [stderr]     Blocking waiting for file lock on package cache
[INFO] [stderr]     Blocking waiting for file lock on package cache
[INFO] running `Command { std: "docker" "create" "-v" "/var/lib/crater-agent-workspace/builds/worker-3-tc2/target:/opt/rustwide/target:rw,Z" "-v" "/var/lib/crater-agent-workspace/builds/worker-3-tc2/source:/opt/rustwide/workdir:ro,Z" "-v" "/var/lib/crater-agent-workspace/cargo-home:/opt/rustwide/cargo-home:ro,Z" "-v" "/var/lib/crater-agent-workspace/rustup-home:/opt/rustwide/rustup-home:ro,Z" "-e" "SOURCE_DIR=/opt/rustwide/workdir" "-e" "CARGO_TARGET_DIR=/opt/rustwide/target" "-e" "CARGO_HOME=/opt/rustwide/cargo-home" "-e" "RUSTUP_HOME=/opt/rustwide/rustup-home" "-w" "/opt/rustwide/workdir" "-m" "1610612736" "--user" "0:0" "--network" "none" "ghcr.io/rust-lang/crates-build-env/linux@sha256:f3a9d4ad9d972b27faf3965f35b62e55ba32bbce8f20bc8fe909558a86702fde" "/opt/rustwide/cargo-home/bin/cargo" "+beta-2024-12-08" "metadata" "--no-deps" "--format-version=1", kill_on_drop: false }`
[INFO] [stdout] e8806635e473569677fba44969ea13ccbe25f9a71984a65c9f90e721c9f2f8bc
[INFO] running `Command { std: "docker" "start" "-a" "e8806635e473569677fba44969ea13ccbe25f9a71984a65c9f90e721c9f2f8bc", kill_on_drop: false }`
[INFO] running `Command { std: "docker" "inspect" "e8806635e473569677fba44969ea13ccbe25f9a71984a65c9f90e721c9f2f8bc", kill_on_drop: false }`
[INFO] running `Command { std: "docker" "rm" "-f" "e8806635e473569677fba44969ea13ccbe25f9a71984a65c9f90e721c9f2f8bc", kill_on_drop: false }`
[INFO] [stdout] e8806635e473569677fba44969ea13ccbe25f9a71984a65c9f90e721c9f2f8bc
[INFO] running `Command { std: "docker" "create" "-v" "/var/lib/crater-agent-workspace/builds/worker-3-tc2/target:/opt/rustwide/target:rw,Z" "-v" "/var/lib/crater-agent-workspace/builds/worker-3-tc2/source:/opt/rustwide/workdir:ro,Z" "-v" "/var/lib/crater-agent-workspace/cargo-home:/opt/rustwide/cargo-home:ro,Z" "-v" "/var/lib/crater-agent-workspace/rustup-home:/opt/rustwide/rustup-home:ro,Z" "-e" "SOURCE_DIR=/opt/rustwide/workdir" "-e" "CARGO_TARGET_DIR=/opt/rustwide/target" "-e" "CARGO_INCREMENTAL=0" "-e" "RUST_BACKTRACE=full" "-e" "RUSTFLAGS=--cap-lints=warn" "-e" "RUSTDOCFLAGS=--cap-lints=warn" "-e" "CARGO_HOME=/opt/rustwide/cargo-home" "-e" "RUSTUP_HOME=/opt/rustwide/rustup-home" "-w" "/opt/rustwide/workdir" "-m" "1610612736" "--user" "0:0" "--network" "none" "ghcr.io/rust-lang/crates-build-env/linux@sha256:f3a9d4ad9d972b27faf3965f35b62e55ba32bbce8f20bc8fe909558a86702fde" "/opt/rustwide/cargo-home/bin/cargo" "+beta-2024-12-08" "build" "--frozen" "--message-format=json", kill_on_drop: false }`
[INFO] [stdout] d7fdd2033d9eb6ec6f8e2de7f21007d8320a782621114932ed8030c09872361b
[INFO] running `Command { std: "docker" "start" "-a" "d7fdd2033d9eb6ec6f8e2de7f21007d8320a782621114932ed8030c09872361b", kill_on_drop: false }`
[INFO] [stderr]    Compiling autocfg v0.1.6
[INFO] [stderr]    Compiling libc v0.2.62
[INFO] [stderr]    Compiling rand_core v0.4.2
[INFO] [stderr]    Compiling cc v1.0.41
[INFO] [stderr]    Compiling proc-macro2 v0.4.30
[INFO] [stderr]    Compiling unicode-xid v0.1.0
[INFO] [stderr]    Compiling syn v0.15.44
[INFO] [stderr]    Compiling memchr v2.2.1
[INFO] [stderr]    Compiling cfg-if v0.1.9
[INFO] [stderr]    Compiling lazy_static v1.4.0
[INFO] [stderr]    Compiling crc32fast v1.2.0
[INFO] [stderr]    Compiling failure_derive v0.1.5
[INFO] [stderr]    Compiling bitflags v1.1.0
[INFO] [stderr]    Compiling rustc-demangle v0.1.16
[INFO] [stderr]    Compiling byteorder v1.3.2
[INFO] [stderr]    Compiling unicode-width v0.1.6
[INFO] [stderr]    Compiling thread_local v0.3.6
[INFO] [stderr]    Compiling textwrap v0.11.0
[INFO] [stderr]    Compiling regex-syntax v0.6.11
[INFO] [stderr]    Compiling ansi_term v0.11.0
[INFO] [stderr]    Compiling rand_core v0.3.1
[INFO] [stderr]    Compiling rand_isaac v0.1.1
[INFO] [stderr]    Compiling rand_pcg v0.1.2
[INFO] [stderr]    Compiling num-traits v0.2.8
[INFO] [stderr]    Compiling rand_chacha v0.1.1
[INFO] [stderr]    Compiling rand v0.6.5
[INFO] [stderr]    Compiling num-integer v0.1.41
[INFO] [stderr]    Compiling rand_xorshift v0.1.1
[INFO] [stderr]    Compiling rand_hc v0.1.0
[INFO] [stderr]    Compiling rand_jitter v0.1.4
[INFO] [stderr]    Compiling vec_map v0.8.1
[INFO] [stderr]    Compiling strsim v0.8.0
[INFO] [stderr]    Compiling sha1 v0.6.0
[INFO] [stderr]    Compiling indexmap v1.1.0
[INFO] [stderr]    Compiling hex v0.3.2
[INFO] [stderr]    Compiling aho-corasick v0.7.6
[INFO] [stderr]    Compiling quote v0.6.13
[INFO] [stderr]    Compiling rand_os v0.1.3
[INFO] [stderr]    Compiling atty v0.2.13
[INFO] [stderr]    Compiling time v0.1.42
[INFO] [stderr]    Compiling fs2 v0.4.3
[INFO] [stderr]    Compiling backtrace-sys v0.1.31
[INFO] [stderr]    Compiling miniz-sys v0.1.12
[INFO] [stderr]    Compiling colored v1.8.0 (https://github.com/vn971/colored.git#4af2de0f)
[INFO] [stderr]    Compiling clap v2.33.0
[INFO] [stderr]    Compiling flate2 v1.0.11
[INFO] [stderr]    Compiling uuid v0.7.4
[INFO] [stderr]    Compiling regex v1.2.1
[INFO] [stderr]    Compiling chrono v0.4.7
[INFO] [stderr]    Compiling backtrace v0.3.35
[INFO] [stderr]    Compiling synstructure v0.10.2
[INFO] [stderr]    Compiling failure v0.1.5
[INFO] [stderr]    Compiling rit v0.1.0 (/opt/rustwide/workdir)
[INFO] [stdout] warning: a method with this name may be added to the standard library in the future
[INFO] [stdout]    --> src/index.rs:165:15
[INFO] [stdout]     |
[INFO] [stdout] 165 |         index.lock_shared()?;
[INFO] [stdout]     |               ^^^^^^^^^^^
[INFO] [stdout]     |
[INFO] [stdout]     = warning: once this associated item is added to the standard library, the ambiguity may cause an error or change in behavior!
[INFO] [stdout]     = note: for more information, see issue #48919 <https://github.com/rust-lang/rust/issues/48919>
[INFO] [stdout]     = help: call with fully qualified syntax `lock_shared(...)` to keep using the current method
[INFO] [stdout]     = note: `#[warn(unstable_name_collisions)]` on by default
[INFO] [stdout] 
[INFO] [stdout] 
[INFO] [stderr]     Finished `dev` profile [unoptimized + debuginfo] target(s) in 15.43s
[INFO] running `Command { std: "docker" "inspect" "d7fdd2033d9eb6ec6f8e2de7f21007d8320a782621114932ed8030c09872361b", kill_on_drop: false }`
[INFO] running `Command { std: "docker" "rm" "-f" "d7fdd2033d9eb6ec6f8e2de7f21007d8320a782621114932ed8030c09872361b", kill_on_drop: false }`
[INFO] [stdout] d7fdd2033d9eb6ec6f8e2de7f21007d8320a782621114932ed8030c09872361b
[INFO] running `Command { std: "docker" "create" "-v" "/var/lib/crater-agent-workspace/builds/worker-3-tc2/target:/opt/rustwide/target:rw,Z" "-v" "/var/lib/crater-agent-workspace/builds/worker-3-tc2/source:/opt/rustwide/workdir:ro,Z" "-v" "/var/lib/crater-agent-workspace/cargo-home:/opt/rustwide/cargo-home:ro,Z" "-v" "/var/lib/crater-agent-workspace/rustup-home:/opt/rustwide/rustup-home:ro,Z" "-e" "SOURCE_DIR=/opt/rustwide/workdir" "-e" "CARGO_TARGET_DIR=/opt/rustwide/target" "-e" "CARGO_INCREMENTAL=0" "-e" "RUST_BACKTRACE=full" "-e" "RUSTFLAGS=--cap-lints=warn" "-e" "RUSTDOCFLAGS=--cap-lints=warn" "-e" "CARGO_HOME=/opt/rustwide/cargo-home" "-e" "RUSTUP_HOME=/opt/rustwide/rustup-home" "-w" "/opt/rustwide/workdir" "-m" "1610612736" "--user" "0:0" "--network" "none" "ghcr.io/rust-lang/crates-build-env/linux@sha256:f3a9d4ad9d972b27faf3965f35b62e55ba32bbce8f20bc8fe909558a86702fde" "/opt/rustwide/cargo-home/bin/cargo" "+beta-2024-12-08" "test" "--frozen" "--no-run" "--message-format=json", kill_on_drop: false }`
[INFO] [stdout] 49a6b8f1497ce14d773e51f2d64c768e970c755908342dd6937e4604532ad6e4
[INFO] running `Command { std: "docker" "start" "-a" "49a6b8f1497ce14d773e51f2d64c768e970c755908342dd6937e4604532ad6e4", kill_on_drop: false }`
[INFO] [stderr]    Compiling proc-macro2 v1.0.1
[INFO] [stderr]    Compiling unicode-xid v0.2.0
[INFO] [stderr]    Compiling syn v1.0.5
[INFO] [stderr]    Compiling ryu v1.0.0
[INFO] [stderr]    Compiling serde v1.0.99
[INFO] [stderr]    Compiling log v0.4.8
[INFO] [stderr]    Compiling predicates-core v1.0.0
[INFO] [stderr]    Compiling itoa v0.4.4
[INFO] [stderr]    Compiling escargot v0.4.0
[INFO] [stderr]    Compiling float-cmp v0.4.0
[INFO] [stderr]    Compiling treeline v0.1.0
[INFO] [stderr]    Compiling normalize-line-endings v0.2.2
[INFO] [stderr]    Compiling difference v2.0.0
[INFO] [stderr]    Compiling rand v0.4.6
[INFO] [stderr]    Compiling remove_dir_all v0.5.2
[INFO] [stdout] warning: a method with this name may be added to the standard library in the future
[INFO] [stdout]    --> src/index.rs:165:15
[INFO] [stdout]     |
[INFO] [stdout] 165 |         index.lock_shared()?;
[INFO] [stdout]     |               ^^^^^^^^^^^
[INFO] [stdout]     |
[INFO] [stdout]     = warning: once this associated item is added to the standard library, the ambiguity may cause an error or change in behavior!
[INFO] [stdout]     = note: for more information, see issue #48919 <https://github.com/rust-lang/rust/issues/48919>
[INFO] [stdout]     = help: call with fully qualified syntax `lock_shared(...)` to keep using the current method
[INFO] [stdout]     = note: `#[warn(unstable_name_collisions)]` on by default
[INFO] [stdout] 
[INFO] [stdout] 
[INFO] [stderr]    Compiling predicates-tree v1.0.0
[INFO] [stderr]    Compiling predicates v1.0.1
[INFO] [stderr]    Compiling tempdir v0.3.7
[INFO] [stderr]    Compiling quote v1.0.2
[INFO] [stderr]    Compiling serde_derive v1.0.99
[INFO] [stderr]    Compiling serde_json v1.0.40
[INFO] [stderr]    Compiling assert_cmd v0.11.1
[INFO] [stderr]    Compiling rit v0.1.0 (/opt/rustwide/workdir)
[INFO] [stdout] warning: a method with this name may be added to the standard library in the future
[INFO] [stdout]    --> src/index.rs:165:15
[INFO] [stdout]     |
[INFO] [stdout] 165 |         index.lock_shared()?;
[INFO] [stdout]     |               ^^^^^^^^^^^
[INFO] [stdout]     |
[INFO] [stdout]     = warning: once this associated item is added to the standard library, the ambiguity may cause an error or change in behavior!
[INFO] [stdout]     = note: for more information, see issue #48919 <https://github.com/rust-lang/rust/issues/48919>
[INFO] [stdout]     = help: call with fully qualified syntax `lock_shared(...)` to keep using the current method
[INFO] [stdout]     = note: `#[warn(unstable_name_collisions)]` on by default
[INFO] [stdout] 
[INFO] [stdout] 
[INFO] [stderr]     Finished `test` profile [unoptimized + debuginfo] target(s) in 16.42s
[INFO] running `Command { std: "docker" "inspect" "49a6b8f1497ce14d773e51f2d64c768e970c755908342dd6937e4604532ad6e4", kill_on_drop: false }`
[INFO] running `Command { std: "docker" "rm" "-f" "49a6b8f1497ce14d773e51f2d64c768e970c755908342dd6937e4604532ad6e4", kill_on_drop: false }`
[INFO] [stdout] 49a6b8f1497ce14d773e51f2d64c768e970c755908342dd6937e4604532ad6e4
[INFO] running `Command { std: "docker" "create" "-v" "/var/lib/crater-agent-workspace/builds/worker-3-tc2/target:/opt/rustwide/target:rw,Z" "-v" "/var/lib/crater-agent-workspace/builds/worker-3-tc2/source:/opt/rustwide/workdir:ro,Z" "-v" "/var/lib/crater-agent-workspace/cargo-home:/opt/rustwide/cargo-home:ro,Z" "-v" "/var/lib/crater-agent-workspace/rustup-home:/opt/rustwide/rustup-home:ro,Z" "-e" "SOURCE_DIR=/opt/rustwide/workdir" "-e" "CARGO_TARGET_DIR=/opt/rustwide/target" "-e" "CARGO_INCREMENTAL=0" "-e" "RUST_BACKTRACE=full" "-e" "RUSTFLAGS=--cap-lints=warn" "-e" "RUSTDOCFLAGS=--cap-lints=warn" "-e" "CARGO_HOME=/opt/rustwide/cargo-home" "-e" "RUSTUP_HOME=/opt/rustwide/rustup-home" "-w" "/opt/rustwide/workdir" "-m" "1610612736" "--user" "0:0" "--network" "none" "ghcr.io/rust-lang/crates-build-env/linux@sha256:f3a9d4ad9d972b27faf3965f35b62e55ba32bbce8f20bc8fe909558a86702fde" "/opt/rustwide/cargo-home/bin/cargo" "+beta-2024-12-08" "test" "--frozen", kill_on_drop: false }`
[INFO] [stdout] 1f0e72c8d49795bf809f28d443ee8b4bf6d8ad87307bbdd37a11cfa5bd666298
[INFO] running `Command { std: "docker" "start" "-a" "1f0e72c8d49795bf809f28d443ee8b4bf6d8ad87307bbdd37a11cfa5bd666298", kill_on_drop: false }`
[INFO] [stderr] warning: a method with this name may be added to the standard library in the future
[INFO] [stderr]    --> src/index.rs:165:15
[INFO] [stderr]     |
[INFO] [stderr] 165 |         index.lock_shared()?;
[INFO] [stderr]     |               ^^^^^^^^^^^
[INFO] [stderr]     |
[INFO] [stderr]     = warning: once this associated item is added to the standard library, the ambiguity may cause an error or change in behavior!
[INFO] [stderr]     = note: for more information, see issue #48919 <https://github.com/rust-lang/rust/issues/48919>
[INFO] [stderr]     = help: call with fully qualified syntax `lock_shared(...)` to keep using the current method
[INFO] [stderr]     = note: `#[warn(unstable_name_collisions)]` on by default
[INFO] [stderr] 
[INFO] [stderr] warning: `rit` (lib) generated 1 warning
[INFO] [stderr] warning: `rit` (lib test) generated 1 warning (1 duplicate)
[INFO] [stderr]     Finished `test` profile [unoptimized + debuginfo] target(s) in 0.09s
[INFO] [stderr]      Running unittests src/lib.rs (/opt/rustwide/target/debug/deps/rit-4d96ec038831c097)
[INFO] [stdout] 
[INFO] [stdout] running 17 tests
[INFO] [stdout] test diff::myers::tests::test_an_edit ... ok
[INFO] [stdout] test diff::myers::tests::test_lopsided_diff ... ok
[INFO] [stdout] test diff::myers::tests::test_one_edit ... ok
[INFO] [stdout] test diff::myers::tests::test_shortest_edit ... ok
[INFO] [stdout] test diff::myers_graph::tests::test_insert_empty ... ok
[INFO] [stdout] test index::tests::test_replace_deep_file_with_dir ... ok
[INFO] [stdout] test diff::myers_graph::tests::test_mg_index ... ok
[INFO] [stdout] test index::tests::test_replace_dir_with_file ... ok
[INFO] [stdout] test index::tests::test_replace_dir_with_file_recursively ... ok
[INFO] [stdout] test revision::test::parse_double_parent ... ok
[INFO] [stdout] test diff::myers::tests::test_diff ... ok
[INFO] [stdout] test diff::myers::tests::test_no_edit ... ok
[INFO] [stdout] test revision::test::parse_head_ancestor ... ok
[INFO] [stdout] test revision::test::parse_head_parent ... ok
[INFO] [stdout] test revision::test::parse_hard_ancestor ... ok
[INFO] [stdout] test index::tests::test_add ... FAILED
[INFO] [stdout] test index::tests::test_replace_file_with_dir ... FAILED
[INFO] [stdout] 
[INFO] [stdout] failures:
[INFO] [stdout] 
[INFO] [stdout] ---- index::tests::test_add stdout ----
[INFO] [stdout] thread 'index::tests::test_add' panicked at src/lockfile.rs:38:14:
[INFO] [stdout] Failed to get lock file: Os { code: 17, kind: AlreadyExists, message: "File exists" }
[INFO] [stdout] stack backtrace:
[INFO] [stdout]    0:     0x5681cb2c5bca - std::backtrace_rs::backtrace::libunwind::trace::h8810477743020387
[INFO] [stdout]                                at /rustc/202008a1b8de96d2e5b6bc02d379db03a877d34d/library/std/src/../../backtrace/src/backtrace/libunwind.rs:116:5
[INFO] [stdout]    1:     0x5681cb2c5bca - std::backtrace_rs::backtrace::trace_unsynchronized::h3aa55355dd6c54a6
[INFO] [stdout]                                at /rustc/202008a1b8de96d2e5b6bc02d379db03a877d34d/library/std/src/../../backtrace/src/backtrace/mod.rs:66:5
[INFO] [stdout]    2:     0x5681cb2c5bca - std::sys::backtrace::_print_fmt::h8588b0f62410823f
[INFO] [stdout]                                at /rustc/202008a1b8de96d2e5b6bc02d379db03a877d34d/library/std/src/sys/backtrace.rs:66:9
[INFO] [stdout]    3:     0x5681cb2c5bca - <std::sys::backtrace::BacktraceLock::print::DisplayBacktrace as core::fmt::Display>::fmt::h98c26ac25ffe89bb
[INFO] [stdout]                                at /rustc/202008a1b8de96d2e5b6bc02d379db03a877d34d/library/std/src/sys/backtrace.rs:39:26
[INFO] [stdout]    4:     0x5681cb2eb8f3 - core::fmt::rt::Argument::fmt::hf95377f4aebd453b
[INFO] [stdout]                                at /rustc/202008a1b8de96d2e5b6bc02d379db03a877d34d/library/core/src/fmt/rt.rs:177:76
[INFO] [stdout]    5:     0x5681cb2eb8f3 - core::fmt::write::h0dd5f6e2238c7982
[INFO] [stdout]                                at /rustc/202008a1b8de96d2e5b6bc02d379db03a877d34d/library/core/src/fmt/mod.rs:1189:21
[INFO] [stdout]    6:     0x5681cb2c2443 - std::io::Write::write_fmt::h03bb0ca26e6faf8c
[INFO] [stdout]                                at /rustc/202008a1b8de96d2e5b6bc02d379db03a877d34d/library/std/src/io/mod.rs:1884:15
[INFO] [stdout]    7:     0x5681cb2c5a12 - std::sys::backtrace::BacktraceLock::print::h5c19c1c038ee186d
[INFO] [stdout]                                at /rustc/202008a1b8de96d2e5b6bc02d379db03a877d34d/library/std/src/sys/backtrace.rs:42:9
[INFO] [stdout]    8:     0x5681cb2c704d - std::panicking::default_hook::{{closure}}::h77172f079a1fcb13
[INFO] [stdout]                                at /rustc/202008a1b8de96d2e5b6bc02d379db03a877d34d/library/std/src/panicking.rs:268:22
[INFO] [stdout]    9:     0x5681cb2c6e57 - std::panicking::default_hook::he5f8e3b203ccddba
[INFO] [stdout]                                at /rustc/202008a1b8de96d2e5b6bc02d379db03a877d34d/library/std/src/panicking.rs:292:9
[INFO] [stdout]   10:     0x5681cb107717 - <alloc::boxed::Box<F,A> as core::ops::function::Fn<Args>>::call::h7a3c7b4a1ae77f2f
[INFO] [stdout]                                at /rustc/202008a1b8de96d2e5b6bc02d379db03a877d34d/library/alloc/src/boxed.rs:1986:9
[INFO] [stdout]   11:     0x5681cb107717 - test::test_main::{{closure}}::hf0d3b69ae9b353d1
[INFO] [stdout]                                at /rustc/202008a1b8de96d2e5b6bc02d379db03a877d34d/library/test/src/lib.rs:134:21
[INFO] [stdout]   12:     0x5681cb2c76f8 - <alloc::boxed::Box<F,A> as core::ops::function::Fn<Args>>::call::h6332e82e7b189abd
[INFO] [stdout]                                at /rustc/202008a1b8de96d2e5b6bc02d379db03a877d34d/library/alloc/src/boxed.rs:1986:9
[INFO] [stdout]   13:     0x5681cb2c76f8 - std::panicking::rust_panic_with_hook::h53863d4e9018df39
[INFO] [stdout]                                at /rustc/202008a1b8de96d2e5b6bc02d379db03a877d34d/library/std/src/panicking.rs:809:13
[INFO] [stdout]   14:     0x5681cb2c74ba - std::panicking::begin_panic_handler::{{closure}}::h67280e6fa0757873
[INFO] [stdout]                                at /rustc/202008a1b8de96d2e5b6bc02d379db03a877d34d/library/std/src/panicking.rs:674:13
[INFO] [stdout]   15:     0x5681cb2c60a9 - std::sys::backtrace::__rust_end_short_backtrace::h1dac3f54d6fbbeb2
[INFO] [stdout]                                at /rustc/202008a1b8de96d2e5b6bc02d379db03a877d34d/library/std/src/sys/backtrace.rs:170:18
[INFO] [stdout]   16:     0x5681cb2c714c - rust_begin_unwind
[INFO] [stdout]                                at /rustc/202008a1b8de96d2e5b6bc02d379db03a877d34d/library/std/src/panicking.rs:665:5
[INFO] [stdout]   17:     0x5681cb0962a0 - core::panicking::panic_fmt::h6792bd1b2bf01041
[INFO] [stdout]                                at /rustc/202008a1b8de96d2e5b6bc02d379db03a877d34d/library/core/src/panicking.rs:76:14
[INFO] [stdout]   18:     0x5681cb096726 - core::result::unwrap_failed::h05e0602ed34287c5
[INFO] [stdout]                                at /rustc/202008a1b8de96d2e5b6bc02d379db03a877d34d/library/core/src/result.rs:1699:5
[INFO] [stdout]   19:     0x5681cb0aa98d - core::result::Result<T,E>::expect::h4b4d13e42450cf86
[INFO] [stdout]                                at /rustc/202008a1b8de96d2e5b6bc02d379db03a877d34d/library/core/src/result.rs:1061:23
[INFO] [stdout]   20:     0x5681cb0ad69a - rit::lockfile::Lockfile::try_lock::hc5784a682ac0416b
[INFO] [stdout]                                at /opt/rustwide/workdir/src/lockfile.rs:34:20
[INFO] [stdout]   21:     0x5681cb0c87b4 - rit::index::Index::new::he4de28fb906f72dc
[INFO] [stdout]                                at /opt/rustwide/workdir/src/index.rs:26:20
[INFO] [stdout]   22:     0x5681cb0c9ad1 - rit::index::tests::test_add::hc1fa0df27152d8a6
[INFO] [stdout]                                at /opt/rustwide/workdir/src/index.rs:282:25
[INFO] [stdout]   23:     0x5681cb0c9a77 - rit::index::tests::test_add::{{closure}}::h548b70ef28e5843f
[INFO] [stdout]                                at /opt/rustwide/workdir/src/index.rs:281:18
[INFO] [stdout]   24:     0x5681cb0b8776 - core::ops::function::FnOnce::call_once::h4f62ec4cc3a45c42
[INFO] [stdout]                                at /rustc/202008a1b8de96d2e5b6bc02d379db03a877d34d/library/core/src/ops/function.rs:250:5
[INFO] [stdout]   25:     0x5681cb10c23b - core::ops::function::FnOnce::call_once::h871bf86719ec9aa4
[INFO] [stdout]                                at /rustc/202008a1b8de96d2e5b6bc02d379db03a877d34d/library/core/src/ops/function.rs:250:5
[INFO] [stdout]   26:     0x5681cb10c23b - test::__rust_begin_short_backtrace::h2167df1e2b7d76fd
[INFO] [stdout]                                at /rustc/202008a1b8de96d2e5b6bc02d379db03a877d34d/library/test/src/lib.rs:632:18
[INFO] [stdout]   27:     0x5681cb10bc28 - test::run_test_in_process::{{closure}}::h15d92f75a3adfb79
[INFO] [stdout]                                at /rustc/202008a1b8de96d2e5b6bc02d379db03a877d34d/library/test/src/lib.rs:655:60
[INFO] [stdout]   28:     0x5681cb10bc28 - <core::panic::unwind_safe::AssertUnwindSafe<F> as core::ops::function::FnOnce<()>>::call_once::hb6c8955835a8dbbb
[INFO] [stdout]                                at /rustc/202008a1b8de96d2e5b6bc02d379db03a877d34d/library/core/src/panic/unwind_safe.rs:272:9
[INFO] [stdout]   29:     0x5681cb10bc28 - std::panicking::try::do_call::hc79d0fc888a0bd30
[INFO] [stdout]                                at /rustc/202008a1b8de96d2e5b6bc02d379db03a877d34d/library/std/src/panicking.rs:557:40
[INFO] [stdout]   30:     0x5681cb10bc28 - std::panicking::try::hb8a7878e3a8589d6
[INFO] [stdout]                                at /rustc/202008a1b8de96d2e5b6bc02d379db03a877d34d/library/std/src/panicking.rs:520:19
[INFO] [stdout]   31:     0x5681cb10bc28 - std::panic::catch_unwind::hb8e4600ff0ff5cfa
[INFO] [stdout]                                at /rustc/202008a1b8de96d2e5b6bc02d379db03a877d34d/library/std/src/panic.rs:358:14
[INFO] [stdout]   32:     0x5681cb10bc28 - test::run_test_in_process::hc2900b0b18688dd6
[INFO] [stdout]                                at /rustc/202008a1b8de96d2e5b6bc02d379db03a877d34d/library/test/src/lib.rs:655:27
[INFO] [stdout]   33:     0x5681cb10bc28 - test::run_test::{{closure}}::hac2a9cb07be3d48d
[INFO] [stdout]                                at /rustc/202008a1b8de96d2e5b6bc02d379db03a877d34d/library/test/src/lib.rs:576:43
[INFO] [stdout]   34:     0x5681cb0cf6ca - test::run_test::{{closure}}::h4a5b729e66a38cd8
[INFO] [stdout]                                at /rustc/202008a1b8de96d2e5b6bc02d379db03a877d34d/library/test/src/lib.rs:606:41
[INFO] [stdout]   35:     0x5681cb0cf6ca - std::sys::backtrace::__rust_begin_short_backtrace::h0496fb742492f573
[INFO] [stdout]                                at /rustc/202008a1b8de96d2e5b6bc02d379db03a877d34d/library/std/src/sys/backtrace.rs:154:18
[INFO] [stdout]   36:     0x5681cb0d3044 - std::thread::Builder::spawn_unchecked_::{{closure}}::{{closure}}::hbb6d257c550a54bd
[INFO] [stdout]                                at /rustc/202008a1b8de96d2e5b6bc02d379db03a877d34d/library/std/src/thread/mod.rs:561:17
[INFO] [stdout]   37:     0x5681cb0d3044 - <core::panic::unwind_safe::AssertUnwindSafe<F> as core::ops::function::FnOnce<()>>::call_once::h46696fe4a6832328
[INFO] [stdout]                                at /rustc/202008a1b8de96d2e5b6bc02d379db03a877d34d/library/core/src/panic/unwind_safe.rs:272:9
[INFO] [stdout]   38:     0x5681cb0d3044 - std::panicking::try::do_call::h2625a51b667bfb64
[INFO] [stdout]                                at /rustc/202008a1b8de96d2e5b6bc02d379db03a877d34d/library/std/src/panicking.rs:557:40
[INFO] [stdout]   39:     0x5681cb0d3044 - std::panicking::try::hb956a59a1973aa4c
[INFO] [stdout]                                at /rustc/202008a1b8de96d2e5b6bc02d379db03a877d34d/library/std/src/panicking.rs:520:19
[INFO] [stdout]   40:     0x5681cb0d3044 - std::panic::catch_unwind::h64f3b9d1067ef6a0
[INFO] [stdout]                                at /rustc/202008a1b8de96d2e5b6bc02d379db03a877d34d/library/std/src/panic.rs:358:14
[INFO] [stdout]   41:     0x5681cb0d3044 - std::thread::Builder::spawn_unchecked_::{{closure}}::h42b2841295b6c0b2
[INFO] [stdout]                                at /rustc/202008a1b8de96d2e5b6bc02d379db03a877d34d/library/std/src/thread/mod.rs:559:30
[INFO] [stdout]   42:     0x5681cb0d3044 - core::ops::function::FnOnce::call_once{{vtable.shim}}::h6127de71b8124639
[INFO] [stdout]                                at /rustc/202008a1b8de96d2e5b6bc02d379db03a877d34d/library/core/src/ops/function.rs:250:5
[INFO] [stdout]   43:     0x5681cb2cb7bb - <alloc::boxed::Box<F,A> as core::ops::function::FnOnce<Args>>::call_once::h42f0ba71002a1b2c
[INFO] [stdout]                                at /rustc/202008a1b8de96d2e5b6bc02d379db03a877d34d/library/alloc/src/boxed.rs:1972:9
[INFO] [stdout]   44:     0x5681cb2cb7bb - <alloc::boxed::Box<F,A> as core::ops::function::FnOnce<Args>>::call_once::had9e47d7a3dcecb8
[INFO] [stdout]                                at /rustc/202008a1b8de96d2e5b6bc02d379db03a877d34d/library/alloc/src/boxed.rs:1972:9
[INFO] [stdout]   45:     0x5681cb2cb7bb - std::sys::pal::unix::thread::Thread::new::thread_start::h48cf765408f6f5f2
[INFO] [stdout]                                at /rustc/202008a1b8de96d2e5b6bc02d379db03a877d34d/library/std/src/sys/pal/unix/thread.rs:105:17
[INFO] [stdout]   46:     0x7c6e0039eac3 - <unknown>
[INFO] [stdout]   47:     0x7c6e0042fa04 - clone
[INFO] [stdout]   48:                0x0 - <unknown>
[INFO] [stdout] 
[INFO] [stdout] ---- index::tests::test_replace_file_with_dir stdout ----
[INFO] [stdout] thread 'index::tests::test_replace_file_with_dir' panicked at src/lockfile.rs:38:14:
[INFO] [stdout] Failed to get lock file: Os { code: 17, kind: AlreadyExists, message: "File exists" }
[INFO] [stdout] stack backtrace:
[INFO] [stdout]    0:     0x5681cb2c5bca - std::backtrace_rs::backtrace::libunwind::trace::h8810477743020387
[INFO] [stdout]                                at /rustc/202008a1b8de96d2e5b6bc02d379db03a877d34d/library/std/src/../../backtrace/src/backtrace/libunwind.rs:116:5
[INFO] [stdout]    1:     0x5681cb2c5bca - std::backtrace_rs::backtrace::trace_unsynchronized::h3aa55355dd6c54a6
[INFO] [stdout]                                at /rustc/202008a1b8de96d2e5b6bc02d379db03a877d34d/library/std/src/../../backtrace/src/backtrace/mod.rs:66:5
[INFO] [stdout]    2:     0x5681cb2c5bca - std::sys::backtrace::_print_fmt::h8588b0f62410823f
[INFO] [stdout]                                at /rustc/202008a1b8de96d2e5b6bc02d379db03a877d34d/library/std/src/sys/backtrace.rs:66:9
[INFO] [stdout]    3:     0x5681cb2c5bca - <std::sys::backtrace::BacktraceLock::print::DisplayBacktrace as core::fmt::Display>::fmt::h98c26ac25ffe89bb
[INFO] [stdout]                                at /rustc/202008a1b8de96d2e5b6bc02d379db03a877d34d/library/std/src/sys/backtrace.rs:39:26
[INFO] [stdout]    4:     0x5681cb2eb8f3 - core::fmt::rt::Argument::fmt::hf95377f4aebd453b
[INFO] [stdout]                                at /rustc/202008a1b8de96d2e5b6bc02d379db03a877d34d/library/core/src/fmt/rt.rs:177:76
[INFO] [stdout]    5:     0x5681cb2eb8f3 - core::fmt::write::h0dd5f6e2238c7982
[INFO] [stdout]                                at /rustc/202008a1b8de96d2e5b6bc02d379db03a877d34d/library/core/src/fmt/mod.rs:1189:21
[INFO] [stdout]    6:     0x5681cb2c2443 - std::io::Write::write_fmt::h03bb0ca26e6faf8c
[INFO] [stdout]                                at /rustc/202008a1b8de96d2e5b6bc02d379db03a877d34d/library/std/src/io/mod.rs:1884:15
[INFO] [stdout]    7:     0x5681cb2c5a12 - std::sys::backtrace::BacktraceLock::print::h5c19c1c038ee186d
[INFO] [stdout]                                at /rustc/202008a1b8de96d2e5b6bc02d379db03a877d34d/library/std/src/sys/backtrace.rs:42:9
[INFO] [stdout]    8:     0x5681cb2c704d - std::panicking::default_hook::{{closure}}::h77172f079a1fcb13
[INFO] [stdout]                                at /rustc/202008a1b8de96d2e5b6bc02d379db03a877d34d/library/std/src/panicking.rs:268:22
[INFO] [stdout]    9:     0x5681cb2c6e57 - std::panicking::default_hook::he5f8e3b203ccddba
[INFO] [stdout]                                at /rustc/202008a1b8de96d2e5b6bc02d379db03a877d34d/library/std/src/panicking.rs:292:9
[INFO] [stdout]   10:     0x5681cb107717 - <alloc::boxed::Box<F,A> as core::ops::function::Fn<Args>>::call::h7a3c7b4a1ae77f2f
[INFO] [stdout]                                at /rustc/202008a1b8de96d2e5b6bc02d379db03a877d34d/library/alloc/src/boxed.rs:1986:9
[INFO] [stdout]   11:     0x5681cb107717 - test::test_main::{{closure}}::hf0d3b69ae9b353d1
[INFO] [stdout]                                at /rustc/202008a1b8de96d2e5b6bc02d379db03a877d34d/library/test/src/lib.rs:134:21
[INFO] [stdout]   12:     0x5681cb2c76f8 - <alloc::boxed::Box<F,A> as core::ops::function::Fn<Args>>::call::h6332e82e7b189abd
[INFO] [stdout]                                at /rustc/202008a1b8de96d2e5b6bc02d379db03a877d34d/library/alloc/src/boxed.rs:1986:9
[INFO] [stdout]   13:     0x5681cb2c76f8 - std::panicking::rust_panic_with_hook::h53863d4e9018df39
[INFO] [stdout]                                at /rustc/202008a1b8de96d2e5b6bc02d379db03a877d34d/library/std/src/panicking.rs:809:13
[INFO] [stdout]   14:     0x5681cb2c74ba - std::panicking::begin_panic_handler::{{closure}}::h67280e6fa0757873
[INFO] [stdout]                                at /rustc/202008a1b8de96d2e5b6bc02d379db03a877d34d/library/std/src/panicking.rs:674:13
[INFO] [stdout]   15:     0x5681cb2c60a9 - std::sys::backtrace::__rust_end_short_backtrace::h1dac3f54d6fbbeb2
[INFO] [stdout]                                at /rustc/202008a1b8de96d2e5b6bc02d379db03a877d34d/library/std/src/sys/backtrace.rs:170:18
[INFO] [stdout]   16:     0x5681cb2c714c - rust_begin_unwind
[INFO] [stdout]                                at /rustc/202008a1b8de96d2e5b6bc02d379db03a877d34d/library/std/src/panicking.rs:665:5
[INFO] [stdout]   17:     0x5681cb0962a0 - core::panicking::panic_fmt::h6792bd1b2bf01041
[INFO] [stdout]                                at /rustc/202008a1b8de96d2e5b6bc02d379db03a877d34d/library/core/src/panicking.rs:76:14
[INFO] [stdout]   18:     0x5681cb096726 - core::result::unwrap_failed::h05e0602ed34287c5
[INFO] [stdout]                                at /rustc/202008a1b8de96d2e5b6bc02d379db03a877d34d/library/core/src/result.rs:1699:5
[INFO] [stdout]   19:     0x5681cb0aa98d - core::result::Result<T,E>::expect::h4b4d13e42450cf86
[INFO] [stdout]                                at /rustc/202008a1b8de96d2e5b6bc02d379db03a877d34d/library/core/src/result.rs:1061:23
[INFO] [stdout]   20:     0x5681cb0ad69a - rit::lockfile::Lockfile::try_lock::hc5784a682ac0416b
[INFO] [stdout]                                at /opt/rustwide/workdir/src/lockfile.rs:34:20
[INFO] [stdout]   21:     0x5681cb0c87b4 - rit::index::Index::new::he4de28fb906f72dc
[INFO] [stdout]                                at /opt/rustwide/workdir/src/index.rs:26:20
[INFO] [stdout]   22:     0x5681cb0c9fe1 - rit::index::tests::test_replace_file_with_dir::h218e84175f3fe5e1
[INFO] [stdout]                                at /opt/rustwide/workdir/src/index.rs:292:25
[INFO] [stdout]   23:     0x5681cb0c9f87 - rit::index::tests::test_replace_file_with_dir::{{closure}}::hc931f92352db7e3b
[INFO] [stdout]                                at /opt/rustwide/workdir/src/index.rs:291:36
[INFO] [stdout]   24:     0x5681cb0b88b6 - core::ops::function::FnOnce::call_once::h6f0dc456bdf46055
[INFO] [stdout]                                at /rustc/202008a1b8de96d2e5b6bc02d379db03a877d34d/library/core/src/ops/function.rs:250:5
[INFO] [stdout]   25:     0x5681cb10c23b - core::ops::function::FnOnce::call_once::h871bf86719ec9aa4
[INFO] [stdout]                                at /rustc/202008a1b8de96d2e5b6bc02d379db03a877d34d/library/core/src/ops/function.rs:250:5
[INFO] [stdout]   26:     0x5681cb10c23b - test::__rust_begin_short_backtrace::h2167df1e2b7d76fd
[INFO] [stdout]                                at /rustc/202008a1b8de96d2e5b6bc02d379db03a877d34d/library/test/src/lib.rs:632:18
[INFO] [stdout]   27:     0x5681cb10bc28 - test::run_test_in_process::{{closure}}::h15d92f75a3adfb79
[INFO] [stdout]                                at /rustc/202008a1b8de96d2e5b6bc02d379db03a877d34d/library/test/src/lib.rs:655:60
[INFO] [stdout]   28:     0x5681cb10bc28 - <core::panic::unwind_safe::AssertUnwindSafe<F> as core::ops::function::FnOnce<()>>::call_once::hb6c8955835a8dbbb
[INFO] [stdout]                                at /rustc/202008a1b8de96d2e5b6bc02d379db03a877d34d/library/core/src/panic/unwind_safe.rs:272:9
[INFO] [stdout]   29:     0x5681cb10bc28 - std::panicking::try::do_call::hc79d0fc888a0bd30
[INFO] [stdout]                                at /rustc/202008a1b8de96d2e5b6bc02d379db03a877d34d/library/std/src/panicking.rs:557:40
[INFO] [stdout]   30:     0x5681cb10bc28 - std::panicking::try::hb8a7878e3a8589d6
[INFO] [stdout]                                at /rustc/202008a1b8de96d2e5b6bc02d379db03a877d34d/library/std/src/panicking.rs:520:19
[INFO] [stdout]   31:     0x5681cb10bc28 - std::panic::catch_unwind::hb8e4600ff0ff5cfa
[INFO] [stdout]                                at /rustc/202008a1b8de96d2e5b6bc02d379db03a877d34d/library/std/src/panic.rs:358:14
[INFO] [stdout]   32:     0x5681cb10bc28 - test::run_test_in_process::hc2900b0b18688dd6
[INFO] [stdout]                                at /rustc/202008a1b8de96d2e5b6bc02d379db03a877d34d/library/test/src/lib.rs:655:27
[INFO] [stdout]   33:     0x5681cb10bc28 - test::run_test::{{closure}}::hac2a9cb07be3d48d
[INFO] [stdout]                                at /rustc/202008a1b8de96d2e5b6bc02d379db03a877d34d/library/test/src/lib.rs:576:43
[INFO] [stdout]   34:     0x5681cb0cf6ca - test::run_test::{{closure}}::h4a5b729e66a38cd8
[INFO] [stdout]                                at /rustc/202008a1b8de96d2e5b6bc02d379db03a877d34d/library/test/src/lib.rs:606:41
[INFO] [stdout]   35:     0x5681cb0cf6ca - std::sys::backtrace::__rust_begin_short_backtrace::h0496fb742492f573
[INFO] [stdout]                                at /rustc/202008a1b8de96d2e5b6bc02d379db03a877d34d/library/std/src/sys/backtrace.rs:154:18
[INFO] [stdout]   36:     0x5681cb0d3044 - std::thread::Builder::spawn_unchecked_::{{closure}}::{{closure}}::hbb6d257c550a54bd
[INFO] [stdout]                                at /rustc/202008a1b8de96d2e5b6bc02d379db03a877d34d/library/std/src/thread/mod.rs:561:17
[INFO] [stdout]   37:     0x5681cb0d3044 - <core::panic::unwind_safe::AssertUnwindSafe<F> as core::ops::function::FnOnce<()>>::call_once::h46696fe4a6832328
[INFO] [stdout]                                at /rustc/202008a1b8de96d2e5b6bc02d379db03a877d34d/library/core/src/panic/unwind_safe.rs:272:9
[INFO] [stdout]   38:     0x5681cb0d3044 - std::panicking::try::do_call::h2625a51b667bfb64
[INFO] [stdout]                                at /rustc/202008a1b8de96d2e5b6bc02d379db03a877d34d/library/std/src/panicking.rs:557:40
[INFO] [stdout]   39:     0x5681cb0d3044 - std::panicking::try::hb956a59a1973aa4c
[INFO] [stdout]                                at /rustc/202008a1b8de96d2e5b6bc02d379db03a877d34d/library/std/src/panicking.rs:520:19
[INFO] [stdout]   40:     0x5681cb0d3044 - std::panic::catch_unwind::h64f3b9d1067ef6a0
[INFO] [stdout]                                at /rustc/202008a1b8de96d2e5b6bc02d379db03a877d34d/library/std/src/panic.rs:358:14
[INFO] [stdout]   41:     0x5681cb0d3044 - std::thread::Builder::spawn_unchecked_::{{closure}}::h42b2841295b6c0b2
[INFO] [stdout]                                at /rustc/202008a1b8de96d2e5b6bc02d379db03a877d34d/library/std/src/thread/mod.rs:559:30
[INFO] [stdout]   42:     0x5681cb0d3044 - core::ops::function::FnOnce::call_once{{vtable.shim}}::h6127de71b8124639
[INFO] [stdout]                                at /rustc/202008a1b8de96d2e5b6bc02d379db03a877d34d/library/core/src/ops/function.rs:250:5
[INFO] [stdout]   43:     0x5681cb2cb7bb - <alloc::boxed::Box<F,A> as core::ops::function::FnOnce<Args>>::call_once::h42f0ba71002a1b2c
[INFO] [stdout]                                at /rustc/202008a1b8de96d2e5b6bc02d379db03a877d34d/library/alloc/src/boxed.rs:1972:9
[INFO] [stdout]   44:     0x5681cb2cb7bb - <alloc::boxed::Box<F,A> as core::ops::function::FnOnce<Args>>::call_once::had9e47d7a3dcecb8
[INFO] [stdout]                                at /rustc/202008a1b8de96d2e5b6bc02d379db03a877d34d/library/alloc/src/boxed.rs:1972:9
[INFO] [stdout]   45:     0x5681cb2cb7bb - std::sys::pal::unix::thread::Thread::new::thread_start::h48cf765408f6f5f2
[INFO] [stdout]                                at /rustc/202008a1b8de96d2e5b6bc02d379db03a877d34d/library/std/src/sys/pal/unix/thread.rs:105:17
[INFO] [stdout]   46:     0x7c6e0039eac3 - <unknown>
[INFO] [stdout]   47:     0x7c6e0042fa04 - clone
[INFO] [stdout]   48:                0x0 - <unknown>
[INFO] [stdout] 
[INFO] [stdout] 
[INFO] [stdout] failures:
[INFO] [stdout]     index::tests::test_add
[INFO] [stdout]     index::tests::test_replace_file_with_dir
[INFO] [stdout] 
[INFO] [stdout] test result: FAILED. 15 passed; 2 failed; 0 ignored; 0 measured; 0 filtered out; finished in 0.04s
[INFO] [stdout] 
[INFO] [stderr] error: test failed, to rerun pass `--lib`
[INFO] running `Command { std: "docker" "inspect" "1f0e72c8d49795bf809f28d443ee8b4bf6d8ad87307bbdd37a11cfa5bd666298", kill_on_drop: false }`
[INFO] running `Command { std: "docker" "rm" "-f" "1f0e72c8d49795bf809f28d443ee8b4bf6d8ad87307bbdd37a11cfa5bd666298", kill_on_drop: false }`
[INFO] [stdout] 1f0e72c8d49795bf809f28d443ee8b4bf6d8ad87307bbdd37a11cfa5bd666298
