[INFO] cloning repository https://github.com/thlorenz/batufo-bevy
[INFO] running `Command { std: "git" "-c" "credential.helper=" "-c" "credential.helper=/workspace/cargo-home/bin/git-credential-null" "clone" "--bare" "https://github.com/thlorenz/batufo-bevy" "/workspace/cache/git-repos/https%3A%2F%2Fgithub.com%2Fthlorenz%2Fbatufo-bevy", kill_on_drop: false }`
[INFO] [stderr] Cloning into bare repository '/workspace/cache/git-repos/https%3A%2F%2Fgithub.com%2Fthlorenz%2Fbatufo-bevy'...
[INFO] running `Command { std: "git" "rev-parse" "HEAD", kill_on_drop: false }`
[INFO] [stdout] f58d96ad806aa9cf392a8a9c748ce947d649aea3
[INFO] testing thlorenz/batufo-bevy against 1.83.0 for beta-1.84.0-4-retry
[INFO] running `Command { std: "git" "clone" "/workspace/cache/git-repos/https%3A%2F%2Fgithub.com%2Fthlorenz%2Fbatufo-bevy" "/workspace/builds/worker-1-tc1/source", kill_on_drop: false }`
[INFO] [stderr] Cloning into '/workspace/builds/worker-1-tc1/source'...
[INFO] [stderr] done.
[INFO] validating manifest of git repo https://github.com/thlorenz/batufo-bevy on toolchain 1.83.0
[INFO] running `Command { std: CARGO_HOME="/workspace/cargo-home" RUSTUP_HOME="/workspace/rustup-home" "/workspace/cargo-home/bin/cargo" "+1.83.0" "metadata" "--manifest-path" "Cargo.toml" "--no-deps", kill_on_drop: false }`
[INFO] removed /workspace/builds/worker-1-tc1/source/.cargo/config.toml
[INFO] started tweaking git repo https://github.com/thlorenz/batufo-bevy
[INFO] finished tweaking git repo https://github.com/thlorenz/batufo-bevy
[INFO] tweaked toml for git repo https://github.com/thlorenz/batufo-bevy written to /workspace/builds/worker-1-tc1/source/Cargo.toml
[INFO] crate git repo https://github.com/thlorenz/batufo-bevy already has a lockfile, it will not be regenerated
[INFO] running `Command { std: CARGO_HOME="/workspace/cargo-home" RUSTUP_HOME="/workspace/rustup-home" "/workspace/cargo-home/bin/cargo" "+1.83.0" "fetch" "--manifest-path" "Cargo.toml", kill_on_drop: false }`
[INFO] [stderr]     Updating git repository `https://github.com/thlorenz/crisscross`
[INFO] [stderr]  Downloading crates ...
[INFO] [stderr]   Downloaded pathfinding v2.1.1
[INFO] [stderr]   Downloaded alsa-sys v0.3.0
[INFO] [stderr]   Downloaded ab_glyph v0.2.6
[INFO] [stderr]   Downloaded fetch_unroll v0.2.1
[INFO] [stderr]   Downloaded owned_ttf_parser v0.8.0
[INFO] [stderr]   Downloaded ahash v0.6.1
[INFO] [stderr]   Downloaded find-crate v0.6.1
[INFO] [stderr]   Downloaded glam v0.11.2
[INFO] [stderr]   Downloaded combine v4.4.0
[INFO] [stderr]   Downloaded ttf-parser v0.8.3
[INFO] [stderr]   Downloaded spirv_cross v0.22.1
[INFO] running `Command { std: "docker" "create" "-v" "/var/lib/crater-agent-workspace/builds/worker-1-tc1/target:/opt/rustwide/target:rw,Z" "-v" "/var/lib/crater-agent-workspace/builds/worker-1-tc1/source:/opt/rustwide/workdir:ro,Z" "-v" "/var/lib/crater-agent-workspace/cargo-home:/opt/rustwide/cargo-home:ro,Z" "-v" "/var/lib/crater-agent-workspace/rustup-home:/opt/rustwide/rustup-home:ro,Z" "-e" "SOURCE_DIR=/opt/rustwide/workdir" "-e" "CARGO_TARGET_DIR=/opt/rustwide/target" "-e" "CARGO_HOME=/opt/rustwide/cargo-home" "-e" "RUSTUP_HOME=/opt/rustwide/rustup-home" "-w" "/opt/rustwide/workdir" "-m" "1610612736" "--user" "0:0" "--network" "none" "ghcr.io/rust-lang/crates-build-env/linux@sha256:f3a9d4ad9d972b27faf3965f35b62e55ba32bbce8f20bc8fe909558a86702fde" "/opt/rustwide/cargo-home/bin/cargo" "+1.83.0" "metadata" "--no-deps" "--format-version=1", kill_on_drop: false }`
[INFO] [stdout] 46e4d1825c046087f338020d3ff59d9499883126135f3baa0521637956579c35
[INFO] running `Command { std: "docker" "start" "-a" "46e4d1825c046087f338020d3ff59d9499883126135f3baa0521637956579c35", kill_on_drop: false }`
[INFO] running `Command { std: "docker" "inspect" "46e4d1825c046087f338020d3ff59d9499883126135f3baa0521637956579c35", kill_on_drop: false }`
[INFO] running `Command { std: "docker" "rm" "-f" "46e4d1825c046087f338020d3ff59d9499883126135f3baa0521637956579c35", kill_on_drop: false }`
[INFO] [stdout] 46e4d1825c046087f338020d3ff59d9499883126135f3baa0521637956579c35
[INFO] running `Command { std: "docker" "create" "-v" "/var/lib/crater-agent-workspace/builds/worker-1-tc1/target:/opt/rustwide/target:rw,Z" "-v" "/var/lib/crater-agent-workspace/builds/worker-1-tc1/source:/opt/rustwide/workdir:ro,Z" "-v" "/var/lib/crater-agent-workspace/cargo-home:/opt/rustwide/cargo-home:ro,Z" "-v" "/var/lib/crater-agent-workspace/rustup-home:/opt/rustwide/rustup-home:ro,Z" "-e" "SOURCE_DIR=/opt/rustwide/workdir" "-e" "CARGO_TARGET_DIR=/opt/rustwide/target" "-e" "CARGO_INCREMENTAL=0" "-e" "RUST_BACKTRACE=full" "-e" "RUSTFLAGS=--cap-lints=warn" "-e" "RUSTDOCFLAGS=--cap-lints=warn" "-e" "CARGO_HOME=/opt/rustwide/cargo-home" "-e" "RUSTUP_HOME=/opt/rustwide/rustup-home" "-w" "/opt/rustwide/workdir" "-m" "1610612736" "--user" "0:0" "--network" "none" "ghcr.io/rust-lang/crates-build-env/linux@sha256:f3a9d4ad9d972b27faf3965f35b62e55ba32bbce8f20bc8fe909558a86702fde" "/opt/rustwide/cargo-home/bin/cargo" "+1.83.0" "build" "--frozen" "--message-format=json", kill_on_drop: false }`
[INFO] [stdout] b70608ec558d9cbc9f61bd5da8327f922633005741858240aa628ea3f96087f2
[INFO] running `Command { std: "docker" "start" "-a" "b70608ec558d9cbc9f61bd5da8327f922633005741858240aa628ea3f96087f2", kill_on_drop: false }`
[INFO] [stderr]    Compiling libc v0.2.80
[INFO] [stderr]    Compiling proc-macro2 v1.0.24
[INFO] [stderr]    Compiling unicode-xid v0.2.1
[INFO] [stderr]    Compiling syn v1.0.53
[INFO] [stderr]    Compiling cfg-if v0.1.10
[INFO] [stderr]    Compiling serde v1.0.118
[INFO] [stderr]    Compiling serde_derive v1.0.118
[INFO] [stderr]    Compiling bitflags v1.2.1
[INFO] [stderr]    Compiling lazy_static v1.4.0
[INFO] [stderr]    Compiling autocfg v1.0.1
[INFO] [stderr]    Compiling cfg-if v1.0.0
[INFO] [stderr]    Compiling getrandom v0.1.15
[INFO] [stderr]    Compiling memchr v2.3.4
[INFO] [stderr]    Compiling futures-core v0.3.8
[INFO] [stderr]    Compiling version_check v0.9.2
[INFO] [stderr]    Compiling instant v0.1.9
[INFO] [stderr]    Compiling tracing-core v0.1.17
[INFO] [stderr]    Compiling once_cell v1.5.2
[INFO] [stderr]    Compiling futures-io v0.3.8
[INFO] [stderr]    Compiling log v0.4.11
[INFO] [stderr]    Compiling ppv-lite86 v0.2.10
[INFO] [stderr]    Compiling quote v1.0.7
[INFO] [stderr]    Compiling scopeguard v1.1.0
[INFO] [stderr]    Compiling pin-project-lite v0.2.0
[INFO] [stderr]    Compiling lock_api v0.4.2
[INFO] [stderr]    Compiling getrandom v0.2.0
[INFO] [stderr]    Compiling cache-padded v1.1.1
[INFO] [stderr]    Compiling ahash v0.6.1
[INFO] [stderr]    Compiling concurrent-queue v1.2.2
[INFO] [stderr]    Compiling num-traits v0.2.14
[INFO] [stderr]    Compiling waker-fn v1.1.0
[INFO] [stderr]    Compiling fastrand v1.4.0
[INFO] [stderr]    Compiling parking v2.0.0
[INFO] [stderr]    Compiling pin-project-lite v0.1.11
[INFO] [stderr]    Compiling vec-arena v1.0.0
[INFO] [stderr]    Compiling futures-lite v1.11.2
[INFO] [stderr]    Compiling rand_core v0.5.1
[INFO] [stderr]    Compiling async-task v4.0.3
[INFO] [stderr]    Compiling event-listener v2.5.1
[INFO] [stderr]    Compiling pkg-config v0.3.19
[INFO] [stderr]    Compiling async-channel v1.5.1
[INFO] [stderr]    Compiling rand_chacha v0.2.2
[INFO] [stderr]    Compiling rand v0.7.3
[INFO] [stderr]    Compiling num_cpus v1.13.0
[INFO] [stderr]    Compiling fixedbitset v0.3.1
[INFO] [stderr]    Compiling byteorder v1.3.4
[INFO] [stderr]    Compiling downcast-rs v1.2.0
[INFO] [stderr]    Compiling async-executor v1.4.0
[INFO] [stderr]    Compiling Inflector v0.11.4
[INFO] [stderr]    Compiling bevy_tasks v0.4.0
[INFO] [stderr]    Compiling glam v0.11.2
[INFO] [stderr]    Compiling slab v0.4.2
[INFO] [stderr]    Compiling jobserver v0.1.21
[INFO] [stderr]    Compiling maybe-uninit v2.0.0
[INFO] [stderr]    Compiling iovec v0.1.4
[INFO] [stderr]    Compiling net2 v0.2.36
[INFO] [stderr]    Compiling cc v1.0.66
[INFO] [stderr]    Compiling num-integer v0.1.44
[INFO] [stderr]    Compiling crossbeam-utils v0.7.2
[INFO] [stderr]    Compiling lazycell v1.3.0
[INFO] [stderr]    Compiling mio v0.6.23
[INFO] [stderr]    Compiling inotify-sys v0.1.4
[INFO] [stderr]    Compiling same-file v1.0.6
[INFO] [stderr]    Compiling anyhow v1.0.34
[INFO] [stderr]    Compiling mio-extras v2.0.6
[INFO] [stderr]    Compiling walkdir v2.3.1
[INFO] [stderr]    Compiling crossbeam-channel v0.4.4
[INFO] [stderr]    Compiling inotify v0.8.3
[INFO] [stderr]    Compiling spirv_headers v1.5.0
[INFO] [stderr]    Compiling filetime v0.2.13
[INFO] [stderr]    Compiling adler32 v1.2.0
[INFO] [stderr]    Compiling anymap v0.12.1
[INFO] [stderr]    Compiling crc32fast v1.2.1
[INFO] [stderr]    Compiling base64 v0.12.3
[INFO] [stderr]    Compiling notify v5.0.0-pre.4
[INFO] [stderr]    Compiling raw-window-handle v0.3.3
[INFO] [stderr]    Compiling num-iter v0.1.42
[INFO] [stderr]    Compiling num-rational v0.3.2
[INFO] [stderr]    Compiling deflate v0.8.6
[INFO] [stderr]    Compiling miniz_oxide v0.3.7
[INFO] [stderr]    Compiling spirv-reflect v0.2.3
[INFO] [stderr]    Compiling bevy-glsl-to-spirv v0.2.1
[INFO] [stderr]    Compiling bytemuck v1.4.1
[INFO] [stderr]    Compiling png v0.16.7
[INFO] [stderr]    Compiling proc-macro-hack v0.5.19
[INFO] [stderr]    Compiling color_quant v1.1.0
[INFO] [stderr]    Compiling ryu v1.0.5
[INFO] [stderr]    Compiling scoped_threadpool v0.1.9
[INFO] [stderr]    Compiling image v0.23.12
[INFO] [stderr]    Compiling gfx-hal v0.6.0
[INFO] [stderr]    Compiling thiserror-impl v1.0.22
[INFO] [stderr]    Compiling tracing-attributes v0.1.11
[INFO] [stderr]    Compiling serde_json v1.0.60
[INFO] [stderr]    Compiling hex v0.4.2
[INFO] [stderr]    Compiling proc-macro-nested v0.1.6
[INFO] [stderr]    Compiling pin-project-internal v1.0.2
[INFO] [stderr]    Compiling thiserror v1.0.22
[INFO] [stderr]    Compiling tracing v0.1.22
[INFO] [stderr]    Compiling fxhash v0.2.1
[INFO] [stderr]    Compiling x11 v2.18.2
[INFO] [stderr]    Compiling alsa-sys v0.3.0
[INFO] [stderr]    Compiling libloading v0.6.6
[INFO] [stderr]    Compiling nix v0.15.0
[INFO] [stderr]    Compiling futures-sink v0.3.8
[INFO] [stderr]    Compiling itoa v0.4.6
[INFO] [stderr]    Compiling futures-channel v0.3.8
[INFO] [stderr]    Compiling futures-macro v0.3.8
[INFO] [stderr]    Compiling minimp3-sys v0.3.2
[INFO] [stderr]    Compiling libudev-sys v0.1.4
[INFO] [stderr]    Compiling x11-dl v2.18.5
[INFO] [stderr]    Compiling futures-task v0.3.8
[INFO] [stderr]    Compiling pin-project v1.0.2
[INFO] [stderr]    Compiling pin-utils v0.1.0
[INFO] [stderr]    Compiling void v1.0.2
[INFO] [stderr]    Compiling bit-vec v0.6.3
[INFO] [stderr]    Compiling arrayvec v0.5.2
[INFO] [stderr]    Compiling nix v0.18.0
[INFO] [stderr]    Compiling ttf-parser v0.8.3
[INFO] [stderr]    Compiling regex-syntax v0.6.21
[INFO] [stderr]    Compiling bit-set v0.5.2
[INFO] [stderr]    Compiling futures-util v0.3.8
[INFO] [stderr]    Compiling ash v0.31.0
[INFO] [stderr]    Compiling owned_ttf_parser v0.8.0
[INFO] [stderr]    Compiling euclid v0.22.1
[INFO] [stderr]    Compiling inplace_it v0.3.2
[INFO] [stderr]    Compiling svg_fmt v0.4.1
[INFO] [stderr]    Compiling smallvec v1.5.1
[INFO] [stderr]    Compiling uuid v0.8.1
[INFO] [stderr]    Compiling parking_lot_core v0.8.1
[INFO] [stderr]    Compiling toml v0.5.7
[INFO] [stderr]    Compiling parking_lot v0.11.1
[INFO] [stderr]    Compiling bevy_utils v0.4.0
[INFO] [stderr]    Compiling erased-serde v0.3.12
[INFO] [stderr]    Compiling ron v0.6.2
[INFO] [stderr]    Compiling find-crate v0.6.1
[INFO] [stderr]    Compiling hexasphere v3.1.0
[INFO] [stderr]    Compiling bevy_ecs_macros v0.4.0
[INFO] [stderr]    Compiling bevy_derive v0.4.0
[INFO] [stderr]    Compiling bevy_reflect_derive v0.4.0
[INFO] [stderr]    Compiling bevy_ecs v0.4.0
[INFO] [stderr]    Compiling cpal v0.13.1
[INFO] [stderr]    Compiling inflections v1.1.1
[INFO] [stderr]    Compiling libm v0.1.4
[INFO] [stderr]    Compiling ab_glyph_rasterizer v0.1.4
[INFO] [stderr]    Compiling ab_glyph v0.2.6
[INFO] [stderr]    Compiling gltf-derive v0.15.2
[INFO] [stderr]    Compiling gfx-backend-vulkan v0.6.5
[INFO] [stderr]    Compiling guillotiere v0.6.0
[INFO] [stderr]    Compiling futures-executor v0.3.8
[INFO] [stderr]    Compiling alsa v0.4.3
[INFO] [stderr]    Compiling regex-automata v0.1.9
[INFO] [stderr]    Compiling bevy_app v0.4.0
[INFO] [stderr]    Compiling gfx-memory v0.2.2
[INFO] [stderr]    Compiling bevy_reflect v0.4.0
[INFO] [stderr]    Compiling bevy_math v0.4.0
[INFO] [stderr]    Compiling bevy_asset v0.4.0
[INFO] [stderr]    Compiling bevy_window v0.4.0
[INFO] [stderr]    Compiling bevy_transform v0.4.0
[INFO] [stderr]    Compiling bevy_core v0.4.0
[INFO] [stderr]    Compiling bevy_render v0.4.0
[INFO] [stderr]    Compiling bevy_input v0.4.0
[INFO] [stderr]    Compiling gfx-descriptor v0.2.0
[INFO] [stderr]    Compiling naga v0.2.0
[INFO] [stderr]    Compiling gfx-backend-empty v0.6.0
[INFO] [stderr]    Compiling approx v0.4.0
[INFO] [stderr]    Compiling time v0.1.44
[INFO] [stderr]    Compiling slice-deque v0.3.0
[INFO] [stderr]    Compiling aho-corasick v0.7.15
[INFO] [stderr]    Compiling wgpu-types v0.6.1
[INFO] [stderr]    Compiling thread_local v1.0.1
[INFO] [stderr]    Compiling xi-unicode v0.3.0
[INFO] [stderr]    Compiling percent-encoding v2.1.0
[INFO] [stderr]    Compiling rectangle-pack v0.2.0
[INFO] [stderr]    Compiling copyless v0.1.5
[INFO] [stderr]    Compiling vec_map v0.8.2
[INFO] [stderr]    Compiling gilrs-core v0.3.0
[INFO] [stderr]    Compiling regex v1.4.2
[INFO] [stderr]    Compiling wgpu-core v0.6.5
[INFO] [stderr]    Compiling bevy_sprite v0.4.0
[INFO] [stderr]    Compiling winit v0.24.0
[INFO] [stderr]    Compiling glyph_brush_layout v0.2.1
[INFO] [stderr]    Compiling chrono v0.4.19
[INFO] [stderr]    Compiling matchers v0.0.1
[INFO] [stderr]    Compiling futures v0.3.8
[INFO] [stderr]    Compiling gltf-json v0.15.2
[INFO] [stderr]    Compiling tracing-serde v0.1.2
[INFO] [stderr]    Compiling tracing-log v0.1.1
[INFO] [stderr]    Compiling sharded-slab v0.1.0
[INFO] [stderr]    Compiling typed-arena v2.0.1
[INFO] [stderr]    Compiling fnv v1.0.7
[INFO] [stderr]    Compiling ansi_term v0.12.1
[INFO] [stderr]    Compiling gilrs v0.8.0
[INFO] [stderr]    Compiling wgpu v0.6.2
[INFO] [stderr]    Compiling tracing-subscriber v0.2.15
[INFO] [stderr]    Compiling gltf v0.15.2
[INFO] [stderr]    Compiling stretch v0.3.2
[INFO] [stderr]    Compiling bevy_winit v0.4.0
[INFO] [stderr]    Compiling bevy_text v0.4.0
[INFO] [stderr]    Compiling bevy_pbr v0.4.0
[INFO] [stderr]    Compiling bevy_diagnostic v0.4.0
[INFO] [stderr]    Compiling bevy_scene v0.4.0
[INFO] [stderr]    Compiling indexmap v1.6.0
[INFO] [stderr]    Compiling bevy_gltf v0.4.0
[INFO] [stderr]    Compiling bevy_wgpu v0.4.0
[INFO] [stderr]    Compiling bevy_ui v0.4.0
[INFO] [stderr]    Compiling bevy_log v0.4.0
[INFO] [stderr]    Compiling bevy_gilrs v0.4.0
[INFO] [stderr]    Compiling bevy_dynamic_plugin v0.4.0
[INFO] [stderr]    Compiling hashbrown v0.9.1
[INFO] [stderr]    Compiling either v1.6.1
[INFO] [stderr]    Compiling itertools v0.9.0
[INFO] [stderr]    Compiling crisscross v0.1.0 (https://github.com/thlorenz/crisscross#3b03acfb)
[INFO] [stderr]    Compiling pathfinding v2.1.1
[INFO] [stderr]    Compiling minimp3 v0.5.0
[INFO] [stderr]    Compiling rodio v0.13.0
[INFO] [stderr]    Compiling bevy_audio v0.4.0
[INFO] [stderr]    Compiling bevy_internal v0.4.0
[INFO] [stderr]    Compiling bevy v0.4.0
[INFO] [stderr]    Compiling batufo-bevy v0.1.0 (/opt/rustwide/workdir)
[INFO] [stdout] warning: unused import: `tile_state::*`
[INFO] [stdout]  --> src/ecs/resources/mod.rs:9:9
[INFO] [stdout]   |
[INFO] [stdout] 9 | pub use tile_state::*;
[INFO] [stdout]   |         ^^^^^^^^^^^^^
[INFO] [stdout]   |
[INFO] [stdout]   = note: `#[warn(unused_imports)]` on by default
[INFO] [stdout] 
[INFO] [stdout] 
[INFO] [stdout] warning: unused import: `HeroHull`
[INFO] [stdout]   --> src/plugins/player_input_plugin.rs:10:41
[INFO] [stdout]    |
[INFO] [stdout] 10 |     ecs::components::{HeadLights, Hero, HeroHull, Velocity},
[INFO] [stdout]    |                                         ^^^^^^^^
[INFO] [stdout] 
[INFO] [stdout] 
[INFO] [stdout] warning: field `name` is never read
[INFO] [stdout]  --> src/arena/levels.rs:8:9
[INFO] [stdout]   |
[INFO] [stdout] 7 | pub struct Level {
[INFO] [stdout]   |            ----- field in this struct
[INFO] [stdout] 8 |     pub name: &'static str,
[INFO] [stdout]   |         ^^^^
[INFO] [stdout]   |
[INFO] [stdout]   = note: `#[warn(dead_code)]` on by default
[INFO] [stdout] 
[INFO] [stdout] 
[INFO] [stdout] warning: field `0` is never read
[INFO] [stdout]   --> src/ecs/components.rs:20:22
[INFO] [stdout]    |
[INFO] [stdout] 20 | pub struct FloorTile(pub TilePosition);
[INFO] [stdout]    |            --------- ^^^^^^^^^^^^^^^^
[INFO] [stdout]    |            |
[INFO] [stdout]    |            field in this struct
[INFO] [stdout]    |
[INFO] [stdout]    = help: consider removing this field
[INFO] [stdout] 
[INFO] [stdout] 
[INFO] [stdout] warning: field `velocity` is never read
[INFO] [stdout]  --> src/ecs/events.rs:7:9
[INFO] [stdout]   |
[INFO] [stdout] 4 | pub struct ProjectileRequestedEvent {
[INFO] [stdout]   |            ------------------------ field in this struct
[INFO] [stdout] ...
[INFO] [stdout] 7 |     pub velocity: f32,
[INFO] [stdout]   |         ^^^^^^^^
[INFO] [stdout]   |
[INFO] [stdout]   = note: `ProjectileRequestedEvent` has a derived impl for the trait `Debug`, but this is intentionally ignored during dead code analysis
[INFO] [stdout] 
[INFO] [stdout] 
[INFO] [stdout] warning: fields `entity` and `position` are never read
[INFO] [stdout]  --> src/ecs/resources/entity_tile.rs:7:9
[INFO] [stdout]   |
[INFO] [stdout] 6 | pub struct EntityTile {
[INFO] [stdout]   |            ---------- fields in this struct
[INFO] [stdout] 7 |     pub entity: Entity,
[INFO] [stdout]   |         ^^^^^^
[INFO] [stdout] 8 |     pub position: TilePosition,
[INFO] [stdout]   |         ^^^^^^^^
[INFO] [stdout]   |
[INFO] [stdout]   = note: `EntityTile` has derived impls for the traits `Clone` and `Debug`, but these are intentionally ignored during dead code analysis
[INFO] [stdout] 
[INFO] [stdout] 
[INFO] [stdout] warning: fields `hovered_tile`, `hero_tile`, and `path_hovered_to_hero` are never read
[INFO] [stdout]  --> src/ecs/resources/tile_state.rs:7:9
[INFO] [stdout]   |
[INFO] [stdout] 6 | pub struct TileState {
[INFO] [stdout]   |            --------- fields in this struct
[INFO] [stdout] 7 |     pub hovered_tile: Option<EntityTile>,
[INFO] [stdout]   |         ^^^^^^^^^^^^
[INFO] [stdout] 8 |     pub hero_tile: Option<TilePosition>,
[INFO] [stdout]   |         ^^^^^^^^^
[INFO] [stdout] 9 |     pub path_hovered_to_hero: Option<Vec<(u32, u32)>>,
[INFO] [stdout]   |         ^^^^^^^^^^^^^^^^^^^^
[INFO] [stdout] 
[INFO] [stdout] 
[INFO] [stdout] warning: field `tile_render_size` is never read
[INFO] [stdout]   --> src/plugins/game_plugin.rs:13:9
[INFO] [stdout]    |
[INFO] [stdout] 11 | pub struct GameRender {
[INFO] [stdout]    |            ---------- field in this struct
[INFO] [stdout] 12 |     pub tile_size: u32,
[INFO] [stdout] 13 |     pub tile_render_size: f32,
[INFO] [stdout]    |         ^^^^^^^^^^^^^^^^
[INFO] [stdout] 
[INFO] [stdout] 
[INFO] [stdout] warning: fields `width`, `height`, `rows`, and `cols` are never read
[INFO] [stdout]   --> src/plugins/game_plugin.rs:17:9
[INFO] [stdout]    |
[INFO] [stdout] 16 | pub struct GameAsset {
[INFO] [stdout]    |            --------- fields in this struct
[INFO] [stdout] 17 |     pub width: f32,
[INFO] [stdout]    |         ^^^^^
[INFO] [stdout] 18 |     pub height: f32,
[INFO] [stdout]    |         ^^^^^^
[INFO] [stdout] 19 |     pub rows: usize,
[INFO] [stdout]    |         ^^^^
[INFO] [stdout] 20 |     pub cols: usize,
[INFO] [stdout]    |         ^^^^
[INFO] [stdout] 
[INFO] [stdout] 
[INFO] [stderr]     Finished `dev` profile [optimized] target(s) in 8m 32s
[INFO] running `Command { std: "docker" "inspect" "b70608ec558d9cbc9f61bd5da8327f922633005741858240aa628ea3f96087f2", kill_on_drop: false }`
[INFO] running `Command { std: "docker" "rm" "-f" "b70608ec558d9cbc9f61bd5da8327f922633005741858240aa628ea3f96087f2", kill_on_drop: false }`
[INFO] [stdout] b70608ec558d9cbc9f61bd5da8327f922633005741858240aa628ea3f96087f2
[INFO] running `Command { std: "docker" "create" "-v" "/var/lib/crater-agent-workspace/builds/worker-1-tc1/target:/opt/rustwide/target:rw,Z" "-v" "/var/lib/crater-agent-workspace/builds/worker-1-tc1/source:/opt/rustwide/workdir:ro,Z" "-v" "/var/lib/crater-agent-workspace/cargo-home:/opt/rustwide/cargo-home:ro,Z" "-v" "/var/lib/crater-agent-workspace/rustup-home:/opt/rustwide/rustup-home:ro,Z" "-e" "SOURCE_DIR=/opt/rustwide/workdir" "-e" "CARGO_TARGET_DIR=/opt/rustwide/target" "-e" "CARGO_INCREMENTAL=0" "-e" "RUST_BACKTRACE=full" "-e" "RUSTFLAGS=--cap-lints=warn" "-e" "RUSTDOCFLAGS=--cap-lints=warn" "-e" "CARGO_HOME=/opt/rustwide/cargo-home" "-e" "RUSTUP_HOME=/opt/rustwide/rustup-home" "-w" "/opt/rustwide/workdir" "-m" "1610612736" "--user" "0:0" "--network" "none" "ghcr.io/rust-lang/crates-build-env/linux@sha256:f3a9d4ad9d972b27faf3965f35b62e55ba32bbce8f20bc8fe909558a86702fde" "/opt/rustwide/cargo-home/bin/cargo" "+1.83.0" "test" "--frozen" "--no-run" "--message-format=json", kill_on_drop: false }`
[INFO] [stdout] 9c5cf8691f6b94785a03328b001a91a895de5d4e92b511e8b72b1edb7279da7c
[INFO] running `Command { std: "docker" "start" "-a" "9c5cf8691f6b94785a03328b001a91a895de5d4e92b511e8b72b1edb7279da7c", kill_on_drop: false }`
[INFO] [stderr]    Compiling batufo-bevy v0.1.0 (/opt/rustwide/workdir)
[INFO] [stdout] warning: unused import: `tile_state::*`
[INFO] [stdout]  --> src/ecs/resources/mod.rs:9:9
[INFO] [stdout]   |
[INFO] [stdout] 9 | pub use tile_state::*;
[INFO] [stdout]   |         ^^^^^^^^^^^^^
[INFO] [stdout]   |
[INFO] [stdout]   = note: `#[warn(unused_imports)]` on by default
[INFO] [stdout] 
[INFO] [stdout] 
[INFO] [stdout] warning: unused import: `HeroHull`
[INFO] [stdout]   --> src/plugins/player_input_plugin.rs:10:41
[INFO] [stdout]    |
[INFO] [stdout] 10 |     ecs::components::{HeadLights, Hero, HeroHull, Velocity},
[INFO] [stdout]    |                                         ^^^^^^^^
[INFO] [stdout] 
[INFO] [stdout] 
[INFO] [stdout] warning: function cannot return without recursing
[INFO] [stdout]   --> src/ai/shooter.rs:84:9
[INFO] [stdout]    |
[INFO] [stdout] 84 |         fn eq(&self, other: &Self) -> bool {
[INFO] [stdout]    |         ^^^^^^^^^^^^^^^^^^^^^^^^^^^^^^^^^^ cannot return without recursing
[INFO] [stdout] 85 |             self.degrees() == other.degrees()
[INFO] [stdout]    |             --------------------------------- recursive call site
[INFO] [stdout]    |
[INFO] [stdout]    = help: a `loop` may express intention better if this is on purpose
[INFO] [stdout]    = note: `#[warn(unconditional_recursion)]` on by default
[INFO] [stdout] 
[INFO] [stdout] 
[INFO] [stdout] warning: field `name` is never read
[INFO] [stdout]  --> src/arena/levels.rs:8:9
[INFO] [stdout]   |
[INFO] [stdout] 7 | pub struct Level {
[INFO] [stdout]   |            ----- field in this struct
[INFO] [stdout] 8 |     pub name: &'static str,
[INFO] [stdout]   |         ^^^^
[INFO] [stdout]   |
[INFO] [stdout]   = note: `#[warn(dead_code)]` on by default
[INFO] [stdout] 
[INFO] [stdout] 
[INFO] [stdout] warning: field `0` is never read
[INFO] [stdout]   --> src/ecs/components.rs:20:22
[INFO] [stdout]    |
[INFO] [stdout] 20 | pub struct FloorTile(pub TilePosition);
[INFO] [stdout]    |            --------- ^^^^^^^^^^^^^^^^
[INFO] [stdout]    |            |
[INFO] [stdout]    |            field in this struct
[INFO] [stdout]    |
[INFO] [stdout]    = help: consider removing this field
[INFO] [stdout] 
[INFO] [stdout] 
[INFO] [stdout] warning: field `velocity` is never read
[INFO] [stdout]  --> src/ecs/events.rs:7:9
[INFO] [stdout]   |
[INFO] [stdout] 4 | pub struct ProjectileRequestedEvent {
[INFO] [stdout]   |            ------------------------ field in this struct
[INFO] [stdout] ...
[INFO] [stdout] 7 |     pub velocity: f32,
[INFO] [stdout]   |         ^^^^^^^^
[INFO] [stdout]   |
[INFO] [stdout]   = note: `ProjectileRequestedEvent` has a derived impl for the trait `Debug`, but this is intentionally ignored during dead code analysis
[INFO] [stdout] 
[INFO] [stdout] 
[INFO] [stdout] warning: fields `entity` and `position` are never read
[INFO] [stdout]  --> src/ecs/resources/entity_tile.rs:7:9
[INFO] [stdout]   |
[INFO] [stdout] 6 | pub struct EntityTile {
[INFO] [stdout]   |            ---------- fields in this struct
[INFO] [stdout] 7 |     pub entity: Entity,
[INFO] [stdout]   |         ^^^^^^
[INFO] [stdout] 8 |     pub position: TilePosition,
[INFO] [stdout]   |         ^^^^^^^^
[INFO] [stdout]   |
[INFO] [stdout]   = note: `EntityTile` has derived impls for the traits `Clone` and `Debug`, but these are intentionally ignored during dead code analysis
[INFO] [stdout] 
[INFO] [stdout] 
[INFO] [stdout] warning: fields `hovered_tile`, `hero_tile`, and `path_hovered_to_hero` are never read
[INFO] [stdout]  --> src/ecs/resources/tile_state.rs:7:9
[INFO] [stdout]   |
[INFO] [stdout] 6 | pub struct TileState {
[INFO] [stdout]   |            --------- fields in this struct
[INFO] [stdout] 7 |     pub hovered_tile: Option<EntityTile>,
[INFO] [stdout]   |         ^^^^^^^^^^^^
[INFO] [stdout] 8 |     pub hero_tile: Option<TilePosition>,
[INFO] [stdout]   |         ^^^^^^^^^
[INFO] [stdout] 9 |     pub path_hovered_to_hero: Option<Vec<(u32, u32)>>,
[INFO] [stdout]   |         ^^^^^^^^^^^^^^^^^^^^
[INFO] [stdout] 
[INFO] [stdout] 
[INFO] [stdout] warning: field `tile_render_size` is never read
[INFO] [stdout]   --> src/plugins/game_plugin.rs:13:9
[INFO] [stdout]    |
[INFO] [stdout] 11 | pub struct GameRender {
[INFO] [stdout]    |            ---------- field in this struct
[INFO] [stdout] 12 |     pub tile_size: u32,
[INFO] [stdout] 13 |     pub tile_render_size: f32,
[INFO] [stdout]    |         ^^^^^^^^^^^^^^^^
[INFO] [stdout] 
[INFO] [stdout] 
[INFO] [stdout] warning: fields `width`, `height`, `rows`, and `cols` are never read
[INFO] [stdout]   --> src/plugins/game_plugin.rs:17:9
[INFO] [stdout]    |
[INFO] [stdout] 16 | pub struct GameAsset {
[INFO] [stdout]    |            --------- fields in this struct
[INFO] [stdout] 17 |     pub width: f32,
[INFO] [stdout]    |         ^^^^^
[INFO] [stdout] 18 |     pub height: f32,
[INFO] [stdout]    |         ^^^^^^
[INFO] [stdout] 19 |     pub rows: usize,
[INFO] [stdout]    |         ^^^^
[INFO] [stdout] 20 |     pub cols: usize,
[INFO] [stdout]    |         ^^^^
[INFO] [stdout] 
[INFO] [stdout] 
[INFO] [stderr]     Finished `test` profile [optimized] target(s) in 2.19s
[INFO] running `Command { std: "docker" "inspect" "9c5cf8691f6b94785a03328b001a91a895de5d4e92b511e8b72b1edb7279da7c", kill_on_drop: false }`
[INFO] running `Command { std: "docker" "rm" "-f" "9c5cf8691f6b94785a03328b001a91a895de5d4e92b511e8b72b1edb7279da7c", kill_on_drop: false }`
[INFO] [stdout] 9c5cf8691f6b94785a03328b001a91a895de5d4e92b511e8b72b1edb7279da7c
[INFO] running `Command { std: "docker" "create" "-v" "/var/lib/crater-agent-workspace/builds/worker-1-tc1/target:/opt/rustwide/target:rw,Z" "-v" "/var/lib/crater-agent-workspace/builds/worker-1-tc1/source:/opt/rustwide/workdir:ro,Z" "-v" "/var/lib/crater-agent-workspace/cargo-home:/opt/rustwide/cargo-home:ro,Z" "-v" "/var/lib/crater-agent-workspace/rustup-home:/opt/rustwide/rustup-home:ro,Z" "-e" "SOURCE_DIR=/opt/rustwide/workdir" "-e" "CARGO_TARGET_DIR=/opt/rustwide/target" "-e" "CARGO_INCREMENTAL=0" "-e" "RUST_BACKTRACE=full" "-e" "RUSTFLAGS=--cap-lints=warn" "-e" "RUSTDOCFLAGS=--cap-lints=warn" "-e" "CARGO_HOME=/opt/rustwide/cargo-home" "-e" "RUSTUP_HOME=/opt/rustwide/rustup-home" "-w" "/opt/rustwide/workdir" "-m" "1610612736" "--user" "0:0" "--network" "none" "ghcr.io/rust-lang/crates-build-env/linux@sha256:f3a9d4ad9d972b27faf3965f35b62e55ba32bbce8f20bc8fe909558a86702fde" "/opt/rustwide/cargo-home/bin/cargo" "+1.83.0" "test" "--frozen", kill_on_drop: false }`
[INFO] [stdout] f301b8270d4d180dd75b344be12746eac475609a8453e84aa9784b4c8e57db3f
[INFO] running `Command { std: "docker" "start" "-a" "f301b8270d4d180dd75b344be12746eac475609a8453e84aa9784b4c8e57db3f", kill_on_drop: false }`
[INFO] [stderr] warning: unused import: `tile_state::*`
[INFO] [stderr]  --> src/ecs/resources/mod.rs:9:9
[INFO] [stderr]   |
[INFO] [stderr] 9 | pub use tile_state::*;
[INFO] [stderr]   |         ^^^^^^^^^^^^^
[INFO] [stderr]   |
[INFO] [stderr]   = note: `#[warn(unused_imports)]` on by default
[INFO] [stderr] 
[INFO] [stderr] warning: unused import: `HeroHull`
[INFO] [stderr]   --> src/plugins/player_input_plugin.rs:10:41
[INFO] [stderr]    |
[INFO] [stderr] 10 |     ecs::components::{HeadLights, Hero, HeroHull, Velocity},
[INFO] [stderr]    |                                         ^^^^^^^^
[INFO] [stderr] 
[INFO] [stderr] warning: function cannot return without recursing
[INFO] [stderr]   --> src/ai/shooter.rs:84:9
[INFO] [stderr]    |
[INFO] [stderr] 84 |         fn eq(&self, other: &Self) -> bool {
[INFO] [stderr]    |         ^^^^^^^^^^^^^^^^^^^^^^^^^^^^^^^^^^ cannot return without recursing
[INFO] [stderr] 85 |             self.degrees() == other.degrees()
[INFO] [stderr]    |             --------------------------------- recursive call site
[INFO] [stderr]    |
[INFO] [stderr]    = help: a `loop` may express intention better if this is on purpose
[INFO] [stderr]    = note: `#[warn(unconditional_recursion)]` on by default
[INFO] [stderr] 
[INFO] [stderr] warning: field `name` is never read
[INFO] [stderr]  --> src/arena/levels.rs:8:9
[INFO] [stderr]   |
[INFO] [stderr] 7 | pub struct Level {
[INFO] [stderr]   |            ----- field in this struct
[INFO] [stderr] 8 |     pub name: &'static str,
[INFO] [stderr]   |         ^^^^
[INFO] [stderr]   |
[INFO] [stderr]   = note: `#[warn(dead_code)]` on by default
[INFO] [stderr] 
[INFO] [stderr] warning: field `0` is never read
[INFO] [stderr]   --> src/ecs/components.rs:20:22
[INFO] [stderr]    |
[INFO] [stderr] 20 | pub struct FloorTile(pub TilePosition);
[INFO] [stderr]    |            --------- ^^^^^^^^^^^^^^^^
[INFO] [stderr]    |            |
[INFO] [stderr]    |            field in this struct
[INFO] [stderr]    |
[INFO] [stderr]    = help: consider removing this field
[INFO] [stderr] 
[INFO] [stderr] warning: field `velocity` is never read
[INFO] [stderr]  --> src/ecs/events.rs:7:9
[INFO] [stderr]   |
[INFO] [stderr] 4 | pub struct ProjectileRequestedEvent {
[INFO] [stderr]   |            ------------------------ field in this struct
[INFO] [stderr] ...
[INFO] [stderr] 7 |     pub velocity: f32,
[INFO] [stderr]   |         ^^^^^^^^
[INFO] [stderr]   |
[INFO] [stderr]   = note: `ProjectileRequestedEvent` has a derived impl for the trait `Debug`, but this is intentionally ignored during dead code analysis
[INFO] [stderr] 
[INFO] [stderr] warning: fields `entity` and `position` are never read
[INFO] [stderr]  --> src/ecs/resources/entity_tile.rs:7:9
[INFO] [stderr]   |
[INFO] [stderr] 6 | pub struct EntityTile {
[INFO] [stderr]   |            ---------- fields in this struct
[INFO] [stderr] 7 |     pub entity: Entity,
[INFO] [stderr]   |         ^^^^^^
[INFO] [stderr] 8 |     pub position: TilePosition,
[INFO] [stderr]   |         ^^^^^^^^
[INFO] [stderr]   |
[INFO] [stderr]   = note: `EntityTile` has derived impls for the traits `Clone` and `Debug`, but these are intentionally ignored during dead code analysis
[INFO] [stderr] 
[INFO] [stderr] warning: fields `hovered_tile`, `hero_tile`, and `path_hovered_to_hero` are never read
[INFO] [stderr]  --> src/ecs/resources/tile_state.rs:7:9
[INFO] [stderr]   |
[INFO] [stderr] 6 | pub struct TileState {
[INFO] [stderr]   |            --------- fields in this struct
[INFO] [stderr] 7 |     pub hovered_tile: Option<EntityTile>,
[INFO] [stderr]   |         ^^^^^^^^^^^^
[INFO] [stderr] 8 |     pub hero_tile: Option<TilePosition>,
[INFO] [stderr]   |         ^^^^^^^^^
[INFO] [stderr] 9 |     pub path_hovered_to_hero: Option<Vec<(u32, u32)>>,
[INFO] [stderr]   |         ^^^^^^^^^^^^^^^^^^^^
[INFO] [stderr] 
[INFO] [stderr] warning: field `tile_render_size` is never read
[INFO] [stderr]   --> src/plugins/game_plugin.rs:13:9
[INFO] [stderr]    |
[INFO] [stderr] 11 | pub struct GameRender {
[INFO] [stderr]    |            ---------- field in this struct
[INFO] [stderr] 12 |     pub tile_size: u32,
[INFO] [stderr] 13 |     pub tile_render_size: f32,
[INFO] [stderr]    |         ^^^^^^^^^^^^^^^^
[INFO] [stderr] 
[INFO] [stderr] warning: fields `width`, `height`, `rows`, and `cols` are never read
[INFO] [stderr]   --> src/plugins/game_plugin.rs:17:9
[INFO] [stderr]    |
[INFO] [stderr] 16 | pub struct GameAsset {
[INFO] [stderr]    |            --------- fields in this struct
[INFO] [stderr] 17 |     pub width: f32,
[INFO] [stderr]    |         ^^^^^
[INFO] [stderr] 18 |     pub height: f32,
[INFO] [stderr]    |         ^^^^^^
[INFO] [stderr] 19 |     pub rows: usize,
[INFO] [stderr]    |         ^^^^
[INFO] [stderr] 20 |     pub cols: usize,
[INFO] [stderr]    |         ^^^^
[INFO] [stderr] 
[INFO] [stderr] warning: `batufo-bevy` (bin "batufo-bevy" test) generated 10 warnings (run `cargo fix --bin "batufo-bevy" --tests` to apply 2 suggestions)
[INFO] [stderr]     Finished `test` profile [optimized] target(s) in 0.30s
[INFO] [stderr]      Running unittests src/main.rs (/opt/rustwide/target/debug/deps/batufo_bevy-fa2bf2af0f6eb06d)
[INFO] [stdout] 
[INFO] [stdout] running 9 tests
[INFO] [stdout] test engine::position::tests::tile_position::init ... ok
[INFO] [stdout] test arena::arena::tests::floor_tiles ... ok
[INFO] [stdout] test arena::tilemap::tests::valid_terrain ... ok
[INFO] [stdout] test engine::position::tests::tile_position::tile_world_round_trips ... ok
[INFO] [stdout] test ai::pathfinder::test::find_path_1 ... ok
[INFO] [stdout] test engine::position::tests::tile_position::conversions ... ok
[INFO] [stdout] test ai::shooter::tests::clear_shot ... FAILED
[INFO] [stdout] test ai::shooter::tests::obstacled_shot ... FAILED
[INFO] [stdout] test ai::pathfinder::test::find_path_2 ... ok
[INFO] [stdout] 
[INFO] [stdout] failures:
[INFO] [stdout] 
[INFO] [stdout] ---- ai::shooter::tests::clear_shot stdout ----
[INFO] [stdout] thread 'ai::shooter::tests::clear_shot' panicked at src/ai/shooter.rs:106:9:
[INFO] [stdout] Expected some shot
[INFO] [stdout] stack backtrace:
[INFO] [stdout]    0:     0x60ef0057c07a - std::backtrace_rs::backtrace::libunwind::trace::h5a5b8284f2d0c266
[INFO] [stdout]                                at /rustc/90b35a6239c3d8bdabc530a6a0816f7ff89a0aaf/library/std/src/../../backtrace/src/backtrace/libunwind.rs:116:5
[INFO] [stdout]    1:     0x60ef0057c07a - std::backtrace_rs::backtrace::trace_unsynchronized::h76d4f1c9b0b875e3
[INFO] [stdout]                                at /rustc/90b35a6239c3d8bdabc530a6a0816f7ff89a0aaf/library/std/src/../../backtrace/src/backtrace/mod.rs:66:5
[INFO] [stdout]    2:     0x60ef0057c07a - std::sys::backtrace::_print_fmt::hc4546b8364a537c6
[INFO] [stdout]                                at /rustc/90b35a6239c3d8bdabc530a6a0816f7ff89a0aaf/library/std/src/sys/backtrace.rs:66:9
[INFO] [stdout]    3:     0x60ef0057c07a - <std::sys::backtrace::BacktraceLock::print::DisplayBacktrace as core::fmt::Display>::fmt::h5b6bd5631a6d1f6b
[INFO] [stdout]                                at /rustc/90b35a6239c3d8bdabc530a6a0816f7ff89a0aaf/library/std/src/sys/backtrace.rs:39:26
[INFO] [stdout]    4:     0x60ef005a2083 - core::fmt::rt::Argument::fmt::h270f6602a2b96f62
[INFO] [stdout]                                at /rustc/90b35a6239c3d8bdabc530a6a0816f7ff89a0aaf/library/core/src/fmt/rt.rs:177:76
[INFO] [stdout]    5:     0x60ef005a2083 - core::fmt::write::h7550c97b06c86515
[INFO] [stdout]                                at /rustc/90b35a6239c3d8bdabc530a6a0816f7ff89a0aaf/library/core/src/fmt/mod.rs:1186:21
[INFO] [stdout]    6:     0x60ef00579243 - std::io::Write::write_fmt::h509ff860e5956e5e
[INFO] [stdout]                                at /rustc/90b35a6239c3d8bdabc530a6a0816f7ff89a0aaf/library/std/src/io/mod.rs:1839:15
[INFO] [stdout]    7:     0x60ef0057bec2 - std::sys::backtrace::BacktraceLock::print::h2395ccd2c84ba3aa
[INFO] [stdout]                                at /rustc/90b35a6239c3d8bdabc530a6a0816f7ff89a0aaf/library/std/src/sys/backtrace.rs:42:9
[INFO] [stdout]    8:     0x60ef0057d4da - std::panicking::default_hook::{{closure}}::he19d4c7230e07961
[INFO] [stdout]                                at /rustc/90b35a6239c3d8bdabc530a6a0816f7ff89a0aaf/library/std/src/panicking.rs:268:22
[INFO] [stdout]    9:     0x60ef0057d2e4 - std::panicking::default_hook::hf614597d3c67bbdb
[INFO] [stdout]                                at /rustc/90b35a6239c3d8bdabc530a6a0816f7ff89a0aaf/library/std/src/panicking.rs:292:9
[INFO] [stdout]   10:     0x60ef00547a19 - <alloc::boxed::Box<F,A> as core::ops::function::Fn<Args>>::call::h39b51ce4599c23d1
[INFO] [stdout]                                at /rustc/90b35a6239c3d8bdabc530a6a0816f7ff89a0aaf/library/alloc/src/boxed.rs:2468:9
[INFO] [stdout]   11:     0x60ef00547a19 - test::test_main::{{closure}}::he977ae839a582784
[INFO] [stdout]                                at /rustc/90b35a6239c3d8bdabc530a6a0816f7ff89a0aaf/library/test/src/lib.rs:133:21
[INFO] [stdout]   12:     0x60ef0057db78 - <alloc::boxed::Box<F,A> as core::ops::function::Fn<Args>>::call::h9455091b6b06f9fb
[INFO] [stdout]                                at /rustc/90b35a6239c3d8bdabc530a6a0816f7ff89a0aaf/library/alloc/src/boxed.rs:2468:9
[INFO] [stdout]   13:     0x60ef0057db78 - std::panicking::rust_panic_with_hook::h8942133a8b252070
[INFO] [stdout]                                at /rustc/90b35a6239c3d8bdabc530a6a0816f7ff89a0aaf/library/std/src/panicking.rs:809:13
[INFO] [stdout]   14:     0x60ef0057d93a - std::panicking::begin_panic_handler::{{closure}}::hb5f5963570096b29
[INFO] [stdout]                                at /rustc/90b35a6239c3d8bdabc530a6a0816f7ff89a0aaf/library/std/src/panicking.rs:674:13
[INFO] [stdout]   15:     0x60ef0057c559 - std::sys::backtrace::__rust_end_short_backtrace::h6208cedc1922feda
[INFO] [stdout]                                at /rustc/90b35a6239c3d8bdabc530a6a0816f7ff89a0aaf/library/std/src/sys/backtrace.rs:170:18
[INFO] [stdout]   16:     0x60ef0057d5cc - rust_begin_unwind
[INFO] [stdout]                                at /rustc/90b35a6239c3d8bdabc530a6a0816f7ff89a0aaf/library/std/src/panicking.rs:665:5
[INFO] [stdout]   17:     0x60ef004eaa60 - core::panicking::panic_fmt::h0c3082644d1bf418
[INFO] [stdout]                                at /rustc/90b35a6239c3d8bdabc530a6a0816f7ff89a0aaf/library/core/src/panicking.rs:74:14
[INFO] [stdout]   18:     0x60ef004eaa3b - core::panicking::panic_display::h735d9af8bded520c
[INFO] [stdout]                                at /rustc/90b35a6239c3d8bdabc530a6a0816f7ff89a0aaf/library/core/src/panicking.rs:264:5
[INFO] [stdout]   19:     0x60ef004eaa3b - core::option::expect_failed::h95d2432053ef5ebb
[INFO] [stdout]                                at /rustc/90b35a6239c3d8bdabc530a6a0816f7ff89a0aaf/library/core/src/option.rs:2021:5
[INFO] [stdout]   20:     0x60ef004fcbd1 - core::option::Option<T>::expect::h59ab7a0eb59c2a3b
[INFO] [stdout]                                at /rustc/90b35a6239c3d8bdabc530a6a0816f7ff89a0aaf/library/core/src/option.rs:933:21
[INFO] [stdout]   21:     0x60ef0050de46 - batufo_bevy::ai::shooter::tests::clear_shot::ha859963d48637f44
[INFO] [stdout]                                at /opt/rustwide/workdir/src/ai/shooter.rs:91:24
[INFO] [stdout]   22:     0x60ef0050dd37 - batufo_bevy::ai::shooter::tests::clear_shot::{{closure}}::hf599adfc42ae8a50
[INFO] [stdout]                                at /opt/rustwide/workdir/src/ai/shooter.rs:98:20
[INFO] [stdout]   23:     0x60ef004fbc46 - core::ops::function::FnOnce::call_once::hf7af32be0fe90927
[INFO] [stdout]                                at /rustc/90b35a6239c3d8bdabc530a6a0816f7ff89a0aaf/library/core/src/ops/function.rs:250:5
[INFO] [stdout]   24:     0x60ef0054c3db - core::ops::function::FnOnce::call_once::h109cf8051a59b34e
[INFO] [stdout]                                at /rustc/90b35a6239c3d8bdabc530a6a0816f7ff89a0aaf/library/core/src/ops/function.rs:250:5
[INFO] [stdout]   25:     0x60ef0054c3db - test::__rust_begin_short_backtrace::hf4fff89d377446ba
[INFO] [stdout]                                at /rustc/90b35a6239c3d8bdabc530a6a0816f7ff89a0aaf/library/test/src/lib.rs:621:18
[INFO] [stdout]   26:     0x60ef0054bc17 - test::run_test_in_process::{{closure}}::h0e39181dd7ee5a43
[INFO] [stdout]                                at /rustc/90b35a6239c3d8bdabc530a6a0816f7ff89a0aaf/library/test/src/lib.rs:644:60
[INFO] [stdout]   27:     0x60ef0054bc17 - <core::panic::unwind_safe::AssertUnwindSafe<F> as core::ops::function::FnOnce<()>>::call_once::hc5a66a30f0bdfd1f
[INFO] [stdout]                                at /rustc/90b35a6239c3d8bdabc530a6a0816f7ff89a0aaf/library/core/src/panic/unwind_safe.rs:272:9
[INFO] [stdout]   28:     0x60ef0054bc17 - std::panicking::try::do_call::h873b7cf639554a5e
[INFO] [stdout]                                at /rustc/90b35a6239c3d8bdabc530a6a0816f7ff89a0aaf/library/std/src/panicking.rs:557:40
[INFO] [stdout]   29:     0x60ef0054bc17 - std::panicking::try::hdb19862fad9c8bd1
[INFO] [stdout]                                at /rustc/90b35a6239c3d8bdabc530a6a0816f7ff89a0aaf/library/std/src/panicking.rs:520:19
[INFO] [stdout]   30:     0x60ef0054bc17 - std::panic::catch_unwind::h281fe732d236d260
[INFO] [stdout]                                at /rustc/90b35a6239c3d8bdabc530a6a0816f7ff89a0aaf/library/std/src/panic.rs:358:14
[INFO] [stdout]   31:     0x60ef0054bc17 - test::run_test_in_process::h949b6df8457ed338
[INFO] [stdout]                                at /rustc/90b35a6239c3d8bdabc530a6a0816f7ff89a0aaf/library/test/src/lib.rs:644:27
[INFO] [stdout]   32:     0x60ef0054bc17 - test::run_test::{{closure}}::h52c556a6d4740e10
[INFO] [stdout]                                at /rustc/90b35a6239c3d8bdabc530a6a0816f7ff89a0aaf/library/test/src/lib.rs:565:43
[INFO] [stdout]   33:     0x60ef00510ef4 - test::run_test::{{closure}}::h4237f6381c45ccb9
[INFO] [stdout]                                at /rustc/90b35a6239c3d8bdabc530a6a0816f7ff89a0aaf/library/test/src/lib.rs:595:41
[INFO] [stdout]   34:     0x60ef00510ef4 - std::sys::backtrace::__rust_begin_short_backtrace::h505c97a579eca628
[INFO] [stdout]                                at /rustc/90b35a6239c3d8bdabc530a6a0816f7ff89a0aaf/library/std/src/sys/backtrace.rs:154:18
[INFO] [stdout]   35:     0x60ef005145be - std::thread::Builder::spawn_unchecked_::{{closure}}::{{closure}}::h9e86b2e2bc107ea3
[INFO] [stdout]                                at /rustc/90b35a6239c3d8bdabc530a6a0816f7ff89a0aaf/library/std/src/thread/mod.rs:538:17
[INFO] [stdout]   36:     0x60ef005145be - <core::panic::unwind_safe::AssertUnwindSafe<F> as core::ops::function::FnOnce<()>>::call_once::h8b06ddb275ff4a25
[INFO] [stdout]                                at /rustc/90b35a6239c3d8bdabc530a6a0816f7ff89a0aaf/library/core/src/panic/unwind_safe.rs:272:9
[INFO] [stdout]   37:     0x60ef005145be - std::panicking::try::do_call::hb26ecd7cd9a9355d
[INFO] [stdout]                                at /rustc/90b35a6239c3d8bdabc530a6a0816f7ff89a0aaf/library/std/src/panicking.rs:557:40
[INFO] [stdout]   38:     0x60ef005145be - std::panicking::try::h8ddeca9d705f9069
[INFO] [stdout]                                at /rustc/90b35a6239c3d8bdabc530a6a0816f7ff89a0aaf/library/std/src/panicking.rs:520:19
[INFO] [stdout]   39:     0x60ef005145be - std::panic::catch_unwind::h49e1c33078844c46
[INFO] [stdout]                                at /rustc/90b35a6239c3d8bdabc530a6a0816f7ff89a0aaf/library/std/src/panic.rs:358:14
[INFO] [stdout]   40:     0x60ef005145be - std::thread::Builder::spawn_unchecked_::{{closure}}::h6073db6ff56ad35d
[INFO] [stdout]                                at /rustc/90b35a6239c3d8bdabc530a6a0816f7ff89a0aaf/library/std/src/thread/mod.rs:537:30
[INFO] [stdout]   41:     0x60ef005145be - core::ops::function::FnOnce::call_once{{vtable.shim}}::h2c5a5f3779c774f1
[INFO] [stdout]                                at /rustc/90b35a6239c3d8bdabc530a6a0816f7ff89a0aaf/library/core/src/ops/function.rs:250:5
[INFO] [stdout]   42:     0x60ef005818cb - <alloc::boxed::Box<F,A> as core::ops::function::FnOnce<Args>>::call_once::hf75717d9f28faebf
[INFO] [stdout]                                at /rustc/90b35a6239c3d8bdabc530a6a0816f7ff89a0aaf/library/alloc/src/boxed.rs:2454:9
[INFO] [stdout]   43:     0x60ef005818cb - <alloc::boxed::Box<F,A> as core::ops::function::FnOnce<Args>>::call_once::h7bd883a5f3c5f3c1
[INFO] [stdout]                                at /rustc/90b35a6239c3d8bdabc530a6a0816f7ff89a0aaf/library/alloc/src/boxed.rs:2454:9
[INFO] [stdout]   44:     0x60ef005818cb - std::sys::pal::unix::thread::Thread::new::thread_start::hcc78f3943333fa94
[INFO] [stdout]                                at /rustc/90b35a6239c3d8bdabc530a6a0816f7ff89a0aaf/library/std/src/sys/pal/unix/thread.rs:105:17
[INFO] [stdout]   45:     0x751df04b5ac3 - <unknown>
[INFO] [stdout]   46:     0x751df0546a04 - clone
[INFO] [stdout]   47:                0x0 - <unknown>
[INFO] [stdout] 
[INFO] [stdout] ---- ai::shooter::tests::obstacled_shot stdout ----
[INFO] [stdout] thread 'ai::shooter::tests::obstacled_shot' panicked at src/ai/shooter.rs:124:9:
[INFO] [stdout] Expected some shot
[INFO] [stdout] stack backtrace:
[INFO] [stdout]    0:     0x60ef0057c07a - std::backtrace_rs::backtrace::libunwind::trace::h5a5b8284f2d0c266
[INFO] [stdout]                                at /rustc/90b35a6239c3d8bdabc530a6a0816f7ff89a0aaf/library/std/src/../../backtrace/src/backtrace/libunwind.rs:116:5
[INFO] [stdout]    1:     0x60ef0057c07a - std::backtrace_rs::backtrace::trace_unsynchronized::h76d4f1c9b0b875e3
[INFO] [stdout]                                at /rustc/90b35a6239c3d8bdabc530a6a0816f7ff89a0aaf/library/std/src/../../backtrace/src/backtrace/mod.rs:66:5
[INFO] [stdout]    2:     0x60ef0057c07a - std::sys::backtrace::_print_fmt::hc4546b8364a537c6
[INFO] [stdout]                                at /rustc/90b35a6239c3d8bdabc530a6a0816f7ff89a0aaf/library/std/src/sys/backtrace.rs:66:9
[INFO] [stdout]    3:     0x60ef0057c07a - <std::sys::backtrace::BacktraceLock::print::DisplayBacktrace as core::fmt::Display>::fmt::h5b6bd5631a6d1f6b
[INFO] [stdout]                                at /rustc/90b35a6239c3d8bdabc530a6a0816f7ff89a0aaf/library/std/src/sys/backtrace.rs:39:26
[INFO] [stdout]    4:     0x60ef005a2083 - core::fmt::rt::Argument::fmt::h270f6602a2b96f62
[INFO] [stdout]                                at /rustc/90b35a6239c3d8bdabc530a6a0816f7ff89a0aaf/library/core/src/fmt/rt.rs:177:76
[INFO] [stdout]    5:     0x60ef005a2083 - core::fmt::write::h7550c97b06c86515
[INFO] [stdout]                                at /rustc/90b35a6239c3d8bdabc530a6a0816f7ff89a0aaf/library/core/src/fmt/mod.rs:1186:21
[INFO] [stdout]    6:     0x60ef00579243 - std::io::Write::write_fmt::h509ff860e5956e5e
[INFO] [stdout]                                at /rustc/90b35a6239c3d8bdabc530a6a0816f7ff89a0aaf/library/std/src/io/mod.rs:1839:15
[INFO] [stdout]    7:     0x60ef0057bec2 - std::sys::backtrace::BacktraceLock::print::h2395ccd2c84ba3aa
[INFO] [stdout]                                at /rustc/90b35a6239c3d8bdabc530a6a0816f7ff89a0aaf/library/std/src/sys/backtrace.rs:42:9
[INFO] [stdout]    8:     0x60ef0057d4da - std::panicking::default_hook::{{closure}}::he19d4c7230e07961
[INFO] [stdout]                                at /rustc/90b35a6239c3d8bdabc530a6a0816f7ff89a0aaf/library/std/src/panicking.rs:268:22
[INFO] [stdout]    9:     0x60ef0057d2e4 - std::panicking::default_hook::hf614597d3c67bbdb
[INFO] [stdout]                                at /rustc/90b35a6239c3d8bdabc530a6a0816f7ff89a0aaf/library/std/src/panicking.rs:292:9
[INFO] [stdout]   10:     0x60ef00547a19 - <alloc::boxed::Box<F,A> as core::ops::function::Fn<Args>>::call::h39b51ce4599c23d1
[INFO] [stdout]                                at /rustc/90b35a6239c3d8bdabc530a6a0816f7ff89a0aaf/library/alloc/src/boxed.rs:2468:9
[INFO] [stdout]   11:     0x60ef00547a19 - test::test_main::{{closure}}::he977ae839a582784
[INFO] [stdout]                                at /rustc/90b35a6239c3d8bdabc530a6a0816f7ff89a0aaf/library/test/src/lib.rs:133:21
[INFO] [stdout]   12:     0x60ef0057db78 - <alloc::boxed::Box<F,A> as core::ops::function::Fn<Args>>::call::h9455091b6b06f9fb
[INFO] [stdout]                                at /rustc/90b35a6239c3d8bdabc530a6a0816f7ff89a0aaf/library/alloc/src/boxed.rs:2468:9
[INFO] [stdout]   13:     0x60ef0057db78 - std::panicking::rust_panic_with_hook::h8942133a8b252070
[INFO] [stdout]                                at /rustc/90b35a6239c3d8bdabc530a6a0816f7ff89a0aaf/library/std/src/panicking.rs:809:13
[INFO] [stdout]   14:     0x60ef0057d93a - std::panicking::begin_panic_handler::{{closure}}::hb5f5963570096b29
[INFO] [stdout]                                at /rustc/90b35a6239c3d8bdabc530a6a0816f7ff89a0aaf/library/std/src/panicking.rs:674:13
[INFO] [stdout]   15:     0x60ef0057c559 - std::sys::backtrace::__rust_end_short_backtrace::h6208cedc1922feda
[INFO] [stdout]                                at /rustc/90b35a6239c3d8bdabc530a6a0816f7ff89a0aaf/library/std/src/sys/backtrace.rs:170:18
[INFO] [stdout]   16:     0x60ef0057d5cc - rust_begin_unwind
[INFO] [stdout]                                at /rustc/90b35a6239c3d8bdabc530a6a0816f7ff89a0aaf/library/std/src/panicking.rs:665:5
[INFO] [stdout]   17:     0x60ef004eaa60 - core::panicking::panic_fmt::h0c3082644d1bf418
[INFO] [stdout]                                at /rustc/90b35a6239c3d8bdabc530a6a0816f7ff89a0aaf/library/core/src/panicking.rs:74:14
[INFO] [stdout]   18:     0x60ef004eaa3b - core::panicking::panic_display::h735d9af8bded520c
[INFO] [stdout]                                at /rustc/90b35a6239c3d8bdabc530a6a0816f7ff89a0aaf/library/core/src/panicking.rs:264:5
[INFO] [stdout]   19:     0x60ef004eaa3b - core::option::expect_failed::h95d2432053ef5ebb
[INFO] [stdout]                                at /rustc/90b35a6239c3d8bdabc530a6a0816f7ff89a0aaf/library/core/src/option.rs:2021:5
[INFO] [stdout]   20:     0x60ef004fcbd1 - core::option::Option<T>::expect::h59ab7a0eb59c2a3b
[INFO] [stdout]                                at /rustc/90b35a6239c3d8bdabc530a6a0816f7ff89a0aaf/library/core/src/option.rs:933:21
[INFO] [stdout]   21:     0x60ef0050e3a2 - batufo_bevy::ai::shooter::tests::obstacled_shot::hfadc4c6f92e12203
[INFO] [stdout]                                at /opt/rustwide/workdir/src/ai/shooter.rs:91:24
[INFO] [stdout]   22:     0x60ef0050e1d7 - batufo_bevy::ai::shooter::tests::obstacled_shot::{{closure}}::hb405d6be8dd02e15
[INFO] [stdout]                                at /opt/rustwide/workdir/src/ai/shooter.rs:114:24
[INFO] [stdout]   23:     0x60ef004fbb06 - core::ops::function::FnOnce::call_once::hb7eb0f3792ba7e30
[INFO] [stdout]                                at /rustc/90b35a6239c3d8bdabc530a6a0816f7ff89a0aaf/library/core/src/ops/function.rs:250:5
[INFO] [stdout]   24:     0x60ef0054c3db - core::ops::function::FnOnce::call_once::h109cf8051a59b34e
[INFO] [stdout]                                at /rustc/90b35a6239c3d8bdabc530a6a0816f7ff89a0aaf/library/core/src/ops/function.rs:250:5
[INFO] [stdout]   25:     0x60ef0054c3db - test::__rust_begin_short_backtrace::hf4fff89d377446ba
[INFO] [stdout]                                at /rustc/90b35a6239c3d8bdabc530a6a0816f7ff89a0aaf/library/test/src/lib.rs:621:18
[INFO] [stdout]   26:     0x60ef0054bc17 - test::run_test_in_process::{{closure}}::h0e39181dd7ee5a43
[INFO] [stdout]                                at /rustc/90b35a6239c3d8bdabc530a6a0816f7ff89a0aaf/library/test/src/lib.rs:644:60
[INFO] [stdout]   27:     0x60ef0054bc17 - <core::panic::unwind_safe::AssertUnwindSafe<F> as core::ops::function::FnOnce<()>>::call_once::hc5a66a30f0bdfd1f
[INFO] [stdout]                                at /rustc/90b35a6239c3d8bdabc530a6a0816f7ff89a0aaf/library/core/src/panic/unwind_safe.rs:272:9
[INFO] [stdout]   28:     0x60ef0054bc17 - std::panicking::try::do_call::h873b7cf639554a5e
[INFO] [stdout]                                at /rustc/90b35a6239c3d8bdabc530a6a0816f7ff89a0aaf/library/std/src/panicking.rs:557:40
[INFO] [stdout]   29:     0x60ef0054bc17 - std::panicking::try::hdb19862fad9c8bd1
[INFO] [stdout]                                at /rustc/90b35a6239c3d8bdabc530a6a0816f7ff89a0aaf/library/std/src/panicking.rs:520:19
[INFO] [stdout]   30:     0x60ef0054bc17 - std::panic::catch_unwind::h281fe732d236d260
[INFO] [stdout]                                at /rustc/90b35a6239c3d8bdabc530a6a0816f7ff89a0aaf/library/std/src/panic.rs:358:14
[INFO] [stdout]   31:     0x60ef0054bc17 - test::run_test_in_process::h949b6df8457ed338
[INFO] [stdout]                                at /rustc/90b35a6239c3d8bdabc530a6a0816f7ff89a0aaf/library/test/src/lib.rs:644:27
[INFO] [stdout]   32:     0x60ef0054bc17 - test::run_test::{{closure}}::h52c556a6d4740e10
[INFO] [stdout]                                at /rustc/90b35a6239c3d8bdabc530a6a0816f7ff89a0aaf/library/test/src/lib.rs:565:43
[INFO] [stdout]   33:     0x60ef00510ef4 - test::run_test::{{closure}}::h4237f6381c45ccb9
[INFO] [stdout]                                at /rustc/90b35a6239c3d8bdabc530a6a0816f7ff89a0aaf/library/test/src/lib.rs:595:41
[INFO] [stdout]   34:     0x60ef00510ef4 - std::sys::backtrace::__rust_begin_short_backtrace::h505c97a579eca628
[INFO] [stdout]                                at /rustc/90b35a6239c3d8bdabc530a6a0816f7ff89a0aaf/library/std/src/sys/backtrace.rs:154:18
[INFO] [stdout]   35:     0x60ef005145be - std::thread::Builder::spawn_unchecked_::{{closure}}::{{closure}}::h9e86b2e2bc107ea3
[INFO] [stdout]                                at /rustc/90b35a6239c3d8bdabc530a6a0816f7ff89a0aaf/library/std/src/thread/mod.rs:538:17
[INFO] [stdout]   36:     0x60ef005145be - <core::panic::unwind_safe::AssertUnwindSafe<F> as core::ops::function::FnOnce<()>>::call_once::h8b06ddb275ff4a25
[INFO] [stdout]                                at /rustc/90b35a6239c3d8bdabc530a6a0816f7ff89a0aaf/library/core/src/panic/unwind_safe.rs:272:9
[INFO] [stdout]   37:     0x60ef005145be - std::panicking::try::do_call::hb26ecd7cd9a9355d
[INFO] [stdout]                                at /rustc/90b35a6239c3d8bdabc530a6a0816f7ff89a0aaf/library/std/src/panicking.rs:557:40
[INFO] [stdout]   38:     0x60ef005145be - std::panicking::try::h8ddeca9d705f9069
[INFO] [stdout]                                at /rustc/90b35a6239c3d8bdabc530a6a0816f7ff89a0aaf/library/std/src/panicking.rs:520:19
[INFO] [stdout]   39:     0x60ef005145be - std::panic::catch_unwind::h49e1c33078844c46
[INFO] [stdout]                                at /rustc/90b35a6239c3d8bdabc530a6a0816f7ff89a0aaf/library/std/src/panic.rs:358:14
[INFO] [stdout]   40:     0x60ef005145be - std::thread::Builder::spawn_unchecked_::{{closure}}::h6073db6ff56ad35d
[INFO] [stdout]                                at /rustc/90b35a6239c3d8bdabc530a6a0816f7ff89a0aaf/library/std/src/thread/mod.rs:537:30
[INFO] [stdout]   41:     0x60ef005145be - core::ops::function::FnOnce::call_once{{vtable.shim}}::h2c5a5f3779c774f1
[INFO] [stdout]                                at /rustc/90b35a6239c3d8bdabc530a6a0816f7ff89a0aaf/library/core/src/ops/function.rs:250:5
[INFO] [stdout]   42:     0x60ef005818cb - <alloc::boxed::Box<F,A> as core::ops::function::FnOnce<Args>>::call_once::hf75717d9f28faebf
[INFO] [stdout]                                at /rustc/90b35a6239c3d8bdabc530a6a0816f7ff89a0aaf/library/alloc/src/boxed.rs:2454:9
[INFO] [stdout]   43:     0x60ef005818cb - <alloc::boxed::Box<F,A> as core::ops::function::FnOnce<Args>>::call_once::h7bd883a5f3c5f3c1
[INFO] [stdout]                                at /rustc/90b35a6239c3d8bdabc530a6a0816f7ff89a0aaf/library/alloc/src/boxed.rs:2454:9
[INFO] [stdout]   44:     0x60ef005818cb - std::sys::pal::unix::thread::Thread::new::thread_start::hcc78f3943333fa94
[INFO] [stdout]                                at /rustc/90b35a6239c3d8bdabc530a6a0816f7ff89a0aaf/library/std/src/sys/pal/unix/thread.rs:105:17
[INFO] [stdout]   45:     0x751df04b5ac3 - <unknown>
[INFO] [stdout]   46:     0x751df0546a04 - clone
[INFO] [stdout]   47:                0x0 - <unknown>
[INFO] [stdout] 
[INFO] [stdout] 
[INFO] [stdout] failures:
[INFO] [stdout]     ai::shooter::tests::clear_shot
[INFO] [stdout]     ai::shooter::tests::obstacled_shot
[INFO] [stdout] 
[INFO] [stdout] test result: FAILED. 7 passed; 2 failed; 0 ignored; 0 measured; 0 filtered out; finished in 0.03s
[INFO] [stdout] 
[INFO] [stderr] error: test failed, to rerun pass `--bin batufo-bevy`
[INFO] running `Command { std: "docker" "inspect" "f301b8270d4d180dd75b344be12746eac475609a8453e84aa9784b4c8e57db3f", kill_on_drop: false }`
[INFO] running `Command { std: "docker" "rm" "-f" "f301b8270d4d180dd75b344be12746eac475609a8453e84aa9784b4c8e57db3f", kill_on_drop: false }`
[INFO] [stdout] f301b8270d4d180dd75b344be12746eac475609a8453e84aa9784b4c8e57db3f
