[INFO] cloning repository https://github.com/theiskaa/genpdf-rs-improved
[INFO] running `Command { std: "git" "-c" "credential.helper=" "-c" "credential.helper=/workspace/cargo-home/bin/git-credential-null" "clone" "--bare" "https://github.com/theiskaa/genpdf-rs-improved" "/workspace/cache/git-repos/https%3A%2F%2Fgithub.com%2Ftheiskaa%2Fgenpdf-rs-improved", kill_on_drop: false }`
[INFO] [stderr] Cloning into bare repository '/workspace/cache/git-repos/https%3A%2F%2Fgithub.com%2Ftheiskaa%2Fgenpdf-rs-improved'...
[INFO] running `Command { std: "git" "rev-parse" "HEAD", kill_on_drop: false }`
[INFO] [stdout] 64e7975389e26b2ab389caf9331710944a5c5cb3
[INFO] testing theiskaa/genpdf-rs-improved against beta-2024-12-08 for beta-1.84.0-4-retry
[INFO] running `Command { std: "git" "clone" "/workspace/cache/git-repos/https%3A%2F%2Fgithub.com%2Ftheiskaa%2Fgenpdf-rs-improved" "/workspace/builds/worker-0-tc2/source", kill_on_drop: false }`
[INFO] [stderr] Cloning into '/workspace/builds/worker-0-tc2/source'...
[INFO] [stderr] done.
[INFO] validating manifest of git repo https://github.com/theiskaa/genpdf-rs-improved on toolchain beta-2024-12-08
[INFO] running `Command { std: CARGO_HOME="/workspace/cargo-home" RUSTUP_HOME="/workspace/rustup-home" "/workspace/cargo-home/bin/cargo" "+beta-2024-12-08" "metadata" "--manifest-path" "Cargo.toml" "--no-deps", kill_on_drop: false }`
[INFO] started tweaking git repo https://github.com/theiskaa/genpdf-rs-improved
[INFO] finished tweaking git repo https://github.com/theiskaa/genpdf-rs-improved
[INFO] tweaked toml for git repo https://github.com/theiskaa/genpdf-rs-improved written to /workspace/builds/worker-0-tc2/source/Cargo.toml
[INFO] crate git repo https://github.com/theiskaa/genpdf-rs-improved already has a lockfile, it will not be regenerated
[INFO] running `Command { std: CARGO_HOME="/workspace/cargo-home" RUSTUP_HOME="/workspace/rustup-home" "/workspace/cargo-home/bin/cargo" "+beta-2024-12-08" "fetch" "--manifest-path" "Cargo.toml", kill_on_drop: false }`
[INFO] running `Command { std: "docker" "create" "-v" "/var/lib/crater-agent-workspace/builds/worker-0-tc2/target:/opt/rustwide/target:rw,Z" "-v" "/var/lib/crater-agent-workspace/builds/worker-0-tc2/source:/opt/rustwide/workdir:ro,Z" "-v" "/var/lib/crater-agent-workspace/cargo-home:/opt/rustwide/cargo-home:ro,Z" "-v" "/var/lib/crater-agent-workspace/rustup-home:/opt/rustwide/rustup-home:ro,Z" "-e" "SOURCE_DIR=/opt/rustwide/workdir" "-e" "CARGO_TARGET_DIR=/opt/rustwide/target" "-e" "CARGO_HOME=/opt/rustwide/cargo-home" "-e" "RUSTUP_HOME=/opt/rustwide/rustup-home" "-w" "/opt/rustwide/workdir" "-m" "1610612736" "--user" "0:0" "--network" "none" "ghcr.io/rust-lang/crates-build-env/linux@sha256:f3a9d4ad9d972b27faf3965f35b62e55ba32bbce8f20bc8fe909558a86702fde" "/opt/rustwide/cargo-home/bin/cargo" "+beta-2024-12-08" "metadata" "--no-deps" "--format-version=1", kill_on_drop: false }`
[INFO] [stdout] 3bede6bddc4e320313fc3d8d3918380b2f3f82c683796b61b89913f56a2d2fbd
[INFO] running `Command { std: "docker" "start" "-a" "3bede6bddc4e320313fc3d8d3918380b2f3f82c683796b61b89913f56a2d2fbd", kill_on_drop: false }`
[INFO] running `Command { std: "docker" "inspect" "3bede6bddc4e320313fc3d8d3918380b2f3f82c683796b61b89913f56a2d2fbd", kill_on_drop: false }`
[INFO] running `Command { std: "docker" "rm" "-f" "3bede6bddc4e320313fc3d8d3918380b2f3f82c683796b61b89913f56a2d2fbd", kill_on_drop: false }`
[INFO] [stdout] 3bede6bddc4e320313fc3d8d3918380b2f3f82c683796b61b89913f56a2d2fbd
[INFO] running `Command { std: "docker" "create" "-v" "/var/lib/crater-agent-workspace/builds/worker-0-tc2/target:/opt/rustwide/target:rw,Z" "-v" "/var/lib/crater-agent-workspace/builds/worker-0-tc2/source:/opt/rustwide/workdir:ro,Z" "-v" "/var/lib/crater-agent-workspace/cargo-home:/opt/rustwide/cargo-home:ro,Z" "-v" "/var/lib/crater-agent-workspace/rustup-home:/opt/rustwide/rustup-home:ro,Z" "-e" "SOURCE_DIR=/opt/rustwide/workdir" "-e" "CARGO_TARGET_DIR=/opt/rustwide/target" "-e" "CARGO_INCREMENTAL=0" "-e" "RUST_BACKTRACE=full" "-e" "RUSTFLAGS=--cap-lints=warn" "-e" "RUSTDOCFLAGS=--cap-lints=warn" "-e" "CARGO_HOME=/opt/rustwide/cargo-home" "-e" "RUSTUP_HOME=/opt/rustwide/rustup-home" "-w" "/opt/rustwide/workdir" "-m" "1610612736" "--user" "0:0" "--network" "none" "ghcr.io/rust-lang/crates-build-env/linux@sha256:f3a9d4ad9d972b27faf3965f35b62e55ba32bbce8f20bc8fe909558a86702fde" "/opt/rustwide/cargo-home/bin/cargo" "+beta-2024-12-08" "build" "--frozen" "--message-format=json", kill_on_drop: false }`
[INFO] [stdout] 118f91f7ce717e3b27e793e581f692a9efc5c6fa11817be4412af1ecb417c700
[INFO] running `Command { std: "docker" "start" "-a" "118f91f7ce717e3b27e793e581f692a9efc5c6fa11817be4412af1ecb417c700", kill_on_drop: false }`
[INFO] [stderr]    Compiling proc-macro2 v1.0.87
[INFO] [stderr]    Compiling unicode-ident v1.0.13
[INFO] [stderr]    Compiling version_check v0.9.5
[INFO] [stderr]    Compiling autocfg v1.4.0
[INFO] [stderr]    Compiling encoding_index_tests v0.1.4
[INFO] [stderr]    Compiling syn v1.0.109
[INFO] [stderr]    Compiling cfg-if v1.0.0
[INFO] [stderr]    Compiling proc-macro-hack v0.5.20+deprecated
[INFO] [stderr]    Compiling memchr v2.7.4
[INFO] [stderr]    Compiling adler2 v2.0.0
[INFO] [stderr]    Compiling regex-automata v0.4.8
[INFO] [stderr]    Compiling miniz_oxide v0.8.0
[INFO] [stderr]    Compiling standback v0.2.17
[INFO] [stderr]    Compiling crc32fast v1.4.2
[INFO] [stderr]    Compiling num-traits v0.2.19
[INFO] [stderr]    Compiling powerfmt v0.2.0
[INFO] [stderr]    Compiling libc v0.2.159
[INFO] [stderr]    Compiling const_fn v0.4.10
[INFO] [stderr]    Compiling flate2 v1.0.34
[INFO] [stderr]    Compiling deranged v0.3.11
[INFO] [stderr]    Compiling quote v1.0.37
[INFO] [stderr]    Compiling bstr v1.10.0
[INFO] [stderr]    Compiling time v0.2.27
[INFO] [stderr]    Compiling time-core v0.1.2
[INFO] [stderr]    Compiling log v0.4.22
[INFO] [stderr]    Compiling itoa v1.0.11
[INFO] [stderr]    Compiling num-conv v0.1.0
[INFO] [stderr]    Compiling linked-hash-map v0.5.6
[INFO] [stderr]    Compiling encoding_rs v0.8.34
[INFO] [stderr]    Compiling encoding-index-tradchinese v1.20141219.5
[INFO] [stderr]    Compiling encoding-index-korean v1.20141219.5
[INFO] [stderr]    Compiling time v0.3.36
[INFO] [stderr]    Compiling pom v3.4.0
[INFO] [stderr]    Compiling encoding-index-simpchinese v1.20141219.5
[INFO] [stderr]    Compiling encoding-index-japanese v1.20141219.5
[INFO] [stderr]    Compiling encoding-index-singlebyte v1.20141219.5
[INFO] [stderr]    Compiling byteorder v1.5.0
[INFO] [stderr]    Compiling iana-time-zone v0.1.61
[INFO] [stderr]    Compiling ttf-parser v0.19.2
[INFO] [stderr]    Compiling md5 v0.7.0
[INFO] [stderr]    Compiling weezl v0.1.8
[INFO] [stderr]    Compiling chrono v0.4.38
[INFO] [stderr]    Compiling stb_truetype v0.3.1
[INFO] [stderr]    Compiling encoding v0.2.33
[INFO] [stderr]    Compiling approx v0.3.2
[INFO] [stderr]    Compiling ordered-float v1.1.1
[INFO] [stderr]    Compiling syn v2.0.79
[INFO] [stderr]    Compiling lzw v0.10.0
[INFO] [stderr]    Compiling dtoa v0.4.8
[INFO] [stderr]    Compiling owned_ttf_parser v0.19.0
[INFO] [stderr]    Compiling itoa v0.4.8
[INFO] [stderr]    Compiling rusttype v0.8.3
[INFO] [stderr]    Compiling lopdf v0.31.0
[INFO] [stderr]    Compiling time-macros-impl v0.1.2
[INFO] [stderr]    Compiling time-macros v0.1.1
[INFO] [stderr]    Compiling printpdf v0.7.0
[INFO] [stderr]    Compiling lopdf v0.26.0
[INFO] [stderr]    Compiling derive_more v0.99.18
[INFO] [stderr]    Compiling genpdfi v0.2.1 (/opt/rustwide/workdir)
[INFO] [stderr]     Finished `dev` profile [unoptimized + debuginfo] target(s) in 53.15s
[INFO] running `Command { std: "docker" "inspect" "118f91f7ce717e3b27e793e581f692a9efc5c6fa11817be4412af1ecb417c700", kill_on_drop: false }`
[INFO] running `Command { std: "docker" "rm" "-f" "118f91f7ce717e3b27e793e581f692a9efc5c6fa11817be4412af1ecb417c700", kill_on_drop: false }`
[INFO] [stdout] 118f91f7ce717e3b27e793e581f692a9efc5c6fa11817be4412af1ecb417c700
[INFO] running `Command { std: "docker" "create" "-v" "/var/lib/crater-agent-workspace/builds/worker-0-tc2/target:/opt/rustwide/target:rw,Z" "-v" "/var/lib/crater-agent-workspace/builds/worker-0-tc2/source:/opt/rustwide/workdir:ro,Z" "-v" "/var/lib/crater-agent-workspace/cargo-home:/opt/rustwide/cargo-home:ro,Z" "-v" "/var/lib/crater-agent-workspace/rustup-home:/opt/rustwide/rustup-home:ro,Z" "-e" "SOURCE_DIR=/opt/rustwide/workdir" "-e" "CARGO_TARGET_DIR=/opt/rustwide/target" "-e" "CARGO_INCREMENTAL=0" "-e" "RUST_BACKTRACE=full" "-e" "RUSTFLAGS=--cap-lints=warn" "-e" "RUSTDOCFLAGS=--cap-lints=warn" "-e" "CARGO_HOME=/opt/rustwide/cargo-home" "-e" "RUSTUP_HOME=/opt/rustwide/rustup-home" "-w" "/opt/rustwide/workdir" "-m" "1610612736" "--user" "0:0" "--network" "none" "ghcr.io/rust-lang/crates-build-env/linux@sha256:f3a9d4ad9d972b27faf3965f35b62e55ba32bbce8f20bc8fe909558a86702fde" "/opt/rustwide/cargo-home/bin/cargo" "+beta-2024-12-08" "test" "--frozen" "--no-run" "--message-format=json", kill_on_drop: false }`
[INFO] [stdout] e71104add3e2fd64ea0e6d983cd3c4c8e1896f7bda656998aa00d562b09022d0
[INFO] running `Command { std: "docker" "start" "-a" "e71104add3e2fd64ea0e6d983cd3c4c8e1896f7bda656998aa00d562b09022d0", kill_on_drop: false }`
[INFO] [stderr]    Compiling serde v1.0.210
[INFO] [stderr]    Compiling fst v0.4.7
[INFO] [stderr]    Compiling serde_derive v1.0.210
[INFO] [stderr]    Compiling pocket-resources v0.3.2
[INFO] [stderr]    Compiling float-cmp v0.8.0
[INFO] [stderr]    Compiling bincode v1.3.3
[INFO] [stderr]    Compiling hyphenation_commons v0.8.4
[INFO] [stderr]    Compiling hyphenation v0.8.4
[INFO] [stderr]    Compiling genpdfi v0.2.1 (/opt/rustwide/workdir)
[INFO] [stderr]     Finished `test` profile [unoptimized + debuginfo] target(s) in 13.92s
[INFO] running `Command { std: "docker" "inspect" "e71104add3e2fd64ea0e6d983cd3c4c8e1896f7bda656998aa00d562b09022d0", kill_on_drop: false }`
[INFO] running `Command { std: "docker" "rm" "-f" "e71104add3e2fd64ea0e6d983cd3c4c8e1896f7bda656998aa00d562b09022d0", kill_on_drop: false }`
[INFO] [stdout] e71104add3e2fd64ea0e6d983cd3c4c8e1896f7bda656998aa00d562b09022d0
[INFO] running `Command { std: "docker" "create" "-v" "/var/lib/crater-agent-workspace/builds/worker-0-tc2/target:/opt/rustwide/target:rw,Z" "-v" "/var/lib/crater-agent-workspace/builds/worker-0-tc2/source:/opt/rustwide/workdir:ro,Z" "-v" "/var/lib/crater-agent-workspace/cargo-home:/opt/rustwide/cargo-home:ro,Z" "-v" "/var/lib/crater-agent-workspace/rustup-home:/opt/rustwide/rustup-home:ro,Z" "-e" "SOURCE_DIR=/opt/rustwide/workdir" "-e" "CARGO_TARGET_DIR=/opt/rustwide/target" "-e" "CARGO_INCREMENTAL=0" "-e" "RUST_BACKTRACE=full" "-e" "RUSTFLAGS=--cap-lints=warn" "-e" "RUSTDOCFLAGS=--cap-lints=warn" "-e" "CARGO_HOME=/opt/rustwide/cargo-home" "-e" "RUSTUP_HOME=/opt/rustwide/rustup-home" "-w" "/opt/rustwide/workdir" "-m" "1610612736" "--user" "0:0" "--network" "none" "ghcr.io/rust-lang/crates-build-env/linux@sha256:f3a9d4ad9d972b27faf3965f35b62e55ba32bbce8f20bc8fe909558a86702fde" "/opt/rustwide/cargo-home/bin/cargo" "+beta-2024-12-08" "test" "--frozen", kill_on_drop: false }`
[INFO] [stdout] 009f8571d2903dc92ee282f8664c22f35009577b886adacd17c6b7b148eeff64
[INFO] running `Command { std: "docker" "start" "-a" "009f8571d2903dc92ee282f8664c22f35009577b886adacd17c6b7b148eeff64", kill_on_drop: false }`
[INFO] [stderr]     Finished `test` profile [unoptimized + debuginfo] target(s) in 0.10s
[INFO] [stderr]      Running unittests src/lib.rs (/opt/rustwide/target/debug/deps/genpdfi-c2c97cd29ad904a8)
[INFO] [stdout] 
[INFO] [stdout] running 1 test
[INFO] [stdout] test tests::test_rotation ... ok
[INFO] [stdout] 
[INFO] [stdout] test result: ok. 1 passed; 0 failed; 0 ignored; 0 measured; 0 filtered out; finished in 0.00s
[INFO] [stdout] 
[INFO] [stderr]    Doc-tests genpdfi
[INFO] [stdout] 
[INFO] [stdout] running 31 tests
[INFO] [stdout] test src/elements.rs - elements::Break (line 441) ... FAILED
[INFO] [stdout] test src/elements.rs - elements::OrderedList (line 866) ... ok
[INFO] [stdout] test src/elements.rs - elements::FramedElement (line 635) ... ok
[INFO] [stdout] test src/elements.rs - elements::BulletPoint (line 986) ... ok
[INFO] [stdout] test src/elements.rs - elements::FramedElement (line 643) ... ok
[INFO] [stdout] test src/elements.rs - elements::LinearLayout (line 91) ... ok
[INFO] [stdout] test src/elements.rs - elements::OrderedList (line 875) ... ok
[INFO] [stdout] test src/elements.rs - elements::LinearLayout (line 83) ... ok
[INFO] [stdout] test src/elements.rs - elements::OrderedList (line 884) ... ok
[INFO] [stdout] test src/elements.rs - elements::Paragraph (line 229) ... ok
[INFO] [stdout] test src/elements.rs - elements::PaddedElement (line 540) ... ok
[INFO] [stdout] test src/elements.rs - elements::Paragraph (line 239) ... ok
[INFO] [stdout] test src/elements.rs - elements::OrderedList (line 893) ... ok
[INFO] [stdout] test src/elements.rs - elements::PaddedElement (line 531) ... ok
[INFO] [stdout] test src/elements.rs - elements::StyledElement (line 595) ... ok
[INFO] [stdout] test src/elements.rs - elements::PageBreak (line 489) ... ok
[INFO] [stdout] test src/elements.rs - elements::StyledElement (line 586) ... ok
[INFO] [stdout] test src/elements.rs - elements::UnorderedList (line 762) ... ok
[INFO] [stdout] test src/elements.rs - elements::TableLayoutRow (line 1310) ... ok
[INFO] [stdout] test src/lib.rs - Document (line 398) - compile ... ok
[INFO] [stdout] test src/style.rs - style (line 12) ... FAILED
[INFO] [stdout] test src/style.rs - style::StyledCow (line 499) ... FAILED
[INFO] [stdout] test src/style.rs - style::StyledStr (line 437) ... FAILED
[INFO] [stdout] test src/elements.rs - elements::TableLayoutRow (line 1320) ... ok
[INFO] [stdout] test src/style.rs - style::StyledString (line 371) ... FAILED
[INFO] [stdout] test src/elements.rs - elements::TableLayout (line 1388) ... ok
[INFO] [stdout] test src/style.rs - style::Color (line 42) ... ok
[INFO] [stdout] test src/elements.rs - elements::TableLayout (line 1399) ... ok
[INFO] [stdout] test src/elements.rs - elements::UnorderedList (line 753) ... ok
[INFO] [stdout] test src/elements.rs - elements::UnorderedList (line 744) ... ok
[INFO] [stdout] test src/elements.rs - elements::UnorderedList (line 771) ... ok
[INFO] [stdout] 
[INFO] [stdout] failures:
[INFO] [stdout] 
[INFO] [stdout] ---- src/elements.rs - elements::Break (line 441) stdout ----
[INFO] [stdout] error[E0277]: the trait bound `f32: From<i32>` is not satisfied
[INFO] [stdout]    --> src/elements.rs:444:39
[INFO] [stdout]     |
[INFO] [stdout] 6   | let b = genpdfi::elements::Break::new(5);
[INFO] [stdout]     |         ----------------------------- ^ the trait `From<i32>` is not implemented for `f32`
[INFO] [stdout]     |         |
[INFO] [stdout]     |         required by a bound introduced by this call
[INFO] [stdout]     |
[INFO] [stdout]     = help: the following other types implement trait `From<T>`:
[INFO] [stdout]               `f32` implements `From<Mm>`
[INFO] [stdout]               `f32` implements `From<bool>`
[INFO] [stdout]               `f32` implements `From<i16>`
[INFO] [stdout]               `f32` implements `From<i8>`
[INFO] [stdout]               `f32` implements `From<ordered_float::NotNan<f32>>`
[INFO] [stdout]               `f32` implements `From<u16>`
[INFO] [stdout]               `f32` implements `From<u8>`
[INFO] [stdout]     = note: required for `i32` to implement `Into<f32>`
[INFO] [stdout] note: required by a bound in `genpdfi::elements::Break::new`
[INFO] [stdout]    --> /opt/rustwide/workdir/src/elements.rs:452:28
[INFO] [stdout]     |
[INFO] [stdout] 452 |     pub fn new(lines: impl Into<f32>) -> Break {
[INFO] [stdout]     |                            ^^^^^^^^^ required by this bound in `Break::new`
[INFO] [stdout] 
[INFO] [stdout] error: aborting due to 1 previous error
[INFO] [stdout] 
[INFO] [stdout] For more information about this error, try `rustc --explain E0277`.
[INFO] [stdout] Couldn't compile the test.
[INFO] [stdout] ---- src/style.rs - style (line 12) stdout ----
[INFO] [stdout] error[E0061]: this function takes 3 arguments but 2 arguments were supplied
[INFO] [stdout]    --> src/style.rs:16:11
[INFO] [stdout]     |
[INFO] [stdout] 7   | let ss1 = style::StyledStr::new("bold", style);
[INFO] [stdout]     |           ^^^^^^^^^^^^^^^^^^^^^--------------- argument #3 of type `Option<&str>` is missing
[INFO] [stdout]     |
[INFO] [stdout] note: associated function defined here
[INFO] [stdout]    --> /opt/rustwide/workdir/src/style.rs:457:12
[INFO] [stdout]     |
[INFO] [stdout] 457 |     pub fn new(s: &'s str, style: impl Into<Style>, link: Option<&'s str>) -> StyledStr<'s> {
[INFO] [stdout]     |            ^^^
[INFO] [stdout] help: provide the argument
[INFO] [stdout]     |
[INFO] [stdout] 7   | let ss1 = style::StyledStr::new("bold", style, /* Option<&str> */);
[INFO] [stdout]     |                                ~~~~~~~~~~~~~~~~~~~~~~~~~~~~~~~~~~~
[INFO] [stdout] 
[INFO] [stdout] error[E0061]: this function takes 3 arguments but 2 arguments were supplied
[INFO] [stdout]    --> src/style.rs:17:11
[INFO] [stdout]     |
[INFO] [stdout] 8   | let ss2 = style::StyledStr::new("red", style::Color::Rgb(255, 0, 0));
[INFO] [stdout]     |           ^^^^^^^^^^^^^^^^^^^^^------------------------------------- argument #3 of type `Option<&str>` is missing
[INFO] [stdout]     |
[INFO] [stdout] note: associated function defined here
[INFO] [stdout]    --> /opt/rustwide/workdir/src/style.rs:457:12
[INFO] [stdout]     |
[INFO] [stdout] 457 |     pub fn new(s: &'s str, style: impl Into<Style>, link: Option<&'s str>) -> StyledStr<'s> {
[INFO] [stdout]     |            ^^^
[INFO] [stdout] help: provide the argument
[INFO] [stdout]     |
[INFO] [stdout] 8   | let ss2 = style::StyledStr::new("red", style::Color::Rgb(255, 0, 0), /* Option<&str> */);
[INFO] [stdout]     |                                ~~~~~~~~~~~~~~~~~~~~~~~~~~~~~~~~~~~~~~~~~~~~~~~~~~~~~~~~~
[INFO] [stdout] 
[INFO] [stdout] error: aborting due to 2 previous errors
[INFO] [stdout] 
[INFO] [stdout] For more information about this error, try `rustc --explain E0061`.
[INFO] [stdout] Couldn't compile the test.
[INFO] [stdout] ---- src/style.rs - style::StyledCow (line 499) stdout ----
[INFO] [stdout] error[E0061]: this function takes 3 arguments but 2 arguments were supplied
[INFO] [stdout]    --> src/style.rs:502:11
[INFO] [stdout]     |
[INFO] [stdout] 6   | let ss1 = style::StyledCow::new("bold", style::Effect::Bold);
[INFO] [stdout]     |           ^^^^^^^^^^^^^^^^^^^^^----------------------------- argument #3 of type `Option<String>` is missing
[INFO] [stdout]     |
[INFO] [stdout] note: associated function defined here
[INFO] [stdout]    --> /opt/rustwide/workdir/src/style.rs:519:12
[INFO] [stdout]     |
[INFO] [stdout] 519 |     pub fn new(
[INFO] [stdout]     |            ^^^
[INFO] [stdout] help: provide the argument
[INFO] [stdout]     |
[INFO] [stdout] 6   | let ss1 = style::StyledCow::new("bold", style::Effect::Bold, /* Option<String> */);
[INFO] [stdout]     |                                ~~~~~~~~~~~~~~~~~~~~~~~~~~~~~~~~~~~~~~~~~~~~~~~~~~~
[INFO] [stdout] 
[INFO] [stdout] error[E0061]: this function takes 3 arguments but 2 arguments were supplied
[INFO] [stdout]    --> src/style.rs:503:11
[INFO] [stdout]     |
[INFO] [stdout] 7   | let ss2 = style::StyledCow::new("red".to_owned(), style::Color::Rgb(255, 0, 0));
[INFO] [stdout]     |           ^^^^^^^^^^^^^^^^^^^^^------------------------------------------------ argument #3 of type `Option<String>` is missing
[INFO] [stdout]     |
[INFO] [stdout] note: associated function defined here
[INFO] [stdout]    --> /opt/rustwide/workdir/src/style.rs:519:12
[INFO] [stdout]     |
[INFO] [stdout] 519 |     pub fn new(
[INFO] [stdout]     |            ^^^
[INFO] [stdout] help: provide the argument
[INFO] [stdout]     |
[INFO] [stdout] 7   | let ss2 = style::StyledCow::new("red".to_owned(), style::Color::Rgb(255, 0, 0), /* Option<String> */);
[INFO] [stdout]     |                                ~~~~~~~~~~~~~~~~~~~~~~~~~~~~~~~~~~~~~~~~~~~~~~~~~~~~~~~~~~~~~~~~~~~~~~
[INFO] [stdout] 
[INFO] [stdout] error: aborting due to 2 previous errors
[INFO] [stdout] 
[INFO] [stdout] For more information about this error, try `rustc --explain E0061`.
[INFO] [stdout] Couldn't compile the test.
[INFO] [stdout] ---- src/style.rs - style::StyledStr (line 437) stdout ----
[INFO] [stdout] error[E0061]: this function takes 3 arguments but 2 arguments were supplied
[INFO] [stdout]    --> src/style.rs:440:11
[INFO] [stdout]     |
[INFO] [stdout] 6   | let ss1 = style::StyledStr::new("bold", style::Effect::Bold);
[INFO] [stdout]     |           ^^^^^^^^^^^^^^^^^^^^^----------------------------- argument #3 of type `Option<&str>` is missing
[INFO] [stdout]     |
[INFO] [stdout] note: associated function defined here
[INFO] [stdout]    --> /opt/rustwide/workdir/src/style.rs:457:12
[INFO] [stdout]     |
[INFO] [stdout] 457 |     pub fn new(s: &'s str, style: impl Into<Style>, link: Option<&'s str>) -> StyledStr<'s> {
[INFO] [stdout]     |            ^^^
[INFO] [stdout] help: provide the argument
[INFO] [stdout]     |
[INFO] [stdout] 6   | let ss1 = style::StyledStr::new("bold", style::Effect::Bold, /* Option<&str> */);
[INFO] [stdout]     |                                ~~~~~~~~~~~~~~~~~~~~~~~~~~~~~~~~~~~~~~~~~~~~~~~~~
[INFO] [stdout] 
[INFO] [stdout] error[E0061]: this function takes 3 arguments but 2 arguments were supplied
[INFO] [stdout]    --> src/style.rs:441:11
[INFO] [stdout]     |
[INFO] [stdout] 7   | let ss2 = style::StyledStr::new("red", style::Color::Rgb(255, 0, 0));
[INFO] [stdout]     |           ^^^^^^^^^^^^^^^^^^^^^------------------------------------- argument #3 of type `Option<&str>` is missing
[INFO] [stdout]     |
[INFO] [stdout] note: associated function defined here
[INFO] [stdout]    --> /opt/rustwide/workdir/src/style.rs:457:12
[INFO] [stdout]     |
[INFO] [stdout] 457 |     pub fn new(s: &'s str, style: impl Into<Style>, link: Option<&'s str>) -> StyledStr<'s> {
[INFO] [stdout]     |            ^^^
[INFO] [stdout] help: provide the argument
[INFO] [stdout]     |
[INFO] [stdout] 7   | let ss2 = style::StyledStr::new("red", style::Color::Rgb(255, 0, 0), /* Option<&str> */);
[INFO] [stdout]     |                                ~~~~~~~~~~~~~~~~~~~~~~~~~~~~~~~~~~~~~~~~~~~~~~~~~~~~~~~~~
[INFO] [stdout] 
[INFO] [stdout] error: aborting due to 2 previous errors
[INFO] [stdout] 
[INFO] [stdout] For more information about this error, try `rustc --explain E0061`.
[INFO] [stdout] Couldn't compile the test.
[INFO] [stdout] ---- src/style.rs - style::StyledString (line 371) stdout ----
[INFO] [stdout] error[E0061]: this function takes 3 arguments but 2 arguments were supplied
[INFO] [stdout]    --> src/style.rs:374:11
[INFO] [stdout]     |
[INFO] [stdout] 6   | let ss1 = style::StyledString::new("bold".to_owned(), style::Effect::Bold);
[INFO] [stdout]     |           ^^^^^^^^^^^^^^^^^^^^^^^^---------------------------------------- argument #3 of type `Option<String>` is missing
[INFO] [stdout]     |
[INFO] [stdout] note: associated function defined here
[INFO] [stdout]    --> /opt/rustwide/workdir/src/style.rs:391:12
[INFO] [stdout]     |
[INFO] [stdout] 391 |     pub fn new(
[INFO] [stdout]     |            ^^^
[INFO] [stdout] help: provide the argument
[INFO] [stdout]     |
[INFO] [stdout] 6   | let ss1 = style::StyledString::new("bold".to_owned(), style::Effect::Bold, /* Option<String> */);
[INFO] [stdout]     |                                   ~~~~~~~~~~~~~~~~~~~~~~~~~~~~~~~~~~~~~~~~~~~~~~~~~~~~~~~~~~~~~~
[INFO] [stdout] 
[INFO] [stdout] error[E0061]: this function takes 3 arguments but 2 arguments were supplied
[INFO] [stdout]    --> src/style.rs:375:11
[INFO] [stdout]     |
[INFO] [stdout] 7   | let ss2 = style::StyledString::new("red".to_owned(), style::Color::Rgb(255, 0, 0));
[INFO] [stdout]     |           ^^^^^^^^^^^^^^^^^^^^^^^^------------------------------------------------ argument #3 of type `Option<String>` is missing
[INFO] [stdout]     |
[INFO] [stdout] note: associated function defined here
[INFO] [stdout]    --> /opt/rustwide/workdir/src/style.rs:391:12
[INFO] [stdout]     |
[INFO] [stdout] 391 |     pub fn new(
[INFO] [stdout]     |            ^^^
[INFO] [stdout] help: provide the argument
[INFO] [stdout]     |
[INFO] [stdout] 7   | let ss2 = style::StyledString::new("red".to_owned(), style::Color::Rgb(255, 0, 0), /* Option<String> */);
[INFO] [stdout]     |                                   ~~~~~~~~~~~~~~~~~~~~~~~~~~~~~~~~~~~~~~~~~~~~~~~~~~~~~~~~~~~~~~~~~~~~~~
[INFO] [stdout] 
[INFO] [stdout] error: aborting due to 2 previous errors
[INFO] [stdout] 
[INFO] [stdout] For more information about this error, try `rustc --explain E0061`.
[INFO] [stdout] Couldn't compile the test.
[INFO] [stdout] 
[INFO] [stdout] failures:
[INFO] [stdout]     src/elements.rs - elements::Break (line 441)
[INFO] [stdout]     src/style.rs - style (line 12)
[INFO] [stdout]     src/style.rs - style::StyledCow (line 499)
[INFO] [stdout]     src/style.rs - style::StyledStr (line 437)
[INFO] [stdout]     src/style.rs - style::StyledString (line 371)
[INFO] [stdout] 
[INFO] [stdout] test result: FAILED. 26 passed; 5 failed; 0 ignored; 0 measured; 0 filtered out; finished in 35.20s
[INFO] [stdout] 
[INFO] [stderr] error: doctest failed, to rerun pass `--doc`
[INFO] running `Command { std: "docker" "inspect" "009f8571d2903dc92ee282f8664c22f35009577b886adacd17c6b7b148eeff64", kill_on_drop: false }`
[INFO] running `Command { std: "docker" "rm" "-f" "009f8571d2903dc92ee282f8664c22f35009577b886adacd17c6b7b148eeff64", kill_on_drop: false }`
[INFO] [stdout] 009f8571d2903dc92ee282f8664c22f35009577b886adacd17c6b7b148eeff64
