[INFO] cloning repository https://github.com/theidiotmachine/bright-lang
[INFO] running `Command { std: "git" "-c" "credential.helper=" "-c" "credential.helper=/workspace/cargo-home/bin/git-credential-null" "clone" "--bare" "https://github.com/theidiotmachine/bright-lang" "/workspace/cache/git-repos/https%3A%2F%2Fgithub.com%2Ftheidiotmachine%2Fbright-lang", kill_on_drop: false }`
[INFO] [stderr] Cloning into bare repository '/workspace/cache/git-repos/https%3A%2F%2Fgithub.com%2Ftheidiotmachine%2Fbright-lang'...
[INFO] running `Command { std: "git" "rev-parse" "HEAD", kill_on_drop: false }`
[INFO] [stdout] 9ed352c770f3f44c87a01e32788607c4feceeb69
[INFO] testing theidiotmachine/bright-lang against beta-2024-12-08 for beta-1.84.0-4-retry
[INFO] running `Command { std: "git" "clone" "/workspace/cache/git-repos/https%3A%2F%2Fgithub.com%2Ftheidiotmachine%2Fbright-lang" "/workspace/builds/worker-2-tc2/source", kill_on_drop: false }`
[INFO] [stderr] Cloning into '/workspace/builds/worker-2-tc2/source'...
[INFO] [stderr] done.
[INFO] validating manifest of git repo https://github.com/theidiotmachine/bright-lang on toolchain beta-2024-12-08
[INFO] running `Command { std: CARGO_HOME="/workspace/cargo-home" RUSTUP_HOME="/workspace/rustup-home" "/workspace/cargo-home/bin/cargo" "+beta-2024-12-08" "metadata" "--manifest-path" "Cargo.toml" "--no-deps", kill_on_drop: false }`
[INFO] started tweaking git repo https://github.com/theidiotmachine/bright-lang
[INFO] finished tweaking git repo https://github.com/theidiotmachine/bright-lang
[INFO] tweaked toml for git repo https://github.com/theidiotmachine/bright-lang written to /workspace/builds/worker-2-tc2/source/Cargo.toml
[INFO] crate git repo https://github.com/theidiotmachine/bright-lang already has a lockfile, it will not be regenerated
[INFO] running `Command { std: CARGO_HOME="/workspace/cargo-home" RUSTUP_HOME="/workspace/rustup-home" "/workspace/cargo-home/bin/cargo" "+beta-2024-12-08" "fetch" "--manifest-path" "Cargo.toml", kill_on_drop: false }`
[INFO] running `Command { std: "docker" "create" "-v" "/var/lib/crater-agent-workspace/builds/worker-2-tc2/target:/opt/rustwide/target:rw,Z" "-v" "/var/lib/crater-agent-workspace/builds/worker-2-tc2/source:/opt/rustwide/workdir:ro,Z" "-v" "/var/lib/crater-agent-workspace/cargo-home:/opt/rustwide/cargo-home:ro,Z" "-v" "/var/lib/crater-agent-workspace/rustup-home:/opt/rustwide/rustup-home:ro,Z" "-e" "SOURCE_DIR=/opt/rustwide/workdir" "-e" "CARGO_TARGET_DIR=/opt/rustwide/target" "-e" "CARGO_HOME=/opt/rustwide/cargo-home" "-e" "RUSTUP_HOME=/opt/rustwide/rustup-home" "-w" "/opt/rustwide/workdir" "-m" "1610612736" "--user" "0:0" "--network" "none" "ghcr.io/rust-lang/crates-build-env/linux@sha256:f3a9d4ad9d972b27faf3965f35b62e55ba32bbce8f20bc8fe909558a86702fde" "/opt/rustwide/cargo-home/bin/cargo" "+beta-2024-12-08" "metadata" "--no-deps" "--format-version=1", kill_on_drop: false }`
[INFO] [stdout] 166e687d8569fea943e967d744ce9c78cdc468ad2820bc84524e2ce01f62b3fa
[INFO] running `Command { std: "docker" "start" "-a" "166e687d8569fea943e967d744ce9c78cdc468ad2820bc84524e2ce01f62b3fa", kill_on_drop: false }`
[INFO] running `Command { std: "docker" "inspect" "166e687d8569fea943e967d744ce9c78cdc468ad2820bc84524e2ce01f62b3fa", kill_on_drop: false }`
[INFO] running `Command { std: "docker" "rm" "-f" "166e687d8569fea943e967d744ce9c78cdc468ad2820bc84524e2ce01f62b3fa", kill_on_drop: false }`
[INFO] [stdout] 166e687d8569fea943e967d744ce9c78cdc468ad2820bc84524e2ce01f62b3fa
[INFO] running `Command { std: "docker" "create" "-v" "/var/lib/crater-agent-workspace/builds/worker-2-tc2/target:/opt/rustwide/target:rw,Z" "-v" "/var/lib/crater-agent-workspace/builds/worker-2-tc2/source:/opt/rustwide/workdir:ro,Z" "-v" "/var/lib/crater-agent-workspace/cargo-home:/opt/rustwide/cargo-home:ro,Z" "-v" "/var/lib/crater-agent-workspace/rustup-home:/opt/rustwide/rustup-home:ro,Z" "-e" "SOURCE_DIR=/opt/rustwide/workdir" "-e" "CARGO_TARGET_DIR=/opt/rustwide/target" "-e" "CARGO_INCREMENTAL=0" "-e" "RUST_BACKTRACE=full" "-e" "RUSTFLAGS=--cap-lints=warn" "-e" "RUSTDOCFLAGS=--cap-lints=warn" "-e" "CARGO_HOME=/opt/rustwide/cargo-home" "-e" "RUSTUP_HOME=/opt/rustwide/rustup-home" "-w" "/opt/rustwide/workdir" "-m" "1610612736" "--user" "0:0" "--network" "none" "ghcr.io/rust-lang/crates-build-env/linux@sha256:f3a9d4ad9d972b27faf3965f35b62e55ba32bbce8f20bc8fe909558a86702fde" "/opt/rustwide/cargo-home/bin/cargo" "+beta-2024-12-08" "build" "--frozen" "--message-format=json", kill_on_drop: false }`
[INFO] [stdout] 1680e23b2a60ac30e1833c1e7c817fab5ab279f925c727c3ffef96b6e437aee6
[INFO] running `Command { std: "docker" "start" "-a" "1680e23b2a60ac30e1833c1e7c817fab5ab279f925c727c3ffef96b6e437aee6", kill_on_drop: false }`
[INFO] [stderr]    Compiling proc-macro2 v1.0.21
[INFO] [stderr]    Compiling unicode-xid v0.2.1
[INFO] [stderr]    Compiling syn v1.0.41
[INFO] [stderr]    Compiling serde_derive v1.0.116
[INFO] [stderr]    Compiling serde v1.0.116
[INFO] [stderr]    Compiling beef v0.4.4
[INFO] [stderr]    Compiling fnv v1.0.7
[INFO] [stderr]    Compiling regex-syntax v0.6.18
[INFO] [stderr]    Compiling utf8-ranges v1.0.4
[INFO] [stderr]    Compiling unicode-segmentation v1.6.0
[INFO] [stderr]    Compiling quote v1.0.7
[INFO] [stderr]    Compiling logos-derive v0.11.5
[INFO] [stderr]    Compiling logos v0.11.4
[INFO] [stderr]    Compiling bright-lang-types v0.1.0 (/opt/rustwide/workdir/bright-lang-types)
[INFO] [stderr]    Compiling bright-lang-errs v0.1.0 (/opt/rustwide/workdir/bright-lang-errs)
[INFO] [stderr]    Compiling bright-lang-lexer v0.1.0 (/opt/rustwide/workdir/bright-lang-lexer)
[INFO] [stderr]    Compiling bright-lang-ast v0.1.0 (/opt/rustwide/workdir/bright-lang-ast)
[INFO] [stdout] warning: unused import: `crate::expr::Arena`
[INFO] [stdout]  --> bright-lang-ast/src/lib.rs:2:5
[INFO] [stdout]   |
[INFO] [stdout] 2 | use crate::expr::Arena;
[INFO] [stdout]   |     ^^^^^^^^^^^^^^^^^^
[INFO] [stdout]   |
[INFO] [stdout]   = note: `#[warn(unused_imports)]` on by default
[INFO] [stdout] 
[INFO] [stdout] 
[INFO] [stdout] warning: unused import: `crate::expr::NodeIdx`
[INFO] [stdout]  --> bright-lang-ast/src/lib.rs:5:5
[INFO] [stdout]   |
[INFO] [stdout] 5 | use crate::expr::NodeIdx;
[INFO] [stdout]   |     ^^^^^^^^^^^^^^^^^^^^
[INFO] [stdout] 
[INFO] [stdout] 
[INFO] [stdout] warning: unused import: `crate::GlobalVariableDecl`
[INFO] [stdout]  --> bright-lang-ast/src/expr.rs:1:5
[INFO] [stdout]   |
[INFO] [stdout] 1 | use crate::GlobalVariableDecl;
[INFO] [stdout]   |     ^^^^^^^^^^^^^^^^^^^^^^^^^
[INFO] [stdout] 
[INFO] [stdout] 
[INFO] [stdout] warning: function cannot return without recursing
[INFO] [stdout]    --> bright-lang-ast/src/expr.rs:306:5
[INFO] [stdout]     |
[INFO] [stdout] 306 |     pub fn push(&mut self, te: TypedExpr) -> NodeIdx {
[INFO] [stdout]     |     ^^^^^^^^^^^^^^^^^^^^^^^^^^^^^^^^^^^^^^^^^^^^^^^^ cannot return without recursing
[INFO] [stdout] 307 |         let len = self.a.len();
[INFO] [stdout] 308 |         self.push(te);
[INFO] [stdout]     |         ------------- recursive call site
[INFO] [stdout]     |
[INFO] [stdout]     = help: a `loop` may express intention better if this is on purpose
[INFO] [stdout]     = note: `#[warn(unconditional_recursion)]` on by default
[INFO] [stdout] 
[INFO] [stdout] 
[INFO] [stderr]    Compiling bright-lang-parser v0.1.0 (/opt/rustwide/workdir/bright-lang-parser)
[INFO] [stdout] warning: unused imports: `BrightLexer` and `TokenData`
[INFO] [stdout]   --> bright-lang-parser/src/expr.rs:13:32
[INFO] [stdout]    |
[INFO] [stdout] 13 | use bright_lang_lexer::{Token, TokenData, BrightLexer};
[INFO] [stdout]    |                                ^^^^^^^^^  ^^^^^^^^^^^
[INFO] [stdout]    |
[INFO] [stdout]    = note: `#[warn(unused_imports)]` on by default
[INFO] [stdout] 
[INFO] [stdout] 
[INFO] [stdout] warning: unnecessary parentheses around match arm expression
[INFO] [stdout]   --> bright-lang-parser/src/lib.rs:68:30
[INFO] [stdout]    |
[INFO] [stdout] 68 |         ImportFilter::All => (exports),
[INFO] [stdout]    |                              ^       ^
[INFO] [stdout]    |
[INFO] [stdout]    = note: `#[warn(unused_parens)]` on by default
[INFO] [stdout] help: remove these parentheses
[INFO] [stdout]    |
[INFO] [stdout] 68 -         ImportFilter::All => (exports),
[INFO] [stdout] 68 +         ImportFilter::All => exports,
[INFO] [stdout]    |
[INFO] [stdout] 
[INFO] [stdout] 
[INFO] [stdout] warning: unused variable: `static_member_funcs`
[INFO] [stdout]    --> bright-lang-parser/src/type.rs:570:17
[INFO] [stdout]     |
[INFO] [stdout] 570 |         let mut static_member_funcs: Vec<StaticMemberFunc> = vec![];
[INFO] [stdout]     |                 ^^^^^^^^^^^^^^^^^^^ help: if this is intentional, prefix it with an underscore: `_static_member_funcs`
[INFO] [stdout]     |
[INFO] [stdout]     = note: `#[warn(unused_variables)]` on by default
[INFO] [stdout] 
[INFO] [stdout] 
[INFO] [stdout] warning: variable does not need to be mutable
[INFO] [stdout]    --> bright-lang-parser/src/type.rs:570:13
[INFO] [stdout]     |
[INFO] [stdout] 570 |         let mut static_member_funcs: Vec<StaticMemberFunc> = vec![];
[INFO] [stdout]     |             ----^^^^^^^^^^^^^^^^^^^
[INFO] [stdout]     |             |
[INFO] [stdout]     |             help: remove this `mut`
[INFO] [stdout]     |
[INFO] [stdout]     = note: `#[warn(unused_mut)]` on by default
[INFO] [stdout] 
[INFO] [stdout] 
[INFO] [stdout] warning: unused variable: `arena`
[INFO] [stdout]   --> bright-lang-parser/src/expr.rs:19:9
[INFO] [stdout]    |
[INFO] [stdout] 19 |         arena: &mut Arena,
[INFO] [stdout]    |         ^^^^^ help: if this is intentional, prefix it with an underscore: `_arena`
[INFO] [stdout] 
[INFO] [stdout] 
[INFO] [stdout] warning: unused variable: `parser_func_context`
[INFO] [stdout]   --> bright-lang-parser/src/expr.rs:20:9
[INFO] [stdout]    |
[INFO] [stdout] 20 |         parser_func_context: &mut ParserFuncContext,
[INFO] [stdout]    |         ^^^^^^^^^^^^^^^^^^^ help: if this is intentional, prefix it with an underscore: `_parser_func_context`
[INFO] [stdout] 
[INFO] [stdout] 
[INFO] [stdout] warning: unused variable: `parser_context`
[INFO] [stdout]   --> bright-lang-parser/src/expr.rs:21:9
[INFO] [stdout]    |
[INFO] [stdout] 21 |         parser_context: &mut ParserContext,
[INFO] [stdout]    |         ^^^^^^^^^^^^^^ help: if this is intentional, prefix it with an underscore: `_parser_context`
[INFO] [stdout] 
[INFO] [stdout] 
[INFO] [stdout] warning: variant `ExportsPhase` is never constructed
[INFO] [stdout]   --> bright-lang-parser/src/lib.rs:30:5
[INFO] [stdout]    |
[INFO] [stdout] 29 | enum ParserPhase{
[INFO] [stdout]    |      ----------- variant in this enum
[INFO] [stdout] 30 |     ExportsPhase,
[INFO] [stdout]    |     ^^^^^^^^^^^^
[INFO] [stdout]    |
[INFO] [stdout]    = note: `ParserPhase` has derived impls for the traits `Clone` and `Debug`, but these are intentionally ignored during dead code analysis
[INFO] [stdout]    = note: `#[warn(dead_code)]` on by default
[INFO] [stdout] 
[INFO] [stdout] 
[INFO] [stdout] warning: field `0` is never read
[INFO] [stdout]   --> bright-lang-parser/src/lib.rs:63:11
[INFO] [stdout]    |
[INFO] [stdout] 63 |     Named(Vec<String>)
[INFO] [stdout]    |     ----- ^^^^^^^^^^^
[INFO] [stdout]    |     |
[INFO] [stdout]    |     field in this variant
[INFO] [stdout]    |
[INFO] [stdout] help: consider changing the field to be of unit type to suppress this warning while preserving the field numbering, or remove the field
[INFO] [stdout]    |
[INFO] [stdout] 63 |     Named(())
[INFO] [stdout]    |           ~~
[INFO] [stdout] 
[INFO] [stdout] 
[INFO] [stdout] warning: method `is_var` is never used
[INFO] [stdout]   --> bright-lang-parser/src/context.rs:43:12
[INFO] [stdout]    |
[INFO] [stdout] 42 | impl ScopedVar{
[INFO] [stdout]    | -------------- method in this implementation
[INFO] [stdout] 43 |     pub fn is_var(&self) -> bool {
[INFO] [stdout]    |            ^^^^^^
[INFO] [stdout] 
[INFO] [stdout] 
[INFO] [stdout] warning: field `generic_func_impls` is never read
[INFO] [stdout]   --> bright-lang-parser/src/context.rs:89:9
[INFO] [stdout]    |
[INFO] [stdout] 83 | pub (crate) struct ParserContext {
[INFO] [stdout]    |                    ------------- field in this struct
[INFO] [stdout] ...
[INFO] [stdout] 89 |     pub generic_func_impls: HashSet<String>,
[INFO] [stdout]    |         ^^^^^^^^^^^^^^^^^^
[INFO] [stdout]    |
[INFO] [stdout]    = note: `ParserContext` has a derived impl for the trait `Debug`, but this is intentionally ignored during dead code analysis
[INFO] [stdout] 
[INFO] [stdout] 
[INFO] [stdout] warning: multiple associated items are never used
[INFO] [stdout]    --> bright-lang-parser/src/context.rs:147:12
[INFO] [stdout]     |
[INFO] [stdout] 115 | impl ParserContext {
[INFO] [stdout]     | ------------------ associated items in this implementation
[INFO] [stdout] ...
[INFO] [stdout] 147 |     pub fn get_fn_defn_from_decls(&self, name: &str) -> Option<FuncDefn> {
[INFO] [stdout]     |            ^^^^^^^^^^^^^^^^^^^^^^
[INFO] [stdout] ...
[INFO] [stdout] 151 |     pub fn get_generic_fn_from_generics(&self, name: &str) -> Option<GenericFunc> {
[INFO] [stdout]     |            ^^^^^^^^^^^^^^^^^^^^^^^^^^^^
[INFO] [stdout] ...
[INFO] [stdout] 155 |     pub fn get_fn_defn_from_imports(&self, name: &str) -> Option<FuncDefn> {
[INFO] [stdout]     |            ^^^^^^^^^^^^^^^^^^^^^^^^
[INFO] [stdout] ...
[INFO] [stdout] 215 |     fn has_type_stack(&self) -> bool {
[INFO] [stdout]     |        ^^^^^^^^^^^^^^
[INFO] [stdout] ...
[INFO] [stdout] 307 |     fn find_named_scoped_var_given_internal_name(&self, internal_name: &str) -> (String, ScopedVar) {
[INFO] [stdout]     |        ^^^^^^^^^^^^^^^^^^^^^^^^^^^^^^^^^^^^^^^^^
[INFO] [stdout] ...
[INFO] [stdout] 322 |     fn patch_var(&mut self, 
[INFO] [stdout]     |        ^^^^^^^^^
[INFO] [stdout] ...
[INFO] [stdout] 343 |     fn patch_guard_type(
[INFO] [stdout]     |        ^^^^^^^^^^^^^^^^
[INFO] [stdout] ...
[INFO] [stdout] 373 |     fn guard_var(&mut self, 
[INFO] [stdout]     |        ^^^^^^^^^
[INFO] [stdout] ...
[INFO] [stdout] 399 |     fn unguard_var(&mut self, 
[INFO] [stdout]     |        ^^^^^^^^^^^
[INFO] [stdout] ...
[INFO] [stdout] 422 |     fn get_scoped_var(&self, var_name: &str) -> Option<&ScopedVar> {
[INFO] [stdout]     |        ^^^^^^^^^^^^^^
[INFO] [stdout] ...
[INFO] [stdout] 455 |     fn get_global_var(&self, name: &str) -> Option<&GlobalVariableDecl> {
[INFO] [stdout]     |        ^^^^^^^^^^^^^^
[INFO] [stdout] 
[INFO] [stdout] 
[INFO] [stdout] warning: fields `in_iteration` and `this_type` are never read
[INFO] [stdout]    --> bright-lang-parser/src/context.rs:517:9
[INFO] [stdout]     |
[INFO] [stdout] 509 | pub (crate) struct ParserFuncContext{
[INFO] [stdout]     |                    ----------------- fields in this struct
[INFO] [stdout] ...
[INFO] [stdout] 517 |     pub in_iteration: bool,
[INFO] [stdout]     |         ^^^^^^^^^^^^
[INFO] [stdout] 518 |     pub this_type: Option<QualifiedType>,
[INFO] [stdout]     |         ^^^^^^^^^
[INFO] [stdout]     |
[INFO] [stdout]     = note: `ParserFuncContext` has a derived impl for the trait `Debug`, but this is intentionally ignored during dead code analysis
[INFO] [stdout] 
[INFO] [stdout] 
[INFO] [stdout] warning: variant `Lambda` is never constructed
[INFO] [stdout]   --> bright-lang-parser/src/func.rs:31:5
[INFO] [stdout]    |
[INFO] [stdout] 28 | pub (crate) enum FuncDeclContext {
[INFO] [stdout]    |                  --------------- variant in this enum
[INFO] [stdout] ...
[INFO] [stdout] 31 |     Lambda,
[INFO] [stdout]    |     ^^^^^^
[INFO] [stdout]    |
[INFO] [stdout]    = note: `FuncDeclContext` has derived impls for the traits `Clone` and `Debug`, but these are intentionally ignored during dead code analysis
[INFO] [stdout] 
[INFO] [stdout] 
[INFO] [stdout] warning: field `is_member` is never read
[INFO] [stdout]   --> bright-lang-parser/src/op.rs:10:9
[INFO] [stdout]    |
[INFO] [stdout] 7  | pub (crate) struct BinaryOperatorData{
[INFO] [stdout]    |                    ------------------ field in this struct
[INFO] [stdout] ...
[INFO] [stdout] 10 |     pub is_member: bool,
[INFO] [stdout]    |         ^^^^^^^^^
[INFO] [stdout] 
[INFO] [stdout] 
[INFO] [stderr]    Compiling bright-lang v0.1.0 (/opt/rustwide/workdir/bright-lang)
[INFO] [stdout] warning: unused imports: `BrightLexer`, `TokenData`, and `Token`
[INFO] [stdout]  --> bright-lang/src/main.rs:3:25
[INFO] [stdout]   |
[INFO] [stdout] 3 | use bright_lang_lexer::{Token, TokenData, BrightLexer};
[INFO] [stdout]   |                         ^^^^^  ^^^^^^^^^  ^^^^^^^^^^^
[INFO] [stdout]   |
[INFO] [stdout]   = note: `#[warn(unused_imports)]` on by default
[INFO] [stdout] 
[INFO] [stdout] 
[INFO] [stderr]     Finished `dev` profile [unoptimized + debuginfo] target(s) in 15.76s
[INFO] running `Command { std: "docker" "inspect" "1680e23b2a60ac30e1833c1e7c817fab5ab279f925c727c3ffef96b6e437aee6", kill_on_drop: false }`
[INFO] running `Command { std: "docker" "rm" "-f" "1680e23b2a60ac30e1833c1e7c817fab5ab279f925c727c3ffef96b6e437aee6", kill_on_drop: false }`
[INFO] [stdout] 1680e23b2a60ac30e1833c1e7c817fab5ab279f925c727c3ffef96b6e437aee6
[INFO] running `Command { std: "docker" "create" "-v" "/var/lib/crater-agent-workspace/builds/worker-2-tc2/target:/opt/rustwide/target:rw,Z" "-v" "/var/lib/crater-agent-workspace/builds/worker-2-tc2/source:/opt/rustwide/workdir:ro,Z" "-v" "/var/lib/crater-agent-workspace/cargo-home:/opt/rustwide/cargo-home:ro,Z" "-v" "/var/lib/crater-agent-workspace/rustup-home:/opt/rustwide/rustup-home:ro,Z" "-e" "SOURCE_DIR=/opt/rustwide/workdir" "-e" "CARGO_TARGET_DIR=/opt/rustwide/target" "-e" "CARGO_INCREMENTAL=0" "-e" "RUST_BACKTRACE=full" "-e" "RUSTFLAGS=--cap-lints=warn" "-e" "RUSTDOCFLAGS=--cap-lints=warn" "-e" "CARGO_HOME=/opt/rustwide/cargo-home" "-e" "RUSTUP_HOME=/opt/rustwide/rustup-home" "-w" "/opt/rustwide/workdir" "-m" "1610612736" "--user" "0:0" "--network" "none" "ghcr.io/rust-lang/crates-build-env/linux@sha256:f3a9d4ad9d972b27faf3965f35b62e55ba32bbce8f20bc8fe909558a86702fde" "/opt/rustwide/cargo-home/bin/cargo" "+beta-2024-12-08" "test" "--frozen" "--no-run" "--message-format=json", kill_on_drop: false }`
[INFO] [stdout] e1926b9f2a321a3edeb922a16fae215a8b71b6a4ae0fa39ae2c8097a2e536633
[INFO] running `Command { std: "docker" "start" "-a" "e1926b9f2a321a3edeb922a16fae215a8b71b6a4ae0fa39ae2c8097a2e536633", kill_on_drop: false }`
[INFO] [stderr]    Compiling bright-lang-types v0.1.0 (/opt/rustwide/workdir/bright-lang-types)
[INFO] [stderr]    Compiling bright-lang-errs v0.1.0 (/opt/rustwide/workdir/bright-lang-errs)
[INFO] [stderr]    Compiling bright-lang-ast v0.1.0 (/opt/rustwide/workdir/bright-lang-ast)
[INFO] [stderr]    Compiling bright-lang-lexer v0.1.0 (/opt/rustwide/workdir/bright-lang-lexer)
[INFO] [stdout] warning: unused import: `crate::expr::Arena`
[INFO] [stdout]  --> bright-lang-ast/src/lib.rs:2:5
[INFO] [stdout]   |
[INFO] [stdout] 2 | use crate::expr::Arena;
[INFO] [stdout]   |     ^^^^^^^^^^^^^^^^^^
[INFO] [stdout]   |
[INFO] [stdout]   = note: `#[warn(unused_imports)]` on by default
[INFO] [stdout] 
[INFO] [stdout] 
[INFO] [stdout] warning: unused import: `crate::expr::NodeIdx`
[INFO] [stdout]  --> bright-lang-ast/src/lib.rs:5:5
[INFO] [stdout]   |
[INFO] [stdout] 5 | use crate::expr::NodeIdx;
[INFO] [stdout]   |     ^^^^^^^^^^^^^^^^^^^^
[INFO] [stdout] 
[INFO] [stdout] 
[INFO] [stdout] warning: unused import: `crate::GlobalVariableDecl`
[INFO] [stdout]  --> bright-lang-ast/src/expr.rs:1:5
[INFO] [stdout]   |
[INFO] [stdout] 1 | use crate::GlobalVariableDecl;
[INFO] [stdout]   |     ^^^^^^^^^^^^^^^^^^^^^^^^^
[INFO] [stdout] 
[INFO] [stdout] 
[INFO] [stdout] warning: function cannot return without recursing
[INFO] [stdout]    --> bright-lang-ast/src/expr.rs:306:5
[INFO] [stdout]     |
[INFO] [stdout] 306 |     pub fn push(&mut self, te: TypedExpr) -> NodeIdx {
[INFO] [stdout]     |     ^^^^^^^^^^^^^^^^^^^^^^^^^^^^^^^^^^^^^^^^^^^^^^^^ cannot return without recursing
[INFO] [stdout] 307 |         let len = self.a.len();
[INFO] [stdout] 308 |         self.push(te);
[INFO] [stdout]     |         ------------- recursive call site
[INFO] [stdout]     |
[INFO] [stdout]     = help: a `loop` may express intention better if this is on purpose
[INFO] [stdout]     = note: `#[warn(unconditional_recursion)]` on by default
[INFO] [stdout] 
[INFO] [stdout] 
[INFO] [stdout] warning: unused imports: `BrightLexer` and `TokenData`
[INFO] [stdout]   --> bright-lang-parser/src/expr.rs:13:32
[INFO] [stdout]    |
[INFO] [stdout] 13 | use bright_lang_lexer::{Token, TokenData, BrightLexer};
[INFO] [stdout]    |                                ^^^^^^^^^  ^^^^^^^^^^^
[INFO] [stdout]    |
[INFO] [stdout]    = note: `#[warn(unused_imports)]` on by default
[INFO] [stdout] 
[INFO] [stdout] 
[INFO] [stdout] warning: unnecessary parentheses around match arm expression
[INFO] [stdout]   --> bright-lang-parser/src/lib.rs:68:30
[INFO] [stdout]    |
[INFO] [stdout] 68 |         ImportFilter::All => (exports),
[INFO] [stdout]    |                              ^       ^
[INFO] [stdout]    |
[INFO] [stdout]    = note: `#[warn(unused_parens)]` on by default
[INFO] [stdout] help: remove these parentheses
[INFO] [stdout]    |
[INFO] [stdout] 68 -         ImportFilter::All => (exports),
[INFO] [stdout] 68 +         ImportFilter::All => exports,
[INFO] [stdout]    |
[INFO] [stdout] 
[INFO] [stdout] 
[INFO] [stdout] warning: unused variable: `static_member_funcs`
[INFO] [stdout]    --> bright-lang-parser/src/type.rs:570:17
[INFO] [stdout]     |
[INFO] [stdout] 570 |         let mut static_member_funcs: Vec<StaticMemberFunc> = vec![];
[INFO] [stdout]     |                 ^^^^^^^^^^^^^^^^^^^ help: if this is intentional, prefix it with an underscore: `_static_member_funcs`
[INFO] [stdout]     |
[INFO] [stdout]     = note: `#[warn(unused_variables)]` on by default
[INFO] [stdout] 
[INFO] [stdout] 
[INFO] [stdout] warning: variable does not need to be mutable
[INFO] [stdout]    --> bright-lang-parser/src/type.rs:570:13
[INFO] [stdout]     |
[INFO] [stdout] 570 |         let mut static_member_funcs: Vec<StaticMemberFunc> = vec![];
[INFO] [stdout]     |             ----^^^^^^^^^^^^^^^^^^^
[INFO] [stdout]     |             |
[INFO] [stdout]     |             help: remove this `mut`
[INFO] [stdout]     |
[INFO] [stdout]     = note: `#[warn(unused_mut)]` on by default
[INFO] [stdout] 
[INFO] [stdout] 
[INFO] [stdout] warning: unused variable: `arena`
[INFO] [stdout]   --> bright-lang-parser/src/expr.rs:19:9
[INFO] [stdout]    |
[INFO] [stdout] 19 |         arena: &mut Arena,
[INFO] [stdout]    |         ^^^^^ help: if this is intentional, prefix it with an underscore: `_arena`
[INFO] [stdout] 
[INFO] [stdout] 
[INFO] [stdout] warning: unused variable: `parser_func_context`
[INFO] [stdout]   --> bright-lang-parser/src/expr.rs:20:9
[INFO] [stdout]    |
[INFO] [stdout] 20 |         parser_func_context: &mut ParserFuncContext,
[INFO] [stdout]    |         ^^^^^^^^^^^^^^^^^^^ help: if this is intentional, prefix it with an underscore: `_parser_func_context`
[INFO] [stdout] 
[INFO] [stdout] 
[INFO] [stdout] warning: unused variable: `parser_context`
[INFO] [stdout]   --> bright-lang-parser/src/expr.rs:21:9
[INFO] [stdout]    |
[INFO] [stdout] 21 |         parser_context: &mut ParserContext,
[INFO] [stdout]    |         ^^^^^^^^^^^^^^ help: if this is intentional, prefix it with an underscore: `_parser_context`
[INFO] [stdout] 
[INFO] [stdout] 
[INFO] [stdout] warning: variant `ExportsPhase` is never constructed
[INFO] [stdout]   --> bright-lang-parser/src/lib.rs:30:5
[INFO] [stdout]    |
[INFO] [stdout] 29 | enum ParserPhase{
[INFO] [stdout]    |      ----------- variant in this enum
[INFO] [stdout] 30 |     ExportsPhase,
[INFO] [stdout]    |     ^^^^^^^^^^^^
[INFO] [stdout]    |
[INFO] [stdout]    = note: `ParserPhase` has derived impls for the traits `Clone` and `Debug`, but these are intentionally ignored during dead code analysis
[INFO] [stdout]    = note: `#[warn(dead_code)]` on by default
[INFO] [stdout] 
[INFO] [stdout] 
[INFO] [stdout] warning: field `0` is never read
[INFO] [stdout]   --> bright-lang-parser/src/lib.rs:63:11
[INFO] [stdout]    |
[INFO] [stdout] 63 |     Named(Vec<String>)
[INFO] [stdout]    |     ----- ^^^^^^^^^^^
[INFO] [stdout]    |     |
[INFO] [stdout]    |     field in this variant
[INFO] [stdout]    |
[INFO] [stdout] help: consider changing the field to be of unit type to suppress this warning while preserving the field numbering, or remove the field
[INFO] [stdout]    |
[INFO] [stdout] 63 |     Named(())
[INFO] [stdout]    |           ~~
[INFO] [stdout] 
[INFO] [stdout] 
[INFO] [stdout] warning: method `is_var` is never used
[INFO] [stdout]   --> bright-lang-parser/src/context.rs:43:12
[INFO] [stdout]    |
[INFO] [stdout] 42 | impl ScopedVar{
[INFO] [stdout]    | -------------- method in this implementation
[INFO] [stdout] 43 |     pub fn is_var(&self) -> bool {
[INFO] [stdout]    |            ^^^^^^
[INFO] [stdout] 
[INFO] [stdout] 
[INFO] [stdout] warning: field `generic_func_impls` is never read
[INFO] [stdout]   --> bright-lang-parser/src/context.rs:89:9
[INFO] [stdout]    |
[INFO] [stdout] 83 | pub (crate) struct ParserContext {
[INFO] [stdout]    |                    ------------- field in this struct
[INFO] [stdout] ...
[INFO] [stdout] 89 |     pub generic_func_impls: HashSet<String>,
[INFO] [stdout]    |         ^^^^^^^^^^^^^^^^^^
[INFO] [stdout]    |
[INFO] [stdout]    = note: `ParserContext` has a derived impl for the trait `Debug`, but this is intentionally ignored during dead code analysis
[INFO] [stdout] 
[INFO] [stdout] 
[INFO] [stdout] warning: multiple associated items are never used
[INFO] [stdout]    --> bright-lang-parser/src/context.rs:147:12
[INFO] [stdout]     |
[INFO] [stdout] 115 | impl ParserContext {
[INFO] [stdout]     | ------------------ associated items in this implementation
[INFO] [stdout] ...
[INFO] [stdout] 147 |     pub fn get_fn_defn_from_decls(&self, name: &str) -> Option<FuncDefn> {
[INFO] [stdout]     |            ^^^^^^^^^^^^^^^^^^^^^^
[INFO] [stdout] ...
[INFO] [stdout] 151 |     pub fn get_generic_fn_from_generics(&self, name: &str) -> Option<GenericFunc> {
[INFO] [stdout]     |            ^^^^^^^^^^^^^^^^^^^^^^^^^^^^
[INFO] [stdout] ...
[INFO] [stdout] 155 |     pub fn get_fn_defn_from_imports(&self, name: &str) -> Option<FuncDefn> {
[INFO] [stdout]     |            ^^^^^^^^^^^^^^^^^^^^^^^^
[INFO] [stdout] ...
[INFO] [stdout] 215 |     fn has_type_stack(&self) -> bool {
[INFO] [stdout]     |        ^^^^^^^^^^^^^^
[INFO] [stdout] ...
[INFO] [stdout] 307 |     fn find_named_scoped_var_given_internal_name(&self, internal_name: &str) -> (String, ScopedVar) {
[INFO] [stdout]     |        ^^^^^^^^^^^^^^^^^^^^^^^^^^^^^^^^^^^^^^^^^
[INFO] [stdout] ...
[INFO] [stdout] 322 |     fn patch_var(&mut self, 
[INFO] [stdout]     |        ^^^^^^^^^
[INFO] [stdout] ...
[INFO] [stdout] 343 |     fn patch_guard_type(
[INFO] [stdout]     |        ^^^^^^^^^^^^^^^^
[INFO] [stdout] ...
[INFO] [stdout] 373 |     fn guard_var(&mut self, 
[INFO] [stdout]     |        ^^^^^^^^^
[INFO] [stdout] ...
[INFO] [stdout] 399 |     fn unguard_var(&mut self, 
[INFO] [stdout]     |        ^^^^^^^^^^^
[INFO] [stdout] ...
[INFO] [stdout] 422 |     fn get_scoped_var(&self, var_name: &str) -> Option<&ScopedVar> {
[INFO] [stdout]     |        ^^^^^^^^^^^^^^
[INFO] [stdout] ...
[INFO] [stdout] 455 |     fn get_global_var(&self, name: &str) -> Option<&GlobalVariableDecl> {
[INFO] [stdout]     |        ^^^^^^^^^^^^^^
[INFO] [stdout] 
[INFO] [stdout] 
[INFO] [stdout] warning: fields `in_iteration` and `this_type` are never read
[INFO] [stdout]    --> bright-lang-parser/src/context.rs:517:9
[INFO] [stdout]     |
[INFO] [stdout] 509 | pub (crate) struct ParserFuncContext{
[INFO] [stdout]     |                    ----------------- fields in this struct
[INFO] [stdout] ...
[INFO] [stdout] 517 |     pub in_iteration: bool,
[INFO] [stdout]     |         ^^^^^^^^^^^^
[INFO] [stdout] 518 |     pub this_type: Option<QualifiedType>,
[INFO] [stdout]     |         ^^^^^^^^^
[INFO] [stdout]     |
[INFO] [stdout]     = note: `ParserFuncContext` has a derived impl for the trait `Debug`, but this is intentionally ignored during dead code analysis
[INFO] [stdout] 
[INFO] [stdout] 
[INFO] [stdout] warning: variant `Lambda` is never constructed
[INFO] [stdout]   --> bright-lang-parser/src/func.rs:31:5
[INFO] [stdout]    |
[INFO] [stdout] 28 | pub (crate) enum FuncDeclContext {
[INFO] [stdout]    |                  --------------- variant in this enum
[INFO] [stdout] ...
[INFO] [stdout] 31 |     Lambda,
[INFO] [stdout]    |     ^^^^^^
[INFO] [stdout]    |
[INFO] [stdout]    = note: `FuncDeclContext` has derived impls for the traits `Clone` and `Debug`, but these are intentionally ignored during dead code analysis
[INFO] [stdout] 
[INFO] [stdout] 
[INFO] [stderr]    Compiling bright-lang v0.1.0 (/opt/rustwide/workdir/bright-lang)
[INFO] [stdout] warning: field `is_member` is never read
[INFO] [stdout]   --> bright-lang-parser/src/op.rs:10:9
[INFO] [stdout]    |
[INFO] [stdout] 7  | pub (crate) struct BinaryOperatorData{
[INFO] [stdout]    |                    ------------------ field in this struct
[INFO] [stdout] ...
[INFO] [stdout] 10 |     pub is_member: bool,
[INFO] [stdout]    |         ^^^^^^^^^
[INFO] [stdout] 
[INFO] [stdout] 
[INFO] [stderr]    Compiling bright-lang-parser v0.1.0 (/opt/rustwide/workdir/bright-lang-parser)
[INFO] [stdout] warning: unused imports: `BrightLexer`, `TokenData`, and `Token`
[INFO] [stdout]  --> bright-lang/src/main.rs:3:25
[INFO] [stdout]   |
[INFO] [stdout] 3 | use bright_lang_lexer::{Token, TokenData, BrightLexer};
[INFO] [stdout]   |                         ^^^^^  ^^^^^^^^^  ^^^^^^^^^^^
[INFO] [stdout]   |
[INFO] [stdout]   = note: `#[warn(unused_imports)]` on by default
[INFO] [stdout] 
[INFO] [stdout] 
[INFO] [stdout] warning: unused imports: `BrightLexer` and `TokenData`
[INFO] [stdout]   --> bright-lang-parser/src/expr.rs:13:32
[INFO] [stdout]    |
[INFO] [stdout] 13 | use bright_lang_lexer::{Token, TokenData, BrightLexer};
[INFO] [stdout]    |                                ^^^^^^^^^  ^^^^^^^^^^^
[INFO] [stdout]    |
[INFO] [stdout]    = note: `#[warn(unused_imports)]` on by default
[INFO] [stdout] 
[INFO] [stdout] 
[INFO] [stdout] warning: unnecessary parentheses around match arm expression
[INFO] [stdout]   --> bright-lang-parser/src/lib.rs:68:30
[INFO] [stdout]    |
[INFO] [stdout] 68 |         ImportFilter::All => (exports),
[INFO] [stdout]    |                              ^       ^
[INFO] [stdout]    |
[INFO] [stdout]    = note: `#[warn(unused_parens)]` on by default
[INFO] [stdout] help: remove these parentheses
[INFO] [stdout]    |
[INFO] [stdout] 68 -         ImportFilter::All => (exports),
[INFO] [stdout] 68 +         ImportFilter::All => exports,
[INFO] [stdout]    |
[INFO] [stdout] 
[INFO] [stdout] 
[INFO] [stdout] warning: unused import: `crate::expr::Arena`
[INFO] [stdout]  --> bright-lang-ast/src/lib.rs:2:5
[INFO] [stdout]   |
[INFO] [stdout] 2 | use crate::expr::Arena;
[INFO] [stdout]   |     ^^^^^^^^^^^^^^^^^^
[INFO] [stdout]   |
[INFO] [stdout]   = note: `#[warn(unused_imports)]` on by default
[INFO] [stdout] 
[INFO] [stdout] 
[INFO] [stdout] warning: unused import: `crate::expr::NodeIdx`
[INFO] [stdout]  --> bright-lang-ast/src/lib.rs:5:5
[INFO] [stdout]   |
[INFO] [stdout] 5 | use crate::expr::NodeIdx;
[INFO] [stdout]   |     ^^^^^^^^^^^^^^^^^^^^
[INFO] [stdout] 
[INFO] [stdout] 
[INFO] [stdout] warning: unused import: `crate::GlobalVariableDecl`
[INFO] [stdout]  --> bright-lang-ast/src/expr.rs:1:5
[INFO] [stdout]   |
[INFO] [stdout] 1 | use crate::GlobalVariableDecl;
[INFO] [stdout]   |     ^^^^^^^^^^^^^^^^^^^^^^^^^
[INFO] [stdout] 
[INFO] [stdout] 
[INFO] [stdout] warning: unused variable: `static_member_funcs`
[INFO] [stdout]    --> bright-lang-parser/src/type.rs:570:17
[INFO] [stdout]     |
[INFO] [stdout] 570 |         let mut static_member_funcs: Vec<StaticMemberFunc> = vec![];
[INFO] [stdout]     |                 ^^^^^^^^^^^^^^^^^^^ help: if this is intentional, prefix it with an underscore: `_static_member_funcs`
[INFO] [stdout]     |
[INFO] [stdout]     = note: `#[warn(unused_variables)]` on by default
[INFO] [stdout] 
[INFO] [stdout] 
[INFO] [stdout] warning: variable does not need to be mutable
[INFO] [stdout]    --> bright-lang-parser/src/type.rs:570:13
[INFO] [stdout]     |
[INFO] [stdout] 570 |         let mut static_member_funcs: Vec<StaticMemberFunc> = vec![];
[INFO] [stdout]     |             ----^^^^^^^^^^^^^^^^^^^
[INFO] [stdout]     |             |
[INFO] [stdout]     |             help: remove this `mut`
[INFO] [stdout]     |
[INFO] [stdout]     = note: `#[warn(unused_mut)]` on by default
[INFO] [stdout] 
[INFO] [stdout] 
[INFO] [stdout] warning: unused variable: `arena`
[INFO] [stdout]   --> bright-lang-parser/src/expr.rs:19:9
[INFO] [stdout]    |
[INFO] [stdout] 19 |         arena: &mut Arena,
[INFO] [stdout]    |         ^^^^^ help: if this is intentional, prefix it with an underscore: `_arena`
[INFO] [stdout] 
[INFO] [stdout] 
[INFO] [stdout] warning: unused variable: `parser_func_context`
[INFO] [stdout]   --> bright-lang-parser/src/expr.rs:20:9
[INFO] [stdout]    |
[INFO] [stdout] 20 |         parser_func_context: &mut ParserFuncContext,
[INFO] [stdout]    |         ^^^^^^^^^^^^^^^^^^^ help: if this is intentional, prefix it with an underscore: `_parser_func_context`
[INFO] [stdout] 
[INFO] [stdout] 
[INFO] [stdout] warning: unused variable: `parser_context`
[INFO] [stdout]   --> bright-lang-parser/src/expr.rs:21:9
[INFO] [stdout]    |
[INFO] [stdout] 21 |         parser_context: &mut ParserContext,
[INFO] [stdout]    |         ^^^^^^^^^^^^^^ help: if this is intentional, prefix it with an underscore: `_parser_context`
[INFO] [stdout] 
[INFO] [stdout] 
[INFO] [stdout] warning: variant `ExportsPhase` is never constructed
[INFO] [stdout]   --> bright-lang-parser/src/lib.rs:30:5
[INFO] [stdout]    |
[INFO] [stdout] 29 | enum ParserPhase{
[INFO] [stdout]    |      ----------- variant in this enum
[INFO] [stdout] 30 |     ExportsPhase,
[INFO] [stdout]    |     ^^^^^^^^^^^^
[INFO] [stdout]    |
[INFO] [stdout]    = note: `ParserPhase` has derived impls for the traits `Clone` and `Debug`, but these are intentionally ignored during dead code analysis
[INFO] [stdout]    = note: `#[warn(dead_code)]` on by default
[INFO] [stdout] 
[INFO] [stdout] 
[INFO] [stdout] warning: field `0` is never read
[INFO] [stdout]   --> bright-lang-parser/src/lib.rs:63:11
[INFO] [stdout]    |
[INFO] [stdout] 63 |     Named(Vec<String>)
[INFO] [stdout]    |     ----- ^^^^^^^^^^^
[INFO] [stdout]    |     |
[INFO] [stdout]    |     field in this variant
[INFO] [stdout]    |
[INFO] [stdout] help: consider changing the field to be of unit type to suppress this warning while preserving the field numbering, or remove the field
[INFO] [stdout]    |
[INFO] [stdout] 63 |     Named(())
[INFO] [stdout]    |           ~~
[INFO] [stdout] 
[INFO] [stdout] 
[INFO] [stdout] warning: method `is_var` is never used
[INFO] [stdout]   --> bright-lang-parser/src/context.rs:43:12
[INFO] [stdout]    |
[INFO] [stdout] 42 | impl ScopedVar{
[INFO] [stdout]    | -------------- method in this implementation
[INFO] [stdout] 43 |     pub fn is_var(&self) -> bool {
[INFO] [stdout]    |            ^^^^^^
[INFO] [stdout] 
[INFO] [stdout] 
[INFO] [stdout] warning: field `generic_func_impls` is never read
[INFO] [stdout]   --> bright-lang-parser/src/context.rs:89:9
[INFO] [stdout]    |
[INFO] [stdout] 83 | pub (crate) struct ParserContext {
[INFO] [stdout]    |                    ------------- field in this struct
[INFO] [stdout] ...
[INFO] [stdout] 89 |     pub generic_func_impls: HashSet<String>,
[INFO] [stdout]    |         ^^^^^^^^^^^^^^^^^^
[INFO] [stdout]    |
[INFO] [stdout]    = note: `ParserContext` has a derived impl for the trait `Debug`, but this is intentionally ignored during dead code analysis
[INFO] [stdout] 
[INFO] [stdout] 
[INFO] [stdout] warning: multiple associated items are never used
[INFO] [stdout]    --> bright-lang-parser/src/context.rs:147:12
[INFO] [stdout]     |
[INFO] [stdout] 115 | impl ParserContext {
[INFO] [stdout]     | ------------------ associated items in this implementation
[INFO] [stdout] ...
[INFO] [stdout] 147 |     pub fn get_fn_defn_from_decls(&self, name: &str) -> Option<FuncDefn> {
[INFO] [stdout]     |            ^^^^^^^^^^^^^^^^^^^^^^
[INFO] [stdout] ...
[INFO] [stdout] 151 |     pub fn get_generic_fn_from_generics(&self, name: &str) -> Option<GenericFunc> {
[INFO] [stdout]     |            ^^^^^^^^^^^^^^^^^^^^^^^^^^^^
[INFO] [stdout] ...
[INFO] [stdout] 155 |     pub fn get_fn_defn_from_imports(&self, name: &str) -> Option<FuncDefn> {
[INFO] [stdout]     |            ^^^^^^^^^^^^^^^^^^^^^^^^
[INFO] [stdout] ...
[INFO] [stdout] 215 |     fn has_type_stack(&self) -> bool {
[INFO] [stdout]     |        ^^^^^^^^^^^^^^
[INFO] [stdout] ...
[INFO] [stdout] 307 |     fn find_named_scoped_var_given_internal_name(&self, internal_name: &str) -> (String, ScopedVar) {
[INFO] [stdout]     |        ^^^^^^^^^^^^^^^^^^^^^^^^^^^^^^^^^^^^^^^^^
[INFO] [stdout] ...
[INFO] [stdout] 322 |     fn patch_var(&mut self, 
[INFO] [stdout]     |        ^^^^^^^^^
[INFO] [stdout] ...
[INFO] [stdout] 343 |     fn patch_guard_type(
[INFO] [stdout]     |        ^^^^^^^^^^^^^^^^
[INFO] [stdout] ...
[INFO] [stdout] 373 |     fn guard_var(&mut self, 
[INFO] [stdout]     |        ^^^^^^^^^
[INFO] [stdout] ...
[INFO] [stdout] 399 |     fn unguard_var(&mut self, 
[INFO] [stdout]     |        ^^^^^^^^^^^
[INFO] [stdout] ...
[INFO] [stdout] 422 |     fn get_scoped_var(&self, var_name: &str) -> Option<&ScopedVar> {
[INFO] [stdout]     |        ^^^^^^^^^^^^^^
[INFO] [stdout] ...
[INFO] [stdout] 455 |     fn get_global_var(&self, name: &str) -> Option<&GlobalVariableDecl> {
[INFO] [stdout]     |        ^^^^^^^^^^^^^^
[INFO] [stdout] 
[INFO] [stdout] 
[INFO] [stdout] warning: fields `in_iteration` and `this_type` are never read
[INFO] [stdout]    --> bright-lang-parser/src/context.rs:517:9
[INFO] [stdout]     |
[INFO] [stdout] 509 | pub (crate) struct ParserFuncContext{
[INFO] [stdout]     |                    ----------------- fields in this struct
[INFO] [stdout] ...
[INFO] [stdout] 517 |     pub in_iteration: bool,
[INFO] [stdout]     |         ^^^^^^^^^^^^
[INFO] [stdout] 518 |     pub this_type: Option<QualifiedType>,
[INFO] [stdout]     |         ^^^^^^^^^
[INFO] [stdout]     |
[INFO] [stdout]     = note: `ParserFuncContext` has a derived impl for the trait `Debug`, but this is intentionally ignored during dead code analysis
[INFO] [stdout] 
[INFO] [stdout] 
[INFO] [stdout] warning: variant `Lambda` is never constructed
[INFO] [stdout]   --> bright-lang-parser/src/func.rs:31:5
[INFO] [stdout]    |
[INFO] [stdout] 28 | pub (crate) enum FuncDeclContext {
[INFO] [stdout]    |                  --------------- variant in this enum
[INFO] [stdout] ...
[INFO] [stdout] 31 |     Lambda,
[INFO] [stdout]    |     ^^^^^^
[INFO] [stdout]    |
[INFO] [stdout]    = note: `FuncDeclContext` has derived impls for the traits `Clone` and `Debug`, but these are intentionally ignored during dead code analysis
[INFO] [stdout] 
[INFO] [stdout] 
[INFO] [stdout] warning: field `is_member` is never read
[INFO] [stdout]   --> bright-lang-parser/src/op.rs:10:9
[INFO] [stdout]    |
[INFO] [stdout] 7  | pub (crate) struct BinaryOperatorData{
[INFO] [stdout]    |                    ------------------ field in this struct
[INFO] [stdout] ...
[INFO] [stdout] 10 |     pub is_member: bool,
[INFO] [stdout]    |         ^^^^^^^^^
[INFO] [stdout] 
[INFO] [stdout] 
[INFO] [stdout] warning: function cannot return without recursing
[INFO] [stdout]    --> bright-lang-ast/src/expr.rs:306:5
[INFO] [stdout]     |
[INFO] [stdout] 306 |     pub fn push(&mut self, te: TypedExpr) -> NodeIdx {
[INFO] [stdout]     |     ^^^^^^^^^^^^^^^^^^^^^^^^^^^^^^^^^^^^^^^^^^^^^^^^ cannot return without recursing
[INFO] [stdout] 307 |         let len = self.a.len();
[INFO] [stdout] 308 |         self.push(te);
[INFO] [stdout]     |         ------------- recursive call site
[INFO] [stdout]     |
[INFO] [stdout]     = help: a `loop` may express intention better if this is on purpose
[INFO] [stdout]     = note: `#[warn(unconditional_recursion)]` on by default
[INFO] [stdout] 
[INFO] [stdout] 
[INFO] [stderr]     Finished `test` profile [unoptimized + debuginfo] target(s) in 3.15s
[INFO] running `Command { std: "docker" "inspect" "e1926b9f2a321a3edeb922a16fae215a8b71b6a4ae0fa39ae2c8097a2e536633", kill_on_drop: false }`
[INFO] running `Command { std: "docker" "rm" "-f" "e1926b9f2a321a3edeb922a16fae215a8b71b6a4ae0fa39ae2c8097a2e536633", kill_on_drop: false }`
[INFO] [stdout] e1926b9f2a321a3edeb922a16fae215a8b71b6a4ae0fa39ae2c8097a2e536633
[INFO] running `Command { std: "docker" "create" "-v" "/var/lib/crater-agent-workspace/builds/worker-2-tc2/target:/opt/rustwide/target:rw,Z" "-v" "/var/lib/crater-agent-workspace/builds/worker-2-tc2/source:/opt/rustwide/workdir:ro,Z" "-v" "/var/lib/crater-agent-workspace/cargo-home:/opt/rustwide/cargo-home:ro,Z" "-v" "/var/lib/crater-agent-workspace/rustup-home:/opt/rustwide/rustup-home:ro,Z" "-e" "SOURCE_DIR=/opt/rustwide/workdir" "-e" "CARGO_TARGET_DIR=/opt/rustwide/target" "-e" "CARGO_INCREMENTAL=0" "-e" "RUST_BACKTRACE=full" "-e" "RUSTFLAGS=--cap-lints=warn" "-e" "RUSTDOCFLAGS=--cap-lints=warn" "-e" "CARGO_HOME=/opt/rustwide/cargo-home" "-e" "RUSTUP_HOME=/opt/rustwide/rustup-home" "-w" "/opt/rustwide/workdir" "-m" "1610612736" "--user" "0:0" "--network" "none" "ghcr.io/rust-lang/crates-build-env/linux@sha256:f3a9d4ad9d972b27faf3965f35b62e55ba32bbce8f20bc8fe909558a86702fde" "/opt/rustwide/cargo-home/bin/cargo" "+beta-2024-12-08" "test" "--frozen", kill_on_drop: false }`
[INFO] [stdout] 9e96ade9d0e6fb017c94b039a2aabc816acc834282cf6bd2cf8bd95c00f90fd9
[INFO] running `Command { std: "docker" "start" "-a" "9e96ade9d0e6fb017c94b039a2aabc816acc834282cf6bd2cf8bd95c00f90fd9", kill_on_drop: false }`
[INFO] [stderr] warning: unused import: `crate::expr::Arena`
[INFO] [stderr]  --> bright-lang-ast/src/lib.rs:2:5
[INFO] [stderr]   |
[INFO] [stderr] 2 | use crate::expr::Arena;
[INFO] [stderr]   |     ^^^^^^^^^^^^^^^^^^
[INFO] [stderr]   |
[INFO] [stderr]   = note: `#[warn(unused_imports)]` on by default
[INFO] [stderr] 
[INFO] [stderr] warning: unused import: `crate::expr::NodeIdx`
[INFO] [stderr]  --> bright-lang-ast/src/lib.rs:5:5
[INFO] [stderr]   |
[INFO] [stderr] 5 | use crate::expr::NodeIdx;
[INFO] [stderr]   |     ^^^^^^^^^^^^^^^^^^^^
[INFO] [stderr] 
[INFO] [stderr] warning: unused import: `crate::GlobalVariableDecl`
[INFO] [stderr]  --> bright-lang-ast/src/expr.rs:1:5
[INFO] [stderr]   |
[INFO] [stderr] 1 | use crate::GlobalVariableDecl;
[INFO] [stderr]   |     ^^^^^^^^^^^^^^^^^^^^^^^^^
[INFO] [stderr] 
[INFO] [stderr] warning: function cannot return without recursing
[INFO] [stderr]    --> bright-lang-ast/src/expr.rs:306:5
[INFO] [stderr]     |
[INFO] [stderr] 306 |     pub fn push(&mut self, te: TypedExpr) -> NodeIdx {
[INFO] [stderr]     |     ^^^^^^^^^^^^^^^^^^^^^^^^^^^^^^^^^^^^^^^^^^^^^^^^ cannot return without recursing
[INFO] [stderr] 307 |         let len = self.a.len();
[INFO] [stderr] 308 |         self.push(te);
[INFO] [stderr]     |         ------------- recursive call site
[INFO] [stderr]     |
[INFO] [stderr]     = help: a `loop` may express intention better if this is on purpose
[INFO] [stderr]     = note: `#[warn(unconditional_recursion)]` on by default
[INFO] [stderr] 
[INFO] [stderr] warning: `bright-lang-ast` (lib) generated 4 warnings (run `cargo fix --lib -p bright-lang-ast` to apply 3 suggestions)
[INFO] [stderr] warning: `bright-lang-ast` (lib test) generated 4 warnings (4 duplicates)
[INFO] [stderr] warning: unused imports: `BrightLexer` and `TokenData`
[INFO] [stderr]   --> bright-lang-parser/src/expr.rs:13:32
[INFO] [stderr]    |
[INFO] [stderr] 13 | use bright_lang_lexer::{Token, TokenData, BrightLexer};
[INFO] [stderr]    |                                ^^^^^^^^^  ^^^^^^^^^^^
[INFO] [stderr]    |
[INFO] [stderr]    = note: `#[warn(unused_imports)]` on by default
[INFO] [stderr] 
[INFO] [stderr] warning: unnecessary parentheses around match arm expression
[INFO] [stderr]   --> bright-lang-parser/src/lib.rs:68:30
[INFO] [stderr]    |
[INFO] [stderr] 68 |         ImportFilter::All => (exports),
[INFO] [stderr]    |                              ^       ^
[INFO] [stderr]    |
[INFO] [stderr]    = note: `#[warn(unused_parens)]` on by default
[INFO] [stderr] help: remove these parentheses
[INFO] [stderr]    |
[INFO] [stderr] 68 -         ImportFilter::All => (exports),
[INFO] [stderr] 68 +         ImportFilter::All => exports,
[INFO] [stderr]    |
[INFO] [stderr] 
[INFO] [stderr] warning: unused variable: `static_member_funcs`
[INFO] [stderr]    --> bright-lang-parser/src/type.rs:570:17
[INFO] [stderr]     |
[INFO] [stderr] 570 |         let mut static_member_funcs: Vec<StaticMemberFunc> = vec![];
[INFO] [stderr]     |                 ^^^^^^^^^^^^^^^^^^^ help: if this is intentional, prefix it with an underscore: `_static_member_funcs`
[INFO] [stderr]     |
[INFO] [stderr]     = note: `#[warn(unused_variables)]` on by default
[INFO] [stderr] 
[INFO] [stderr] warning: variable does not need to be mutable
[INFO] [stderr]    --> bright-lang-parser/src/type.rs:570:13
[INFO] [stderr]     |
[INFO] [stderr] 570 |         let mut static_member_funcs: Vec<StaticMemberFunc> = vec![];
[INFO] [stderr]     |             ----^^^^^^^^^^^^^^^^^^^
[INFO] [stderr]     |             |
[INFO] [stderr]     |             help: remove this `mut`
[INFO] [stderr]     |
[INFO] [stderr]     = note: `#[warn(unused_mut)]` on by default
[INFO] [stderr] 
[INFO] [stderr] warning: unused variable: `arena`
[INFO] [stderr]   --> bright-lang-parser/src/expr.rs:19:9
[INFO] [stderr]    |
[INFO] [stderr] 19 |         arena: &mut Arena,
[INFO] [stderr]    |         ^^^^^ help: if this is intentional, prefix it with an underscore: `_arena`
[INFO] [stderr] 
[INFO] [stderr] warning: unused variable: `parser_func_context`
[INFO] [stderr]   --> bright-lang-parser/src/expr.rs:20:9
[INFO] [stderr]    |
[INFO] [stderr] 20 |         parser_func_context: &mut ParserFuncContext,
[INFO] [stderr]    |         ^^^^^^^^^^^^^^^^^^^ help: if this is intentional, prefix it with an underscore: `_parser_func_context`
[INFO] [stderr] 
[INFO] [stderr] warning: unused variable: `parser_context`
[INFO] [stderr]   --> bright-lang-parser/src/expr.rs:21:9
[INFO] [stderr]    |
[INFO] [stderr] 21 |         parser_context: &mut ParserContext,
[INFO] [stderr]    |         ^^^^^^^^^^^^^^ help: if this is intentional, prefix it with an underscore: `_parser_context`
[INFO] [stderr] 
[INFO] [stderr] warning: variant `ExportsPhase` is never constructed
[INFO] [stderr]   --> bright-lang-parser/src/lib.rs:30:5
[INFO] [stderr]    |
[INFO] [stderr] 29 | enum ParserPhase{
[INFO] [stderr]    |      ----------- variant in this enum
[INFO] [stderr] 30 |     ExportsPhase,
[INFO] [stderr]    |     ^^^^^^^^^^^^
[INFO] [stderr]    |
[INFO] [stderr]    = note: `ParserPhase` has derived impls for the traits `Clone` and `Debug`, but these are intentionally ignored during dead code analysis
[INFO] [stderr]    = note: `#[warn(dead_code)]` on by default
[INFO] [stderr] 
[INFO] [stderr] warning: field `0` is never read
[INFO] [stderr]   --> bright-lang-parser/src/lib.rs:63:11
[INFO] [stderr]    |
[INFO] [stderr] 63 |     Named(Vec<String>)
[INFO] [stderr]    |     ----- ^^^^^^^^^^^
[INFO] [stderr]    |     |
[INFO] [stderr]    |     field in this variant
[INFO] [stderr]    |
[INFO] [stderr] help: consider changing the field to be of unit type to suppress this warning while preserving the field numbering, or remove the field
[INFO] [stderr]    |
[INFO] [stderr] 63 |     Named(())
[INFO] [stderr]    |           ~~
[INFO] [stderr] 
[INFO] [stderr] warning: method `is_var` is never used
[INFO] [stderr]   --> bright-lang-parser/src/context.rs:43:12
[INFO] [stderr]    |
[INFO] [stderr] 42 | impl ScopedVar{
[INFO] [stderr]    | -------------- method in this implementation
[INFO] [stderr] 43 |     pub fn is_var(&self) -> bool {
[INFO] [stderr]    |            ^^^^^^
[INFO] [stderr] 
[INFO] [stderr] warning: field `generic_func_impls` is never read
[INFO] [stderr]   --> bright-lang-parser/src/context.rs:89:9
[INFO] [stderr]    |
[INFO] [stderr] 83 | pub (crate) struct ParserContext {
[INFO] [stderr]    |                    ------------- field in this struct
[INFO] [stderr] ...
[INFO] [stderr] 89 |     pub generic_func_impls: HashSet<String>,
[INFO] [stderr]    |         ^^^^^^^^^^^^^^^^^^
[INFO] [stderr]    |
[INFO] [stderr]    = note: `ParserContext` has a derived impl for the trait `Debug`, but this is intentionally ignored during dead code analysis
[INFO] [stderr] 
[INFO] [stderr] warning: multiple associated items are never used
[INFO] [stderr]    --> bright-lang-parser/src/context.rs:147:12
[INFO] [stderr]     |
[INFO] [stderr] 115 | impl ParserContext {
[INFO] [stderr]     | ------------------ associated items in this implementation
[INFO] [stderr] ...
[INFO] [stderr] 147 |     pub fn get_fn_defn_from_decls(&self, name: &str) -> Option<FuncDefn> {
[INFO] [stderr]     |            ^^^^^^^^^^^^^^^^^^^^^^
[INFO] [stderr] ...
[INFO] [stderr] 151 |     pub fn get_generic_fn_from_generics(&self, name: &str) -> Option<GenericFunc> {
[INFO] [stderr]     |            ^^^^^^^^^^^^^^^^^^^^^^^^^^^^
[INFO] [stderr] ...
[INFO] [stderr] 155 |     pub fn get_fn_defn_from_imports(&self, name: &str) -> Option<FuncDefn> {
[INFO] [stderr]     |            ^^^^^^^^^^^^^^^^^^^^^^^^
[INFO] [stderr] ...
[INFO] [stderr] 215 |     fn has_type_stack(&self) -> bool {
[INFO] [stderr]     |        ^^^^^^^^^^^^^^
[INFO] [stderr] ...
[INFO] [stderr] 307 |     fn find_named_scoped_var_given_internal_name(&self, internal_name: &str) -> (String, ScopedVar) {
[INFO] [stderr]     |        ^^^^^^^^^^^^^^^^^^^^^^^^^^^^^^^^^^^^^^^^^
[INFO] [stderr] ...
[INFO] [stderr] 322 |     fn patch_var(&mut self, 
[INFO] [stderr]     |        ^^^^^^^^^
[INFO] [stderr] ...
[INFO] [stderr] 343 |     fn patch_guard_type(
[INFO] [stderr]     |        ^^^^^^^^^^^^^^^^
[INFO] [stderr] ...
[INFO] [stderr] 373 |     fn guard_var(&mut self, 
[INFO] [stderr]     |        ^^^^^^^^^
[INFO] [stderr] ...
[INFO] [stderr] 399 |     fn unguard_var(&mut self, 
[INFO] [stderr]     |        ^^^^^^^^^^^
[INFO] [stderr] ...
[INFO] [stderr] 422 |     fn get_scoped_var(&self, var_name: &str) -> Option<&ScopedVar> {
[INFO] [stderr]     |        ^^^^^^^^^^^^^^
[INFO] [stderr] ...
[INFO] [stderr] 455 |     fn get_global_var(&self, name: &str) -> Option<&GlobalVariableDecl> {
[INFO] [stderr]     |        ^^^^^^^^^^^^^^
[INFO] [stderr] 
[INFO] [stderr] warning: fields `in_iteration` and `this_type` are never read
[INFO] [stderr]    --> bright-lang-parser/src/context.rs:517:9
[INFO] [stderr]     |
[INFO] [stderr] 509 | pub (crate) struct ParserFuncContext{
[INFO] [stderr]     |                    ----------------- fields in this struct
[INFO] [stderr] ...
[INFO] [stderr] 517 |     pub in_iteration: bool,
[INFO] [stderr]     |         ^^^^^^^^^^^^
[INFO] [stderr] 518 |     pub this_type: Option<QualifiedType>,
[INFO] [stderr]     |         ^^^^^^^^^
[INFO] [stderr]     |
[INFO] [stderr]     = note: `ParserFuncContext` has a derived impl for the trait `Debug`, but this is intentionally ignored during dead code analysis
[INFO] [stderr] 
[INFO] [stderr] warning: variant `Lambda` is never constructed
[INFO] [stderr]   --> bright-lang-parser/src/func.rs:31:5
[INFO] [stderr]    |
[INFO] [stderr] 28 | pub (crate) enum FuncDeclContext {
[INFO] [stderr]    |                  --------------- variant in this enum
[INFO] [stderr] ...
[INFO] [stderr] 31 |     Lambda,
[INFO] [stderr]    |     ^^^^^^
[INFO] [stderr]    |
[INFO] [stderr]    = note: `FuncDeclContext` has derived impls for the traits `Clone` and `Debug`, but these are intentionally ignored during dead code analysis
[INFO] [stderr] 
[INFO] [stderr] warning: field `is_member` is never read
[INFO] [stderr]   --> bright-lang-parser/src/op.rs:10:9
[INFO] [stderr]    |
[INFO] [stderr] 7  | pub (crate) struct BinaryOperatorData{
[INFO] [stderr]    |                    ------------------ field in this struct
[INFO] [stderr] ...
[INFO] [stderr] 10 |     pub is_member: bool,
[INFO] [stderr]    |         ^^^^^^^^^
[INFO] [stderr] 
[INFO] [stderr] warning: unused imports: `BrightLexer`, `TokenData`, and `Token`
[INFO] [stderr]  --> bright-lang/src/main.rs:3:25
[INFO] [stderr]   |
[INFO] [stderr] 3 | use bright_lang_lexer::{Token, TokenData, BrightLexer};
[INFO] [stderr]   |                         ^^^^^  ^^^^^^^^^  ^^^^^^^^^^^
[INFO] [stderr]   |
[INFO] [stderr]   = note: `#[warn(unused_imports)]` on by default
[INFO] [stderr] 
[INFO] [stderr] warning: `bright-lang-parser` (lib) generated 15 warnings (run `cargo fix --lib -p bright-lang-parser` to apply 3 suggestions)
[INFO] [stderr] warning: `bright-lang` (bin "bright-lang" test) generated 1 warning (run `cargo fix --bin "bright-lang" --tests` to apply 1 suggestion)
[INFO] [stderr] warning: `bright-lang-parser` (lib test) generated 15 warnings (15 duplicates)
[INFO] [stderr]     Finished `test` profile [unoptimized + debuginfo] target(s) in 0.03s
[INFO] [stderr]      Running unittests src/main.rs (/opt/rustwide/target/debug/deps/bright_lang-99a6ddf8498692b7)
[INFO] [stdout] 
[INFO] [stdout] running 0 tests
[INFO] [stdout] 
[INFO] [stdout] test result: ok. 0 passed; 0 failed; 0 ignored; 0 measured; 0 filtered out; finished in 0.00s
[INFO] [stdout] 
[INFO] [stderr]      Running unittests src/lib.rs (/opt/rustwide/target/debug/deps/bright_lang_ast-1a8be477f5cd93d0)
[INFO] [stdout] 
[INFO] [stdout] running 0 tests
[INFO] [stdout] 
[INFO] [stdout] test result: ok. 0 passed; 0 failed; 0 ignored; 0 measured; 0 filtered out; finished in 0.00s
[INFO] [stdout] 
[INFO] [stderr]      Running unittests src/lib.rs (/opt/rustwide/target/debug/deps/bright_lang_errs-d2bdde2894580450)
[INFO] [stdout] 
[INFO] [stdout] running 0 tests
[INFO] [stdout] 
[INFO] [stdout] test result: ok. 0 passed; 0 failed; 0 ignored; 0 measured; 0 filtered out; finished in 0.00s
[INFO] [stdout] 
[INFO] [stderr]      Running unittests src/lib.rs (/opt/rustwide/target/debug/deps/bright_lang_lexer-9574fa4b78a4acca)
[INFO] [stdout] 
[INFO] [stdout] running 10 tests
[INFO] [stdout] test tests::lexer_ml_comment ... ok
[INFO] [stdout] test tests::lexer_simple ... ok
[INFO] [stdout] test tests::lexer_string ... ok
[INFO] [stdout] test tests::lexer_sl_comment ... ok
[INFO] [stdout] test tests::numbers ... ok
[INFO] [stdout] test tests::semi_colons ... ok
[INFO] [stdout] test tests::simple ... ok
[INFO] [stdout] test tests::strings ... ok
[INFO] [stdout] test tests::ml_comment ... FAILED
[INFO] [stdout] test tests::sl_comment ... FAILED
[INFO] [stdout] 
[INFO] [stdout] failures:
[INFO] [stdout] 
[INFO] [stdout] ---- tests::ml_comment stdout ----
[INFO] [stdout] thread 'tests::ml_comment' panicked at bright-lang-lexer/src/lib.rs:1047:9:
[INFO] [stdout] assertion `left == right` failed
[INFO] [stdout]   left: Some(AllTheThings)
[INFO] [stdout]  right: Some(MultiLineCommentOpen)
[INFO] [stdout] stack backtrace:
[INFO] [stdout]    0:     0x62f23d8814da - std::backtrace_rs::backtrace::libunwind::trace::h8810477743020387
[INFO] [stdout]                                at /rustc/202008a1b8de96d2e5b6bc02d379db03a877d34d/library/std/src/../../backtrace/src/backtrace/libunwind.rs:116:5
[INFO] [stdout]    1:     0x62f23d8814da - std::backtrace_rs::backtrace::trace_unsynchronized::h3aa55355dd6c54a6
[INFO] [stdout]                                at /rustc/202008a1b8de96d2e5b6bc02d379db03a877d34d/library/std/src/../../backtrace/src/backtrace/mod.rs:66:5
[INFO] [stdout]    2:     0x62f23d8814da - std::sys::backtrace::_print_fmt::h8588b0f62410823f
[INFO] [stdout]                                at /rustc/202008a1b8de96d2e5b6bc02d379db03a877d34d/library/std/src/sys/backtrace.rs:66:9
[INFO] [stdout]    3:     0x62f23d8814da - <std::sys::backtrace::BacktraceLock::print::DisplayBacktrace as core::fmt::Display>::fmt::h98c26ac25ffe89bb
[INFO] [stdout]                                at /rustc/202008a1b8de96d2e5b6bc02d379db03a877d34d/library/std/src/sys/backtrace.rs:39:26
[INFO] [stdout]    4:     0x62f23d8a6f33 - core::fmt::rt::Argument::fmt::hf95377f4aebd453b
[INFO] [stdout]                                at /rustc/202008a1b8de96d2e5b6bc02d379db03a877d34d/library/core/src/fmt/rt.rs:177:76
[INFO] [stdout]    5:     0x62f23d8a6f33 - core::fmt::write::h0dd5f6e2238c7982
[INFO] [stdout]                                at /rustc/202008a1b8de96d2e5b6bc02d379db03a877d34d/library/core/src/fmt/mod.rs:1189:21
[INFO] [stdout]    6:     0x62f23d87e673 - std::io::Write::write_fmt::h03bb0ca26e6faf8c
[INFO] [stdout]                                at /rustc/202008a1b8de96d2e5b6bc02d379db03a877d34d/library/std/src/io/mod.rs:1884:15
[INFO] [stdout]    7:     0x62f23d881322 - std::sys::backtrace::BacktraceLock::print::h5c19c1c038ee186d
[INFO] [stdout]                                at /rustc/202008a1b8de96d2e5b6bc02d379db03a877d34d/library/std/src/sys/backtrace.rs:42:9
[INFO] [stdout]    8:     0x62f23d88295d - std::panicking::default_hook::{{closure}}::h77172f079a1fcb13
[INFO] [stdout]                                at /rustc/202008a1b8de96d2e5b6bc02d379db03a877d34d/library/std/src/panicking.rs:268:22
[INFO] [stdout]    9:     0x62f23d882767 - std::panicking::default_hook::he5f8e3b203ccddba
[INFO] [stdout]                                at /rustc/202008a1b8de96d2e5b6bc02d379db03a877d34d/library/std/src/panicking.rs:292:9
[INFO] [stdout]   10:     0x62f23d847e67 - <alloc::boxed::Box<F,A> as core::ops::function::Fn<Args>>::call::h7a3c7b4a1ae77f2f
[INFO] [stdout]                                at /rustc/202008a1b8de96d2e5b6bc02d379db03a877d34d/library/alloc/src/boxed.rs:1986:9
[INFO] [stdout]   11:     0x62f23d847e67 - test::test_main::{{closure}}::hf0d3b69ae9b353d1
[INFO] [stdout]                                at /rustc/202008a1b8de96d2e5b6bc02d379db03a877d34d/library/test/src/lib.rs:134:21
[INFO] [stdout]   12:     0x62f23d883008 - <alloc::boxed::Box<F,A> as core::ops::function::Fn<Args>>::call::h6332e82e7b189abd
[INFO] [stdout]                                at /rustc/202008a1b8de96d2e5b6bc02d379db03a877d34d/library/alloc/src/boxed.rs:1986:9
[INFO] [stdout]   13:     0x62f23d883008 - std::panicking::rust_panic_with_hook::h53863d4e9018df39
[INFO] [stdout]                                at /rustc/202008a1b8de96d2e5b6bc02d379db03a877d34d/library/std/src/panicking.rs:809:13
[INFO] [stdout]   14:     0x62f23d882dca - std::panicking::begin_panic_handler::{{closure}}::h67280e6fa0757873
[INFO] [stdout]                                at /rustc/202008a1b8de96d2e5b6bc02d379db03a877d34d/library/std/src/panicking.rs:674:13
[INFO] [stdout]   15:     0x62f23d8819b9 - std::sys::backtrace::__rust_end_short_backtrace::h1dac3f54d6fbbeb2
[INFO] [stdout]                                at /rustc/202008a1b8de96d2e5b6bc02d379db03a877d34d/library/std/src/sys/backtrace.rs:170:18
[INFO] [stdout]   16:     0x62f23d882a5c - rust_begin_unwind
[INFO] [stdout]                                at /rustc/202008a1b8de96d2e5b6bc02d379db03a877d34d/library/std/src/panicking.rs:665:5
[INFO] [stdout]   17:     0x62f23d7c2a90 - core::panicking::panic_fmt::h6792bd1b2bf01041
[INFO] [stdout]                                at /rustc/202008a1b8de96d2e5b6bc02d379db03a877d34d/library/core/src/panicking.rs:76:14
[INFO] [stdout]   18:     0x62f23d7c2dbb - core::panicking::assert_failed_inner::hf2c17e6d30928787
[INFO] [stdout]   19:     0x62f23d807a86 - core::panicking::assert_failed::h136d0a8605e3190b
[INFO] [stdout]                                at /rustc/202008a1b8de96d2e5b6bc02d379db03a877d34d/library/core/src/panicking.rs:373:5
[INFO] [stdout]   20:     0x62f23d80cbf8 - bright_lang_lexer::tests::ml_comment::hd15d1262f83a0531
[INFO] [stdout]                                at /opt/rustwide/workdir/bright-lang-lexer/src/lib.rs:1047:9
[INFO] [stdout]   21:     0x62f23d80c9a7 - bright_lang_lexer::tests::ml_comment::{{closure}}::h5412913b8590a80a
[INFO] [stdout]                                at /opt/rustwide/workdir/bright-lang-lexer/src/lib.rs:1039:20
[INFO] [stderr] error: test failed, to rerun pass `-p bright-lang-lexer --lib`
[INFO] [stdout]   22:     0x62f23d806e96 - core::ops::function::FnOnce::call_once::h21d65a25a1d55ce3
[INFO] [stdout]                                at /rustc/202008a1b8de96d2e5b6bc02d379db03a877d34d/library/core/src/ops/function.rs:250:5
[INFO] [stdout]   23:     0x62f23d84c98b - core::ops::function::FnOnce::call_once::h871bf86719ec9aa4
[INFO] [stdout]                                at /rustc/202008a1b8de96d2e5b6bc02d379db03a877d34d/library/core/src/ops/function.rs:250:5
[INFO] [stdout]   24:     0x62f23d84c98b - test::__rust_begin_short_backtrace::h2167df1e2b7d76fd
[INFO] [stdout]                                at /rustc/202008a1b8de96d2e5b6bc02d379db03a877d34d/library/test/src/lib.rs:632:18
[INFO] [stdout]   25:     0x62f23d84c378 - test::run_test_in_process::{{closure}}::h15d92f75a3adfb79
[INFO] [stdout]                                at /rustc/202008a1b8de96d2e5b6bc02d379db03a877d34d/library/test/src/lib.rs:655:60
[INFO] [stdout]   26:     0x62f23d84c378 - <core::panic::unwind_safe::AssertUnwindSafe<F> as core::ops::function::FnOnce<()>>::call_once::hb6c8955835a8dbbb
[INFO] [stdout]                                at /rustc/202008a1b8de96d2e5b6bc02d379db03a877d34d/library/core/src/panic/unwind_safe.rs:272:9
[INFO] [stdout]   27:     0x62f23d84c378 - std::panicking::try::do_call::hc79d0fc888a0bd30
[INFO] [stdout]                                at /rustc/202008a1b8de96d2e5b6bc02d379db03a877d34d/library/std/src/panicking.rs:557:40
[INFO] [stdout]   28:     0x62f23d84c378 - std::panicking::try::hb8a7878e3a8589d6
[INFO] [stdout]                                at /rustc/202008a1b8de96d2e5b6bc02d379db03a877d34d/library/std/src/panicking.rs:520:19
[INFO] [stdout]   29:     0x62f23d84c378 - std::panic::catch_unwind::hb8e4600ff0ff5cfa
[INFO] [stdout]                                at /rustc/202008a1b8de96d2e5b6bc02d379db03a877d34d/library/std/src/panic.rs:358:14
[INFO] [stdout]   30:     0x62f23d84c378 - test::run_test_in_process::hc2900b0b18688dd6
[INFO] [stdout]                                at /rustc/202008a1b8de96d2e5b6bc02d379db03a877d34d/library/test/src/lib.rs:655:27
[INFO] [stdout]   31:     0x62f23d84c378 - test::run_test::{{closure}}::hac2a9cb07be3d48d
[INFO] [stdout]                                at /rustc/202008a1b8de96d2e5b6bc02d379db03a877d34d/library/test/src/lib.rs:576:43
[INFO] [stdout]   32:     0x62f23d80fe1a - test::run_test::{{closure}}::h4a5b729e66a38cd8
[INFO] [stdout]                                at /rustc/202008a1b8de96d2e5b6bc02d379db03a877d34d/library/test/src/lib.rs:606:41
[INFO] [stdout]   33:     0x62f23d80fe1a - std::sys::backtrace::__rust_begin_short_backtrace::h0496fb742492f573
[INFO] [stdout]                                at /rustc/202008a1b8de96d2e5b6bc02d379db03a877d34d/library/std/src/sys/backtrace.rs:154:18
[INFO] [stdout]   34:     0x62f23d813794 - std::thread::Builder::spawn_unchecked_::{{closure}}::{{closure}}::hbb6d257c550a54bd
[INFO] [stdout]                                at /rustc/202008a1b8de96d2e5b6bc02d379db03a877d34d/library/std/src/thread/mod.rs:561:17
[INFO] [stdout]   35:     0x62f23d813794 - <core::panic::unwind_safe::AssertUnwindSafe<F> as core::ops::function::FnOnce<()>>::call_once::h46696fe4a6832328
[INFO] [stdout]                                at /rustc/202008a1b8de96d2e5b6bc02d379db03a877d34d/library/core/src/panic/unwind_safe.rs:272:9
[INFO] [stdout]   36:     0x62f23d813794 - std::panicking::try::do_call::h2625a51b667bfb64
[INFO] [stdout]                                at /rustc/202008a1b8de96d2e5b6bc02d379db03a877d34d/library/std/src/panicking.rs:557:40
[INFO] [stdout]   37:     0x62f23d813794 - std::panicking::try::hb956a59a1973aa4c
[INFO] [stdout]                                at /rustc/202008a1b8de96d2e5b6bc02d379db03a877d34d/library/std/src/panicking.rs:520:19
[INFO] [stdout]   38:     0x62f23d813794 - std::panic::catch_unwind::h64f3b9d1067ef6a0
[INFO] [stdout]                                at /rustc/202008a1b8de96d2e5b6bc02d379db03a877d34d/library/std/src/panic.rs:358:14
[INFO] [stdout]   39:     0x62f23d813794 - std::thread::Builder::spawn_unchecked_::{{closure}}::h42b2841295b6c0b2
[INFO] [stdout]                                at /rustc/202008a1b8de96d2e5b6bc02d379db03a877d34d/library/std/src/thread/mod.rs:559:30
[INFO] [stdout]   40:     0x62f23d813794 - core::ops::function::FnOnce::call_once{{vtable.shim}}::h6127de71b8124639
[INFO] [stdout]                                at /rustc/202008a1b8de96d2e5b6bc02d379db03a877d34d/library/core/src/ops/function.rs:250:5
[INFO] [stdout]   41:     0x62f23d886f4b - <alloc::boxed::Box<F,A> as core::ops::function::FnOnce<Args>>::call_once::h42f0ba71002a1b2c
[INFO] [stdout]                                at /rustc/202008a1b8de96d2e5b6bc02d379db03a877d34d/library/alloc/src/boxed.rs:1972:9
[INFO] [stdout]   42:     0x62f23d886f4b - <alloc::boxed::Box<F,A> as core::ops::function::FnOnce<Args>>::call_once::had9e47d7a3dcecb8
[INFO] [stdout]                                at /rustc/202008a1b8de96d2e5b6bc02d379db03a877d34d/library/alloc/src/boxed.rs:1972:9
[INFO] [stdout]   43:     0x62f23d886f4b - std::sys::pal::unix::thread::Thread::new::thread_start::h48cf765408f6f5f2
[INFO] [stdout]                                at /rustc/202008a1b8de96d2e5b6bc02d379db03a877d34d/library/std/src/sys/pal/unix/thread.rs:105:17
[INFO] [stdout]   44:     0x774f5689aac3 - <unknown>
[INFO] [stdout]   45:     0x774f5692ba04 - clone
[INFO] [stdout]   46:                0x0 - <unknown>
[INFO] [stdout] 
[INFO] [stdout] ---- tests::sl_comment stdout ----
[INFO] [stdout] thread 'tests::sl_comment' panicked at bright-lang-lexer/src/lib.rs:1031:9:
[INFO] [stdout] assertion `left == right` failed
[INFO] [stdout]   left: Some(AllTheThings)
[INFO] [stdout]  right: Some(NewLine)
[INFO] [stdout] stack backtrace:
[INFO] [stdout]    0:     0x62f23d8814da - std::backtrace_rs::backtrace::libunwind::trace::h8810477743020387
[INFO] [stdout]                                at /rustc/202008a1b8de96d2e5b6bc02d379db03a877d34d/library/std/src/../../backtrace/src/backtrace/libunwind.rs:116:5
[INFO] [stdout]    1:     0x62f23d8814da - std::backtrace_rs::backtrace::trace_unsynchronized::h3aa55355dd6c54a6
[INFO] [stdout]                                at /rustc/202008a1b8de96d2e5b6bc02d379db03a877d34d/library/std/src/../../backtrace/src/backtrace/mod.rs:66:5
[INFO] [stdout]    2:     0x62f23d8814da - std::sys::backtrace::_print_fmt::h8588b0f62410823f
[INFO] [stdout]                                at /rustc/202008a1b8de96d2e5b6bc02d379db03a877d34d/library/std/src/sys/backtrace.rs:66:9
[INFO] [stdout]    3:     0x62f23d8814da - <std::sys::backtrace::BacktraceLock::print::DisplayBacktrace as core::fmt::Display>::fmt::h98c26ac25ffe89bb
[INFO] [stdout]                                at /rustc/202008a1b8de96d2e5b6bc02d379db03a877d34d/library/std/src/sys/backtrace.rs:39:26
[INFO] [stdout]    4:     0x62f23d8a6f33 - core::fmt::rt::Argument::fmt::hf95377f4aebd453b
[INFO] [stdout]                                at /rustc/202008a1b8de96d2e5b6bc02d379db03a877d34d/library/core/src/fmt/rt.rs:177:76
[INFO] [stdout]    5:     0x62f23d8a6f33 - core::fmt::write::h0dd5f6e2238c7982
[INFO] [stdout]                                at /rustc/202008a1b8de96d2e5b6bc02d379db03a877d34d/library/core/src/fmt/mod.rs:1189:21
[INFO] [stdout]    6:     0x62f23d87e673 - std::io::Write::write_fmt::h03bb0ca26e6faf8c
[INFO] [stdout]                                at /rustc/202008a1b8de96d2e5b6bc02d379db03a877d34d/library/std/src/io/mod.rs:1884:15
[INFO] [stdout]    7:     0x62f23d881322 - std::sys::backtrace::BacktraceLock::print::h5c19c1c038ee186d
[INFO] [stdout]                                at /rustc/202008a1b8de96d2e5b6bc02d379db03a877d34d/library/std/src/sys/backtrace.rs:42:9
[INFO] [stdout]    8:     0x62f23d88295d - std::panicking::default_hook::{{closure}}::h77172f079a1fcb13
[INFO] [stdout]                                at /rustc/202008a1b8de96d2e5b6bc02d379db03a877d34d/library/std/src/panicking.rs:268:22
[INFO] [stdout]    9:     0x62f23d882767 - std::panicking::default_hook::he5f8e3b203ccddba
[INFO] [stdout]                                at /rustc/202008a1b8de96d2e5b6bc02d379db03a877d34d/library/std/src/panicking.rs:292:9
[INFO] [stdout]   10:     0x62f23d847e67 - <alloc::boxed::Box<F,A> as core::ops::function::Fn<Args>>::call::h7a3c7b4a1ae77f2f
[INFO] [stdout]                                at /rustc/202008a1b8de96d2e5b6bc02d379db03a877d34d/library/alloc/src/boxed.rs:1986:9
[INFO] [stdout]   11:     0x62f23d847e67 - test::test_main::{{closure}}::hf0d3b69ae9b353d1
[INFO] [stdout]                                at /rustc/202008a1b8de96d2e5b6bc02d379db03a877d34d/library/test/src/lib.rs:134:21
[INFO] [stdout]   12:     0x62f23d883008 - <alloc::boxed::Box<F,A> as core::ops::function::Fn<Args>>::call::h6332e82e7b189abd
[INFO] [stdout]                                at /rustc/202008a1b8de96d2e5b6bc02d379db03a877d34d/library/alloc/src/boxed.rs:1986:9
[INFO] [stdout]   13:     0x62f23d883008 - std::panicking::rust_panic_with_hook::h53863d4e9018df39
[INFO] [stdout]                                at /rustc/202008a1b8de96d2e5b6bc02d379db03a877d34d/library/std/src/panicking.rs:809:13
[INFO] [stdout]   14:     0x62f23d882dca - std::panicking::begin_panic_handler::{{closure}}::h67280e6fa0757873
[INFO] [stdout]                                at /rustc/202008a1b8de96d2e5b6bc02d379db03a877d34d/library/std/src/panicking.rs:674:13
[INFO] [stdout]   15:     0x62f23d8819b9 - std::sys::backtrace::__rust_end_short_backtrace::h1dac3f54d6fbbeb2
[INFO] [stdout]                                at /rustc/202008a1b8de96d2e5b6bc02d379db03a877d34d/library/std/src/sys/backtrace.rs:170:18
[INFO] [stdout]   16:     0x62f23d882a5c - rust_begin_unwind
[INFO] [stdout]                                at /rustc/202008a1b8de96d2e5b6bc02d379db03a877d34d/library/std/src/panicking.rs:665:5
[INFO] [stdout]   17:     0x62f23d7c2a90 - core::panicking::panic_fmt::h6792bd1b2bf01041
[INFO] [stdout]                                at /rustc/202008a1b8de96d2e5b6bc02d379db03a877d34d/library/core/src/panicking.rs:76:14
[INFO] [stdout]   18:     0x62f23d7c2dbb - core::panicking::assert_failed_inner::hf2c17e6d30928787
[INFO] [stdout]   19:     0x62f23d807b40 - core::panicking::assert_failed::hb10941e7fd29f503
[INFO] [stdout]                                at /rustc/202008a1b8de96d2e5b6bc02d379db03a877d34d/library/core/src/panicking.rs:373:5
[INFO] [stdout]   20:     0x62f23d80c798 - bright_lang_lexer::tests::sl_comment::ha955e22321637f6d
[INFO] [stdout]                                at /opt/rustwide/workdir/bright-lang-lexer/src/lib.rs:1031:9
[INFO] [stdout]   21:     0x62f23d80c547 - bright_lang_lexer::tests::sl_comment::{{closure}}::h2a63c27fbf7d2b0a
[INFO] [stdout]                                at /opt/rustwide/workdir/bright-lang-lexer/src/lib.rs:1024:20
[INFO] [stdout]   22:     0x62f23d806f96 - core::ops::function::FnOnce::call_once::h898a779db26d0d83
[INFO] [stdout]                                at /rustc/202008a1b8de96d2e5b6bc02d379db03a877d34d/library/core/src/ops/function.rs:250:5
[INFO] [stdout]   23:     0x62f23d84c98b - core::ops::function::FnOnce::call_once::h871bf86719ec9aa4
[INFO] [stdout]                                at /rustc/202008a1b8de96d2e5b6bc02d379db03a877d34d/library/core/src/ops/function.rs:250:5
[INFO] [stdout]   24:     0x62f23d84c98b - test::__rust_begin_short_backtrace::h2167df1e2b7d76fd
[INFO] [stdout]                                at /rustc/202008a1b8de96d2e5b6bc02d379db03a877d34d/library/test/src/lib.rs:632:18
[INFO] [stdout]   25:     0x62f23d84c378 - test::run_test_in_process::{{closure}}::h15d92f75a3adfb79
[INFO] [stdout]                                at /rustc/202008a1b8de96d2e5b6bc02d379db03a877d34d/library/test/src/lib.rs:655:60
[INFO] [stdout]   26:     0x62f23d84c378 - <core::panic::unwind_safe::AssertUnwindSafe<F> as core::ops::function::FnOnce<()>>::call_once::hb6c8955835a8dbbb
[INFO] [stdout]                                at /rustc/202008a1b8de96d2e5b6bc02d379db03a877d34d/library/core/src/panic/unwind_safe.rs:272:9
[INFO] [stdout]   27:     0x62f23d84c378 - std::panicking::try::do_call::hc79d0fc888a0bd30
[INFO] [stdout]                                at /rustc/202008a1b8de96d2e5b6bc02d379db03a877d34d/library/std/src/panicking.rs:557:40
[INFO] [stdout]   28:     0x62f23d84c378 - std::panicking::try::hb8a7878e3a8589d6
[INFO] [stdout]                                at /rustc/202008a1b8de96d2e5b6bc02d379db03a877d34d/library/std/src/panicking.rs:520:19
[INFO] [stdout]   29:     0x62f23d84c378 - std::panic::catch_unwind::hb8e4600ff0ff5cfa
[INFO] [stdout]                                at /rustc/202008a1b8de96d2e5b6bc02d379db03a877d34d/library/std/src/panic.rs:358:14
[INFO] [stdout]   30:     0x62f23d84c378 - test::run_test_in_process::hc2900b0b18688dd6
[INFO] [stdout]                                at /rustc/202008a1b8de96d2e5b6bc02d379db03a877d34d/library/test/src/lib.rs:655:27
[INFO] [stdout]   31:     0x62f23d84c378 - test::run_test::{{closure}}::hac2a9cb07be3d48d
[INFO] [stdout]                                at /rustc/202008a1b8de96d2e5b6bc02d379db03a877d34d/library/test/src/lib.rs:576:43
[INFO] [stdout]   32:     0x62f23d80fe1a - test::run_test::{{closure}}::h4a5b729e66a38cd8
[INFO] [stdout]                                at /rustc/202008a1b8de96d2e5b6bc02d379db03a877d34d/library/test/src/lib.rs:606:41
[INFO] [stdout]   33:     0x62f23d80fe1a - std::sys::backtrace::__rust_begin_short_backtrace::h0496fb742492f573
[INFO] [stdout]                                at /rustc/202008a1b8de96d2e5b6bc02d379db03a877d34d/library/std/src/sys/backtrace.rs:154:18
[INFO] [stdout]   34:     0x62f23d813794 - std::thread::Builder::spawn_unchecked_::{{closure}}::{{closure}}::hbb6d257c550a54bd
[INFO] [stdout]                                at /rustc/202008a1b8de96d2e5b6bc02d379db03a877d34d/library/std/src/thread/mod.rs:561:17
[INFO] [stdout]   35:     0x62f23d813794 - <core::panic::unwind_safe::AssertUnwindSafe<F> as core::ops::function::FnOnce<()>>::call_once::h46696fe4a6832328
[INFO] [stdout]                                at /rustc/202008a1b8de96d2e5b6bc02d379db03a877d34d/library/core/src/panic/unwind_safe.rs:272:9
[INFO] [stdout]   36:     0x62f23d813794 - std::panicking::try::do_call::h2625a51b667bfb64
[INFO] [stdout]                                at /rustc/202008a1b8de96d2e5b6bc02d379db03a877d34d/library/std/src/panicking.rs:557:40
[INFO] [stdout]   37:     0x62f23d813794 - std::panicking::try::hb956a59a1973aa4c
[INFO] [stdout]                                at /rustc/202008a1b8de96d2e5b6bc02d379db03a877d34d/library/std/src/panicking.rs:520:19
[INFO] [stdout]   38:     0x62f23d813794 - std::panic::catch_unwind::h64f3b9d1067ef6a0
[INFO] [stdout]                                at /rustc/202008a1b8de96d2e5b6bc02d379db03a877d34d/library/std/src/panic.rs:358:14
[INFO] [stdout]   39:     0x62f23d813794 - std::thread::Builder::spawn_unchecked_::{{closure}}::h42b2841295b6c0b2
[INFO] [stdout]                                at /rustc/202008a1b8de96d2e5b6bc02d379db03a877d34d/library/std/src/thread/mod.rs:559:30
[INFO] [stdout]   40:     0x62f23d813794 - core::ops::function::FnOnce::call_once{{vtable.shim}}::h6127de71b8124639
[INFO] [stdout]                                at /rustc/202008a1b8de96d2e5b6bc02d379db03a877d34d/library/core/src/ops/function.rs:250:5
[INFO] [stdout]   41:     0x62f23d886f4b - <alloc::boxed::Box<F,A> as core::ops::function::FnOnce<Args>>::call_once::h42f0ba71002a1b2c
[INFO] [stdout]                                at /rustc/202008a1b8de96d2e5b6bc02d379db03a877d34d/library/alloc/src/boxed.rs:1972:9
[INFO] [stdout]   42:     0x62f23d886f4b - <alloc::boxed::Box<F,A> as core::ops::function::FnOnce<Args>>::call_once::had9e47d7a3dcecb8
[INFO] [stdout]                                at /rustc/202008a1b8de96d2e5b6bc02d379db03a877d34d/library/alloc/src/boxed.rs:1972:9
[INFO] [stdout]   43:     0x62f23d886f4b - std::sys::pal::unix::thread::Thread::new::thread_start::h48cf765408f6f5f2
[INFO] [stdout]                                at /rustc/202008a1b8de96d2e5b6bc02d379db03a877d34d/library/std/src/sys/pal/unix/thread.rs:105:17
[INFO] [stdout]   44:     0x774f5689aac3 - <unknown>
[INFO] [stdout]   45:     0x774f5692ba04 - clone
[INFO] [stdout]   46:                0x0 - <unknown>
[INFO] [stdout] 
[INFO] [stdout] 
[INFO] [stdout] failures:
[INFO] [stdout]     tests::ml_comment
[INFO] [stdout]     tests::sl_comment
[INFO] [stdout] 
[INFO] [stdout] test result: FAILED. 8 passed; 2 failed; 0 ignored; 0 measured; 0 filtered out; finished in 0.01s
[INFO] [stdout] 
[INFO] running `Command { std: "docker" "inspect" "9e96ade9d0e6fb017c94b039a2aabc816acc834282cf6bd2cf8bd95c00f90fd9", kill_on_drop: false }`
[INFO] running `Command { std: "docker" "rm" "-f" "9e96ade9d0e6fb017c94b039a2aabc816acc834282cf6bd2cf8bd95c00f90fd9", kill_on_drop: false }`
[INFO] [stdout] 9e96ade9d0e6fb017c94b039a2aabc816acc834282cf6bd2cf8bd95c00f90fd9
