[INFO] cloning repository https://github.com/thegenius/FastORM
[INFO] running `Command { std: "git" "-c" "credential.helper=" "-c" "credential.helper=/workspace/cargo-home/bin/git-credential-null" "clone" "--bare" "https://github.com/thegenius/FastORM" "/workspace/cache/git-repos/https%3A%2F%2Fgithub.com%2Fthegenius%2FFastORM", kill_on_drop: false }`
[INFO] [stderr] Cloning into bare repository '/workspace/cache/git-repos/https%3A%2F%2Fgithub.com%2Fthegenius%2FFastORM'...
[INFO] running `Command { std: "git" "rev-parse" "HEAD", kill_on_drop: false }`
[INFO] [stdout] e3ab930ec4864ffa3829c89c0c490d39f70e40f0
[INFO] testing thegenius/FastORM against 1.83.0 for beta-1.84.0-4-retry
[INFO] running `Command { std: "git" "clone" "/workspace/cache/git-repos/https%3A%2F%2Fgithub.com%2Fthegenius%2FFastORM" "/workspace/builds/worker-4-tc1/source", kill_on_drop: false }`
[INFO] [stderr] Cloning into '/workspace/builds/worker-4-tc1/source'...
[INFO] [stderr] done.
[INFO] validating manifest of git repo https://github.com/thegenius/FastORM on toolchain 1.83.0
[INFO] running `Command { std: CARGO_HOME="/workspace/cargo-home" RUSTUP_HOME="/workspace/rustup-home" "/workspace/cargo-home/bin/cargo" "+1.83.0" "metadata" "--manifest-path" "Cargo.toml" "--no-deps", kill_on_drop: false }`
[INFO] started tweaking git repo https://github.com/thegenius/FastORM
[INFO] finished tweaking git repo https://github.com/thegenius/FastORM
[INFO] tweaked toml for git repo https://github.com/thegenius/FastORM written to /workspace/builds/worker-4-tc1/source/Cargo.toml
[INFO] crate git repo https://github.com/thegenius/FastORM already has a lockfile, it will not be regenerated
[INFO] running `Command { std: CARGO_HOME="/workspace/cargo-home" RUSTUP_HOME="/workspace/rustup-home" "/workspace/cargo-home/bin/cargo" "+1.83.0" "fetch" "--manifest-path" "Cargo.toml", kill_on_drop: false }`
[INFO] [stderr]  Downloading crates ...
[INFO] [stderr]   Downloaded atomic-write-file v0.1.1
[INFO] [stderr]   Downloaded rsa v0.9.5
[INFO] running `Command { std: "docker" "create" "-v" "/var/lib/crater-agent-workspace/builds/worker-4-tc1/target:/opt/rustwide/target:rw,Z" "-v" "/var/lib/crater-agent-workspace/builds/worker-4-tc1/source:/opt/rustwide/workdir:ro,Z" "-v" "/var/lib/crater-agent-workspace/cargo-home:/opt/rustwide/cargo-home:ro,Z" "-v" "/var/lib/crater-agent-workspace/rustup-home:/opt/rustwide/rustup-home:ro,Z" "-e" "SOURCE_DIR=/opt/rustwide/workdir" "-e" "CARGO_TARGET_DIR=/opt/rustwide/target" "-e" "CARGO_HOME=/opt/rustwide/cargo-home" "-e" "RUSTUP_HOME=/opt/rustwide/rustup-home" "-w" "/opt/rustwide/workdir" "-m" "1610612736" "--user" "0:0" "--network" "none" "ghcr.io/rust-lang/crates-build-env/linux@sha256:f3a9d4ad9d972b27faf3965f35b62e55ba32bbce8f20bc8fe909558a86702fde" "/opt/rustwide/cargo-home/bin/cargo" "+1.83.0" "metadata" "--no-deps" "--format-version=1", kill_on_drop: false }`
[INFO] [stdout] 6ee368e9db32c4d927ad1f120800f4c28b80d6795d743895266edad890c0e911
[INFO] running `Command { std: "docker" "start" "-a" "6ee368e9db32c4d927ad1f120800f4c28b80d6795d743895266edad890c0e911", kill_on_drop: false }`
[INFO] running `Command { std: "docker" "inspect" "6ee368e9db32c4d927ad1f120800f4c28b80d6795d743895266edad890c0e911", kill_on_drop: false }`
[INFO] running `Command { std: "docker" "rm" "-f" "6ee368e9db32c4d927ad1f120800f4c28b80d6795d743895266edad890c0e911", kill_on_drop: false }`
[INFO] [stdout] 6ee368e9db32c4d927ad1f120800f4c28b80d6795d743895266edad890c0e911
[INFO] running `Command { std: "docker" "create" "-v" "/var/lib/crater-agent-workspace/builds/worker-4-tc1/target:/opt/rustwide/target:rw,Z" "-v" "/var/lib/crater-agent-workspace/builds/worker-4-tc1/source:/opt/rustwide/workdir:ro,Z" "-v" "/var/lib/crater-agent-workspace/cargo-home:/opt/rustwide/cargo-home:ro,Z" "-v" "/var/lib/crater-agent-workspace/rustup-home:/opt/rustwide/rustup-home:ro,Z" "-e" "SOURCE_DIR=/opt/rustwide/workdir" "-e" "CARGO_TARGET_DIR=/opt/rustwide/target" "-e" "CARGO_INCREMENTAL=0" "-e" "RUST_BACKTRACE=full" "-e" "RUSTFLAGS=--cap-lints=warn" "-e" "RUSTDOCFLAGS=--cap-lints=warn" "-e" "CARGO_HOME=/opt/rustwide/cargo-home" "-e" "RUSTUP_HOME=/opt/rustwide/rustup-home" "-w" "/opt/rustwide/workdir" "-m" "1610612736" "--user" "0:0" "--network" "none" "ghcr.io/rust-lang/crates-build-env/linux@sha256:f3a9d4ad9d972b27faf3965f35b62e55ba32bbce8f20bc8fe909558a86702fde" "/opt/rustwide/cargo-home/bin/cargo" "+1.83.0" "build" "--frozen" "--message-format=json", kill_on_drop: false }`
[INFO] [stdout] fa694bc05cf9182704671c9893dff8c3b4f7d96288eb73b1d5d8f03546d6abd7
[INFO] running `Command { std: "docker" "start" "-a" "fa694bc05cf9182704671c9893dff8c3b4f7d96288eb73b1d5d8f03546d6abd7", kill_on_drop: false }`
[INFO] [stderr]    Compiling cfg-if v1.0.0
[INFO] [stderr]    Compiling autocfg v1.1.0
[INFO] [stderr]    Compiling version_check v0.9.4
[INFO] [stderr]    Compiling proc-macro2 v1.0.70
[INFO] [stderr]    Compiling unicode-ident v1.0.12
[INFO] [stderr]    Compiling libc v0.2.150
[INFO] [stderr]    Compiling typenum v1.17.0
[INFO] [stderr]    Compiling const-oid v0.9.5
[INFO] [stderr]    Compiling once_cell v1.18.0
[INFO] [stderr]    Compiling serde v1.0.193
[INFO] [stderr]    Compiling smallvec v1.11.2
[INFO] [stderr]    Compiling subtle v2.5.0
[INFO] [stderr]    Compiling generic-array v0.14.7
[INFO] [stderr]    Compiling ahash v0.8.6
[INFO] [stderr]    Compiling lock_api v0.4.11
[INFO] [stderr]    Compiling futures-core v0.3.29
[INFO] [stderr]    Compiling libm v0.2.8
[INFO] [stderr]    Compiling num-traits v0.2.17
[INFO] [stderr]    Compiling quote v1.0.33
[INFO] [stderr]    Compiling scopeguard v1.2.0
[INFO] [stderr]    Compiling parking_lot_core v0.9.9
[INFO] [stderr]    Compiling zerocopy v0.7.26
[INFO] [stderr]    Compiling syn v2.0.39
[INFO] [stderr]    Compiling pin-project-lite v0.2.13
[INFO] [stderr]    Compiling allocator-api2 v0.2.16
[INFO] [stderr]    Compiling tinyvec_macros v0.1.1
[INFO] [stderr]    Compiling ppv-lite86 v0.2.17
[INFO] [stderr]    Compiling slab v0.4.9
[INFO] [stderr]    Compiling tinyvec v1.6.0
[INFO] [stderr]    Compiling bytes v1.5.0
[INFO] [stderr]    Compiling crypto-common v0.1.6
[INFO] [stderr]    Compiling block-buffer v0.10.4
[INFO] [stderr]    Compiling getrandom v0.2.11
[INFO] [stderr]    Compiling zeroize v1.7.0
[INFO] [stderr]    Compiling digest v0.10.7
[INFO] [stderr]    Compiling byteorder v1.5.0
[INFO] [stderr]    Compiling memchr v2.6.4
[INFO] [stderr]    Compiling futures-sink v0.3.29
[INFO] [stderr]    Compiling futures-task v0.3.29
[INFO] [stderr]    Compiling num-integer v0.1.45
[INFO] [stderr]    Compiling base64ct v1.6.0
[INFO] [stderr]    Compiling unicode-bidi v0.3.13
[INFO] [stderr]    Compiling crossbeam-utils v0.8.16
[INFO] [stderr]    Compiling unicode-normalization v0.1.22
[INFO] [stderr]    Compiling cpufeatures v0.2.11
[INFO] [stderr]    Compiling futures-util v0.3.29
[INFO] [stderr]    Compiling equivalent v1.0.1
[INFO] [stderr]    Compiling pem-rfc7468 v0.7.0
[INFO] [stderr]    Compiling num-iter v0.1.43
[INFO] [stderr]    Compiling pin-utils v0.1.0
[INFO] [stderr]    Compiling serde_json v1.0.108
[INFO] [stderr]    Compiling percent-encoding v2.3.1
[INFO] [stderr]    Compiling ryu v1.0.15
[INFO] [stderr]    Compiling futures-channel v0.3.29
[INFO] [stderr]    Compiling futures-io v0.3.29
[INFO] [stderr]    Compiling minimal-lexical v0.2.1
[INFO] [stderr]    Compiling paste v1.0.14
[INFO] [stderr]    Compiling crossbeam-queue v0.3.8
[INFO] [stderr]    Compiling itoa v1.0.9
[INFO] [stderr]    Compiling thiserror v1.0.50
[INFO] [stderr]    Compiling nom v7.1.3
[INFO] [stderr]    Compiling form_urlencoded v1.2.1
[INFO] [stderr]    Compiling idna v0.5.0
[INFO] [stderr]    Compiling der v0.7.8
[INFO] [stderr]    Compiling rand_core v0.6.4
[INFO] [stderr]    Compiling tracing-core v0.1.32
[INFO] [stderr]    Compiling num-bigint-dig v0.8.4
[INFO] [stderr]    Compiling spin v0.5.2
[INFO] [stderr]    Compiling crc-catalog v2.4.0
[INFO] [stderr]    Compiling unicode_categories v0.1.1
[INFO] [stderr]    Compiling log v0.4.20
[INFO] [stderr]    Compiling crc v3.0.1
[INFO] [stderr]    Compiling lazy_static v1.4.0
[INFO] [stderr]    Compiling url v2.5.0
[INFO] [stderr]    Compiling atoi v2.0.0
[INFO] [stderr]    Compiling dotenvy v0.15.7
[INFO] [stderr]    Compiling spki v0.7.3
[INFO] [stderr]    Compiling hex v0.4.3
[INFO] [stderr]    Compiling event-listener v2.5.3
[INFO] [stderr]    Compiling pkcs8 v0.10.2
[INFO] [stderr]    Compiling hashbrown v0.14.3
[INFO] [stderr]    Compiling rand_chacha v0.3.1
[INFO] [stderr]    Compiling socket2 v0.5.5
[INFO] [stderr]    Compiling cc v1.0.83
[INFO] [stderr]    Compiling mio v0.8.9
[INFO] [stderr]    Compiling pkg-config v0.3.27
[INFO] [stderr]    Compiling vcpkg v0.2.15
[INFO] [stderr]    Compiling tokio v1.34.0
[INFO] [stderr]    Compiling rand v0.8.5
[INFO] [stderr]    Compiling parking_lot v0.12.1
[INFO] [stderr]    Compiling pkcs1 v0.7.5
[INFO] [stderr]    Compiling hashlink v0.8.4
[INFO] [stderr]    Compiling futures-intrusive v0.5.0
[INFO] [stderr]    Compiling libsqlite3-sys v0.27.0
[INFO] [stderr]    Compiling indexmap v2.1.0
[INFO] [stderr]    Compiling sha2 v0.10.8
[INFO] [stderr]    Compiling hmac v0.12.1
[INFO] [stderr]    Compiling spin v0.9.8
[INFO] [stderr]    Compiling finl_unicode v1.2.0
[INFO] [stderr]    Compiling rustix v0.38.25
[INFO] [stderr]    Compiling flume v0.11.0
[INFO] [stderr]    Compiling stringprep v0.1.4
[INFO] [stderr]    Compiling hkdf v0.12.3
[INFO] [stderr]    Compiling futures-executor v0.3.29
[INFO] [stderr]    Compiling signature v2.2.0
[INFO] [stderr]    Compiling sha1 v0.10.6
[INFO] [stderr]    Compiling md-5 v0.10.6
[INFO] [stderr]    Compiling linux-raw-sys v0.4.11
[INFO] [stderr]    Compiling serde_derive v1.0.193
[INFO] [stderr]    Compiling thiserror-impl v1.0.50
[INFO] [stderr]    Compiling tracing-attributes v0.1.27
[INFO] [stderr]    Compiling syn v1.0.109
[INFO] [stderr]    Compiling whoami v1.4.1
[INFO] [stderr]    Compiling urlencoding v2.1.3
[INFO] [stderr]    Compiling base64 v0.21.5
[INFO] [stderr]    Compiling rsa v0.9.5
[INFO] [stderr]    Compiling unicode-segmentation v1.10.1
[INFO] [stderr]    Compiling fastrand v2.0.1
[INFO] [stderr]    Compiling tokio-macros v2.2.0
[INFO] [stderr]    Compiling heck v0.4.1
[INFO] [stderr]    Compiling tracing v0.1.40
[INFO] [stderr]    Compiling signal-hook-registry v1.4.1
[INFO] [stderr]    Compiling tokio-stream v0.1.14
[INFO] [stderr]    Compiling num_cpus v1.16.0
[INFO] [stderr]    Compiling async-trait v0.1.74
[INFO] [stderr]    Compiling path-dedot v3.1.1
[INFO] [stderr]    Compiling unsafe-libyaml v0.2.9
[INFO] [stderr]    Compiling path-absolutize v3.1.1
[INFO] [stderr]    Compiling either v1.9.0
[INFO] [stderr]    Compiling bitflags v2.4.1
[INFO] [stderr]    Compiling serde_yaml v0.9.27
[INFO] [stderr]    Compiling nix v0.27.1
[INFO] [stderr]    Compiling itertools v0.11.0
[INFO] [stderr]    Compiling atomic-write-file v0.1.1
[INFO] [stderr]    Compiling sqlformat v0.2.2
[INFO] [stderr]    Compiling tempfile v3.8.1
[INFO] [stderr]    Compiling sqlx-core v0.7.3
[INFO] [stderr]    Compiling sqlx-mysql v0.7.3
[INFO] [stderr]    Compiling sqlx-sqlite v0.7.3
[INFO] [stderr]    Compiling sqlx-macros-core v0.7.3
[INFO] [stderr]    Compiling sqlx-macros v0.7.3
[INFO] [stderr]    Compiling sqlx v0.7.3
[INFO] [stderr]    Compiling fastorm-trait v0.1.0 (/opt/rustwide/workdir/fastorm-trait)
[INFO] [stdout] warning: unused import: `sqlx::Any`
[INFO] [stdout]  --> fastorm-trait/src/lib.rs:4:5
[INFO] [stdout]   |
[INFO] [stdout] 4 | use sqlx::Any;
[INFO] [stdout]   |     ^^^^^^^^^
[INFO] [stdout]   |
[INFO] [stdout]   = note: `#[warn(unused_imports)]` on by default
[INFO] [stdout] 
[INFO] [stdout] 
[INFO] [stdout] warning: unused import: `sqlx::AnyExecutor`
[INFO] [stdout]  --> fastorm-trait/src/lib.rs:5:5
[INFO] [stdout]   |
[INFO] [stdout] 5 | use sqlx::AnyExecutor;
[INFO] [stdout]   |     ^^^^^^^^^^^^^^^^^
[INFO] [stdout] 
[INFO] [stdout] 
[INFO] [stdout] warning: unused import: `sqlx::AnyPool`
[INFO] [stdout]  --> fastorm-trait/src/transaction.rs:2:5
[INFO] [stdout]   |
[INFO] [stdout] 2 | use sqlx::AnyPool;
[INFO] [stdout]   |     ^^^^^^^^^^^^^
[INFO] [stdout] 
[INFO] [stdout] 
[INFO] [stdout] warning: unused imports: `Row` and `any::AnyRow`
[INFO] [stdout]  --> fastorm-trait/src/transaction.rs:6:12
[INFO] [stdout]   |
[INFO] [stdout] 6 | use sqlx::{Row, any::AnyRow};
[INFO] [stdout]   |            ^^^  ^^^^^^^^^^^
[INFO] [stdout] 
[INFO] [stdout] 
[INFO] [stdout] warning: unused import: `async_trait::async_trait`
[INFO] [stdout]  --> fastorm-trait/src/transaction.rs:7:5
[INFO] [stdout]   |
[INFO] [stdout] 7 | use async_trait::async_trait;
[INFO] [stdout]   |     ^^^^^^^^^^^^^^^^^^^^^^^^
[INFO] [stdout] 
[INFO] [stdout] 
[INFO] [stdout] warning: unused imports: `Entity`, `Location`, `Mutation`, `PageInfo`, and `PagedList`
[INFO] [stdout]  --> fastorm-trait/src/transaction.rs:8:13
[INFO] [stdout]   |
[INFO] [stdout] 8 | use crate::{Entity, Primary, Selection, SelectedEntity, Mutation, Location, PageInfo, PagedList};
[INFO] [stdout]   |             ^^^^^^                                      ^^^^^^^^  ^^^^^^^^  ^^^^^^^^  ^^^^^^^^^
[INFO] [stdout] 
[INFO] [stdout] 
[INFO] [stdout] warning: unused import: `merge_any_arguments`
[INFO] [stdout]  --> fastorm-trait/src/transaction.rs:9:13
[INFO] [stdout]   |
[INFO] [stdout] 9 | use crate::{merge_any_arguments};
[INFO] [stdout]   |             ^^^^^^^^^^^^^^^^^^^
[INFO] [stdout] 
[INFO] [stdout] 
[INFO] [stdout] warning: unused import: `sqlx::AnyExecutor`
[INFO] [stdout]  --> fastorm-trait/src/v2.rs:5:5
[INFO] [stdout]   |
[INFO] [stdout] 5 | use sqlx::AnyExecutor;
[INFO] [stdout]   |     ^^^^^^^^^^^^^^^^^
[INFO] [stdout] 
[INFO] [stdout] 
[INFO] [stdout] warning: unused import: `sqlx::Database`
[INFO] [stdout]  --> fastorm-trait/src/v2.rs:6:5
[INFO] [stdout]   |
[INFO] [stdout] 6 | use sqlx::Database;
[INFO] [stdout]   |     ^^^^^^^^^^^^^^
[INFO] [stdout] 
[INFO] [stdout] 
[INFO] [stdout] warning: unused import: `Row`
[INFO] [stdout]  --> fastorm-trait/src/v2.rs:9:25
[INFO] [stdout]   |
[INFO] [stdout] 9 | use sqlx::{any::AnyRow, Row};
[INFO] [stdout]   |                         ^^^
[INFO] [stdout] 
[INFO] [stdout] 
[INFO] [stdout] warning: unused import: `sqlx::Any`
[INFO] [stdout]  --> fastorm-trait/src/lib.rs:4:5
[INFO] [stdout]   |
[INFO] [stdout] 4 | use sqlx::Any;
[INFO] [stdout]   |     ^^^^^^^^^
[INFO] [stdout]   |
[INFO] [stdout]   = note: `#[warn(unused_imports)]` on by default
[INFO] [stdout] 
[INFO] [stdout] 
[INFO] [stdout] warning: unused import: `sqlx::AnyExecutor`
[INFO] [stdout]  --> fastorm-trait/src/lib.rs:5:5
[INFO] [stdout]   |
[INFO] [stdout] 5 | use sqlx::AnyExecutor;
[INFO] [stdout]   |     ^^^^^^^^^^^^^^^^^
[INFO] [stdout] 
[INFO] [stdout] 
[INFO] [stdout] warning: unused import: `sqlx::AnyPool`
[INFO] [stdout]  --> fastorm-trait/src/transaction.rs:2:5
[INFO] [stdout]   |
[INFO] [stdout] 2 | use sqlx::AnyPool;
[INFO] [stdout]   |     ^^^^^^^^^^^^^
[INFO] [stdout] 
[INFO] [stdout] 
[INFO] [stdout] warning: unused imports: `Row` and `any::AnyRow`
[INFO] [stdout]  --> fastorm-trait/src/transaction.rs:6:12
[INFO] [stdout]   |
[INFO] [stdout] 6 | use sqlx::{Row, any::AnyRow};
[INFO] [stdout]   |            ^^^  ^^^^^^^^^^^
[INFO] [stdout] 
[INFO] [stdout] 
[INFO] [stdout] warning: unused import: `async_trait::async_trait`
[INFO] [stdout]  --> fastorm-trait/src/transaction.rs:7:5
[INFO] [stdout]   |
[INFO] [stdout] 7 | use async_trait::async_trait;
[INFO] [stdout]   |     ^^^^^^^^^^^^^^^^^^^^^^^^
[INFO] [stdout] 
[INFO] [stdout] 
[INFO] [stdout] warning: unused imports: `Entity`, `Location`, `Mutation`, `PageInfo`, and `PagedList`
[INFO] [stdout]  --> fastorm-trait/src/transaction.rs:8:13
[INFO] [stdout]   |
[INFO] [stdout] 8 | use crate::{Entity, Primary, Selection, SelectedEntity, Mutation, Location, PageInfo, PagedList};
[INFO] [stdout]   |             ^^^^^^                                      ^^^^^^^^  ^^^^^^^^  ^^^^^^^^  ^^^^^^^^^
[INFO] [stdout] 
[INFO] [stdout] 
[INFO] [stdout] warning: unused import: `merge_any_arguments`
[INFO] [stdout]  --> fastorm-trait/src/transaction.rs:9:13
[INFO] [stdout]   |
[INFO] [stdout] 9 | use crate::{merge_any_arguments};
[INFO] [stdout]   |             ^^^^^^^^^^^^^^^^^^^
[INFO] [stdout] 
[INFO] [stdout] 
[INFO] [stdout] warning: unused import: `sqlx::AnyExecutor`
[INFO] [stdout]  --> fastorm-trait/src/v2.rs:5:5
[INFO] [stdout]   |
[INFO] [stdout] 5 | use sqlx::AnyExecutor;
[INFO] [stdout]   |     ^^^^^^^^^^^^^^^^^
[INFO] [stdout] 
[INFO] [stdout] 
[INFO] [stdout] warning: unused import: `sqlx::Database`
[INFO] [stdout]  --> fastorm-trait/src/v2.rs:6:5
[INFO] [stdout]   |
[INFO] [stdout] 6 | use sqlx::Database;
[INFO] [stdout]   |     ^^^^^^^^^^^^^^
[INFO] [stdout] 
[INFO] [stdout] 
[INFO] [stdout] warning: unused import: `Row`
[INFO] [stdout]  --> fastorm-trait/src/v2.rs:9:25
[INFO] [stdout]   |
[INFO] [stdout] 9 | use sqlx::{any::AnyRow, Row};
[INFO] [stdout]   |                         ^^^
[INFO] [stdout] 
[INFO] [stdout] 
[INFO] [stdout] warning: unused import: `sqlx::TransactionManager`
[INFO] [stdout]  --> fastorm-trait/src/transaction.rs:1:5
[INFO] [stdout]   |
[INFO] [stdout] 1 | use sqlx::TransactionManager;
[INFO] [stdout]   |     ^^^^^^^^^^^^^^^^^^^^^^^^
[INFO] [stdout] 
[INFO] [stdout] 
[INFO] [stdout] warning: unused variable: `executor`
[INFO] [stdout]    --> fastorm-trait/src/v2.rs:135:35
[INFO] [stdout]     |
[INFO] [stdout] 135 |     async fn remove<'e, EX, P, E>(executor: EX, primary: P) -> Result<E, Error>
[INFO] [stdout]     |                                   ^^^^^^^^ help: if this is intentional, prefix it with an underscore: `_executor`
[INFO] [stdout]     |
[INFO] [stdout]     = note: `#[warn(unused_variables)]` on by default
[INFO] [stdout] 
[INFO] [stdout] 
[INFO] [stdout] warning: unused variable: `primary`
[INFO] [stdout]    --> fastorm-trait/src/v2.rs:135:49
[INFO] [stdout]     |
[INFO] [stdout] 135 |     async fn remove<'e, EX, P, E>(executor: EX, primary: P) -> Result<E, Error>
[INFO] [stdout]     |                                                 ^^^^^^^ help: if this is intentional, prefix it with an underscore: `_primary`
[INFO] [stdout] 
[INFO] [stdout] 
[INFO] [stdout] warning: unused import: `sqlx::TransactionManager`
[INFO] [stdout]  --> fastorm-trait/src/transaction.rs:1:5
[INFO] [stdout]   |
[INFO] [stdout] 1 | use sqlx::TransactionManager;
[INFO] [stdout]   |     ^^^^^^^^^^^^^^^^^^^^^^^^
[INFO] [stdout] 
[INFO] [stdout] 
[INFO] [stdout] warning: unused variable: `executor`
[INFO] [stdout]    --> fastorm-trait/src/v2.rs:135:35
[INFO] [stdout]     |
[INFO] [stdout] 135 |     async fn remove<'e, EX, P, E>(executor: EX, primary: P) -> Result<E, Error>
[INFO] [stdout]     |                                   ^^^^^^^^ help: if this is intentional, prefix it with an underscore: `_executor`
[INFO] [stdout]     |
[INFO] [stdout]     = note: `#[warn(unused_variables)]` on by default
[INFO] [stdout] 
[INFO] [stdout] 
[INFO] [stdout] warning: unused variable: `primary`
[INFO] [stdout]    --> fastorm-trait/src/v2.rs:135:49
[INFO] [stdout]     |
[INFO] [stdout] 135 |     async fn remove<'e, EX, P, E>(executor: EX, primary: P) -> Result<E, Error>
[INFO] [stdout]     |                                                 ^^^^^^^ help: if this is intentional, prefix it with an underscore: `_primary`
[INFO] [stdout] 
[INFO] [stdout] 
[INFO] [stdout] warning: unused variable: `primary`
[INFO] [stdout]    --> fastorm-trait/src/lib.rs:357:28
[INFO] [stdout]     |
[INFO] [stdout] 357 |     async fn remove(&self, primary: Self::P) -> Result<Self::E, Error> {
[INFO] [stdout]     |                            ^^^^^^^ help: if this is intentional, prefix it with an underscore: `_primary`
[INFO] [stdout] 
[INFO] [stdout] 
[INFO] [stdout] warning: unused variable: `primary`
[INFO] [stdout]    --> fastorm-trait/src/lib.rs:357:28
[INFO] [stdout]     |
[INFO] [stdout] 357 |     async fn remove(&self, primary: Self::P) -> Result<Self::E, Error> {
[INFO] [stdout]     |                            ^^^^^^^ help: if this is intentional, prefix it with an underscore: `_primary`
[INFO] [stdout] 
[INFO] [stdout] 
[INFO] [stdout] warning: struct `LocatedQuery` is never constructed
[INFO] [stdout]  --> fastorm-trait/src/location.rs:3:12
[INFO] [stdout]   |
[INFO] [stdout] 3 | pub struct LocatedQuery<S, L>
[INFO] [stdout]   |            ^^^^^^^^^^^^
[INFO] [stdout]   |
[INFO] [stdout]   = note: `#[warn(dead_code)]` on by default
[INFO] [stdout] 
[INFO] [stdout] 
[INFO] [stdout] warning: struct `JoinField` is never constructed
[INFO] [stdout]   --> fastorm-trait/src/location.rs:12:12
[INFO] [stdout]    |
[INFO] [stdout] 12 | pub struct JoinField {
[INFO] [stdout]    |            ^^^^^^^^^
[INFO] [stdout] 
[INFO] [stdout] 
[INFO] [stdout] warning: type alias `JoinConditions` is never used
[INFO] [stdout]   --> fastorm-trait/src/location.rs:17:10
[INFO] [stdout]    |
[INFO] [stdout] 17 | pub type JoinConditions = Vec<JoinField>;
[INFO] [stdout]    |          ^^^^^^^^^^^^^^
[INFO] [stdout] 
[INFO] [stdout] 
[INFO] [stdout] warning: struct `Transaction` is never constructed
[INFO] [stdout]   --> fastorm-trait/src/transaction.rs:14:12
[INFO] [stdout]    |
[INFO] [stdout] 14 | pub struct Transaction <'a>{
[INFO] [stdout]    |            ^^^^^^^^^^^
[INFO] [stdout] 
[INFO] [stdout] 
[INFO] [stdout] warning: methods `commit`, `rollback`, and `select` are never used
[INFO] [stdout]   --> fastorm-trait/src/transaction.rs:25:18
[INFO] [stdout]    |
[INFO] [stdout] 22 | impl <'a> Transaction<'a> {
[INFO] [stdout]    | ------------------------- methods in this implementation
[INFO] [stdout] ...
[INFO] [stdout] 25 |     pub async fn commit(self) -> Result<(), Error> {
[INFO] [stdout]    |                  ^^^^^^
[INFO] [stdout] ...
[INFO] [stdout] 30 |     pub async fn rollback(self) -> Result<(), Error> {
[INFO] [stdout]    |                  ^^^^^^^^
[INFO] [stdout] ...
[INFO] [stdout] 34 |     pub async fn select<'e, EX, P, S, SE>(
[INFO] [stdout]    |                  ^^^^^^
[INFO] [stdout] 
[INFO] [stdout] 
[INFO] [stdout] warning: trait `GenericDaoMapper` is never used
[INFO] [stdout]   --> fastorm-trait/src/v2.rs:12:11
[INFO] [stdout]    |
[INFO] [stdout] 12 | pub trait GenericDaoMapper {
[INFO] [stdout]    |           ^^^^^^^^^^^^^^^^
[INFO] [stdout] 
[INFO] [stdout] 
[INFO] [stdout] warning: struct `LocatedQuery` is never constructed
[INFO] [stdout]  --> fastorm-trait/src/location.rs:3:12
[INFO] [stdout]   |
[INFO] [stdout] 3 | pub struct LocatedQuery<S, L>
[INFO] [stdout]   |            ^^^^^^^^^^^^
[INFO] [stdout]   |
[INFO] [stdout]   = note: `#[warn(dead_code)]` on by default
[INFO] [stdout] 
[INFO] [stdout] 
[INFO] [stdout] warning: struct `JoinField` is never constructed
[INFO] [stdout]   --> fastorm-trait/src/location.rs:12:12
[INFO] [stdout]    |
[INFO] [stdout] 12 | pub struct JoinField {
[INFO] [stdout]    |            ^^^^^^^^^
[INFO] [stdout] 
[INFO] [stdout] 
[INFO] [stdout] warning: type alias `JoinConditions` is never used
[INFO] [stdout]   --> fastorm-trait/src/location.rs:17:10
[INFO] [stdout]    |
[INFO] [stdout] 17 | pub type JoinConditions = Vec<JoinField>;
[INFO] [stdout]    |          ^^^^^^^^^^^^^^
[INFO] [stdout] 
[INFO] [stdout] 
[INFO] [stdout] warning: struct `Transaction` is never constructed
[INFO] [stdout]   --> fastorm-trait/src/transaction.rs:14:12
[INFO] [stdout]    |
[INFO] [stdout] 14 | pub struct Transaction <'a>{
[INFO] [stdout]    |            ^^^^^^^^^^^
[INFO] [stdout] 
[INFO] [stdout] 
[INFO] [stdout] warning: methods `commit`, `rollback`, and `select` are never used
[INFO] [stdout]   --> fastorm-trait/src/transaction.rs:25:18
[INFO] [stdout]    |
[INFO] [stdout] 22 | impl <'a> Transaction<'a> {
[INFO] [stdout]    | ------------------------- methods in this implementation
[INFO] [stdout] ...
[INFO] [stdout] 25 |     pub async fn commit(self) -> Result<(), Error> {
[INFO] [stdout]    |                  ^^^^^^
[INFO] [stdout] ...
[INFO] [stdout] 30 |     pub async fn rollback(self) -> Result<(), Error> {
[INFO] [stdout]    |                  ^^^^^^^^
[INFO] [stdout] ...
[INFO] [stdout] 34 |     pub async fn select<'e, EX, P, S, SE>(
[INFO] [stdout]    |                  ^^^^^^
[INFO] [stdout] 
[INFO] [stdout] 
[INFO] [stdout] warning: trait `GenericDaoMapper` is never used
[INFO] [stdout]   --> fastorm-trait/src/v2.rs:12:11
[INFO] [stdout]    |
[INFO] [stdout] 12 | pub trait GenericDaoMapper {
[INFO] [stdout]    |           ^^^^^^^^^^^^^^^^
[INFO] [stdout] 
[INFO] [stdout] 
[INFO] [stderr]    Compiling fastorm-macro v0.1.0 (/opt/rustwide/workdir/fastorm-macro)
[INFO] [stdout] warning: unused variable: `ident`
[INFO] [stdout]    --> fastorm-macro/src/lib.rs:352:23
[INFO] [stdout]     |
[INFO] [stdout] 352 | fn extract_table_name(ident: &Ident, attrs: &Vec<Attribute>) -> String {
[INFO] [stdout]     |                       ^^^^^ help: if this is intentional, prefix it with an underscore: `_ident`
[INFO] [stdout]     |
[INFO] [stdout]     = note: `#[warn(unused_variables)]` on by default
[INFO] [stdout] 
[INFO] [stdout] 
[INFO] [stdout] warning: unused variable: `fields_name`
[INFO] [stdout]    --> fastorm-macro/src/lib.rs:419:9
[INFO] [stdout]     |
[INFO] [stdout] 419 |     let fields_name = extract_fields_name(&fields);
[INFO] [stdout]     |         ^^^^^^^^^^^ help: if this is intentional, prefix it with an underscore: `_fields_name`
[INFO] [stdout] 
[INFO] [stdout] 
[INFO] [stderr]    Compiling FastORM v0.1.0 (/opt/rustwide/workdir)
[INFO] [stdout] warning: function `test` is never used
[INFO] [stdout]  --> src/lib.rs:4:4
[INFO] [stdout]   |
[INFO] [stdout] 4 | fn test() {
[INFO] [stdout]   |    ^^^^
[INFO] [stdout]   |
[INFO] [stdout]   = note: `#[warn(dead_code)]` on by default
[INFO] [stdout] 
[INFO] [stdout] 
[INFO] [stdout] warning: crate `FastORM` should have a snake case name
[INFO] [stdout]   |
[INFO] [stdout]   = help: convert the identifier to snake case: `fast_orm`
[INFO] [stdout]   = note: `#[warn(non_snake_case)]` on by default
[INFO] [stdout] 
[INFO] [stdout] 
[INFO] [stderr]     Finished `dev` profile [unoptimized + debuginfo] target(s) in 2m 34s
[INFO] running `Command { std: "docker" "inspect" "fa694bc05cf9182704671c9893dff8c3b4f7d96288eb73b1d5d8f03546d6abd7", kill_on_drop: false }`
[INFO] running `Command { std: "docker" "rm" "-f" "fa694bc05cf9182704671c9893dff8c3b4f7d96288eb73b1d5d8f03546d6abd7", kill_on_drop: false }`
[INFO] [stdout] fa694bc05cf9182704671c9893dff8c3b4f7d96288eb73b1d5d8f03546d6abd7
[INFO] running `Command { std: "docker" "create" "-v" "/var/lib/crater-agent-workspace/builds/worker-4-tc1/target:/opt/rustwide/target:rw,Z" "-v" "/var/lib/crater-agent-workspace/builds/worker-4-tc1/source:/opt/rustwide/workdir:ro,Z" "-v" "/var/lib/crater-agent-workspace/cargo-home:/opt/rustwide/cargo-home:ro,Z" "-v" "/var/lib/crater-agent-workspace/rustup-home:/opt/rustwide/rustup-home:ro,Z" "-e" "SOURCE_DIR=/opt/rustwide/workdir" "-e" "CARGO_TARGET_DIR=/opt/rustwide/target" "-e" "CARGO_INCREMENTAL=0" "-e" "RUST_BACKTRACE=full" "-e" "RUSTFLAGS=--cap-lints=warn" "-e" "RUSTDOCFLAGS=--cap-lints=warn" "-e" "CARGO_HOME=/opt/rustwide/cargo-home" "-e" "RUSTUP_HOME=/opt/rustwide/rustup-home" "-w" "/opt/rustwide/workdir" "-m" "1610612736" "--user" "0:0" "--network" "none" "ghcr.io/rust-lang/crates-build-env/linux@sha256:f3a9d4ad9d972b27faf3965f35b62e55ba32bbce8f20bc8fe909558a86702fde" "/opt/rustwide/cargo-home/bin/cargo" "+1.83.0" "test" "--frozen" "--no-run" "--message-format=json", kill_on_drop: false }`
[INFO] [stdout] 031716a7e02ad45df22c35b74689d6aca623170599f11f97132f60d46ea9b4a9
[INFO] running `Command { std: "docker" "start" "-a" "031716a7e02ad45df22c35b74689d6aca623170599f11f97132f60d46ea9b4a9", kill_on_drop: false }`
[INFO] [stdout] warning: unused import: `sqlx::Any`
[INFO] [stdout]  --> fastorm-trait/src/lib.rs:4:5
[INFO] [stdout]   |
[INFO] [stdout] 4 | use sqlx::Any;
[INFO] [stdout]   |     ^^^^^^^^^
[INFO] [stdout]   |
[INFO] [stdout]   = note: `#[warn(unused_imports)]` on by default
[INFO] [stdout] 
[INFO] [stdout] 
[INFO] [stdout] warning: unused import: `sqlx::AnyExecutor`
[INFO] [stdout]  --> fastorm-trait/src/lib.rs:5:5
[INFO] [stdout]   |
[INFO] [stdout] 5 | use sqlx::AnyExecutor;
[INFO] [stdout]   |     ^^^^^^^^^^^^^^^^^
[INFO] [stdout] 
[INFO] [stdout] 
[INFO] [stdout] warning: unused import: `sqlx::AnyPool`
[INFO] [stdout]  --> fastorm-trait/src/transaction.rs:2:5
[INFO] [stdout]   |
[INFO] [stdout] 2 | use sqlx::AnyPool;
[INFO] [stdout]   |     ^^^^^^^^^^^^^
[INFO] [stdout] 
[INFO] [stdout] 
[INFO] [stdout] warning: unused imports: `Row` and `any::AnyRow`
[INFO] [stdout]  --> fastorm-trait/src/transaction.rs:6:12
[INFO] [stdout]   |
[INFO] [stdout] 6 | use sqlx::{Row, any::AnyRow};
[INFO] [stdout]   |            ^^^  ^^^^^^^^^^^
[INFO] [stdout] 
[INFO] [stdout] 
[INFO] [stdout] warning: unused import: `async_trait::async_trait`
[INFO] [stdout]  --> fastorm-trait/src/transaction.rs:7:5
[INFO] [stdout]   |
[INFO] [stdout] 7 | use async_trait::async_trait;
[INFO] [stdout]   |     ^^^^^^^^^^^^^^^^^^^^^^^^
[INFO] [stdout] 
[INFO] [stdout] 
[INFO] [stdout] warning: unused imports: `Entity`, `Location`, `Mutation`, `PageInfo`, and `PagedList`
[INFO] [stdout]  --> fastorm-trait/src/transaction.rs:8:13
[INFO] [stdout]   |
[INFO] [stdout] 8 | use crate::{Entity, Primary, Selection, SelectedEntity, Mutation, Location, PageInfo, PagedList};
[INFO] [stdout]   |             ^^^^^^                                      ^^^^^^^^  ^^^^^^^^  ^^^^^^^^  ^^^^^^^^^
[INFO] [stdout] 
[INFO] [stdout] 
[INFO] [stdout] warning: unused import: `merge_any_arguments`
[INFO] [stdout]  --> fastorm-trait/src/transaction.rs:9:13
[INFO] [stdout]   |
[INFO] [stdout] 9 | use crate::{merge_any_arguments};
[INFO] [stdout]   |             ^^^^^^^^^^^^^^^^^^^
[INFO] [stdout] 
[INFO] [stdout] 
[INFO] [stdout] warning: unused import: `sqlx::AnyExecutor`
[INFO] [stdout]  --> fastorm-trait/src/v2.rs:5:5
[INFO] [stdout]   |
[INFO] [stdout] 5 | use sqlx::AnyExecutor;
[INFO] [stdout]   |     ^^^^^^^^^^^^^^^^^
[INFO] [stdout] 
[INFO] [stdout] 
[INFO] [stdout] warning: unused import: `sqlx::Database`
[INFO] [stdout]  --> fastorm-trait/src/v2.rs:6:5
[INFO] [stdout]   |
[INFO] [stdout] 6 | use sqlx::Database;
[INFO] [stdout]   |     ^^^^^^^^^^^^^^
[INFO] [stdout] 
[INFO] [stdout] 
[INFO] [stdout] warning: unused import: `Row`
[INFO] [stdout]  --> fastorm-trait/src/v2.rs:9:25
[INFO] [stdout]   |
[INFO] [stdout] 9 | use sqlx::{any::AnyRow, Row};
[INFO] [stdout]   |                         ^^^
[INFO] [stdout] 
[INFO] [stdout] 
[INFO] [stdout] warning: unused import: `sqlx::TransactionManager`
[INFO] [stdout]  --> fastorm-trait/src/transaction.rs:1:5
[INFO] [stdout]   |
[INFO] [stdout] 1 | use sqlx::TransactionManager;
[INFO] [stdout]   |     ^^^^^^^^^^^^^^^^^^^^^^^^
[INFO] [stdout] 
[INFO] [stdout] 
[INFO] [stdout] warning: unused variable: `executor`
[INFO] [stdout]    --> fastorm-trait/src/v2.rs:135:35
[INFO] [stdout]     |
[INFO] [stdout] 135 |     async fn remove<'e, EX, P, E>(executor: EX, primary: P) -> Result<E, Error>
[INFO] [stdout]     |                                   ^^^^^^^^ help: if this is intentional, prefix it with an underscore: `_executor`
[INFO] [stdout]     |
[INFO] [stdout]     = note: `#[warn(unused_variables)]` on by default
[INFO] [stdout] 
[INFO] [stdout] 
[INFO] [stdout] warning: unused variable: `primary`
[INFO] [stdout]    --> fastorm-trait/src/v2.rs:135:49
[INFO] [stdout]     |
[INFO] [stdout] 135 |     async fn remove<'e, EX, P, E>(executor: EX, primary: P) -> Result<E, Error>
[INFO] [stdout]     |                                                 ^^^^^^^ help: if this is intentional, prefix it with an underscore: `_primary`
[INFO] [stdout] 
[INFO] [stdout] 
[INFO] [stdout] warning: unused variable: `primary`
[INFO] [stdout]    --> fastorm-trait/src/lib.rs:357:28
[INFO] [stdout]     |
[INFO] [stdout] 357 |     async fn remove(&self, primary: Self::P) -> Result<Self::E, Error> {
[INFO] [stdout]     |                            ^^^^^^^ help: if this is intentional, prefix it with an underscore: `_primary`
[INFO] [stdout] 
[INFO] [stdout] 
[INFO] [stdout] warning: struct `LocatedQuery` is never constructed
[INFO] [stdout]  --> fastorm-trait/src/location.rs:3:12
[INFO] [stdout]   |
[INFO] [stdout] 3 | pub struct LocatedQuery<S, L>
[INFO] [stdout]   |            ^^^^^^^^^^^^
[INFO] [stdout]   |
[INFO] [stdout]   = note: `#[warn(dead_code)]` on by default
[INFO] [stdout] 
[INFO] [stdout] 
[INFO] [stdout] warning: struct `JoinField` is never constructed
[INFO] [stdout]   --> fastorm-trait/src/location.rs:12:12
[INFO] [stdout]    |
[INFO] [stdout] 12 | pub struct JoinField {
[INFO] [stdout]    |            ^^^^^^^^^
[INFO] [stdout] 
[INFO] [stdout] 
[INFO] [stdout] warning: type alias `JoinConditions` is never used
[INFO] [stdout]   --> fastorm-trait/src/location.rs:17:10
[INFO] [stdout]    |
[INFO] [stdout] 17 | pub type JoinConditions = Vec<JoinField>;
[INFO] [stdout]    |          ^^^^^^^^^^^^^^
[INFO] [stdout] 
[INFO] [stdout] 
[INFO] [stdout] warning: struct `Transaction` is never constructed
[INFO] [stdout]   --> fastorm-trait/src/transaction.rs:14:12
[INFO] [stdout]    |
[INFO] [stdout] 14 | pub struct Transaction <'a>{
[INFO] [stdout]    |            ^^^^^^^^^^^
[INFO] [stdout] 
[INFO] [stdout] 
[INFO] [stdout] warning: methods `commit`, `rollback`, and `select` are never used
[INFO] [stdout]   --> fastorm-trait/src/transaction.rs:25:18
[INFO] [stdout]    |
[INFO] [stdout] 22 | impl <'a> Transaction<'a> {
[INFO] [stdout]    | ------------------------- methods in this implementation
[INFO] [stdout] ...
[INFO] [stdout] 25 |     pub async fn commit(self) -> Result<(), Error> {
[INFO] [stdout]    |                  ^^^^^^
[INFO] [stdout] ...
[INFO] [stdout] 30 |     pub async fn rollback(self) -> Result<(), Error> {
[INFO] [stdout]    |                  ^^^^^^^^
[INFO] [stdout] ...
[INFO] [stdout] 34 |     pub async fn select<'e, EX, P, S, SE>(
[INFO] [stdout]    |                  ^^^^^^
[INFO] [stdout] 
[INFO] [stdout] 
[INFO] [stdout] warning: trait `GenericDaoMapper` is never used
[INFO] [stdout]   --> fastorm-trait/src/v2.rs:12:11
[INFO] [stdout]    |
[INFO] [stdout] 12 | pub trait GenericDaoMapper {
[INFO] [stdout]    |           ^^^^^^^^^^^^^^^^
[INFO] [stdout] 
[INFO] [stdout] 
[INFO] [stdout] warning: unused variable: `ident`
[INFO] [stdout]    --> fastorm-macro/src/lib.rs:352:23
[INFO] [stdout]     |
[INFO] [stdout] 352 | fn extract_table_name(ident: &Ident, attrs: &Vec<Attribute>) -> String {
[INFO] [stdout]     |                       ^^^^^ help: if this is intentional, prefix it with an underscore: `_ident`
[INFO] [stdout]     |
[INFO] [stdout]     = note: `#[warn(unused_variables)]` on by default
[INFO] [stdout] 
[INFO] [stdout] 
[INFO] [stdout] warning: unused variable: `fields_name`
[INFO] [stdout]    --> fastorm-macro/src/lib.rs:419:9
[INFO] [stdout]     |
[INFO] [stdout] 419 |     let fields_name = extract_fields_name(&fields);
[INFO] [stdout]     |         ^^^^^^^^^^^ help: if this is intentional, prefix it with an underscore: `_fields_name`
[INFO] [stdout] 
[INFO] [stdout] 
[INFO] [stdout] warning: unused import: `sqlx::Any`
[INFO] [stdout]  --> fastorm-trait/src/lib.rs:4:5
[INFO] [stdout]   |
[INFO] [stdout] 4 | use sqlx::Any;
[INFO] [stdout]   |     ^^^^^^^^^
[INFO] [stdout]   |
[INFO] [stdout]   = note: `#[warn(unused_imports)]` on by default
[INFO] [stdout] 
[INFO] [stdout] 
[INFO] [stdout] warning: unused import: `sqlx::AnyExecutor`
[INFO] [stdout]  --> fastorm-trait/src/lib.rs:5:5
[INFO] [stdout]   |
[INFO] [stdout] 5 | use sqlx::AnyExecutor;
[INFO] [stdout]   |     ^^^^^^^^^^^^^^^^^
[INFO] [stdout] 
[INFO] [stdout] 
[INFO] [stdout] warning: unused import: `sqlx::AnyPool`
[INFO] [stdout]  --> fastorm-trait/src/transaction.rs:2:5
[INFO] [stdout]   |
[INFO] [stdout] 2 | use sqlx::AnyPool;
[INFO] [stdout]   |     ^^^^^^^^^^^^^
[INFO] [stdout] 
[INFO] [stdout] 
[INFO] [stdout] warning: unused imports: `Row` and `any::AnyRow`
[INFO] [stdout]  --> fastorm-trait/src/transaction.rs:6:12
[INFO] [stdout]   |
[INFO] [stdout] 6 | use sqlx::{Row, any::AnyRow};
[INFO] [stdout]   |            ^^^  ^^^^^^^^^^^
[INFO] [stdout] 
[INFO] [stdout] 
[INFO] [stdout] warning: unused import: `async_trait::async_trait`
[INFO] [stdout]  --> fastorm-trait/src/transaction.rs:7:5
[INFO] [stdout]   |
[INFO] [stdout] 7 | use async_trait::async_trait;
[INFO] [stdout]   |     ^^^^^^^^^^^^^^^^^^^^^^^^
[INFO] [stdout] 
[INFO] [stdout] 
[INFO] [stdout] warning: unused imports: `Entity`, `Location`, `Mutation`, `PageInfo`, and `PagedList`
[INFO] [stdout]  --> fastorm-trait/src/transaction.rs:8:13
[INFO] [stdout]   |
[INFO] [stdout] 8 | use crate::{Entity, Primary, Selection, SelectedEntity, Mutation, Location, PageInfo, PagedList};
[INFO] [stdout]   |             ^^^^^^                                      ^^^^^^^^  ^^^^^^^^  ^^^^^^^^  ^^^^^^^^^
[INFO] [stdout] 
[INFO] [stdout] 
[INFO] [stdout] warning: unused import: `merge_any_arguments`
[INFO] [stdout]  --> fastorm-trait/src/transaction.rs:9:13
[INFO] [stdout]   |
[INFO] [stdout] 9 | use crate::{merge_any_arguments};
[INFO] [stdout]   |             ^^^^^^^^^^^^^^^^^^^
[INFO] [stdout] 
[INFO] [stdout] 
[INFO] [stdout] warning: unused import: `sqlx::AnyExecutor`
[INFO] [stdout]  --> fastorm-trait/src/v2.rs:5:5
[INFO] [stdout]   |
[INFO] [stdout] 5 | use sqlx::AnyExecutor;
[INFO] [stdout]   |     ^^^^^^^^^^^^^^^^^
[INFO] [stdout] 
[INFO] [stdout] 
[INFO] [stdout] warning: unused import: `sqlx::Database`
[INFO] [stdout]  --> fastorm-trait/src/v2.rs:6:5
[INFO] [stdout]   |
[INFO] [stdout] 6 | use sqlx::Database;
[INFO] [stdout]   |     ^^^^^^^^^^^^^^
[INFO] [stdout] 
[INFO] [stdout] 
[INFO] [stdout] warning: unused import: `Row`
[INFO] [stdout]  --> fastorm-trait/src/v2.rs:9:25
[INFO] [stdout]   |
[INFO] [stdout] 9 | use sqlx::{any::AnyRow, Row};
[INFO] [stdout]   |                         ^^^
[INFO] [stdout] 
[INFO] [stdout] 
[INFO] [stdout] warning: unused import: `sqlx::TransactionManager`
[INFO] [stdout]  --> fastorm-trait/src/transaction.rs:1:5
[INFO] [stdout]   |
[INFO] [stdout] 1 | use sqlx::TransactionManager;
[INFO] [stdout]   |     ^^^^^^^^^^^^^^^^^^^^^^^^
[INFO] [stdout] 
[INFO] [stdout] 
[INFO] [stdout] warning: unused variable: `executor`
[INFO] [stdout]    --> fastorm-trait/src/v2.rs:135:35
[INFO] [stdout]     |
[INFO] [stdout] 135 |     async fn remove<'e, EX, P, E>(executor: EX, primary: P) -> Result<E, Error>
[INFO] [stdout]     |                                   ^^^^^^^^ help: if this is intentional, prefix it with an underscore: `_executor`
[INFO] [stdout]     |
[INFO] [stdout]     = note: `#[warn(unused_variables)]` on by default
[INFO] [stdout] 
[INFO] [stdout] 
[INFO] [stdout] warning: unused variable: `primary`
[INFO] [stdout]    --> fastorm-trait/src/v2.rs:135:49
[INFO] [stdout]     |
[INFO] [stdout] 135 |     async fn remove<'e, EX, P, E>(executor: EX, primary: P) -> Result<E, Error>
[INFO] [stdout]     |                                                 ^^^^^^^ help: if this is intentional, prefix it with an underscore: `_primary`
[INFO] [stdout] 
[INFO] [stdout] 
[INFO] [stdout] warning: unused variable: `primary`
[INFO] [stdout]    --> fastorm-trait/src/lib.rs:357:28
[INFO] [stdout]     |
[INFO] [stdout] 357 |     async fn remove(&self, primary: Self::P) -> Result<Self::E, Error> {
[INFO] [stdout]     |                            ^^^^^^^ help: if this is intentional, prefix it with an underscore: `_primary`
[INFO] [stdout] 
[INFO] [stdout] 
[INFO] [stdout] warning: struct `LocatedQuery` is never constructed
[INFO] [stdout]  --> fastorm-trait/src/location.rs:3:12
[INFO] [stdout]   |
[INFO] [stdout] 3 | pub struct LocatedQuery<S, L>
[INFO] [stdout]   |            ^^^^^^^^^^^^
[INFO] [stdout]   |
[INFO] [stdout]   = note: `#[warn(dead_code)]` on by default
[INFO] [stdout] 
[INFO] [stdout] 
[INFO] [stdout] warning: struct `JoinField` is never constructed
[INFO] [stdout]   --> fastorm-trait/src/location.rs:12:12
[INFO] [stdout]    |
[INFO] [stdout] 12 | pub struct JoinField {
[INFO] [stdout]    |            ^^^^^^^^^
[INFO] [stdout] 
[INFO] [stdout] 
[INFO] [stdout] warning: type alias `JoinConditions` is never used
[INFO] [stdout]   --> fastorm-trait/src/location.rs:17:10
[INFO] [stdout]    |
[INFO] [stdout] 17 | pub type JoinConditions = Vec<JoinField>;
[INFO] [stdout]    |          ^^^^^^^^^^^^^^
[INFO] [stdout] 
[INFO] [stdout] 
[INFO] [stdout] warning: struct `Transaction` is never constructed
[INFO] [stdout]   --> fastorm-trait/src/transaction.rs:14:12
[INFO] [stdout]    |
[INFO] [stdout] 14 | pub struct Transaction <'a>{
[INFO] [stdout]    |            ^^^^^^^^^^^
[INFO] [stdout] 
[INFO] [stdout] 
[INFO] [stdout] warning: methods `commit`, `rollback`, and `select` are never used
[INFO] [stdout]   --> fastorm-trait/src/transaction.rs:25:18
[INFO] [stdout]    |
[INFO] [stdout] 22 | impl <'a> Transaction<'a> {
[INFO] [stdout]    | ------------------------- methods in this implementation
[INFO] [stdout] ...
[INFO] [stdout] 25 |     pub async fn commit(self) -> Result<(), Error> {
[INFO] [stdout]    |                  ^^^^^^
[INFO] [stdout] ...
[INFO] [stdout] 30 |     pub async fn rollback(self) -> Result<(), Error> {
[INFO] [stdout]    |                  ^^^^^^^^
[INFO] [stdout] ...
[INFO] [stdout] 34 |     pub async fn select<'e, EX, P, S, SE>(
[INFO] [stdout]    |                  ^^^^^^
[INFO] [stdout] 
[INFO] [stdout] 
[INFO] [stdout] warning: trait `GenericDaoMapper` is never used
[INFO] [stdout]   --> fastorm-trait/src/v2.rs:12:11
[INFO] [stdout]    |
[INFO] [stdout] 12 | pub trait GenericDaoMapper {
[INFO] [stdout]    |           ^^^^^^^^^^^^^^^^
[INFO] [stdout] 
[INFO] [stdout] 
[INFO] [stdout] warning: function `test` is never used
[INFO] [stdout]  --> src/lib.rs:4:4
[INFO] [stdout]   |
[INFO] [stdout] 4 | fn test() {
[INFO] [stdout]   |    ^^^^
[INFO] [stdout]   |
[INFO] [stdout]   = note: `#[warn(dead_code)]` on by default
[INFO] [stdout] 
[INFO] [stdout] 
[INFO] [stdout] warning: crate `FastORM` should have a snake case name
[INFO] [stdout]   |
[INFO] [stdout]   = help: convert the identifier to snake case: `fast_orm`
[INFO] [stdout]   = note: `#[warn(non_snake_case)]` on by default
[INFO] [stdout] 
[INFO] [stdout] 
[INFO] [stderr]    Compiling FastORM v0.1.0 (/opt/rustwide/workdir)
[INFO] [stdout] warning: unused import: `async_trait::async_trait`
[INFO] [stdout]  --> tests/mapper_test.rs:1:5
[INFO] [stdout]   |
[INFO] [stdout] 1 | use async_trait::async_trait;
[INFO] [stdout]   |     ^^^^^^^^^^^^^^^^^^^^^^^^
[INFO] [stdout]   |
[INFO] [stdout]   = note: `#[warn(unused_imports)]` on by default
[INFO] [stdout] 
[INFO] [stdout] 
[INFO] [stdout] warning: unused import: `fastorm_trait::merge_any_arguments`
[INFO] [stdout]  --> tests/mapper_test.rs:2:5
[INFO] [stdout]   |
[INFO] [stdout] 2 | use fastorm_trait::merge_any_arguments;
[INFO] [stdout]   |     ^^^^^^^^^^^^^^^^^^^^^^^^^^^^^^^^^^
[INFO] [stdout] 
[INFO] [stdout] 
[INFO] [stdout] warning: unused imports: `Database` and `HasArguments`
[INFO] [stdout]   --> tests/mapper_test.rs:10:22
[INFO] [stdout]    |
[INFO] [stdout] 10 | use sqlx::database::{Database, HasArguments};
[INFO] [stdout]    |                      ^^^^^^^^  ^^^^^^^^^^^^
[INFO] [stdout] 
[INFO] [stdout] 
[INFO] [stdout] warning: unused imports: `MySqlPool` and `MySqlRow`
[INFO] [stdout]   --> tests/mapper_test.rs:11:19
[INFO] [stdout]    |
[INFO] [stdout] 11 | use sqlx::mysql::{MySqlPool, MySqlRow};
[INFO] [stdout]    |                   ^^^^^^^^^  ^^^^^^^^
[INFO] [stdout] 
[INFO] [stdout] 
[INFO] [stdout] warning: unused import: `SqliteRow`
[INFO] [stdout]   --> tests/mapper_test.rs:12:54
[INFO] [stdout]    |
[INFO] [stdout] 12 | use sqlx::sqlite::{SqliteConnectOptions, SqlitePool, SqliteRow};
[INFO] [stdout]    |                                                      ^^^^^^^^^
[INFO] [stdout] 
[INFO] [stdout] 
[INFO] [stdout] warning: unused import: `sqlx::Pool`
[INFO] [stdout]   --> tests/mapper_test.rs:15:5
[INFO] [stdout]    |
[INFO] [stdout] 15 | use sqlx::Pool;
[INFO] [stdout]    |     ^^^^^^^^^^
[INFO] [stdout] 
[INFO] [stdout] 
[INFO] [stdout] warning: unused import: `Any`
[INFO] [stdout]   --> tests/mapper_test.rs:16:44
[INFO] [stdout]    |
[INFO] [stdout] 16 | use sqlx::{any::AnyArguments, any::AnyRow, Any, AnyPool};
[INFO] [stdout]    |                                            ^^^
[INFO] [stdout] 
[INFO] [stdout] 
[INFO] [stdout] warning: unused imports: `FromRow` and `IntoArguments`
[INFO] [stdout]   --> tests/mapper_test.rs:17:23
[INFO] [stdout]    |
[INFO] [stdout] 17 | use sqlx::{Arguments, FromRow, IntoArguments, Row};
[INFO] [stdout]    |                       ^^^^^^^  ^^^^^^^^^^^^^
[INFO] [stdout] 
[INFO] [stdout] 
[INFO] [stdout] warning: unused import: `std::marker::PhantomData`
[INFO] [stdout]   --> tests/mapper_test.rs:19:5
[INFO] [stdout]    |
[INFO] [stdout] 19 | use std::marker::PhantomData;
[INFO] [stdout]    |     ^^^^^^^^^^^^^^^^^^^^^^^^
[INFO] [stdout] 
[INFO] [stdout] 
[INFO] [stdout] warning: unused import: `PathBuf`
[INFO] [stdout]   --> tests/mapper_test.rs:20:23
[INFO] [stdout]    |
[INFO] [stdout] 20 | use std::path::{Path, PathBuf};
[INFO] [stdout]    |                       ^^^^^^^
[INFO] [stdout] 
[INFO] [stdout] 
[INFO] [stdout] warning: function `test` is never used
[INFO] [stdout]  --> src/lib.rs:4:4
[INFO] [stdout]   |
[INFO] [stdout] 4 | fn test() {
[INFO] [stdout]   |    ^^^^
[INFO] [stdout]   |
[INFO] [stdout]   = note: `#[warn(dead_code)]` on by default
[INFO] [stdout] 
[INFO] [stdout] 
[INFO] [stdout] warning: unused imports: `Row` and `any::AnyRow`
[INFO] [stdout]   --> tests/location.rs:11:12
[INFO] [stdout]    |
[INFO] [stdout] 11 | use sqlx::{any::AnyRow, Row};
[INFO] [stdout]    |            ^^^^^^^^^^^  ^^^
[INFO] [stdout]    |
[INFO] [stdout]    = note: `#[warn(unused_imports)]` on by default
[INFO] [stdout] 
[INFO] [stdout] 
[INFO] [stdout] warning: unused import: `sqlx::Connection`
[INFO] [stdout]   --> tests/mapper_test.rs:13:5
[INFO] [stdout]    |
[INFO] [stdout] 13 | use sqlx::Connection;
[INFO] [stdout]    |     ^^^^^^^^^^^^^^^^
[INFO] [stdout] 
[INFO] [stdout] 
[INFO] [stdout] warning: unused variable: `class_name`
[INFO] [stdout]   --> tests/location.rs:93:9
[INFO] [stdout]    |
[INFO] [stdout] 93 |         class_name,
[INFO] [stdout]    |         ^^^^^^^^^^ help: try ignoring the field: `class_name: _`
[INFO] [stdout]    |
[INFO] [stdout]    = note: `#[warn(unused_variables)]` on by default
[INFO] [stdout] 
[INFO] [stdout] 
[INFO] [stderr]     Finished `test` profile [unoptimized + debuginfo] target(s) in 10.54s
[INFO] running `Command { std: "docker" "inspect" "031716a7e02ad45df22c35b74689d6aca623170599f11f97132f60d46ea9b4a9", kill_on_drop: false }`
[INFO] running `Command { std: "docker" "rm" "-f" "031716a7e02ad45df22c35b74689d6aca623170599f11f97132f60d46ea9b4a9", kill_on_drop: false }`
[INFO] [stdout] 031716a7e02ad45df22c35b74689d6aca623170599f11f97132f60d46ea9b4a9
[INFO] running `Command { std: "docker" "create" "-v" "/var/lib/crater-agent-workspace/builds/worker-4-tc1/target:/opt/rustwide/target:rw,Z" "-v" "/var/lib/crater-agent-workspace/builds/worker-4-tc1/source:/opt/rustwide/workdir:ro,Z" "-v" "/var/lib/crater-agent-workspace/cargo-home:/opt/rustwide/cargo-home:ro,Z" "-v" "/var/lib/crater-agent-workspace/rustup-home:/opt/rustwide/rustup-home:ro,Z" "-e" "SOURCE_DIR=/opt/rustwide/workdir" "-e" "CARGO_TARGET_DIR=/opt/rustwide/target" "-e" "CARGO_INCREMENTAL=0" "-e" "RUST_BACKTRACE=full" "-e" "RUSTFLAGS=--cap-lints=warn" "-e" "RUSTDOCFLAGS=--cap-lints=warn" "-e" "CARGO_HOME=/opt/rustwide/cargo-home" "-e" "RUSTUP_HOME=/opt/rustwide/rustup-home" "-w" "/opt/rustwide/workdir" "-m" "1610612736" "--user" "0:0" "--network" "none" "ghcr.io/rust-lang/crates-build-env/linux@sha256:f3a9d4ad9d972b27faf3965f35b62e55ba32bbce8f20bc8fe909558a86702fde" "/opt/rustwide/cargo-home/bin/cargo" "+1.83.0" "test" "--frozen", kill_on_drop: false }`
[INFO] [stdout] 8709707d40ceef3a3f7740fb4a25b587a617d9c397cfd585bc01b7a49849cd1a
[INFO] running `Command { std: "docker" "start" "-a" "8709707d40ceef3a3f7740fb4a25b587a617d9c397cfd585bc01b7a49849cd1a", kill_on_drop: false }`
[INFO] [stderr] warning: unused import: `sqlx::Any`
[INFO] [stderr]  --> fastorm-trait/src/lib.rs:4:5
[INFO] [stderr]   |
[INFO] [stderr] 4 | use sqlx::Any;
[INFO] [stderr]   |     ^^^^^^^^^
[INFO] [stderr]   |
[INFO] [stderr]   = note: `#[warn(unused_imports)]` on by default
[INFO] [stderr] 
[INFO] [stderr] warning: unused import: `sqlx::AnyExecutor`
[INFO] [stderr]  --> fastorm-trait/src/lib.rs:5:5
[INFO] [stderr]   |
[INFO] [stderr] 5 | use sqlx::AnyExecutor;
[INFO] [stderr]   |     ^^^^^^^^^^^^^^^^^
[INFO] [stderr] 
[INFO] [stderr] warning: unused import: `sqlx::AnyPool`
[INFO] [stderr]  --> fastorm-trait/src/transaction.rs:2:5
[INFO] [stderr]   |
[INFO] [stderr] 2 | use sqlx::AnyPool;
[INFO] [stderr]   |     ^^^^^^^^^^^^^
[INFO] [stderr] 
[INFO] [stderr] warning: unused imports: `Row` and `any::AnyRow`
[INFO] [stderr]  --> fastorm-trait/src/transaction.rs:6:12
[INFO] [stderr]   |
[INFO] [stderr] 6 | use sqlx::{Row, any::AnyRow};
[INFO] [stderr]   |            ^^^  ^^^^^^^^^^^
[INFO] [stderr] 
[INFO] [stderr] warning: unused import: `async_trait::async_trait`
[INFO] [stderr]  --> fastorm-trait/src/transaction.rs:7:5
[INFO] [stderr]   |
[INFO] [stderr] 7 | use async_trait::async_trait;
[INFO] [stderr]   |     ^^^^^^^^^^^^^^^^^^^^^^^^
[INFO] [stderr] 
[INFO] [stderr] warning: unused imports: `Entity`, `Location`, `Mutation`, `PageInfo`, and `PagedList`
[INFO] [stderr]  --> fastorm-trait/src/transaction.rs:8:13
[INFO] [stderr]   |
[INFO] [stderr] 8 | use crate::{Entity, Primary, Selection, SelectedEntity, Mutation, Location, PageInfo, PagedList};
[INFO] [stderr]   |             ^^^^^^                                      ^^^^^^^^  ^^^^^^^^  ^^^^^^^^  ^^^^^^^^^
[INFO] [stderr] 
[INFO] [stderr] warning: unused import: `merge_any_arguments`
[INFO] [stderr]  --> fastorm-trait/src/transaction.rs:9:13
[INFO] [stderr]   |
[INFO] [stderr] 9 | use crate::{merge_any_arguments};
[INFO] [stderr]   |             ^^^^^^^^^^^^^^^^^^^
[INFO] [stderr] 
[INFO] [stderr] warning: unused import: `sqlx::AnyExecutor`
[INFO] [stderr]  --> fastorm-trait/src/v2.rs:5:5
[INFO] [stderr]   |
[INFO] [stderr] 5 | use sqlx::AnyExecutor;
[INFO] [stderr]   |     ^^^^^^^^^^^^^^^^^
[INFO] [stderr] 
[INFO] [stderr] warning: unused import: `sqlx::Database`
[INFO] [stderr]  --> fastorm-trait/src/v2.rs:6:5
[INFO] [stderr]   |
[INFO] [stderr] 6 | use sqlx::Database;
[INFO] [stderr]   |     ^^^^^^^^^^^^^^
[INFO] [stderr] 
[INFO] [stderr] warning: unused import: `Row`
[INFO] [stderr]  --> fastorm-trait/src/v2.rs:9:25
[INFO] [stderr]   |
[INFO] [stderr] 9 | use sqlx::{any::AnyRow, Row};
[INFO] [stderr]   |                         ^^^
[INFO] [stderr] 
[INFO] [stderr] warning: unused import: `sqlx::TransactionManager`
[INFO] [stderr]  --> fastorm-trait/src/transaction.rs:1:5
[INFO] [stderr]   |
[INFO] [stderr] 1 | use sqlx::TransactionManager;
[INFO] [stderr]   |     ^^^^^^^^^^^^^^^^^^^^^^^^
[INFO] [stderr] 
[INFO] [stderr] warning: unused variable: `executor`
[INFO] [stderr]    --> fastorm-trait/src/v2.rs:135:35
[INFO] [stderr]     |
[INFO] [stderr] 135 |     async fn remove<'e, EX, P, E>(executor: EX, primary: P) -> Result<E, Error>
[INFO] [stderr]     |                                   ^^^^^^^^ help: if this is intentional, prefix it with an underscore: `_executor`
[INFO] [stderr]     |
[INFO] [stderr]     = note: `#[warn(unused_variables)]` on by default
[INFO] [stderr] 
[INFO] [stderr] warning: unused variable: `primary`
[INFO] [stderr]    --> fastorm-trait/src/v2.rs:135:49
[INFO] [stderr]     |
[INFO] [stderr] 135 |     async fn remove<'e, EX, P, E>(executor: EX, primary: P) -> Result<E, Error>
[INFO] [stderr]     |                                                 ^^^^^^^ help: if this is intentional, prefix it with an underscore: `_primary`
[INFO] [stderr] 
[INFO] [stderr] warning: unused variable: `primary`
[INFO] [stderr]    --> fastorm-trait/src/lib.rs:357:28
[INFO] [stderr]     |
[INFO] [stderr] 357 |     async fn remove(&self, primary: Self::P) -> Result<Self::E, Error> {
[INFO] [stderr]     |                            ^^^^^^^ help: if this is intentional, prefix it with an underscore: `_primary`
[INFO] [stderr] 
[INFO] [stderr] warning: struct `LocatedQuery` is never constructed
[INFO] [stderr]  --> fastorm-trait/src/location.rs:3:12
[INFO] [stderr]   |
[INFO] [stderr] 3 | pub struct LocatedQuery<S, L>
[INFO] [stderr]   |            ^^^^^^^^^^^^
[INFO] [stderr]   |
[INFO] [stderr]   = note: `#[warn(dead_code)]` on by default
[INFO] [stderr] 
[INFO] [stderr] warning: struct `JoinField` is never constructed
[INFO] [stderr]   --> fastorm-trait/src/location.rs:12:12
[INFO] [stderr]    |
[INFO] [stderr] 12 | pub struct JoinField {
[INFO] [stderr]    |            ^^^^^^^^^
[INFO] [stderr] 
[INFO] [stderr] warning: type alias `JoinConditions` is never used
[INFO] [stderr]   --> fastorm-trait/src/location.rs:17:10
[INFO] [stderr]    |
[INFO] [stderr] 17 | pub type JoinConditions = Vec<JoinField>;
[INFO] [stderr]    |          ^^^^^^^^^^^^^^
[INFO] [stderr] 
[INFO] [stderr] warning: struct `Transaction` is never constructed
[INFO] [stderr]   --> fastorm-trait/src/transaction.rs:14:12
[INFO] [stderr]    |
[INFO] [stderr] 14 | pub struct Transaction <'a>{
[INFO] [stderr]    |            ^^^^^^^^^^^
[INFO] [stderr] 
[INFO] [stderr] warning: methods `commit`, `rollback`, and `select` are never used
[INFO] [stderr]   --> fastorm-trait/src/transaction.rs:25:18
[INFO] [stderr]    |
[INFO] [stderr] 22 | impl <'a> Transaction<'a> {
[INFO] [stderr]    | ------------------------- methods in this implementation
[INFO] [stderr] ...
[INFO] [stderr] 25 |     pub async fn commit(self) -> Result<(), Error> {
[INFO] [stderr]    |                  ^^^^^^
[INFO] [stderr] ...
[INFO] [stderr] 30 |     pub async fn rollback(self) -> Result<(), Error> {
[INFO] [stderr]    |                  ^^^^^^^^
[INFO] [stderr] ...
[INFO] [stderr] 34 |     pub async fn select<'e, EX, P, S, SE>(
[INFO] [stderr]    |                  ^^^^^^
[INFO] [stderr] 
[INFO] [stderr] warning: trait `GenericDaoMapper` is never used
[INFO] [stderr]   --> fastorm-trait/src/v2.rs:12:11
[INFO] [stderr]    |
[INFO] [stderr] 12 | pub trait GenericDaoMapper {
[INFO] [stderr]    |           ^^^^^^^^^^^^^^^^
[INFO] [stderr] 
[INFO] [stderr] warning: `fastorm-trait` (lib) generated 20 warnings (run `cargo fix --lib -p fastorm-trait` to apply 10 suggestions)
[INFO] [stderr] warning: unused variable: `ident`
[INFO] [stderr]    --> fastorm-macro/src/lib.rs:352:23
[INFO] [stderr]     |
[INFO] [stderr] 352 | fn extract_table_name(ident: &Ident, attrs: &Vec<Attribute>) -> String {
[INFO] [stderr]     |                       ^^^^^ help: if this is intentional, prefix it with an underscore: `_ident`
[INFO] [stderr]     |
[INFO] [stderr]     = note: `#[warn(unused_variables)]` on by default
[INFO] [stderr] 
[INFO] [stderr] warning: unused variable: `fields_name`
[INFO] [stderr]    --> fastorm-macro/src/lib.rs:419:9
[INFO] [stderr]     |
[INFO] [stderr] 419 |     let fields_name = extract_fields_name(&fields);
[INFO] [stderr]     |         ^^^^^^^^^^^ help: if this is intentional, prefix it with an underscore: `_fields_name`
[INFO] [stderr] 
[INFO] [stderr] warning: `fastorm-macro` (lib) generated 2 warnings
[INFO] [stderr] warning: `fastorm-trait` (lib) generated 20 warnings (20 duplicates)
[INFO] [stderr] warning: function `test` is never used
[INFO] [stderr]  --> src/lib.rs:4:4
[INFO] [stderr]   |
[INFO] [stderr] 4 | fn test() {
[INFO] [stderr]   |    ^^^^
[INFO] [stderr]   |
[INFO] [stderr]   = note: `#[warn(dead_code)]` on by default
[INFO] [stderr] 
[INFO] [stderr] warning: crate `FastORM` should have a snake case name
[INFO] [stderr]   |
[INFO] [stderr]   = help: convert the identifier to snake case: `fast_orm`
[INFO] [stderr]   = note: `#[warn(non_snake_case)]` on by default
[INFO] [stderr] 
[INFO] [stderr] warning: `FastORM` (lib) generated 2 warnings
[INFO] [stderr] warning: `FastORM` (lib test) generated 1 warning (1 duplicate)
[INFO] [stderr] warning: unused imports: `Row` and `any::AnyRow`
[INFO] [stderr]   --> tests/location.rs:11:12
[INFO] [stderr]    |
[INFO] [stderr] 11 | use sqlx::{any::AnyRow, Row};
[INFO] [stderr]    |            ^^^^^^^^^^^  ^^^
[INFO] [stderr]    |
[INFO] [stderr]    = note: `#[warn(unused_imports)]` on by default
[INFO] [stderr] 
[INFO] [stderr] warning: unused variable: `class_name`
[INFO] [stderr]   --> tests/location.rs:93:9
[INFO] [stderr]    |
[INFO] [stderr] 93 |         class_name,
[INFO] [stderr]    |         ^^^^^^^^^^ help: try ignoring the field: `class_name: _`
[INFO] [stderr]    |
[INFO] [stderr]    = note: `#[warn(unused_variables)]` on by default
[INFO] [stderr] 
[INFO] [stderr] warning: unused import: `async_trait::async_trait`
[INFO] [stderr]  --> tests/mapper_test.rs:1:5
[INFO] [stderr]   |
[INFO] [stderr] 1 | use async_trait::async_trait;
[INFO] [stderr]   |     ^^^^^^^^^^^^^^^^^^^^^^^^
[INFO] [stderr]   |
[INFO] [stderr]   = note: `#[warn(unused_imports)]` on by default
[INFO] [stderr] 
[INFO] [stderr] warning: unused import: `fastorm_trait::merge_any_arguments`
[INFO] [stderr]  --> tests/mapper_test.rs:2:5
[INFO] [stderr]   |
[INFO] [stderr] 2 | use fastorm_trait::merge_any_arguments;
[INFO] [stderr]   |     ^^^^^^^^^^^^^^^^^^^^^^^^^^^^^^^^^^
[INFO] [stderr] 
[INFO] [stderr] warning: unused imports: `Database` and `HasArguments`
[INFO] [stderr]   --> tests/mapper_test.rs:10:22
[INFO] [stderr]    |
[INFO] [stderr] 10 | use sqlx::database::{Database, HasArguments};
[INFO] [stderr]    |                      ^^^^^^^^  ^^^^^^^^^^^^
[INFO] [stderr] 
[INFO] [stderr] warning: unused imports: `MySqlPool` and `MySqlRow`
[INFO] [stderr]   --> tests/mapper_test.rs:11:19
[INFO] [stderr]    |
[INFO] [stderr] 11 | use sqlx::mysql::{MySqlPool, MySqlRow};
[INFO] [stderr]    |                   ^^^^^^^^^  ^^^^^^^^
[INFO] [stderr] 
[INFO] [stderr] warning: unused import: `SqliteRow`
[INFO] [stderr]   --> tests/mapper_test.rs:12:54
[INFO] [stderr]    |
[INFO] [stderr] 12 | use sqlx::sqlite::{SqliteConnectOptions, SqlitePool, SqliteRow};
[INFO] [stderr]    |                                                      ^^^^^^^^^
[INFO] [stderr] 
[INFO] [stderr] warning: unused import: `sqlx::Pool`
[INFO] [stderr]   --> tests/mapper_test.rs:15:5
[INFO] [stderr]    |
[INFO] [stderr] 15 | use sqlx::Pool;
[INFO] [stderr]    |     ^^^^^^^^^^
[INFO] [stderr] 
[INFO] [stderr] warning: unused import: `Any`
[INFO] [stderr]   --> tests/mapper_test.rs:16:44
[INFO] [stderr]    |
[INFO] [stderr] 16 | use sqlx::{any::AnyArguments, any::AnyRow, Any, AnyPool};
[INFO] [stderr]    |                                            ^^^
[INFO] [stderr] 
[INFO] [stderr] warning: unused imports: `FromRow` and `IntoArguments`
[INFO] [stderr]   --> tests/mapper_test.rs:17:23
[INFO] [stderr]    |
[INFO] [stderr] 17 | use sqlx::{Arguments, FromRow, IntoArguments, Row};
[INFO] [stderr]    |                       ^^^^^^^  ^^^^^^^^^^^^^
[INFO] [stderr] 
[INFO] [stderr] warning: unused import: `std::marker::PhantomData`
[INFO] [stderr]   --> tests/mapper_test.rs:19:5
[INFO] [stderr]    |
[INFO] [stderr] 19 | use std::marker::PhantomData;
[INFO] [stderr]    |     ^^^^^^^^^^^^^^^^^^^^^^^^
[INFO] [stderr] 
[INFO] [stderr] warning: unused import: `PathBuf`
[INFO] [stderr]   --> tests/mapper_test.rs:20:23
[INFO] [stderr]    |
[INFO] [stderr] 20 | use std::path::{Path, PathBuf};
[INFO] [stderr]    |                       ^^^^^^^
[INFO] [stderr] 
[INFO] [stderr] warning: unused import: `sqlx::Connection`
[INFO] [stderr]   --> tests/mapper_test.rs:13:5
[INFO] [stderr]    |
[INFO] [stderr] 13 | use sqlx::Connection;
[INFO] [stderr]    |     ^^^^^^^^^^^^^^^^
[INFO] [stderr] 
[INFO] [stderr] warning: `FastORM` (test "location") generated 2 warnings (run `cargo fix --test "location"` to apply 1 suggestion)
[INFO] [stderr] warning: `FastORM` (test "mapper_test") generated 11 warnings (run `cargo fix --test "mapper_test"` to apply 10 suggestions)
[INFO] [stderr]     Finished `test` profile [unoptimized + debuginfo] target(s) in 0.30s
[INFO] [stderr]      Running unittests src/lib.rs (/opt/rustwide/target/debug/deps/FastORM-030cee060372422e)
[INFO] [stdout] 
[INFO] [stdout] running 0 tests
[INFO] [stdout] 
[INFO] [stdout] test result: ok. 0 passed; 0 failed; 0 ignored; 0 measured; 0 filtered out; finished in 0.00s
[INFO] [stdout] 
[INFO] [stderr]      Running tests/location.rs (/opt/rustwide/target/debug/deps/location-1410d2a88778dc30)
[INFO] [stdout] 
[INFO] [stdout] running 1 test
[INFO] [stdout] test test_location ... ok
[INFO] [stdout] 
[INFO] [stdout] test result: ok. 1 passed; 0 failed; 0 ignored; 0 measured; 0 filtered out; finished in 0.01s
[INFO] [stdout] 
[INFO] [stdout] 
[INFO] [stdout] running 1 test
[INFO] [stderr]      Running tests/macro_test.rs (/opt/rustwide/target/debug/deps/macro_test-989e6744098bb517)
[INFO] [stdout] test it_works ... ok
[INFO] [stdout] 
[INFO] [stdout] test result: ok. 1 passed; 0 failed; 0 ignored; 0 measured; 0 filtered out; finished in 0.00s
[INFO] [stdout] 
[INFO] [stderr]      Running tests/mapper_test.rs (/opt/rustwide/target/debug/deps/mapper_test-63bb406201d4b73c)
[INFO] [stdout] 
[INFO] [stdout] running 1 test
[INFO] [stdout] test test_mapper ... FAILED
[INFO] [stdout] 
[INFO] [stdout] failures:
[INFO] [stdout] 
[INFO] [stdout] ---- test_mapper stdout ----
[INFO] [stdout] thread 'test_mapper' panicked at tests/mapper_test.rs:88:45:
[INFO] [stdout] called `Result::unwrap()` on an `Err` value: Os { code: 30, kind: ReadOnlyFilesystem, message: "Read-only file system" }
[INFO] [stdout] stack backtrace:
[INFO] [stdout]    0:     0x568adbd4c7ba - std::backtrace_rs::backtrace::libunwind::trace::h5a5b8284f2d0c266
[INFO] [stdout]                                at /rustc/90b35a6239c3d8bdabc530a6a0816f7ff89a0aaf/library/std/src/../../backtrace/src/backtrace/libunwind.rs:116:5
[INFO] [stdout]    1:     0x568adbd4c7ba - std::backtrace_rs::backtrace::trace_unsynchronized::h76d4f1c9b0b875e3
[INFO] [stdout]                                at /rustc/90b35a6239c3d8bdabc530a6a0816f7ff89a0aaf/library/std/src/../../backtrace/src/backtrace/mod.rs:66:5
[INFO] [stdout]    2:     0x568adbd4c7ba - std::sys::backtrace::_print_fmt::hc4546b8364a537c6
[INFO] [stdout]                                at /rustc/90b35a6239c3d8bdabc530a6a0816f7ff89a0aaf/library/std/src/sys/backtrace.rs:66:9
[INFO] [stdout]    3:     0x568adbd4c7ba - <std::sys::backtrace::BacktraceLock::print::DisplayBacktrace as core::fmt::Display>::fmt::h5b6bd5631a6d1f6b
[INFO] [stdout]                                at /rustc/90b35a6239c3d8bdabc530a6a0816f7ff89a0aaf/library/std/src/sys/backtrace.rs:39:26
[INFO] [stdout]    4:     0x568adbd76ce3 - core::fmt::rt::Argument::fmt::h270f6602a2b96f62
[INFO] [stdout]                                at /rustc/90b35a6239c3d8bdabc530a6a0816f7ff89a0aaf/library/core/src/fmt/rt.rs:177:76
[INFO] [stdout]    5:     0x568adbd76ce3 - core::fmt::write::h7550c97b06c86515
[INFO] [stdout]                                at /rustc/90b35a6239c3d8bdabc530a6a0816f7ff89a0aaf/library/core/src/fmt/mod.rs:1186:21
[INFO] [stdout]    6:     0x568adbd48ed3 - std::io::Write::write_fmt::h509ff860e5956e5e
[INFO] [stdout]                                at /rustc/90b35a6239c3d8bdabc530a6a0816f7ff89a0aaf/library/std/src/io/mod.rs:1839:15
[INFO] [stdout]    7:     0x568adbd4c602 - std::sys::backtrace::BacktraceLock::print::h2395ccd2c84ba3aa
[INFO] [stdout]                                at /rustc/90b35a6239c3d8bdabc530a6a0816f7ff89a0aaf/library/std/src/sys/backtrace.rs:42:9
[INFO] [stdout]    8:     0x568adbd4dc1a - std::panicking::default_hook::{{closure}}::he19d4c7230e07961
[INFO] [stdout]                                at /rustc/90b35a6239c3d8bdabc530a6a0816f7ff89a0aaf/library/std/src/panicking.rs:268:22
[INFO] [stdout]    9:     0x568adbd4da24 - std::panicking::default_hook::hf614597d3c67bbdb
[INFO] [stdout]                                at /rustc/90b35a6239c3d8bdabc530a6a0816f7ff89a0aaf/library/std/src/panicking.rs:292:9
[INFO] [stdout]   10:     0x568adb7d6639 - <alloc::boxed::Box<F,A> as core::ops::function::Fn<Args>>::call::h39b51ce4599c23d1
[INFO] [stdout]                                at /rustc/90b35a6239c3d8bdabc530a6a0816f7ff89a0aaf/library/alloc/src/boxed.rs:2468:9
[INFO] [stdout]   11:     0x568adb7d6639 - test::test_main::{{closure}}::he977ae839a582784
[INFO] [stdout]                                at /rustc/90b35a6239c3d8bdabc530a6a0816f7ff89a0aaf/library/test/src/lib.rs:133:21
[INFO] [stdout]   12:     0x568adbd4e2b8 - <alloc::boxed::Box<F,A> as core::ops::function::Fn<Args>>::call::h9455091b6b06f9fb
[INFO] [stdout]                                at /rustc/90b35a6239c3d8bdabc530a6a0816f7ff89a0aaf/library/alloc/src/boxed.rs:2468:9
[INFO] [stdout]   13:     0x568adbd4e2b8 - std::panicking::rust_panic_with_hook::h8942133a8b252070
[INFO] [stdout]                                at /rustc/90b35a6239c3d8bdabc530a6a0816f7ff89a0aaf/library/std/src/panicking.rs:809:13
[INFO] [stdout]   14:     0x568adbd4e07a - std::panicking::begin_panic_handler::{{closure}}::hb5f5963570096b29
[INFO] [stdout]                                at /rustc/90b35a6239c3d8bdabc530a6a0816f7ff89a0aaf/library/std/src/panicking.rs:674:13
[INFO] [stdout]   15:     0x568adbd4cc99 - std::sys::backtrace::__rust_end_short_backtrace::h6208cedc1922feda
[INFO] [stdout]                                at /rustc/90b35a6239c3d8bdabc530a6a0816f7ff89a0aaf/library/std/src/sys/backtrace.rs:170:18
[INFO] [stdout]   16:     0x568adbd4dd0c - rust_begin_unwind
[INFO] [stdout]                                at /rustc/90b35a6239c3d8bdabc530a6a0816f7ff89a0aaf/library/std/src/panicking.rs:665:5
[INFO] [stdout]   17:     0x568adb73b490 - core::panicking::panic_fmt::h0c3082644d1bf418
[INFO] [stdout]                                at /rustc/90b35a6239c3d8bdabc530a6a0816f7ff89a0aaf/library/core/src/panicking.rs:74:14
[INFO] [stdout]   18:     0x568adb73b936 - core::result::unwrap_failed::hd20b4aa073bda1e2
[INFO] [stdout]                                at /rustc/90b35a6239c3d8bdabc530a6a0816f7ff89a0aaf/library/core/src/result.rs:1700:5
[INFO] [stdout]   19:     0x568adb77541b - core::result::Result<T,E>::unwrap::h9753940fe80c8fbf
[INFO] [stdout]                                at /rustc/90b35a6239c3d8bdabc530a6a0816f7ff89a0aaf/library/core/src/result.rs:1104:23
[INFO] [stdout]   20:     0x568adb77541b - mapper_test::test_mapper::{{closure}}::he7e6de97dd0babf6
[INFO] [stdout]                                at /opt/rustwide/workdir/tests/mapper_test.rs:88:5
[INFO] [stdout]   21:     0x568adb79a0a2 - <core::pin::Pin<P> as core::future::future::Future>::poll::h00b86be8fbe9d323
[INFO] [stdout]                                at /rustc/90b35a6239c3d8bdabc530a6a0816f7ff89a0aaf/library/core/src/future/future.rs:123:9
[INFO] [stdout]   22:     0x568adb79a19d - <core::pin::Pin<P> as core::future::future::Future>::poll::h7ab372372f6bdcb9
[INFO] [stdout]                                at /rustc/90b35a6239c3d8bdabc530a6a0816f7ff89a0aaf/library/core/src/future/future.rs:123:9
[INFO] [stdout]   23:     0x568adb795edf - tokio::runtime::scheduler::current_thread::CoreGuard::block_on::{{closure}}::{{closure}}::{{closure}}::hdf91895233e789fd
[INFO] [stdout]                                at /opt/rustwide/cargo-home/registry/src/index.crates.io-6f17d22bba15001f/tokio-1.34.0/src/runtime/scheduler/current_thread/mod.rs:665:57
[INFO] [stdout]   24:     0x568adb795e25 - tokio::runtime::coop::with_budget::h71470798d9a9c0da
[INFO] [stdout]                                at /opt/rustwide/cargo-home/registry/src/index.crates.io-6f17d22bba15001f/tokio-1.34.0/src/runtime/coop.rs:107:5
[INFO] [stdout]   25:     0x568adb795e25 - tokio::runtime::coop::budget::hbdf1cd4661530ea2
[INFO] [stdout]                                at /opt/rustwide/cargo-home/registry/src/index.crates.io-6f17d22bba15001f/tokio-1.34.0/src/runtime/coop.rs:73:5
[INFO] [stdout]   26:     0x568adb795e25 - tokio::runtime::scheduler::current_thread::CoreGuard::block_on::{{closure}}::{{closure}}::h42625a81f2c84362
[INFO] [stdout]                                at /opt/rustwide/cargo-home/registry/src/index.crates.io-6f17d22bba15001f/tokio-1.34.0/src/runtime/scheduler/current_thread/mod.rs:665:25
[INFO] [stdout]   27:     0x568adb7948d0 - tokio::runtime::scheduler::current_thread::Context::enter::h97d62ec0b23f2e51
[INFO] [stdout]                                at /opt/rustwide/cargo-home/registry/src/index.crates.io-6f17d22bba15001f/tokio-1.34.0/src/runtime/scheduler/current_thread/mod.rs:410:19
[INFO] [stdout]   28:     0x568adb79567e - tokio::runtime::scheduler::current_thread::CoreGuard::block_on::{{closure}}::h5170c0de8f413887
[INFO] [stdout]                                at /opt/rustwide/cargo-home/registry/src/index.crates.io-6f17d22bba15001f/tokio-1.34.0/src/runtime/scheduler/current_thread/mod.rs:664:36
[INFO] [stdout]   29:     0x568adb7953f4 - tokio::runtime::scheduler::current_thread::CoreGuard::enter::{{closure}}::h9e40afa334f35de0
[INFO] [stdout]                                at /opt/rustwide/cargo-home/registry/src/index.crates.io-6f17d22bba15001f/tokio-1.34.0/src/runtime/scheduler/current_thread/mod.rs:743:68
[INFO] [stdout]   30:     0x568adb788f2b - tokio::runtime::context::scoped::Scoped<T>::set::h8ed7b7ec238fa56d
[INFO] [stdout]                                at /opt/rustwide/cargo-home/registry/src/index.crates.io-6f17d22bba15001f/tokio-1.34.0/src/runtime/context/scoped.rs:40:9
[INFO] [stdout]   31:     0x568adb76bf99 - tokio::runtime::context::set_scheduler::{{closure}}::h540f1d5221f1fe47
[INFO] [stdout]                                at /opt/rustwide/cargo-home/registry/src/index.crates.io-6f17d22bba15001f/tokio-1.34.0/src/runtime/context.rs:176:26
[INFO] [stdout]   32:     0x568adb76e4ed - std::thread::local::LocalKey<T>::try_with::h104c795d44c1cc6c
[INFO] [stdout]                                at /rustc/90b35a6239c3d8bdabc530a6a0816f7ff89a0aaf/library/std/src/thread/local.rs:283:12
[INFO] [stdout]   33:     0x568adb76e3da - std::thread::local::LocalKey<T>::with::h8589843b58cfc624
[INFO] [stdout]                                at /rustc/90b35a6239c3d8bdabc530a6a0816f7ff89a0aaf/library/std/src/thread/local.rs:260:9
[INFO] [stdout]   34:     0x568adb76bf4d - tokio::runtime::context::set_scheduler::hbf8bbf2f68f5bcf6
[INFO] [stdout]                                at /opt/rustwide/cargo-home/registry/src/index.crates.io-6f17d22bba15001f/tokio-1.34.0/src/runtime/context.rs:176:9
[INFO] [stdout]   35:     0x568adb7951a0 - tokio::runtime::scheduler::current_thread::CoreGuard::enter::h980b1cd0a73be27a
[INFO] [stdout]                                at /opt/rustwide/cargo-home/registry/src/index.crates.io-6f17d22bba15001f/tokio-1.34.0/src/runtime/scheduler/current_thread/mod.rs:743:27
[INFO] [stdout]   36:     0x568adb795413 - tokio::runtime::scheduler::current_thread::CoreGuard::block_on::hf569dc70b5f775de
[INFO] [stdout]                                at /opt/rustwide/cargo-home/registry/src/index.crates.io-6f17d22bba15001f/tokio-1.34.0/src/runtime/scheduler/current_thread/mod.rs:652:19
[INFO] [stdout]   37:     0x568adb79394d - tokio::runtime::scheduler::current_thread::CurrentThread::block_on::{{closure}}::h7a17b203169ba406
[INFO] [stdout]                                at /opt/rustwide/cargo-home/registry/src/index.crates.io-6f17d22bba15001f/tokio-1.34.0/src/runtime/scheduler/current_thread/mod.rs:175:28
[INFO] [stdout]   38:     0x568adb799926 - tokio::runtime::context::runtime::enter_runtime::h3274f8b2ab626e1b
[INFO] [stdout]                                at /opt/rustwide/cargo-home/registry/src/index.crates.io-6f17d22bba15001f/tokio-1.34.0/src/runtime/context/runtime.rs:65:16
[INFO] [stdout]   39:     0x568adb793861 - tokio::runtime::scheduler::current_thread::CurrentThread::block_on::h22b9edf7b7bee7fe
[INFO] [stdout]                                at /opt/rustwide/cargo-home/registry/src/index.crates.io-6f17d22bba15001f/tokio-1.34.0/src/runtime/scheduler/current_thread/mod.rs:167:9
[INFO] [stdout]   40:     0x568adb76c1bd - tokio::runtime::runtime::Runtime::block_on::ha4c92d75df8a0513
[INFO] [stdout]                                at /opt/rustwide/cargo-home/registry/src/index.crates.io-6f17d22bba15001f/tokio-1.34.0/src/runtime/runtime.rs:348:47
[INFO] [stdout]   41:     0x568adb774e80 - mapper_test::test_mapper::h98a56cc2236d55bd
[INFO] [stdout]                                at /opt/rustwide/workdir/tests/mapper_test.rs:198:5
[INFO] [stdout]   42:     0x568adb774d17 - mapper_test::test_mapper::{{closure}}::hb361a2dd739e903f
[INFO] [stdout]                                at /opt/rustwide/workdir/tests/mapper_test.rs:85:27
[INFO] [stdout]   43:     0x568adb73c676 - core::ops::function::FnOnce::call_once::ha60f8a86fb4cdb50
[INFO] [stdout]                                at /rustc/90b35a6239c3d8bdabc530a6a0816f7ff89a0aaf/library/core/src/ops/function.rs:250:5
[INFO] [stdout]   44:     0x568adb7daffb - core::ops::function::FnOnce::call_once::h109cf8051a59b34e
[INFO] [stdout]                                at /rustc/90b35a6239c3d8bdabc530a6a0816f7ff89a0aaf/library/core/src/ops/function.rs:250:5
[INFO] [stdout]   45:     0x568adb7daffb - test::__rust_begin_short_backtrace::hf4fff89d377446ba
[INFO] [stdout]                                at /rustc/90b35a6239c3d8bdabc530a6a0816f7ff89a0aaf/library/test/src/lib.rs:621:18
[INFO] [stdout]   46:     0x568adb7da837 - test::run_test_in_process::{{closure}}::h0e39181dd7ee5a43
[INFO] [stdout]                                at /rustc/90b35a6239c3d8bdabc530a6a0816f7ff89a0aaf/library/test/src/lib.rs:644:60
[INFO] [stdout]   47:     0x568adb7da837 - <core::panic::unwind_safe::AssertUnwindSafe<F> as core::ops::function::FnOnce<()>>::call_once::hc5a66a30f0bdfd1f
[INFO] [stdout]                                at /rustc/90b35a6239c3d8bdabc530a6a0816f7ff89a0aaf/library/core/src/panic/unwind_safe.rs:272:9
[INFO] [stdout]   48:     0x568adb7da837 - std::panicking::try::do_call::h873b7cf639554a5e
[INFO] [stdout]                                at /rustc/90b35a6239c3d8bdabc530a6a0816f7ff89a0aaf/library/std/src/panicking.rs:557:40
[INFO] [stdout]   49:     0x568adb7da837 - std::panicking::try::hdb19862fad9c8bd1
[INFO] [stdout]                                at /rustc/90b35a6239c3d8bdabc530a6a0816f7ff89a0aaf/library/std/src/panicking.rs:520:19
[INFO] [stdout]   50:     0x568adb7da837 - std::panic::catch_unwind::h281fe732d236d260
[INFO] [stdout]                                at /rustc/90b35a6239c3d8bdabc530a6a0816f7ff89a0aaf/library/std/src/panic.rs:358:14
[INFO] [stdout]   51:     0x568adb7da837 - test::run_test_in_process::h949b6df8457ed338
[INFO] [stdout]                                at /rustc/90b35a6239c3d8bdabc530a6a0816f7ff89a0aaf/library/test/src/lib.rs:644:27
[INFO] [stdout]   52:     0x568adb7da837 - test::run_test::{{closure}}::h52c556a6d4740e10
[INFO] [stdout]                                at /rustc/90b35a6239c3d8bdabc530a6a0816f7ff89a0aaf/library/test/src/lib.rs:565:43
[INFO] [stdout]   53:     0x568adb79fb14 - test::run_test::{{closure}}::h4237f6381c45ccb9
[INFO] [stdout]                                at /rustc/90b35a6239c3d8bdabc530a6a0816f7ff89a0aaf/library/test/src/lib.rs:595:41
[INFO] [stdout]   54:     0x568adb79fb14 - std::sys::backtrace::__rust_begin_short_backtrace::h505c97a579eca628
[INFO] [stdout]                                at /rustc/90b35a6239c3d8bdabc530a6a0816f7ff89a0aaf/library/std/src/sys/backtrace.rs:154:18
[INFO] [stdout]   55:     0x568adb7a31de - std::thread::Builder::spawn_unchecked_::{{closure}}::{{closure}}::h9e86b2e2bc107ea3
[INFO] [stdout]                                at /rustc/90b35a6239c3d8bdabc530a6a0816f7ff89a0aaf/library/std/src/thread/mod.rs:538:17
[INFO] [stdout]   56:     0x568adb7a31de - <core::panic::unwind_safe::AssertUnwindSafe<F> as core::ops::function::FnOnce<()>>::call_once::h8b06ddb275ff4a25
[INFO] [stdout]                                at /rustc/90b35a6239c3d8bdabc530a6a0816f7ff89a0aaf/library/core/src/panic/unwind_safe.rs:272:9
[INFO] [stdout]   57:     0x568adb7a31de - std::panicking::try::do_call::hb26ecd7cd9a9355d
[INFO] [stdout]                                at /rustc/90b35a6239c3d8bdabc530a6a0816f7ff89a0aaf/library/std/src/panicking.rs:557:40
[INFO] [stdout]   58:     0x568adb7a31de - std::panicking::try::h8ddeca9d705f9069
[INFO] [stdout]                                at /rustc/90b35a6239c3d8bdabc530a6a0816f7ff89a0aaf/library/std/src/panicking.rs:520:19
[INFO] [stdout]   59:     0x568adb7a31de - std::panic::catch_unwind::h49e1c33078844c46
[INFO] [stdout]                                at /rustc/90b35a6239c3d8bdabc530a6a0816f7ff89a0aaf/library/std/src/panic.rs:358:14
[INFO] [stdout]   60:     0x568adb7a31de - std::thread::Builder::spawn_unchecked_::{{closure}}::h6073db6ff56ad35d
[INFO] [stdout]                                at /rustc/90b35a6239c3d8bdabc530a6a0816f7ff89a0aaf/library/std/src/thread/mod.rs:537:30
[INFO] [stdout]   61:     0x568adb7a31de - core::ops::function::FnOnce::call_once{{vtable.shim}}::h2c5a5f3779c774f1
[INFO] [stdout]                                at /rustc/90b35a6239c3d8bdabc530a6a0816f7ff89a0aaf/library/core/src/ops/function.rs:250:5
[INFO] [stdout]   62:     0x568adbd5242b - <alloc::boxed::Box<F,A> as core::ops::function::FnOnce<Args>>::call_once::hf75717d9f28faebf
[INFO] [stdout]                                at /rustc/90b35a6239c3d8bdabc530a6a0816f7ff89a0aaf/library/alloc/src/boxed.rs:2454:9
[INFO] [stdout]   63:     0x568adbd5242b - <alloc::boxed::Box<F,A> as core::ops::function::FnOnce<Args>>::call_once::h7bd883a5f3c5f3c1
[INFO] [stdout]                                at /rustc/90b35a6239c3d8bdabc530a6a0816f7ff89a0aaf/library/alloc/src/boxed.rs:2454:9
[INFO] [stdout]   64:     0x568adbd5242b - std::sys::pal::unix::thread::Thread::new::thread_start::hcc78f3943333fa94
[INFO] [stdout]                                at /rustc/90b35a6239c3d8bdabc530a6a0816f7ff89a0aaf/library/std/src/sys/pal/unix/thread.rs:105:17
[INFO] [stdout]   65:     0x7115a19f8ac3 - <unknown>
[INFO] [stdout]   66:     0x7115a1a89a04 - clone
[INFO] [stdout]   67:                0x0 - <unknown>
[INFO] [stdout] 
[INFO] [stdout] 
[INFO] [stdout] failures:
[INFO] [stdout]     test_mapper
[INFO] [stdout] 
[INFO] [stdout] test result: FAILED. 0 passed; 1 failed; 0 ignored; 0 measured; 0 filtered out; finished in 0.08s
[INFO] [stdout] 
[INFO] [stderr] error: test failed, to rerun pass `--test mapper_test`
[INFO] running `Command { std: "docker" "inspect" "8709707d40ceef3a3f7740fb4a25b587a617d9c397cfd585bc01b7a49849cd1a", kill_on_drop: false }`
[INFO] running `Command { std: "docker" "rm" "-f" "8709707d40ceef3a3f7740fb4a25b587a617d9c397cfd585bc01b7a49849cd1a", kill_on_drop: false }`
[INFO] [stdout] 8709707d40ceef3a3f7740fb4a25b587a617d9c397cfd585bc01b7a49849cd1a
