[INFO] cloning repository https://github.com/theProject-dev/auth-rs
[INFO] running `Command { std: "git" "-c" "credential.helper=" "-c" "credential.helper=/workspace/cargo-home/bin/git-credential-null" "clone" "--bare" "https://github.com/theProject-dev/auth-rs" "/workspace/cache/git-repos/https%3A%2F%2Fgithub.com%2FtheProject-dev%2Fauth-rs", kill_on_drop: false }`
[INFO] [stderr] Cloning into bare repository '/workspace/cache/git-repos/https%3A%2F%2Fgithub.com%2FtheProject-dev%2Fauth-rs'...
[INFO] running `Command { std: "git" "rev-parse" "HEAD", kill_on_drop: false }`
[INFO] [stdout] 7dc113dda27f5c194a43cafb6558677f57025132
[INFO] testing theProject-dev/auth-rs against 1.83.0 for beta-1.84.0-4-retry
[INFO] running `Command { std: "git" "clone" "/workspace/cache/git-repos/https%3A%2F%2Fgithub.com%2FtheProject-dev%2Fauth-rs" "/workspace/builds/worker-6-tc1/source", kill_on_drop: false }`
[INFO] [stderr] Cloning into '/workspace/builds/worker-6-tc1/source'...
[INFO] [stderr] done.
[INFO] validating manifest of git repo https://github.com/theProject-dev/auth-rs on toolchain 1.83.0
[INFO] running `Command { std: CARGO_HOME="/workspace/cargo-home" RUSTUP_HOME="/workspace/rustup-home" "/workspace/cargo-home/bin/cargo" "+1.83.0" "metadata" "--manifest-path" "Cargo.toml" "--no-deps", kill_on_drop: false }`
[INFO] started tweaking git repo https://github.com/theProject-dev/auth-rs
[INFO] finished tweaking git repo https://github.com/theProject-dev/auth-rs
[INFO] tweaked toml for git repo https://github.com/theProject-dev/auth-rs written to /workspace/builds/worker-6-tc1/source/Cargo.toml
[INFO] crate git repo https://github.com/theProject-dev/auth-rs already has a lockfile, it will not be regenerated
[INFO] running `Command { std: CARGO_HOME="/workspace/cargo-home" RUSTUP_HOME="/workspace/rustup-home" "/workspace/cargo-home/bin/cargo" "+1.83.0" "fetch" "--manifest-path" "Cargo.toml", kill_on_drop: false }`
[INFO] [stderr]     Updating git repository `https://github.com/theProject-dev/std-plus`
[INFO] [stderr]     Updating crates.io index
[INFO] [stderr]  Downloading crates ...
[INFO] [stderr]   Downloaded rusty_paseto v0.7.1
[INFO] running `Command { std: "docker" "create" "-v" "/var/lib/crater-agent-workspace/builds/worker-6-tc1/target:/opt/rustwide/target:rw,Z" "-v" "/var/lib/crater-agent-workspace/builds/worker-6-tc1/source:/opt/rustwide/workdir:ro,Z" "-v" "/var/lib/crater-agent-workspace/cargo-home:/opt/rustwide/cargo-home:ro,Z" "-v" "/var/lib/crater-agent-workspace/rustup-home:/opt/rustwide/rustup-home:ro,Z" "-e" "SOURCE_DIR=/opt/rustwide/workdir" "-e" "CARGO_TARGET_DIR=/opt/rustwide/target" "-e" "CARGO_HOME=/opt/rustwide/cargo-home" "-e" "RUSTUP_HOME=/opt/rustwide/rustup-home" "-w" "/opt/rustwide/workdir" "-m" "1610612736" "--user" "0:0" "--network" "none" "ghcr.io/rust-lang/crates-build-env/linux@sha256:f3a9d4ad9d972b27faf3965f35b62e55ba32bbce8f20bc8fe909558a86702fde" "/opt/rustwide/cargo-home/bin/cargo" "+1.83.0" "metadata" "--no-deps" "--format-version=1", kill_on_drop: false }`
[INFO] [stdout] 564cbc7d82082e978ff97c1f4d5e4dcdd63c1fd460ced35e772709864f359956
[INFO] running `Command { std: "docker" "start" "-a" "564cbc7d82082e978ff97c1f4d5e4dcdd63c1fd460ced35e772709864f359956", kill_on_drop: false }`
[INFO] running `Command { std: "docker" "inspect" "564cbc7d82082e978ff97c1f4d5e4dcdd63c1fd460ced35e772709864f359956", kill_on_drop: false }`
[INFO] running `Command { std: "docker" "rm" "-f" "564cbc7d82082e978ff97c1f4d5e4dcdd63c1fd460ced35e772709864f359956", kill_on_drop: false }`
[INFO] [stdout] 564cbc7d82082e978ff97c1f4d5e4dcdd63c1fd460ced35e772709864f359956
[INFO] running `Command { std: "docker" "create" "-v" "/var/lib/crater-agent-workspace/builds/worker-6-tc1/target:/opt/rustwide/target:rw,Z" "-v" "/var/lib/crater-agent-workspace/builds/worker-6-tc1/source:/opt/rustwide/workdir:ro,Z" "-v" "/var/lib/crater-agent-workspace/cargo-home:/opt/rustwide/cargo-home:ro,Z" "-v" "/var/lib/crater-agent-workspace/rustup-home:/opt/rustwide/rustup-home:ro,Z" "-e" "SOURCE_DIR=/opt/rustwide/workdir" "-e" "CARGO_TARGET_DIR=/opt/rustwide/target" "-e" "CARGO_INCREMENTAL=0" "-e" "RUST_BACKTRACE=full" "-e" "RUSTFLAGS=--cap-lints=warn" "-e" "RUSTDOCFLAGS=--cap-lints=warn" "-e" "CARGO_HOME=/opt/rustwide/cargo-home" "-e" "RUSTUP_HOME=/opt/rustwide/rustup-home" "-w" "/opt/rustwide/workdir" "-m" "1610612736" "--user" "0:0" "--network" "none" "ghcr.io/rust-lang/crates-build-env/linux@sha256:f3a9d4ad9d972b27faf3965f35b62e55ba32bbce8f20bc8fe909558a86702fde" "/opt/rustwide/cargo-home/bin/cargo" "+1.83.0" "build" "--frozen" "--message-format=json", kill_on_drop: false }`
[INFO] [stdout] 0f05fa9f1e6863b25023e10982839deaf0ebe3421ea7a6b81f07c56acd61b53d
[INFO] running `Command { std: "docker" "start" "-a" "0f05fa9f1e6863b25023e10982839deaf0ebe3421ea7a6b81f07c56acd61b53d", kill_on_drop: false }`
[INFO] [stderr]    Compiling proc-macro2 v1.0.92
[INFO] [stderr]    Compiling unicode-ident v1.0.14
[INFO] [stderr]    Compiling typenum v1.17.0
[INFO] [stderr]    Compiling version_check v0.9.5
[INFO] [stderr]    Compiling semver v1.0.23
[INFO] [stderr]    Compiling subtle v2.6.1
[INFO] [stderr]    Compiling libc v0.2.167
[INFO] [stderr]    Compiling shlex v1.3.0
[INFO] [stderr]    Compiling cpufeatures v0.2.16
[INFO] [stderr]    Compiling serde v1.0.215
[INFO] [stderr]    Compiling typeid v1.0.2
[INFO] [stderr]    Compiling memchr v2.7.4
[INFO] [stderr]    Compiling thiserror v1.0.69
[INFO] [stderr]    Compiling minimal-lexical v0.2.1
[INFO] [stderr]    Compiling itoa v1.0.14
[INFO] [stderr]    Compiling signature v2.2.0
[INFO] [stderr]    Compiling powerfmt v0.2.0
[INFO] [stderr]    Compiling serde_json v1.0.133
[INFO] [stderr]    Compiling ed25519 v2.2.3
[INFO] [stderr]    Compiling time-core v0.1.2
[INFO] [stderr]    Compiling cc v1.2.2
[INFO] [stderr]    Compiling deranged v0.3.11
[INFO] [stderr]    Compiling ryu v1.0.18
[INFO] [stderr]    Compiling spin v0.9.8
[INFO] [stderr]    Compiling untrusted v0.9.0
[INFO] [stderr]    Compiling num-conv v0.1.0
[INFO] [stderr]    Compiling hex v0.4.3
[INFO] [stderr]    Compiling generic-array v0.14.7
[INFO] [stderr]    Compiling rand_core v0.6.4
[INFO] [stderr]    Compiling base64 v0.22.1
[INFO] [stderr]    Compiling rustc_version v0.4.1
[INFO] [stderr]    Compiling nom v7.1.3
[INFO] [stderr]    Compiling quote v1.0.37
[INFO] [stderr]    Compiling curve25519-dalek v4.1.3
[INFO] [stderr]    Compiling syn v2.0.90
[INFO] [stderr]    Compiling ring v0.17.8
[INFO] [stderr]    Compiling time v0.3.37
[INFO] [stderr]    Compiling getrandom v0.2.15
[INFO] [stderr]    Compiling crypto-common v0.1.6
[INFO] [stderr]    Compiling block-buffer v0.10.4
[INFO] [stderr]    Compiling inout v0.1.3
[INFO] [stderr]    Compiling cipher v0.4.4
[INFO] [stderr]    Compiling digest v0.10.7
[INFO] [stderr]    Compiling chacha20 v0.9.1
[INFO] [stderr]    Compiling sha2 v0.10.8
[INFO] [stderr]    Compiling blake2 v0.10.6
[INFO] [stderr]    Compiling iso8601 v0.6.1
[INFO] [stderr]    Compiling serde_derive v1.0.215
[INFO] [stderr]    Compiling zeroize_derive v1.4.2
[INFO] [stderr]    Compiling curve25519-dalek-derive v0.1.1
[INFO] [stderr]    Compiling thiserror-impl v1.0.69
[INFO] [stderr]    Compiling derive-new v0.7.0
[INFO] [stderr]    Compiling async-trait v0.1.83
[INFO] [stderr]    Compiling zeroize v1.8.1
[INFO] [stderr]    Compiling ed25519-dalek v2.1.1
[INFO] [stderr]    Compiling erased-serde v0.4.5
[INFO] [stderr]    Compiling rusty_paseto v0.7.1
[INFO] [stderr]    Compiling std-plus v0.1.0 (https://github.com/theProject-dev/std-plus?rev=e874079957a18c7b64c00dc14032f4a46fdb08be#e8740799)
[INFO] [stderr]    Compiling auth-rs v0.1.0 (/opt/rustwide/workdir/auth-rs)
[INFO] [stderr]     Finished `dev` profile [unoptimized + debuginfo] target(s) in 26.60s
[INFO] running `Command { std: "docker" "inspect" "0f05fa9f1e6863b25023e10982839deaf0ebe3421ea7a6b81f07c56acd61b53d", kill_on_drop: false }`
[INFO] running `Command { std: "docker" "rm" "-f" "0f05fa9f1e6863b25023e10982839deaf0ebe3421ea7a6b81f07c56acd61b53d", kill_on_drop: false }`
[INFO] [stdout] 0f05fa9f1e6863b25023e10982839deaf0ebe3421ea7a6b81f07c56acd61b53d
[INFO] running `Command { std: "docker" "create" "-v" "/var/lib/crater-agent-workspace/builds/worker-6-tc1/target:/opt/rustwide/target:rw,Z" "-v" "/var/lib/crater-agent-workspace/builds/worker-6-tc1/source:/opt/rustwide/workdir:ro,Z" "-v" "/var/lib/crater-agent-workspace/cargo-home:/opt/rustwide/cargo-home:ro,Z" "-v" "/var/lib/crater-agent-workspace/rustup-home:/opt/rustwide/rustup-home:ro,Z" "-e" "SOURCE_DIR=/opt/rustwide/workdir" "-e" "CARGO_TARGET_DIR=/opt/rustwide/target" "-e" "CARGO_INCREMENTAL=0" "-e" "RUST_BACKTRACE=full" "-e" "RUSTFLAGS=--cap-lints=warn" "-e" "RUSTDOCFLAGS=--cap-lints=warn" "-e" "CARGO_HOME=/opt/rustwide/cargo-home" "-e" "RUSTUP_HOME=/opt/rustwide/rustup-home" "-w" "/opt/rustwide/workdir" "-m" "1610612736" "--user" "0:0" "--network" "none" "ghcr.io/rust-lang/crates-build-env/linux@sha256:f3a9d4ad9d972b27faf3965f35b62e55ba32bbce8f20bc8fe909558a86702fde" "/opt/rustwide/cargo-home/bin/cargo" "+1.83.0" "test" "--frozen" "--no-run" "--message-format=json", kill_on_drop: false }`
[INFO] [stdout] b67e6555624c201032d862736874c8895c70b23213e4481737afcf899afd8178
[INFO] running `Command { std: "docker" "start" "-a" "b67e6555624c201032d862736874c8895c70b23213e4481737afcf899afd8178", kill_on_drop: false }`
[INFO] [stderr]    Compiling auth-rs v0.1.0 (/opt/rustwide/workdir/auth-rs)
[INFO] [stderr]     Finished `test` profile [unoptimized + debuginfo] target(s) in 0.64s
[INFO] running `Command { std: "docker" "inspect" "b67e6555624c201032d862736874c8895c70b23213e4481737afcf899afd8178", kill_on_drop: false }`
[INFO] running `Command { std: "docker" "rm" "-f" "b67e6555624c201032d862736874c8895c70b23213e4481737afcf899afd8178", kill_on_drop: false }`
[INFO] [stdout] b67e6555624c201032d862736874c8895c70b23213e4481737afcf899afd8178
[INFO] running `Command { std: "docker" "create" "-v" "/var/lib/crater-agent-workspace/builds/worker-6-tc1/target:/opt/rustwide/target:rw,Z" "-v" "/var/lib/crater-agent-workspace/builds/worker-6-tc1/source:/opt/rustwide/workdir:ro,Z" "-v" "/var/lib/crater-agent-workspace/cargo-home:/opt/rustwide/cargo-home:ro,Z" "-v" "/var/lib/crater-agent-workspace/rustup-home:/opt/rustwide/rustup-home:ro,Z" "-e" "SOURCE_DIR=/opt/rustwide/workdir" "-e" "CARGO_TARGET_DIR=/opt/rustwide/target" "-e" "CARGO_INCREMENTAL=0" "-e" "RUST_BACKTRACE=full" "-e" "RUSTFLAGS=--cap-lints=warn" "-e" "RUSTDOCFLAGS=--cap-lints=warn" "-e" "CARGO_HOME=/opt/rustwide/cargo-home" "-e" "RUSTUP_HOME=/opt/rustwide/rustup-home" "-w" "/opt/rustwide/workdir" "-m" "1610612736" "--user" "0:0" "--network" "none" "ghcr.io/rust-lang/crates-build-env/linux@sha256:f3a9d4ad9d972b27faf3965f35b62e55ba32bbce8f20bc8fe909558a86702fde" "/opt/rustwide/cargo-home/bin/cargo" "+1.83.0" "test" "--frozen", kill_on_drop: false }`
[INFO] [stdout] 956e926ca2f73fb7158c62ea02c662171852203fc3cf1316bf9a10a213dd6db1
[INFO] running `Command { std: "docker" "start" "-a" "956e926ca2f73fb7158c62ea02c662171852203fc3cf1316bf9a10a213dd6db1", kill_on_drop: false }`
[INFO] [stderr]     Finished `test` profile [unoptimized + debuginfo] target(s) in 0.08s
[INFO] [stdout] 
[INFO] [stdout] running 1 test
[INFO] [stderr]      Running unittests src/lib.rs (/opt/rustwide/target/debug/deps/auth_rs-b802b6b7d3be58c7)
[INFO] [stdout] test test::state ... ok
[INFO] [stdout] 
[INFO] [stdout] test result: ok. 1 passed; 0 failed; 0 ignored; 0 measured; 0 filtered out; finished in 0.00s
[INFO] [stdout] 
[INFO] [stderr]    Doc-tests auth_rs
[INFO] [stdout] 
[INFO] [stdout] running 5 tests
[INFO] [stdout] test auth-rs/src/claims.rs - claims::Claim::with_props (line 89) ... FAILED
[INFO] [stdout] test auth-rs/src/claims.rs - claims::Claim::with_issuer (line 57) ... FAILED
[INFO] [stdout] test auth-rs/src/claims.rs - claims::Claim (line 18) ... FAILED
[INFO] [stdout] test auth-rs/src/claims.rs - claims::Claim (line 108) ... FAILED
[INFO] [stdout] test auth-rs/src/claims.rs - claims::Claim::with_subject (line 73) ... FAILED
[INFO] [stdout] 
[INFO] [stdout] failures:
[INFO] [stdout] 
[INFO] [stdout] ---- auth-rs/src/claims.rs - claims::Claim::with_props (line 89) stdout ----
[INFO] [stdout] error: unexpected token: `...`
[INFO] [stdout]  --> auth-rs/src/claims.rs:90:24
[INFO] [stdout]   |
[INFO] [stdout] 3 | let claim = Claim::new(...).with_props(HashMap::new());
[INFO] [stdout]   |                        ^^^
[INFO] [stdout]   |
[INFO] [stdout] help: use `..` for an exclusive range
[INFO] [stdout]   |
[INFO] [stdout] 3 | let claim = Claim::new(..).with_props(HashMap::new());
[INFO] [stdout]   |                        ~~
[INFO] [stdout] help: or `..=` for an inclusive range
[INFO] [stdout]   |
[INFO] [stdout] 3 | let claim = Claim::new(..=).with_props(HashMap::new());
[INFO] [stdout]   |                        ~~~
[INFO] [stdout] 
[INFO] [stdout] error[E0586]: inclusive range with no end
[INFO] [stdout]  --> auth-rs/src/claims.rs:90:24
[INFO] [stdout]   |
[INFO] [stdout] 3 | let claim = Claim::new(...).with_props(HashMap::new());
[INFO] [stdout]   |                        ^^^
[INFO] [stdout]   |
[INFO] [stdout]   = note: inclusive ranges must be bounded at the end (`..=b` or `a..=b`)
[INFO] [stdout] help: use `..` instead
[INFO] [stdout]   |
[INFO] [stdout] 3 - let claim = Claim::new(...).with_props(HashMap::new());
[INFO] [stdout] 3 + let claim = Claim::new(..).with_props(HashMap::new());
[INFO] [stdout]   |
[INFO] [stdout] 
[INFO] [stdout] error[E0433]: failed to resolve: use of undeclared type `Claim`
[INFO] [stdout]  --> auth-rs/src/claims.rs:90:13
[INFO] [stdout]   |
[INFO] [stdout] 3 | let claim = Claim::new(...).with_props(HashMap::new());
[INFO] [stdout]   |             ^^^^^ use of undeclared type `Claim`
[INFO] [stdout]   |
[INFO] [stdout] help: consider importing this struct
[INFO] [stdout]   |
[INFO] [stdout] 2 + use auth_rs::Claim;
[INFO] [stdout]   |
[INFO] [stdout] 
[INFO] [stdout] error[E0433]: failed to resolve: use of undeclared type `HashMap`
[INFO] [stdout]  --> auth-rs/src/claims.rs:90:40
[INFO] [stdout]   |
[INFO] [stdout] 3 | let claim = Claim::new(...).with_props(HashMap::new());
[INFO] [stdout]   |                                        ^^^^^^^ use of undeclared type `HashMap`
[INFO] [stdout]   |
[INFO] [stdout] help: consider importing this struct
[INFO] [stdout]   |
[INFO] [stdout] 2 + use std::collections::HashMap;
[INFO] [stdout]   |
[INFO] [stdout] 
[INFO] [stdout] error: aborting due to 4 previous errors
[INFO] [stdout] 
[INFO] [stdout] Some errors have detailed explanations: E0433, E0586.
[INFO] [stdout] For more information about an error, try `rustc --explain E0433`.
[INFO] [stdout] Couldn't compile the test.
[INFO] [stdout] ---- auth-rs/src/claims.rs - claims::Claim::with_issuer (line 57) stdout ----
[INFO] [stdout] error: unexpected token: `...`
[INFO] [stdout]  --> auth-rs/src/claims.rs:58:24
[INFO] [stdout]   |
[INFO] [stdout] 3 | let claim = Claim::new(...).with_issuer("IssuerName");
[INFO] [stdout]   |                        ^^^
[INFO] [stdout]   |
[INFO] [stdout] help: use `..` for an exclusive range
[INFO] [stdout]   |
[INFO] [stdout] 3 | let claim = Claim::new(..).with_issuer("IssuerName");
[INFO] [stdout]   |                        ~~
[INFO] [stdout] help: or `..=` for an inclusive range
[INFO] [stdout]   |
[INFO] [stdout] 3 | let claim = Claim::new(..=).with_issuer("IssuerName");
[INFO] [stdout]   |                        ~~~
[INFO] [stdout] 
[INFO] [stdout] error[E0586]: inclusive range with no end
[INFO] [stdout]  --> auth-rs/src/claims.rs:58:24
[INFO] [stdout]   |
[INFO] [stdout] 3 | let claim = Claim::new(...).with_issuer("IssuerName");
[INFO] [stdout]   |                        ^^^
[INFO] [stdout]   |
[INFO] [stdout]   = note: inclusive ranges must be bounded at the end (`..=b` or `a..=b`)
[INFO] [stdout] help: use `..` instead
[INFO] [stdout]   |
[INFO] [stdout] 3 - let claim = Claim::new(...).with_issuer("IssuerName");
[INFO] [stdout] 3 + let claim = Claim::new(..).with_issuer("IssuerName");
[INFO] [stdout]   |
[INFO] [stdout] 
[INFO] [stdout] error[E0433]: failed to resolve: use of undeclared type `Claim`
[INFO] [stdout]  --> auth-rs/src/claims.rs:58:13
[INFO] [stdout]   |
[INFO] [stdout] 3 | let claim = Claim::new(...).with_issuer("IssuerName");
[INFO] [stdout]   |             ^^^^^ use of undeclared type `Claim`
[INFO] [stdout]   |
[INFO] [stdout] help: consider importing this struct
[INFO] [stdout]   |
[INFO] [stdout] 2 + use auth_rs::Claim;
[INFO] [stdout]   |
[INFO] [stdout] 
[INFO] [stdout] error: aborting due to 3 previous errors
[INFO] [stdout] 
[INFO] [stdout] Some errors have detailed explanations: E0433, E0586.
[INFO] [stdout] For more information about an error, try `rustc --explain E0433`.
[INFO] [stdout] Couldn't compile the test.
[INFO] [stdout] ---- auth-rs/src/claims.rs - claims::Claim (line 18) stdout ----
[INFO] [stdout] error: expected `;`, found `}`
[INFO] [stdout]  --> auth-rs/src/claims.rs:23:65
[INFO] [stdout]   |
[INFO] [stdout] 7 | let claim = Claim::from("email", string!("auth-rs@example.com"))
[INFO] [stdout]   |                                                                 ^ help: add `;` here
[INFO] [stdout] 8 | } _doctest_main_auth_rs_src_claims_rs_18_0() }
[INFO] [stdout]   | - unexpected token
[INFO] [stdout] 
[INFO] [stdout] error[E0433]: failed to resolve: use of undeclared type `Claim`
[INFO] [stdout]  --> auth-rs/src/claims.rs:23:13
[INFO] [stdout]   |
[INFO] [stdout] 7 | let claim = Claim::from("email", string!("auth-rs@example.com"))
[INFO] [stdout]   |             ^^^^^ use of undeclared type `Claim`
[INFO] [stdout]   |
[INFO] [stdout] help: consider importing this struct
[INFO] [stdout]   |
[INFO] [stdout] 2 + use auth_rs::Claim;
[INFO] [stdout]   |
[INFO] [stdout] 
[INFO] [stdout] error: aborting due to 2 previous errors
[INFO] [stdout] 
[INFO] [stdout] For more information about this error, try `rustc --explain E0433`.
[INFO] [stdout] Couldn't compile the test.
[INFO] [stdout] ---- auth-rs/src/claims.rs - claims::Claim (line 108) stdout ----
[INFO] [stdout] error[E0433]: failed to resolve: use of undeclared type `Claim`
[INFO] [stdout]  --> auth-rs/src/claims.rs:109:13
[INFO] [stdout]   |
[INFO] [stdout] 3 | let claim = Claim::from("email", String::from("auth-rs@example.com"));
[INFO] [stdout]   |             ^^^^^ use of undeclared type `Claim`
[INFO] [stdout]   |
[INFO] [stdout] help: consider importing this struct
[INFO] [stdout]   |
[INFO] [stdout] 2 + use auth_rs::Claim;
[INFO] [stdout]   |
[INFO] [stdout] 
[INFO] [stdout] error: aborting due to 1 previous error
[INFO] [stdout] 
[INFO] [stdout] For more information about this error, try `rustc --explain E0433`.
[INFO] [stdout] Couldn't compile the test.
[INFO] [stdout] ---- auth-rs/src/claims.rs - claims::Claim::with_subject (line 73) stdout ----
[INFO] [stdout] error: unexpected token: `...`
[INFO] [stdout]  --> auth-rs/src/claims.rs:74:24
[INFO] [stdout]   |
[INFO] [stdout] 3 | let claim = Claim::new(...).with_subject(ClaimInner::new(...));
[INFO] [stdout]   |                        ^^^
[INFO] [stdout]   |
[INFO] [stdout] help: use `..` for an exclusive range
[INFO] [stdout]   |
[INFO] [stdout] 3 | let claim = Claim::new(..).with_subject(ClaimInner::new(...));
[INFO] [stdout]   |                        ~~
[INFO] [stdout] help: or `..=` for an inclusive range
[INFO] [stdout]   |
[INFO] [stdout] 3 | let claim = Claim::new(..=).with_subject(ClaimInner::new(...));
[INFO] [stdout]   |                        ~~~
[INFO] [stdout] 
[INFO] [stdout] error[E0586]: inclusive range with no end
[INFO] [stdout]  --> auth-rs/src/claims.rs:74:24
[INFO] [stdout]   |
[INFO] [stdout] 3 | let claim = Claim::new(...).with_subject(ClaimInner::new(...));
[INFO] [stdout]   |                        ^^^
[INFO] [stdout]   |
[INFO] [stdout]   = note: inclusive ranges must be bounded at the end (`..=b` or `a..=b`)
[INFO] [stdout] help: use `..` instead
[INFO] [stdout]   |
[INFO] [stdout] 3 - let claim = Claim::new(...).with_subject(ClaimInner::new(...));
[INFO] [stdout] 3 + let claim = Claim::new(..).with_subject(ClaimInner::new(...));
[INFO] [stdout]   |
[INFO] [stdout] 
[INFO] [stdout] error: unexpected token: `...`
[INFO] [stdout]  --> auth-rs/src/claims.rs:74:58
[INFO] [stdout]   |
[INFO] [stdout] 3 | let claim = Claim::new(...).with_subject(ClaimInner::new(...));
[INFO] [stdout]   |                                                          ^^^
[INFO] [stdout]   |
[INFO] [stdout] help: use `..` for an exclusive range
[INFO] [stdout]   |
[INFO] [stdout] 3 | let claim = Claim::new(...).with_subject(ClaimInner::new(..));
[INFO] [stdout]   |                                                          ~~
[INFO] [stdout] help: or `..=` for an inclusive range
[INFO] [stdout]   |
[INFO] [stdout] 3 | let claim = Claim::new(...).with_subject(ClaimInner::new(..=));
[INFO] [stdout]   |                                                          ~~~
[INFO] [stdout] 
[INFO] [stdout] error[E0586]: inclusive range with no end
[INFO] [stdout]  --> auth-rs/src/claims.rs:74:58
[INFO] [stdout]   |
[INFO] [stdout] 3 | let claim = Claim::new(...).with_subject(ClaimInner::new(...));
[INFO] [stdout]   |                                                          ^^^
[INFO] [stdout]   |
[INFO] [stdout]   = note: inclusive ranges must be bounded at the end (`..=b` or `a..=b`)
[INFO] [stdout] help: use `..` instead
[INFO] [stdout]   |
[INFO] [stdout] 3 - let claim = Claim::new(...).with_subject(ClaimInner::new(...));
[INFO] [stdout] 3 + let claim = Claim::new(...).with_subject(ClaimInner::new(..));
[INFO] [stdout]   |
[INFO] [stdout] 
[INFO] [stdout] error[E0433]: failed to resolve: use of undeclared type `Claim`
[INFO] [stdout]  --> auth-rs/src/claims.rs:74:13
[INFO] [stdout]   |
[INFO] [stdout] 3 | let claim = Claim::new(...).with_subject(ClaimInner::new(...));
[INFO] [stdout]   |             ^^^^^ use of undeclared type `Claim`
[INFO] [stdout]   |
[INFO] [stdout] help: consider importing this struct
[INFO] [stdout]   |
[INFO] [stdout] 2 + use auth_rs::Claim;
[INFO] [stdout]   |
[INFO] [stdout] 
[INFO] [stdout] error[E0433]: failed to resolve: use of undeclared type `ClaimInner`
[INFO] [stdout]  --> auth-rs/src/claims.rs:74:42
[INFO] [stdout]   |
[INFO] [stdout] 3 | let claim = Claim::new(...).with_subject(ClaimInner::new(...));
[INFO] [stdout]   |                                          ^^^^^^^^^^ use of undeclared type `ClaimInner`
[INFO] [stdout]   |
[INFO] [stdout] help: consider importing this struct
[INFO] [stdout]   |
[INFO] [stdout] 2 + use auth_rs::ClaimInner;
[INFO] [stdout]   |
[INFO] [stdout] 
[INFO] [stdout] error: aborting due to 6 previous errors
[INFO] [stdout] 
[INFO] [stdout] Some errors have detailed explanations: E0433, E0586.
[INFO] [stdout] For more information about an error, try `rustc --explain E0433`.
[INFO] [stdout] Couldn't compile the test.
[INFO] [stdout] 
[INFO] [stdout] failures:
[INFO] [stdout]     auth-rs/src/claims.rs - claims::Claim (line 108)
[INFO] [stdout]     auth-rs/src/claims.rs - claims::Claim (line 18)
[INFO] [stdout]     auth-rs/src/claims.rs - claims::Claim::with_issuer (line 57)
[INFO] [stdout]     auth-rs/src/claims.rs - claims::Claim::with_props (line 89)
[INFO] [stdout]     auth-rs/src/claims.rs - claims::Claim::with_subject (line 73)
[INFO] [stdout] 
[INFO] [stdout] test result: FAILED. 0 passed; 5 failed; 0 ignored; 0 measured; 0 filtered out; finished in 0.19s
[INFO] [stdout] 
[INFO] [stderr] error: doctest failed, to rerun pass `--doc`
[INFO] running `Command { std: "docker" "inspect" "956e926ca2f73fb7158c62ea02c662171852203fc3cf1316bf9a10a213dd6db1", kill_on_drop: false }`
[INFO] running `Command { std: "docker" "rm" "-f" "956e926ca2f73fb7158c62ea02c662171852203fc3cf1316bf9a10a213dd6db1", kill_on_drop: false }`
[INFO] [stdout] 956e926ca2f73fb7158c62ea02c662171852203fc3cf1316bf9a10a213dd6db1
