[INFO] cloning repository https://github.com/theHamdiz/flexi_func
[INFO] running `Command { std: "git" "-c" "credential.helper=" "-c" "credential.helper=/workspace/cargo-home/bin/git-credential-null" "clone" "--bare" "https://github.com/theHamdiz/flexi_func" "/workspace/cache/git-repos/https%3A%2F%2Fgithub.com%2FtheHamdiz%2Fflexi_func", kill_on_drop: false }`
[INFO] [stderr] Cloning into bare repository '/workspace/cache/git-repos/https%3A%2F%2Fgithub.com%2FtheHamdiz%2Fflexi_func'...
[INFO] running `Command { std: "git" "rev-parse" "HEAD", kill_on_drop: false }`
[INFO] [stdout] 9330c94decbb4fe2c75a92b20aac72ced453192f
[INFO] testing theHamdiz/flexi_func against 1.83.0 for beta-1.84.0-4-retry
[INFO] running `Command { std: "git" "clone" "/workspace/cache/git-repos/https%3A%2F%2Fgithub.com%2FtheHamdiz%2Fflexi_func" "/workspace/builds/worker-5-tc1/source", kill_on_drop: false }`
[INFO] [stderr] Cloning into '/workspace/builds/worker-5-tc1/source'...
[INFO] [stderr] done.
[INFO] validating manifest of git repo https://github.com/theHamdiz/flexi_func on toolchain 1.83.0
[INFO] running `Command { std: CARGO_HOME="/workspace/cargo-home" RUSTUP_HOME="/workspace/rustup-home" "/workspace/cargo-home/bin/cargo" "+1.83.0" "metadata" "--manifest-path" "Cargo.toml" "--no-deps", kill_on_drop: false }`
[INFO] started tweaking git repo https://github.com/theHamdiz/flexi_func
[INFO] finished tweaking git repo https://github.com/theHamdiz/flexi_func
[INFO] tweaked toml for git repo https://github.com/theHamdiz/flexi_func written to /workspace/builds/worker-5-tc1/source/Cargo.toml
[INFO] crate git repo https://github.com/theHamdiz/flexi_func already has a lockfile, it will not be regenerated
[INFO] running `Command { std: CARGO_HOME="/workspace/cargo-home" RUSTUP_HOME="/workspace/rustup-home" "/workspace/cargo-home/bin/cargo" "+1.83.0" "fetch" "--manifest-path" "Cargo.toml", kill_on_drop: false }`
[INFO] [stderr]     Updating crates.io index
[INFO] [stderr]  Downloading crates ...
[INFO] [stderr]   Downloaded flexi_func_declarative v0.2.7
[INFO] running `Command { std: "docker" "create" "-v" "/var/lib/crater-agent-workspace/builds/worker-5-tc1/target:/opt/rustwide/target:rw,Z" "-v" "/var/lib/crater-agent-workspace/builds/worker-5-tc1/source:/opt/rustwide/workdir:ro,Z" "-v" "/var/lib/crater-agent-workspace/cargo-home:/opt/rustwide/cargo-home:ro,Z" "-v" "/var/lib/crater-agent-workspace/rustup-home:/opt/rustwide/rustup-home:ro,Z" "-e" "SOURCE_DIR=/opt/rustwide/workdir" "-e" "CARGO_TARGET_DIR=/opt/rustwide/target" "-e" "CARGO_HOME=/opt/rustwide/cargo-home" "-e" "RUSTUP_HOME=/opt/rustwide/rustup-home" "-w" "/opt/rustwide/workdir" "-m" "1610612736" "--user" "0:0" "--network" "none" "ghcr.io/rust-lang/crates-build-env/linux@sha256:f3a9d4ad9d972b27faf3965f35b62e55ba32bbce8f20bc8fe909558a86702fde" "/opt/rustwide/cargo-home/bin/cargo" "+1.83.0" "metadata" "--no-deps" "--format-version=1", kill_on_drop: false }`
[INFO] [stdout] b8cd595b6143aebbbe8e0964b49786727813b597197d2bb985f76ec7779fad4b
[INFO] running `Command { std: "docker" "start" "-a" "b8cd595b6143aebbbe8e0964b49786727813b597197d2bb985f76ec7779fad4b", kill_on_drop: false }`
[INFO] running `Command { std: "docker" "inspect" "b8cd595b6143aebbbe8e0964b49786727813b597197d2bb985f76ec7779fad4b", kill_on_drop: false }`
[INFO] running `Command { std: "docker" "rm" "-f" "b8cd595b6143aebbbe8e0964b49786727813b597197d2bb985f76ec7779fad4b", kill_on_drop: false }`
[INFO] [stdout] b8cd595b6143aebbbe8e0964b49786727813b597197d2bb985f76ec7779fad4b
[INFO] running `Command { std: "docker" "create" "-v" "/var/lib/crater-agent-workspace/builds/worker-5-tc1/target:/opt/rustwide/target:rw,Z" "-v" "/var/lib/crater-agent-workspace/builds/worker-5-tc1/source:/opt/rustwide/workdir:ro,Z" "-v" "/var/lib/crater-agent-workspace/cargo-home:/opt/rustwide/cargo-home:ro,Z" "-v" "/var/lib/crater-agent-workspace/rustup-home:/opt/rustwide/rustup-home:ro,Z" "-e" "SOURCE_DIR=/opt/rustwide/workdir" "-e" "CARGO_TARGET_DIR=/opt/rustwide/target" "-e" "CARGO_INCREMENTAL=0" "-e" "RUST_BACKTRACE=full" "-e" "RUSTFLAGS=--cap-lints=warn" "-e" "RUSTDOCFLAGS=--cap-lints=warn" "-e" "CARGO_HOME=/opt/rustwide/cargo-home" "-e" "RUSTUP_HOME=/opt/rustwide/rustup-home" "-w" "/opt/rustwide/workdir" "-m" "1610612736" "--user" "0:0" "--network" "none" "ghcr.io/rust-lang/crates-build-env/linux@sha256:f3a9d4ad9d972b27faf3965f35b62e55ba32bbce8f20bc8fe909558a86702fde" "/opt/rustwide/cargo-home/bin/cargo" "+1.83.0" "build" "--frozen" "--message-format=json", kill_on_drop: false }`
[INFO] [stdout] 6fa04cb1a6cbee738a7e53e2d4322a738b004fb6418e208065f4e3ff503c966c
[INFO] running `Command { std: "docker" "start" "-a" "6fa04cb1a6cbee738a7e53e2d4322a738b004fb6418e208065f4e3ff503c966c", kill_on_drop: false }`
[INFO] [stderr]    Compiling proc-macro2 v1.0.78
[INFO] [stderr]    Compiling unicode-ident v1.0.12
[INFO] [stderr]    Compiling syn v1.0.109
[INFO] [stderr]    Compiling flexi_func_declarative v0.2.7
[INFO] [stderr]    Compiling quote v1.0.35
[INFO] [stderr]    Compiling flexi_func v0.2.7 (/opt/rustwide/workdir)
[INFO] [stderr]     Finished `dev` profile [unoptimized + debuginfo] target(s) in 7.26s
[INFO] running `Command { std: "docker" "inspect" "6fa04cb1a6cbee738a7e53e2d4322a738b004fb6418e208065f4e3ff503c966c", kill_on_drop: false }`
[INFO] running `Command { std: "docker" "rm" "-f" "6fa04cb1a6cbee738a7e53e2d4322a738b004fb6418e208065f4e3ff503c966c", kill_on_drop: false }`
[INFO] [stdout] 6fa04cb1a6cbee738a7e53e2d4322a738b004fb6418e208065f4e3ff503c966c
[INFO] running `Command { std: "docker" "create" "-v" "/var/lib/crater-agent-workspace/builds/worker-5-tc1/target:/opt/rustwide/target:rw,Z" "-v" "/var/lib/crater-agent-workspace/builds/worker-5-tc1/source:/opt/rustwide/workdir:ro,Z" "-v" "/var/lib/crater-agent-workspace/cargo-home:/opt/rustwide/cargo-home:ro,Z" "-v" "/var/lib/crater-agent-workspace/rustup-home:/opt/rustwide/rustup-home:ro,Z" "-e" "SOURCE_DIR=/opt/rustwide/workdir" "-e" "CARGO_TARGET_DIR=/opt/rustwide/target" "-e" "CARGO_INCREMENTAL=0" "-e" "RUST_BACKTRACE=full" "-e" "RUSTFLAGS=--cap-lints=warn" "-e" "RUSTDOCFLAGS=--cap-lints=warn" "-e" "CARGO_HOME=/opt/rustwide/cargo-home" "-e" "RUSTUP_HOME=/opt/rustwide/rustup-home" "-w" "/opt/rustwide/workdir" "-m" "1610612736" "--user" "0:0" "--network" "none" "ghcr.io/rust-lang/crates-build-env/linux@sha256:f3a9d4ad9d972b27faf3965f35b62e55ba32bbce8f20bc8fe909558a86702fde" "/opt/rustwide/cargo-home/bin/cargo" "+1.83.0" "test" "--frozen" "--no-run" "--message-format=json", kill_on_drop: false }`
[INFO] [stdout] b1f00cffba4377a89b58fb9b67ee151c5f475b18b9381da8ac634b0f82750171
[INFO] running `Command { std: "docker" "start" "-a" "b1f00cffba4377a89b58fb9b67ee151c5f475b18b9381da8ac634b0f82750171", kill_on_drop: false }`
[INFO] [stderr]    Compiling flexi_func v0.2.7 (/opt/rustwide/workdir)
[INFO] [stderr]     Finished `test` profile [unoptimized + debuginfo] target(s) in 1.06s
[INFO] running `Command { std: "docker" "inspect" "b1f00cffba4377a89b58fb9b67ee151c5f475b18b9381da8ac634b0f82750171", kill_on_drop: false }`
[INFO] running `Command { std: "docker" "rm" "-f" "b1f00cffba4377a89b58fb9b67ee151c5f475b18b9381da8ac634b0f82750171", kill_on_drop: false }`
[INFO] [stdout] b1f00cffba4377a89b58fb9b67ee151c5f475b18b9381da8ac634b0f82750171
[INFO] running `Command { std: "docker" "create" "-v" "/var/lib/crater-agent-workspace/builds/worker-5-tc1/target:/opt/rustwide/target:rw,Z" "-v" "/var/lib/crater-agent-workspace/builds/worker-5-tc1/source:/opt/rustwide/workdir:ro,Z" "-v" "/var/lib/crater-agent-workspace/cargo-home:/opt/rustwide/cargo-home:ro,Z" "-v" "/var/lib/crater-agent-workspace/rustup-home:/opt/rustwide/rustup-home:ro,Z" "-e" "SOURCE_DIR=/opt/rustwide/workdir" "-e" "CARGO_TARGET_DIR=/opt/rustwide/target" "-e" "CARGO_INCREMENTAL=0" "-e" "RUST_BACKTRACE=full" "-e" "RUSTFLAGS=--cap-lints=warn" "-e" "RUSTDOCFLAGS=--cap-lints=warn" "-e" "CARGO_HOME=/opt/rustwide/cargo-home" "-e" "RUSTUP_HOME=/opt/rustwide/rustup-home" "-w" "/opt/rustwide/workdir" "-m" "1610612736" "--user" "0:0" "--network" "none" "ghcr.io/rust-lang/crates-build-env/linux@sha256:f3a9d4ad9d972b27faf3965f35b62e55ba32bbce8f20bc8fe909558a86702fde" "/opt/rustwide/cargo-home/bin/cargo" "+1.83.0" "test" "--frozen", kill_on_drop: false }`
[INFO] [stdout] 136b5db28fce190438706eede87dc7bb69188fea31366f4d1ffb33ab6a4077e8
[INFO] running `Command { std: "docker" "start" "-a" "136b5db28fce190438706eede87dc7bb69188fea31366f4d1ffb33ab6a4077e8", kill_on_drop: false }`
[INFO] [stderr]     Finished `test` profile [unoptimized + debuginfo] target(s) in 0.02s
[INFO] [stderr]      Running unittests src/lib.rs (/opt/rustwide/target/debug/deps/flexi_func-27450c77b14c102d)
[INFO] [stdout] 
[INFO] [stdout] running 0 tests
[INFO] [stdout] 
[INFO] [stdout] test result: ok. 0 passed; 0 failed; 0 ignored; 0 measured; 0 filtered out; finished in 0.00s
[INFO] [stdout] 
[INFO] [stderr]    Doc-tests flexi_func
[INFO] [stdout] 
[INFO] [stdout] running 3 tests
[INFO] [stdout] test src/lib.rs - ff (line 21) ... FAILED
[INFO] [stdout] test src/lib.rs - ff (line 49) ... FAILED
[INFO] [stdout] test src/lib.rs - ff (line 36) ... FAILED
[INFO] [stdout] 
[INFO] [stdout] failures:
[INFO] [stdout] 
[INFO] [stdout] ---- src/lib.rs - ff (line 21) stdout ----
[INFO] [stdout] error[E0599]: no method named `map_err` found for type `usize` in the current scope
[INFO] [stdout]  --> src/lib.rs:25:1
[INFO] [stdout]   |
[INFO] [stdout] 7 | #[ff]
[INFO] [stdout]   | ^^^^^ method not found in `usize`
[INFO] [stdout]   |
[INFO] [stdout]   = note: this error originates in the attribute macro `ff` (in Nightly builds, run with -Z macro-backtrace for more info)
[INFO] [stdout] 
[INFO] [stdout] error: aborting due to 1 previous error
[INFO] [stdout] 
[INFO] [stdout] For more information about this error, try `rustc --explain E0599`.
[INFO] [stdout] Couldn't compile the test.
[INFO] [stdout] ---- src/lib.rs - ff (line 49) stdout ----
[INFO] [stdout] error: cannot find attribute `ff` in this scope
[INFO] [stdout]  --> src/lib.rs:50:3
[INFO] [stdout]   |
[INFO] [stdout] 3 | #[ff(async_fn_name = "custom_async")]
[INFO] [stdout]   |   ^^
[INFO] [stdout]   |
[INFO] [stdout] help: consider importing this attribute macro
[INFO] [stdout]   |
[INFO] [stdout] 2 + use flexi_func::ff;
[INFO] [stdout]   |
[INFO] [stdout] 
[INFO] [stdout] error: aborting due to 1 previous error
[INFO] [stdout] 
[INFO] [stdout] Couldn't compile the test.
[INFO] [stdout] ---- src/lib.rs - ff (line 36) stdout ----
[INFO] [stdout] error: cannot find attribute `ff` in this scope
[INFO] [stdout]  --> src/lib.rs:37:3
[INFO] [stdout]   |
[INFO] [stdout] 3 | #[ff(error_type = "MyError")]
[INFO] [stdout]   |   ^^
[INFO] [stdout]   |
[INFO] [stdout] help: consider importing this attribute macro
[INFO] [stdout]   |
[INFO] [stdout] 2 + use flexi_func::ff;
[INFO] [stdout]   |
[INFO] [stdout] 
[INFO] [stdout] error[E0412]: cannot find type `MyError` in this scope
[INFO] [stdout]  --> src/lib.rs:38:51
[INFO] [stdout]   |
[INFO] [stdout] 4 | fn example_with_error(s: String) -> Result<usize, MyError> {
[INFO] [stdout]   |                                                   ^^^^^^^ not found in this scope
[INFO] [stdout]   |
[INFO] [stdout] help: you might be missing a type parameter
[INFO] [stdout]   |
[INFO] [stdout] 4 | fn example_with_error<MyError>(s: String) -> Result<usize, MyError> {
[INFO] [stdout]   |                      +++++++++
[INFO] [stdout] 
[INFO] [stdout] error: aborting due to 2 previous errors
[INFO] [stdout] 
[INFO] [stdout] For more information about this error, try `rustc --explain E0412`.
[INFO] [stdout] Couldn't compile the test.
[INFO] [stdout] 
[INFO] [stdout] failures:
[INFO] [stdout]     src/lib.rs - ff (line 21)
[INFO] [stdout]     src/lib.rs - ff (line 36)
[INFO] [stdout]     src/lib.rs - ff (line 49)
[INFO] [stdout] 
[INFO] [stdout] test result: FAILED. 0 passed; 3 failed; 0 ignored; 0 measured; 0 filtered out; finished in 0.27s
[INFO] [stdout] 
[INFO] [stderr] error: doctest failed, to rerun pass `--doc`
[INFO] running `Command { std: "docker" "inspect" "136b5db28fce190438706eede87dc7bb69188fea31366f4d1ffb33ab6a4077e8", kill_on_drop: false }`
[INFO] running `Command { std: "docker" "rm" "-f" "136b5db28fce190438706eede87dc7bb69188fea31366f4d1ffb33ab6a4077e8", kill_on_drop: false }`
[INFO] [stdout] 136b5db28fce190438706eede87dc7bb69188fea31366f4d1ffb33ab6a4077e8
