[INFO] cloning repository https://github.com/the10thWiz/help_queue
[INFO] running `Command { std: "git" "-c" "credential.helper=" "-c" "credential.helper=/workspace/cargo-home/bin/git-credential-null" "clone" "--bare" "https://github.com/the10thWiz/help_queue" "/workspace/cache/git-repos/https%3A%2F%2Fgithub.com%2Fthe10thWiz%2Fhelp_queue", kill_on_drop: false }`
[INFO] [stderr] Cloning into bare repository '/workspace/cache/git-repos/https%3A%2F%2Fgithub.com%2Fthe10thWiz%2Fhelp_queue'...
[INFO] running `Command { std: "git" "rev-parse" "HEAD", kill_on_drop: false }`
[INFO] [stdout] 0ffdbc5e659486036e724866d977b4508baf2473
[INFO] testing the10thWiz/help_queue against 1.83.0 for beta-1.84.0-4-retry
[INFO] running `Command { std: "git" "clone" "/workspace/cache/git-repos/https%3A%2F%2Fgithub.com%2Fthe10thWiz%2Fhelp_queue" "/workspace/builds/worker-5-tc1/source", kill_on_drop: false }`
[INFO] [stderr] Cloning into '/workspace/builds/worker-5-tc1/source'...
[INFO] [stderr] done.
[INFO] validating manifest of git repo https://github.com/the10thWiz/help_queue on toolchain 1.83.0
[INFO] running `Command { std: CARGO_HOME="/workspace/cargo-home" RUSTUP_HOME="/workspace/rustup-home" "/workspace/cargo-home/bin/cargo" "+1.83.0" "metadata" "--manifest-path" "Cargo.toml" "--no-deps", kill_on_drop: false }`
[INFO] started tweaking git repo https://github.com/the10thWiz/help_queue
[INFO] finished tweaking git repo https://github.com/the10thWiz/help_queue
[INFO] tweaked toml for git repo https://github.com/the10thWiz/help_queue written to /workspace/builds/worker-5-tc1/source/Cargo.toml
[INFO] crate git repo https://github.com/the10thWiz/help_queue already has a lockfile, it will not be regenerated
[INFO] running `Command { std: CARGO_HOME="/workspace/cargo-home" RUSTUP_HOME="/workspace/rustup-home" "/workspace/cargo-home/bin/cargo" "+1.83.0" "fetch" "--manifest-path" "Cargo.toml", kill_on_drop: false }`
[INFO] running `Command { std: "docker" "create" "-v" "/var/lib/crater-agent-workspace/builds/worker-5-tc1/target:/opt/rustwide/target:rw,Z" "-v" "/var/lib/crater-agent-workspace/builds/worker-5-tc1/source:/opt/rustwide/workdir:ro,Z" "-v" "/var/lib/crater-agent-workspace/cargo-home:/opt/rustwide/cargo-home:ro,Z" "-v" "/var/lib/crater-agent-workspace/rustup-home:/opt/rustwide/rustup-home:ro,Z" "-e" "SOURCE_DIR=/opt/rustwide/workdir" "-e" "CARGO_TARGET_DIR=/opt/rustwide/target" "-e" "CARGO_HOME=/opt/rustwide/cargo-home" "-e" "RUSTUP_HOME=/opt/rustwide/rustup-home" "-w" "/opt/rustwide/workdir" "-m" "1610612736" "--user" "0:0" "--network" "none" "ghcr.io/rust-lang/crates-build-env/linux@sha256:f3a9d4ad9d972b27faf3965f35b62e55ba32bbce8f20bc8fe909558a86702fde" "/opt/rustwide/cargo-home/bin/cargo" "+1.83.0" "metadata" "--no-deps" "--format-version=1", kill_on_drop: false }`
[INFO] [stdout] 2beacedaaceece0a1eb7684bc30ac4a915bbfa48a62204452efa8f1b064ed0a6
[INFO] running `Command { std: "docker" "start" "-a" "2beacedaaceece0a1eb7684bc30ac4a915bbfa48a62204452efa8f1b064ed0a6", kill_on_drop: false }`
[INFO] running `Command { std: "docker" "inspect" "2beacedaaceece0a1eb7684bc30ac4a915bbfa48a62204452efa8f1b064ed0a6", kill_on_drop: false }`
[INFO] running `Command { std: "docker" "rm" "-f" "2beacedaaceece0a1eb7684bc30ac4a915bbfa48a62204452efa8f1b064ed0a6", kill_on_drop: false }`
[INFO] [stdout] 2beacedaaceece0a1eb7684bc30ac4a915bbfa48a62204452efa8f1b064ed0a6
[INFO] running `Command { std: "docker" "create" "-v" "/var/lib/crater-agent-workspace/builds/worker-5-tc1/target:/opt/rustwide/target:rw,Z" "-v" "/var/lib/crater-agent-workspace/builds/worker-5-tc1/source:/opt/rustwide/workdir:ro,Z" "-v" "/var/lib/crater-agent-workspace/cargo-home:/opt/rustwide/cargo-home:ro,Z" "-v" "/var/lib/crater-agent-workspace/rustup-home:/opt/rustwide/rustup-home:ro,Z" "-e" "SOURCE_DIR=/opt/rustwide/workdir" "-e" "CARGO_TARGET_DIR=/opt/rustwide/target" "-e" "CARGO_INCREMENTAL=0" "-e" "RUST_BACKTRACE=full" "-e" "RUSTFLAGS=--cap-lints=warn" "-e" "RUSTDOCFLAGS=--cap-lints=warn" "-e" "CARGO_HOME=/opt/rustwide/cargo-home" "-e" "RUSTUP_HOME=/opt/rustwide/rustup-home" "-w" "/opt/rustwide/workdir" "-m" "1610612736" "--user" "0:0" "--network" "none" "ghcr.io/rust-lang/crates-build-env/linux@sha256:f3a9d4ad9d972b27faf3965f35b62e55ba32bbce8f20bc8fe909558a86702fde" "/opt/rustwide/cargo-home/bin/cargo" "+1.83.0" "build" "--frozen" "--message-format=json", kill_on_drop: false }`
[INFO] [stdout] aea574987a2815cb6d52e64e5456135207be6a7c1005a9ab27e8262ed6f6ae0e
[INFO] running `Command { std: "docker" "start" "-a" "aea574987a2815cb6d52e64e5456135207be6a7c1005a9ab27e8262ed6f6ae0e", kill_on_drop: false }`
[INFO] [stderr]    Compiling helpqueue v0.1.0 (/opt/rustwide/workdir)
[INFO] [stderr]     Finished `dev` profile [unoptimized + debuginfo] target(s) in 0.17s
[INFO] running `Command { std: "docker" "inspect" "aea574987a2815cb6d52e64e5456135207be6a7c1005a9ab27e8262ed6f6ae0e", kill_on_drop: false }`
[INFO] running `Command { std: "docker" "rm" "-f" "aea574987a2815cb6d52e64e5456135207be6a7c1005a9ab27e8262ed6f6ae0e", kill_on_drop: false }`
[INFO] [stdout] aea574987a2815cb6d52e64e5456135207be6a7c1005a9ab27e8262ed6f6ae0e
[INFO] running `Command { std: "docker" "create" "-v" "/var/lib/crater-agent-workspace/builds/worker-5-tc1/target:/opt/rustwide/target:rw,Z" "-v" "/var/lib/crater-agent-workspace/builds/worker-5-tc1/source:/opt/rustwide/workdir:ro,Z" "-v" "/var/lib/crater-agent-workspace/cargo-home:/opt/rustwide/cargo-home:ro,Z" "-v" "/var/lib/crater-agent-workspace/rustup-home:/opt/rustwide/rustup-home:ro,Z" "-e" "SOURCE_DIR=/opt/rustwide/workdir" "-e" "CARGO_TARGET_DIR=/opt/rustwide/target" "-e" "CARGO_INCREMENTAL=0" "-e" "RUST_BACKTRACE=full" "-e" "RUSTFLAGS=--cap-lints=warn" "-e" "RUSTDOCFLAGS=--cap-lints=warn" "-e" "CARGO_HOME=/opt/rustwide/cargo-home" "-e" "RUSTUP_HOME=/opt/rustwide/rustup-home" "-w" "/opt/rustwide/workdir" "-m" "1610612736" "--user" "0:0" "--network" "none" "ghcr.io/rust-lang/crates-build-env/linux@sha256:f3a9d4ad9d972b27faf3965f35b62e55ba32bbce8f20bc8fe909558a86702fde" "/opt/rustwide/cargo-home/bin/cargo" "+1.83.0" "test" "--frozen" "--no-run" "--message-format=json", kill_on_drop: false }`
[INFO] [stdout] 299fae87e82d24f8fdb4489994de88247c79b47c52df9386bc2a2c6d3faaab65
[INFO] running `Command { std: "docker" "start" "-a" "299fae87e82d24f8fdb4489994de88247c79b47c52df9386bc2a2c6d3faaab65", kill_on_drop: false }`
[INFO] [stderr]    Compiling helpqueue v0.1.0 (/opt/rustwide/workdir)
[INFO] [stderr]     Finished `test` profile [unoptimized + debuginfo] target(s) in 0.56s
[INFO] running `Command { std: "docker" "inspect" "299fae87e82d24f8fdb4489994de88247c79b47c52df9386bc2a2c6d3faaab65", kill_on_drop: false }`
[INFO] running `Command { std: "docker" "rm" "-f" "299fae87e82d24f8fdb4489994de88247c79b47c52df9386bc2a2c6d3faaab65", kill_on_drop: false }`
[INFO] [stdout] 299fae87e82d24f8fdb4489994de88247c79b47c52df9386bc2a2c6d3faaab65
[INFO] running `Command { std: "docker" "create" "-v" "/var/lib/crater-agent-workspace/builds/worker-5-tc1/target:/opt/rustwide/target:rw,Z" "-v" "/var/lib/crater-agent-workspace/builds/worker-5-tc1/source:/opt/rustwide/workdir:ro,Z" "-v" "/var/lib/crater-agent-workspace/cargo-home:/opt/rustwide/cargo-home:ro,Z" "-v" "/var/lib/crater-agent-workspace/rustup-home:/opt/rustwide/rustup-home:ro,Z" "-e" "SOURCE_DIR=/opt/rustwide/workdir" "-e" "CARGO_TARGET_DIR=/opt/rustwide/target" "-e" "CARGO_INCREMENTAL=0" "-e" "RUST_BACKTRACE=full" "-e" "RUSTFLAGS=--cap-lints=warn" "-e" "RUSTDOCFLAGS=--cap-lints=warn" "-e" "CARGO_HOME=/opt/rustwide/cargo-home" "-e" "RUSTUP_HOME=/opt/rustwide/rustup-home" "-w" "/opt/rustwide/workdir" "-m" "1610612736" "--user" "0:0" "--network" "none" "ghcr.io/rust-lang/crates-build-env/linux@sha256:f3a9d4ad9d972b27faf3965f35b62e55ba32bbce8f20bc8fe909558a86702fde" "/opt/rustwide/cargo-home/bin/cargo" "+1.83.0" "test" "--frozen", kill_on_drop: false }`
[INFO] [stdout] 861d9d4e92681193358cfc21f796f85202d87ccadfe7bbdec2c7b091626f0ff7
[INFO] running `Command { std: "docker" "start" "-a" "861d9d4e92681193358cfc21f796f85202d87ccadfe7bbdec2c7b091626f0ff7", kill_on_drop: false }`
[INFO] [stderr]     Finished `test` profile [unoptimized + debuginfo] target(s) in 0.01s
[INFO] [stderr]      Running unittests src/lib.rs (/opt/rustwide/target/debug/deps/helpqueue-93adc50c606e0d08)
[INFO] [stdout] 
[INFO] [stdout] running 1 test
[INFO] [stdout] test feels_good ... ok
[INFO] [stdout] 
[INFO] [stdout] test result: ok. 1 passed; 0 failed; 0 ignored; 0 measured; 0 filtered out; finished in 0.00s
[INFO] [stdout] 
[INFO] [stderr]    Doc-tests helpqueue
[INFO] [stdout] 
[INFO] [stdout] running 1 test
[INFO] [stdout] test src/lib.rs - HelpQueueHandle<T>::try_remove_last_peeked (line 225) - compile ... FAILED
[INFO] [stdout] 
[INFO] [stdout] failures:
[INFO] [stdout] 
[INFO] [stdout] ---- src/lib.rs - HelpQueueHandle<T>::try_remove_last_peeked (line 225) stdout ----
[INFO] [stdout] error[E0412]: cannot find type `HelpQueue` in this scope
[INFO] [stdout]  --> src/lib.rs:226:12
[INFO] [stdout]   |
[INFO] [stdout] 3 | let queue: HelpQueue<()> = HelpQueue::new();
[INFO] [stdout]   |            ^^^^^^^^^ not found in this scope
[INFO] [stdout]   |
[INFO] [stdout] help: consider importing this struct
[INFO] [stdout]   |
[INFO] [stdout] 2 + use helpqueue::HelpQueue;
[INFO] [stdout]   |
[INFO] [stdout] 
[INFO] [stdout] error[E0433]: failed to resolve: use of undeclared type `HelpQueue`
[INFO] [stdout]  --> src/lib.rs:226:28
[INFO] [stdout]   |
[INFO] [stdout] 3 | let queue: HelpQueue<()> = HelpQueue::new();
[INFO] [stdout]   |                            ^^^^^^^^^ use of undeclared type `HelpQueue`
[INFO] [stdout]   |
[INFO] [stdout] help: consider importing this struct
[INFO] [stdout]   |
[INFO] [stdout] 2 + use helpqueue::HelpQueue;
[INFO] [stdout]   |
[INFO] [stdout] 
[INFO] [stdout] error: aborting due to 2 previous errors
[INFO] [stdout] 
[INFO] [stdout] Some errors have detailed explanations: E0412, E0433.
[INFO] [stdout] For more information about an error, try `rustc --explain E0412`.
[INFO] [stdout] Couldn't compile the test.
[INFO] [stdout] 
[INFO] [stdout] failures:
[INFO] [stdout]     src/lib.rs - HelpQueueHandle<T>::try_remove_last_peeked (line 225)
[INFO] [stdout] 
[INFO] [stdout] test result: FAILED. 0 passed; 1 failed; 0 ignored; 0 measured; 0 filtered out; finished in 0.08s
[INFO] [stdout] 
[INFO] [stderr] error: doctest failed, to rerun pass `--doc`
[INFO] running `Command { std: "docker" "inspect" "861d9d4e92681193358cfc21f796f85202d87ccadfe7bbdec2c7b091626f0ff7", kill_on_drop: false }`
[INFO] running `Command { std: "docker" "rm" "-f" "861d9d4e92681193358cfc21f796f85202d87ccadfe7bbdec2c7b091626f0ff7", kill_on_drop: false }`
[INFO] [stdout] 861d9d4e92681193358cfc21f796f85202d87ccadfe7bbdec2c7b091626f0ff7
