[INFO] cloning repository https://github.com/tfpk/require_lifetimes
[INFO] running `Command { std: "git" "-c" "credential.helper=" "-c" "credential.helper=/workspace/cargo-home/bin/git-credential-null" "clone" "--bare" "https://github.com/tfpk/require_lifetimes" "/workspace/cache/git-repos/https%3A%2F%2Fgithub.com%2Ftfpk%2Frequire_lifetimes", kill_on_drop: false }`
[INFO] [stderr] Cloning into bare repository '/workspace/cache/git-repos/https%3A%2F%2Fgithub.com%2Ftfpk%2Frequire_lifetimes'...
[INFO] running `Command { std: "git" "rev-parse" "HEAD", kill_on_drop: false }`
[INFO] [stdout] e37046aaa49c054c4094e84bd9ee25dbac7c233c
[INFO] testing tfpk/require_lifetimes against beta-2024-12-08 for beta-1.84.0-4-retry
[INFO] running `Command { std: "git" "clone" "/workspace/cache/git-repos/https%3A%2F%2Fgithub.com%2Ftfpk%2Frequire_lifetimes" "/workspace/builds/worker-2-tc2/source", kill_on_drop: false }`
[INFO] [stderr] Cloning into '/workspace/builds/worker-2-tc2/source'...
[INFO] [stderr] done.
[INFO] validating manifest of git repo https://github.com/tfpk/require_lifetimes on toolchain beta-2024-12-08
[INFO] running `Command { std: CARGO_HOME="/workspace/cargo-home" RUSTUP_HOME="/workspace/rustup-home" "/workspace/cargo-home/bin/cargo" "+beta-2024-12-08" "metadata" "--manifest-path" "Cargo.toml" "--no-deps", kill_on_drop: false }`
[INFO] started tweaking git repo https://github.com/tfpk/require_lifetimes
[INFO] finished tweaking git repo https://github.com/tfpk/require_lifetimes
[INFO] tweaked toml for git repo https://github.com/tfpk/require_lifetimes written to /workspace/builds/worker-2-tc2/source/Cargo.toml
[INFO] crate git repo https://github.com/tfpk/require_lifetimes already has a lockfile, it will not be regenerated
[INFO] running `Command { std: CARGO_HOME="/workspace/cargo-home" RUSTUP_HOME="/workspace/rustup-home" "/workspace/cargo-home/bin/cargo" "+beta-2024-12-08" "fetch" "--manifest-path" "Cargo.toml", kill_on_drop: false }`
[INFO] [stderr] warning: `proc_macro` is deprecated in favor of `proc-macro` and will not work in the 2024 edition
[INFO] [stderr] (in the `require_lifetimes` library target)
[INFO] running `Command { std: "docker" "create" "-v" "/var/lib/crater-agent-workspace/builds/worker-2-tc2/target:/opt/rustwide/target:rw,Z" "-v" "/var/lib/crater-agent-workspace/builds/worker-2-tc2/source:/opt/rustwide/workdir:ro,Z" "-v" "/var/lib/crater-agent-workspace/cargo-home:/opt/rustwide/cargo-home:ro,Z" "-v" "/var/lib/crater-agent-workspace/rustup-home:/opt/rustwide/rustup-home:ro,Z" "-e" "SOURCE_DIR=/opt/rustwide/workdir" "-e" "CARGO_TARGET_DIR=/opt/rustwide/target" "-e" "CARGO_HOME=/opt/rustwide/cargo-home" "-e" "RUSTUP_HOME=/opt/rustwide/rustup-home" "-w" "/opt/rustwide/workdir" "-m" "1610612736" "--user" "0:0" "--network" "none" "ghcr.io/rust-lang/crates-build-env/linux@sha256:f3a9d4ad9d972b27faf3965f35b62e55ba32bbce8f20bc8fe909558a86702fde" "/opt/rustwide/cargo-home/bin/cargo" "+beta-2024-12-08" "metadata" "--no-deps" "--format-version=1", kill_on_drop: false }`
[INFO] [stdout] 413ff7316811dfbc463f12ee41e01edbfaf6730fb8572c568dc6b6ef0348804d
[INFO] running `Command { std: "docker" "start" "-a" "413ff7316811dfbc463f12ee41e01edbfaf6730fb8572c568dc6b6ef0348804d", kill_on_drop: false }`
[INFO] running `Command { std: "docker" "inspect" "413ff7316811dfbc463f12ee41e01edbfaf6730fb8572c568dc6b6ef0348804d", kill_on_drop: false }`
[INFO] running `Command { std: "docker" "rm" "-f" "413ff7316811dfbc463f12ee41e01edbfaf6730fb8572c568dc6b6ef0348804d", kill_on_drop: false }`
[INFO] [stdout] 413ff7316811dfbc463f12ee41e01edbfaf6730fb8572c568dc6b6ef0348804d
[INFO] running `Command { std: "docker" "create" "-v" "/var/lib/crater-agent-workspace/builds/worker-2-tc2/target:/opt/rustwide/target:rw,Z" "-v" "/var/lib/crater-agent-workspace/builds/worker-2-tc2/source:/opt/rustwide/workdir:ro,Z" "-v" "/var/lib/crater-agent-workspace/cargo-home:/opt/rustwide/cargo-home:ro,Z" "-v" "/var/lib/crater-agent-workspace/rustup-home:/opt/rustwide/rustup-home:ro,Z" "-e" "SOURCE_DIR=/opt/rustwide/workdir" "-e" "CARGO_TARGET_DIR=/opt/rustwide/target" "-e" "CARGO_INCREMENTAL=0" "-e" "RUST_BACKTRACE=full" "-e" "RUSTFLAGS=--cap-lints=warn" "-e" "RUSTDOCFLAGS=--cap-lints=warn" "-e" "CARGO_HOME=/opt/rustwide/cargo-home" "-e" "RUSTUP_HOME=/opt/rustwide/rustup-home" "-w" "/opt/rustwide/workdir" "-m" "1610612736" "--user" "0:0" "--network" "none" "ghcr.io/rust-lang/crates-build-env/linux@sha256:f3a9d4ad9d972b27faf3965f35b62e55ba32bbce8f20bc8fe909558a86702fde" "/opt/rustwide/cargo-home/bin/cargo" "+beta-2024-12-08" "build" "--frozen" "--message-format=json", kill_on_drop: false }`
[INFO] [stdout] 61e66e1179f2528ffbde55d117663848301dbc5c8a4a78e2981c46bb01da66d9
[INFO] running `Command { std: "docker" "start" "-a" "61e66e1179f2528ffbde55d117663848301dbc5c8a4a78e2981c46bb01da66d9", kill_on_drop: false }`
[INFO] [stderr] warning: `proc_macro` is deprecated in favor of `proc-macro` and will not work in the 2024 edition
[INFO] [stderr] (in the `require_lifetimes` library target)
[INFO] [stderr]    Compiling proc-macro2 v1.0.49
[INFO] [stderr]    Compiling quote v1.0.23
[INFO] [stderr]    Compiling unicode-ident v1.0.6
[INFO] [stderr]    Compiling syn v1.0.107
[INFO] [stderr]    Compiling require_lifetimes v0.3.0 (/opt/rustwide/workdir)
[INFO] [stderr]     Finished `dev` profile [unoptimized + debuginfo] target(s) in 7.76s
[INFO] running `Command { std: "docker" "inspect" "61e66e1179f2528ffbde55d117663848301dbc5c8a4a78e2981c46bb01da66d9", kill_on_drop: false }`
[INFO] running `Command { std: "docker" "rm" "-f" "61e66e1179f2528ffbde55d117663848301dbc5c8a4a78e2981c46bb01da66d9", kill_on_drop: false }`
[INFO] [stdout] 61e66e1179f2528ffbde55d117663848301dbc5c8a4a78e2981c46bb01da66d9
[INFO] running `Command { std: "docker" "create" "-v" "/var/lib/crater-agent-workspace/builds/worker-2-tc2/target:/opt/rustwide/target:rw,Z" "-v" "/var/lib/crater-agent-workspace/builds/worker-2-tc2/source:/opt/rustwide/workdir:ro,Z" "-v" "/var/lib/crater-agent-workspace/cargo-home:/opt/rustwide/cargo-home:ro,Z" "-v" "/var/lib/crater-agent-workspace/rustup-home:/opt/rustwide/rustup-home:ro,Z" "-e" "SOURCE_DIR=/opt/rustwide/workdir" "-e" "CARGO_TARGET_DIR=/opt/rustwide/target" "-e" "CARGO_INCREMENTAL=0" "-e" "RUST_BACKTRACE=full" "-e" "RUSTFLAGS=--cap-lints=warn" "-e" "RUSTDOCFLAGS=--cap-lints=warn" "-e" "CARGO_HOME=/opt/rustwide/cargo-home" "-e" "RUSTUP_HOME=/opt/rustwide/rustup-home" "-w" "/opt/rustwide/workdir" "-m" "1610612736" "--user" "0:0" "--network" "none" "ghcr.io/rust-lang/crates-build-env/linux@sha256:f3a9d4ad9d972b27faf3965f35b62e55ba32bbce8f20bc8fe909558a86702fde" "/opt/rustwide/cargo-home/bin/cargo" "+beta-2024-12-08" "test" "--frozen" "--no-run" "--message-format=json", kill_on_drop: false }`
[INFO] [stdout] 7ed13d006b0ae2b6832103e11f58027b8b70ec33f4963b30403f1101418751f5
[INFO] running `Command { std: "docker" "start" "-a" "7ed13d006b0ae2b6832103e11f58027b8b70ec33f4963b30403f1101418751f5", kill_on_drop: false }`
[INFO] [stderr] warning: `proc_macro` is deprecated in favor of `proc-macro` and will not work in the 2024 edition
[INFO] [stderr] (in the `require_lifetimes` library target)
[INFO] [stderr]    Compiling serde v1.0.152
[INFO] [stderr]    Compiling serde_derive v1.0.152
[INFO] [stderr]    Compiling serde_json v1.0.91
[INFO] [stderr]    Compiling trybuild v1.0.74
[INFO] [stderr]    Compiling itoa v1.0.5
[INFO] [stderr]    Compiling ryu v1.0.12
[INFO] [stderr]    Compiling glob v0.3.1
[INFO] [stderr]    Compiling termcolor v1.1.3
[INFO] [stderr]    Compiling once_cell v1.17.0
[INFO] [stderr]    Compiling require_lifetimes v0.3.0 (/opt/rustwide/workdir)
[INFO] [stderr]    Compiling toml v0.5.10
[INFO] [stderr]     Finished `test` profile [unoptimized + debuginfo] target(s) in 10.23s
[INFO] running `Command { std: "docker" "inspect" "7ed13d006b0ae2b6832103e11f58027b8b70ec33f4963b30403f1101418751f5", kill_on_drop: false }`
[INFO] running `Command { std: "docker" "rm" "-f" "7ed13d006b0ae2b6832103e11f58027b8b70ec33f4963b30403f1101418751f5", kill_on_drop: false }`
[INFO] [stdout] 7ed13d006b0ae2b6832103e11f58027b8b70ec33f4963b30403f1101418751f5
[INFO] running `Command { std: "docker" "create" "-v" "/var/lib/crater-agent-workspace/builds/worker-2-tc2/target:/opt/rustwide/target:rw,Z" "-v" "/var/lib/crater-agent-workspace/builds/worker-2-tc2/source:/opt/rustwide/workdir:ro,Z" "-v" "/var/lib/crater-agent-workspace/cargo-home:/opt/rustwide/cargo-home:ro,Z" "-v" "/var/lib/crater-agent-workspace/rustup-home:/opt/rustwide/rustup-home:ro,Z" "-e" "SOURCE_DIR=/opt/rustwide/workdir" "-e" "CARGO_TARGET_DIR=/opt/rustwide/target" "-e" "CARGO_INCREMENTAL=0" "-e" "RUST_BACKTRACE=full" "-e" "RUSTFLAGS=--cap-lints=warn" "-e" "RUSTDOCFLAGS=--cap-lints=warn" "-e" "CARGO_HOME=/opt/rustwide/cargo-home" "-e" "RUSTUP_HOME=/opt/rustwide/rustup-home" "-w" "/opt/rustwide/workdir" "-m" "1610612736" "--user" "0:0" "--network" "none" "ghcr.io/rust-lang/crates-build-env/linux@sha256:f3a9d4ad9d972b27faf3965f35b62e55ba32bbce8f20bc8fe909558a86702fde" "/opt/rustwide/cargo-home/bin/cargo" "+beta-2024-12-08" "test" "--frozen", kill_on_drop: false }`
[INFO] [stdout] 1366c2582b1cc707d973310da07dfc4aa1b226e5bc4f446699c1d43e9009e62e
[INFO] running `Command { std: "docker" "start" "-a" "1366c2582b1cc707d973310da07dfc4aa1b226e5bc4f446699c1d43e9009e62e", kill_on_drop: false }`
[INFO] [stderr] warning: `proc_macro` is deprecated in favor of `proc-macro` and will not work in the 2024 edition
[INFO] [stderr] (in the `require_lifetimes` library target)
[INFO] [stderr]     Finished `test` profile [unoptimized + debuginfo] target(s) in 0.03s
[INFO] [stderr]      Running unittests src/lib.rs (/opt/rustwide/target/debug/deps/require_lifetimes-c2a3eac8f60b90de)
[INFO] [stdout] 
[INFO] [stdout] running 1 test
[INFO] [stderr] warning: `/opt/rustwide/target/tests/require_lifetimes/.cargo/config` is deprecated in favor of `config.toml`
[INFO] [stderr] note: if you need to support cargo 1.38 or earlier, you can symlink `config` to `config.toml`
[INFO] [stderr] warning: /opt/rustwide/workdir/Cargo.toml: `proc_macro` is deprecated in favor of `proc-macro` and will not work in the 2024 edition
[INFO] [stderr] (in the `require_lifetimes` library target)
[INFO] [stderr]    Compiling proc-macro2 v1.0.49
[INFO] [stderr]    Compiling quote v1.0.23
[INFO] [stderr]    Compiling syn v1.0.107
[INFO] [stderr]    Compiling unicode-ident v1.0.6
[INFO] [stderr]    Compiling require_lifetimes v0.3.0 (/opt/rustwide/workdir)
[INFO] [stderr]    Compiling require_lifetimes-tests v0.0.0 (/opt/rustwide/target/tests/require_lifetimes)
[INFO] [stderr]     Finished `dev` profile [unoptimized + debuginfo] target(s) in 10.13s
[INFO] [stderr] 
[INFO] [stderr] 
[INFO] [stderr] test ui_tests/all_missing_called_default_err.rs [should fail to compile] ... mismatch
[INFO] [stderr] 
[INFO] [stderr] EXPECTED:
[INFO] [stderr] ┈┈┈┈┈┈┈┈┈┈┈┈┈┈┈┈┈┈┈┈┈┈┈┈┈┈┈┈┈┈┈┈┈┈┈┈┈┈┈┈┈┈┈┈┈┈┈┈┈┈┈┈┈┈┈┈┈┈┈┈
[INFO] [stderr] error: The swap function did not have appropriate lifetimes!
[INFO] [stderr]  --> ui_tests/all_missing_called_default_err.rs:3:21
[INFO] [stderr]   |
[INFO] [stderr] 3 | #[require_lifetimes{compile_error!("The swap function did not have appropriate lifetimes!");}]
[INFO] [stderr]   |                     ^^^^^^^^^^^^^^^^^^^^^^^^^^^^^^^^^^^^^^^^^^^^^^^^^^^^^^^^^^^^^^^^^^^^^^^
[INFO] [stderr] 
[INFO] [stderr] error: In this function, all references must be annotated with a lifetime.
[INFO] [stderr]  --> ui_tests/all_missing_called_default_err.rs:4:12
[INFO] [stderr]   |
[INFO] [stderr] 4 | fn swap(a: &i32, b: &i32) -> (&i32, &i32) {
[INFO] [stderr]   |            ^
[INFO] [stderr] 
[INFO] [stderr] error: In this function, all references must be annotated with a lifetime.
[INFO] [stderr]  --> ui_tests/all_missing_called_default_err.rs:4:21
[INFO] [stderr]   |
[INFO] [stderr] 4 | fn swap(a: &i32, b: &i32) -> (&i32, &i32) {
[INFO] [stderr]   |                     ^
[INFO] [stderr] 
[INFO] [stderr] error: In this function, all references must be annotated with a lifetime.
[INFO] [stderr]  --> ui_tests/all_missing_called_default_err.rs:4:31
[INFO] [stderr]   |
[INFO] [stderr] 4 | fn swap(a: &i32, b: &i32) -> (&i32, &i32) {
[INFO] [stderr]   |                               ^
[INFO] [stderr] 
[INFO] [stderr] error: In this function, all references must be annotated with a lifetime.
[INFO] [stderr]  --> ui_tests/all_missing_called_default_err.rs:4:37
[INFO] [stderr]   |
[INFO] [stderr] 4 | fn swap(a: &i32, b: &i32) -> (&i32, &i32) {
[INFO] [stderr]   |                                     ^
[INFO] [stderr] 
[INFO] [stderr] error[E0425]: cannot find function `swap` in this scope
[INFO] [stderr]   --> ui_tests/all_missing_called_default_err.rs:11:16
[INFO] [stderr]    |
[INFO] [stderr] 11 |     assert_eq!(swap(&x, &y), (&y, &x));
[INFO] [stderr]    |                ^^^^ not found in this scope
[INFO] [stderr]    |
[INFO] [stderr] help: consider importing one of these items
[INFO] [stderr]    |
[INFO] [stderr] 1  | use core::mem::swap;
[INFO] [stderr]    |
[INFO] [stderr] 1  | use core::ptr::swap;
[INFO] [stderr]    |
[INFO] [stderr] 1  | use std::mem::swap;
[INFO] [stderr]    |
[INFO] [stderr] 1  | use std::ptr::swap;
[INFO] [stderr]    |
[INFO] [stderr] ┈┈┈┈┈┈┈┈┈┈┈┈┈┈┈┈┈┈┈┈┈┈┈┈┈┈┈┈┈┈┈┈┈┈┈┈┈┈┈┈┈┈┈┈┈┈┈┈┈┈┈┈┈┈┈┈┈┈┈┈
[INFO] [stderr] 
[INFO] [stderr] ACTUAL OUTPUT:
[INFO] [stderr] ┈┈┈┈┈┈┈┈┈┈┈┈┈┈┈┈┈┈┈┈┈┈┈┈┈┈┈┈┈┈┈┈┈┈┈┈┈┈┈┈┈┈┈┈┈┈┈┈┈┈┈┈┈┈┈┈┈┈┈┈
[INFO] [stderr] error: The swap function did not have appropriate lifetimes!
[INFO] [stderr]  --> ui_tests/all_missing_called_default_err.rs:3:21
[INFO] [stderr]   |
[INFO] [stderr] 3 | #[require_lifetimes{compile_error!("The swap function did not have appropriate lifetimes!");}]
[INFO] [stderr]   |                     ^^^^^^^^^^^^^^^^^^^^^^^^^^^^^^^^^^^^^^^^^^^^^^^^^^^^^^^^^^^^^^^^^^^^^^^
[INFO] [stderr] 
[INFO] [stderr] error: In this function, all references must be annotated with a lifetime.
[INFO] [stderr]  --> ui_tests/all_missing_called_default_err.rs:4:12
[INFO] [stderr]   |
[INFO] [stderr] 4 | fn swap(a: &i32, b: &i32) -> (&i32, &i32) {
[INFO] [stderr]   |            ^
[INFO] [stderr] 
[INFO] [stderr] error: In this function, all references must be annotated with a lifetime.
[INFO] [stderr]  --> ui_tests/all_missing_called_default_err.rs:4:21
[INFO] [stderr]   |
[INFO] [stderr] 4 | fn swap(a: &i32, b: &i32) -> (&i32, &i32) {
[INFO] [stderr]   |                     ^
[INFO] [stderr] 
[INFO] [stderr] error: In this function, all references must be annotated with a lifetime.
[INFO] [stderr]  --> ui_tests/all_missing_called_default_err.rs:4:31
[INFO] [stderr]   |
[INFO] [stderr] 4 | fn swap(a: &i32, b: &i32) -> (&i32, &i32) {
[INFO] [stderr]   |                               ^
[INFO] [stderr] 
[INFO] [stderr] error: In this function, all references must be annotated with a lifetime.
[INFO] [stderr]  --> ui_tests/all_missing_called_default_err.rs:4:37
[INFO] [stderr]   |
[INFO] [stderr] 4 | fn swap(a: &i32, b: &i32) -> (&i32, &i32) {
[INFO] [stderr]   |                                     ^
[INFO] [stderr] 
[INFO] [stderr] error[E0425]: cannot find function `swap` in this scope
[INFO] [stderr]   --> ui_tests/all_missing_called_default_err.rs:11:16
[INFO] [stderr]    |
[INFO] [stderr] 11 |     assert_eq!(swap(&x, &y), (&y, &x));
[INFO] [stderr]    |                ^^^^ not found in this scope
[INFO] [stderr]    |
[INFO] [stderr] help: consider importing one of these functions
[INFO] [stderr]    |
[INFO] [stderr] 1  + use std::mem::swap;
[INFO] [stderr]    |
[INFO] [stderr] 1  + use std::ptr::swap;
[INFO] [stderr]    |
[INFO] [stderr] ┈┈┈┈┈┈┈┈┈┈┈┈┈┈┈┈┈┈┈┈┈┈┈┈┈┈┈┈┈┈┈┈┈┈┈┈┈┈┈┈┈┈┈┈┈┈┈┈┈┈┈┈┈┈┈┈┈┈┈┈
[INFO] [stderr] note: If the actual output is the correct output you can bless it by rerunning
[INFO] [stderr]       your test with the environment variable TRYBUILD=overwrite
[INFO] [stderr] 
[INFO] [stderr] test ui_tests/all_missing_called_empty_err.rs [should fail to compile] ... mismatch
[INFO] [stderr] 
[INFO] [stderr] EXPECTED:
[INFO] [stderr] ┈┈┈┈┈┈┈┈┈┈┈┈┈┈┈┈┈┈┈┈┈┈┈┈┈┈┈┈┈┈┈┈┈┈┈┈┈┈┈┈┈┈┈┈┈┈┈┈┈┈┈┈┈┈┈┈┈┈┈┈
[INFO] [stderr] error: In this function, all references must be annotated with a lifetime.
[INFO] [stderr]  --> ui_tests/all_missing_called_empty_err.rs:4:12
[INFO] [stderr]   |
[INFO] [stderr] 4 | fn swap(a: &i32, b: &i32) -> (&i32, &i32) {
[INFO] [stderr]   |            ^
[INFO] [stderr] 
[INFO] [stderr] error: In this function, all references must be annotated with a lifetime.
[INFO] [stderr]  --> ui_tests/all_missing_called_empty_err.rs:4:21
[INFO] [stderr]   |
[INFO] [stderr] 4 | fn swap(a: &i32, b: &i32) -> (&i32, &i32) {
[INFO] [stderr]   |                     ^
[INFO] [stderr] 
[INFO] [stderr] error: In this function, all references must be annotated with a lifetime.
[INFO] [stderr]  --> ui_tests/all_missing_called_empty_err.rs:4:31
[INFO] [stderr]   |
[INFO] [stderr] 4 | fn swap(a: &i32, b: &i32) -> (&i32, &i32) {
[INFO] [stderr]   |                               ^
[INFO] [stderr] 
[INFO] [stderr] error: In this function, all references must be annotated with a lifetime.
[INFO] [stderr]  --> ui_tests/all_missing_called_empty_err.rs:4:37
[INFO] [stderr]   |
[INFO] [stderr] 4 | fn swap(a: &i32, b: &i32) -> (&i32, &i32) {
[INFO] [stderr]   |                                     ^
[INFO] [stderr] 
[INFO] [stderr] error[E0425]: cannot find function `swap` in this scope
[INFO] [stderr]   --> ui_tests/all_missing_called_empty_err.rs:11:16
[INFO] [stderr]    |
[INFO] [stderr] 11 |     assert_eq!(swap(&x, &y), (&y, &x));
[INFO] [stderr]    |                ^^^^ not found in this scope
[INFO] [stderr]    |
[INFO] [stderr] help: consider importing one of these items
[INFO] [stderr]    |
[INFO] [stderr] 1  | use core::mem::swap;
[INFO] [stderr]    |
[INFO] [stderr] 1  | use core::ptr::swap;
[INFO] [stderr]    |
[INFO] [stderr] 1  | use std::mem::swap;
[INFO] [stderr]    |
[INFO] [stderr] 1  | use std::ptr::swap;
[INFO] [stderr]    |
[INFO] [stderr] ┈┈┈┈┈┈┈┈┈┈┈┈┈┈┈┈┈┈┈┈┈┈┈┈┈┈┈┈┈┈┈┈┈┈┈┈┈┈┈┈┈┈┈┈┈┈┈┈┈┈┈┈┈┈┈┈┈┈┈┈
[INFO] [stderr] 
[INFO] [stderr] ACTUAL OUTPUT:
[INFO] [stderr] ┈┈┈┈┈┈┈┈┈┈┈┈┈┈┈┈┈┈┈┈┈┈┈┈┈┈┈┈┈┈┈┈┈┈┈┈┈┈┈┈┈┈┈┈┈┈┈┈┈┈┈┈┈┈┈┈┈┈┈┈
[INFO] [stderr] error: In this function, all references must be annotated with a lifetime.
[INFO] [stderr]  --> ui_tests/all_missing_called_empty_err.rs:4:12
[INFO] [stderr]   |
[INFO] [stderr] 4 | fn swap(a: &i32, b: &i32) -> (&i32, &i32) {
[INFO] [stderr]   |            ^
[INFO] [stderr] 
[INFO] [stderr] error: In this function, all references must be annotated with a lifetime.
[INFO] [stderr]  --> ui_tests/all_missing_called_empty_err.rs:4:21
[INFO] [stderr]   |
[INFO] [stderr] 4 | fn swap(a: &i32, b: &i32) -> (&i32, &i32) {
[INFO] [stderr]   |                     ^
[INFO] [stderr] 
[INFO] [stderr] error: In this function, all references must be annotated with a lifetime.
[INFO] [stderr]  --> ui_tests/all_missing_called_empty_err.rs:4:31
[INFO] [stderr]   |
[INFO] [stderr] 4 | fn swap(a: &i32, b: &i32) -> (&i32, &i32) {
[INFO] [stderr]   |                               ^
[INFO] [stderr] 
[INFO] [stderr] error: In this function, all references must be annotated with a lifetime.
[INFO] [stderr]  --> ui_tests/all_missing_called_empty_err.rs:4:37
[INFO] [stderr]   |
[INFO] [stderr] 4 | fn swap(a: &i32, b: &i32) -> (&i32, &i32) {
[INFO] [stderr]   |                                     ^
[INFO] [stderr] 
[INFO] [stderr] error[E0425]: cannot find function `swap` in this scope
[INFO] [stderr]   --> ui_tests/all_missing_called_empty_err.rs:11:16
[INFO] [stderr]    |
[INFO] [stderr] 11 |     assert_eq!(swap(&x, &y), (&y, &x));
[INFO] [stderr]    |                ^^^^ not found in this scope
[INFO] [stderr]    |
[INFO] [stderr] help: consider importing one of these functions
[INFO] [stderr]    |
[INFO] [stderr] 1  + use std::mem::swap;
[INFO] [stderr]    |
[INFO] [stderr] 1  + use std::ptr::swap;
[INFO] [stderr]    |
[INFO] [stderr] ┈┈┈┈┈┈┈┈┈┈┈┈┈┈┈┈┈┈┈┈┈┈┈┈┈┈┈┈┈┈┈┈┈┈┈┈┈┈┈┈┈┈┈┈┈┈┈┈┈┈┈┈┈┈┈┈┈┈┈┈
[INFO] [stderr] note: If the actual output is the correct output you can bless it by rerunning
[INFO] [stderr]       your test with the environment variable TRYBUILD=overwrite
[INFO] [stderr] 
[INFO] [stderr] test ui_tests/all_missing_called_err.rs [should fail to compile] ... ok
[INFO] [stderr] test ui_tests/all_missing_err.rs [should fail to compile] ... ok
[INFO] [stderr] test ui_tests/array_missing_err.rs [should fail to compile] ... ok
[INFO] [stderr] test ui_tests/output_missing_err.rs [should fail to compile] ... ok
[INFO] [stderr] test ui_tests/single_anonymous_lifetime_err.rs [should fail to compile] ... ok
[INFO] [stderr] test ui_tests/single_input_missing_err.rs [should fail to compile] ... ok
[INFO] [stderr] test ui_tests/body_has_reference_ok.rs [should pass] ... ok
[INFO] [stderr] 
[INFO] [stderr] STDERR:
[INFO] [stderr] ┈┈┈┈┈┈┈┈┈┈┈┈┈┈┈┈┈┈┈┈┈┈┈┈┈┈┈┈┈┈┈┈┈┈┈┈┈┈┈┈┈┈┈┈┈┈┈┈┈┈┈┈┈┈┈┈┈┈┈┈
[INFO] [stderr] warning: `/opt/rustwide/target/tests/require_lifetimes/.cargo/config` is deprecated in favor of `config.toml`
[INFO] [stderr] note: if you need to support cargo 1.38 or earlier, you can symlink `config` to `config.toml`
[INFO] [stderr] ┈┈┈┈┈┈┈┈┈┈┈┈┈┈┈┈┈┈┈┈┈┈┈┈┈┈┈┈┈┈┈┈┈┈┈┈┈┈┈┈┈┈┈┈┈┈┈┈┈┈┈┈┈┈┈┈┈┈┈┈
[INFO] [stderr] 
[INFO] [stderr] test ui_tests/simple_ok.rs [should pass] ... ok
[INFO] [stderr] 
[INFO] [stderr] STDERR:
[INFO] [stderr] ┈┈┈┈┈┈┈┈┈┈┈┈┈┈┈┈┈┈┈┈┈┈┈┈┈┈┈┈┈┈┈┈┈┈┈┈┈┈┈┈┈┈┈┈┈┈┈┈┈┈┈┈┈┈┈┈┈┈┈┈
[INFO] [stderr] warning: `/opt/rustwide/target/tests/require_lifetimes/.cargo/config` is deprecated in favor of `config.toml`
[INFO] [stderr] note: if you need to support cargo 1.38 or earlier, you can symlink `config` to `config.toml`
[INFO] [stderr] ┈┈┈┈┈┈┈┈┈┈┈┈┈┈┈┈┈┈┈┈┈┈┈┈┈┈┈┈┈┈┈┈┈┈┈┈┈┈┈┈┈┈┈┈┈┈┈┈┈┈┈┈┈┈┈┈┈┈┈┈
[INFO] [stderr] 
[INFO] [stderr] 
[INFO] [stderr] 
[INFO] [stdout] test test::ui_tests ... FAILED
[INFO] [stdout] 
[INFO] [stdout] failures:
[INFO] [stdout] 
[INFO] [stdout] ---- test::ui_tests stdout ----
[INFO] [stdout] thread 'test::ui_tests' panicked at /opt/rustwide/cargo-home/registry/src/index.crates.io-6f17d22bba15001f/trybuild-1.0.74/src/run.rs:101:13:
[INFO] [stdout] 2 of 10 tests failed
[INFO] [stdout] stack backtrace:
[INFO] [stdout]    0:     0x7d56d22f25aa - std::backtrace_rs::backtrace::libunwind::trace::h8810477743020387
[INFO] [stdout]                                at /rustc/202008a1b8de96d2e5b6bc02d379db03a877d34d/library/std/src/../../backtrace/src/backtrace/libunwind.rs:116:5
[INFO] [stdout]    1:     0x7d56d22f25aa - std::backtrace_rs::backtrace::trace_unsynchronized::h3aa55355dd6c54a6
[INFO] [stdout]                                at /rustc/202008a1b8de96d2e5b6bc02d379db03a877d34d/library/std/src/../../backtrace/src/backtrace/mod.rs:66:5
[INFO] [stdout]    2:     0x7d56d22f25aa - std::sys::backtrace::_print_fmt::h8588b0f62410823f
[INFO] [stdout]                                at /rustc/202008a1b8de96d2e5b6bc02d379db03a877d34d/library/std/src/sys/backtrace.rs:66:9
[INFO] [stdout]    3:     0x7d56d22f25aa - <std::sys::backtrace::BacktraceLock::print::DisplayBacktrace as core::fmt::Display>::fmt::h98c26ac25ffe89bb
[INFO] [stdout]                                at /rustc/202008a1b8de96d2e5b6bc02d379db03a877d34d/library/std/src/sys/backtrace.rs:39:26
[INFO] [stdout]    4:     0x7d56d2343173 - core::fmt::rt::Argument::fmt::hf95377f4aebd453b
[INFO] [stdout]                                at /rustc/202008a1b8de96d2e5b6bc02d379db03a877d34d/library/core/src/fmt/rt.rs:177:76
[INFO] [stdout]    5:     0x7d56d2343173 - core::fmt::write::h0dd5f6e2238c7982
[INFO] [stdout]                                at /rustc/202008a1b8de96d2e5b6bc02d379db03a877d34d/library/core/src/fmt/mod.rs:1189:21
[INFO] [stdout]    6:     0x7d56d22e5eb3 - std::io::Write::write_fmt::h03bb0ca26e6faf8c
[INFO] [stdout]                                at /rustc/202008a1b8de96d2e5b6bc02d379db03a877d34d/library/std/src/io/mod.rs:1884:15
[INFO] [stdout]    7:     0x7d56d22f23f2 - std::sys::backtrace::BacktraceLock::print::h5c19c1c038ee186d
[INFO] [stdout]                                at /rustc/202008a1b8de96d2e5b6bc02d379db03a877d34d/library/std/src/sys/backtrace.rs:42:9
[INFO] [stdout]    8:     0x7d56d22f4a1d - std::panicking::default_hook::{{closure}}::h77172f079a1fcb13
[INFO] [stdout]                                at /rustc/202008a1b8de96d2e5b6bc02d379db03a877d34d/library/std/src/panicking.rs:268:22
[INFO] [stdout]    9:     0x7d56d22f4827 - std::panicking::default_hook::he5f8e3b203ccddba
[INFO] [stdout]                                at /rustc/202008a1b8de96d2e5b6bc02d379db03a877d34d/library/std/src/panicking.rs:292:9
[INFO] [stdout]   10:     0x60a0fccc0727 - <alloc::boxed::Box<F,A> as core::ops::function::Fn<Args>>::call::h7a3c7b4a1ae77f2f
[INFO] [stdout]                                at /rustc/202008a1b8de96d2e5b6bc02d379db03a877d34d/library/alloc/src/boxed.rs:1986:9
[INFO] [stdout]   11:     0x60a0fccc0727 - test::test_main::{{closure}}::hf0d3b69ae9b353d1
[INFO] [stdout]                                at /rustc/202008a1b8de96d2e5b6bc02d379db03a877d34d/library/test/src/lib.rs:134:21
[INFO] [stdout]   12:     0x7d56d22f5198 - <alloc::boxed::Box<F,A> as core::ops::function::Fn<Args>>::call::h6332e82e7b189abd
[INFO] [stdout]                                at /rustc/202008a1b8de96d2e5b6bc02d379db03a877d34d/library/alloc/src/boxed.rs:1986:9
[INFO] [stdout]   13:     0x7d56d22f5198 - std::panicking::rust_panic_with_hook::h53863d4e9018df39
[INFO] [stdout]                                at /rustc/202008a1b8de96d2e5b6bc02d379db03a877d34d/library/std/src/panicking.rs:809:13
[INFO] [stdout]   14:     0x7d56d22f4f5a - std::panicking::begin_panic_handler::{{closure}}::h67280e6fa0757873
[INFO] [stdout]                                at /rustc/202008a1b8de96d2e5b6bc02d379db03a877d34d/library/std/src/panicking.rs:674:13
[INFO] [stdout]   15:     0x7d56d22f2a89 - std::sys::backtrace::__rust_end_short_backtrace::h1dac3f54d6fbbeb2
[INFO] [stdout]                                at /rustc/202008a1b8de96d2e5b6bc02d379db03a877d34d/library/std/src/sys/backtrace.rs:170:18
[INFO] [stdout]   16:     0x7d56d22f4bec - rust_begin_unwind
[INFO] [stdout]                                at /rustc/202008a1b8de96d2e5b6bc02d379db03a877d34d/library/std/src/panicking.rs:665:5
[INFO] [stdout]   17:     0x7d56d233f580 - core::panicking::panic_fmt::h6792bd1b2bf01041
[INFO] [stdout]                                at /rustc/202008a1b8de96d2e5b6bc02d379db03a877d34d/library/core/src/panicking.rs:76:14
[INFO] [stdout]   18:     0x60a0fcb283b4 - trybuild::run::<impl trybuild::Runner>::run::h2bd3343af5576dd9
[INFO] [stdout]   19:     0x60a0fcb2d835 - <trybuild::TestCases as core::ops::drop::Drop>::drop::h6a0010be39c3711f
[INFO] [stdout]   20:     0x60a0fcad6537 - core::ptr::drop_in_place<trybuild::TestCases>::h3a3cf4f49e48c70e
[INFO] [stdout]                                at /rustc/202008a1b8de96d2e5b6bc02d379db03a877d34d/library/core/src/ptr/mod.rs:521:1
[INFO] [stdout]   21:     0x60a0fcad6ddb - require_lifetimes::test::ui_tests::h2675b78286dec2ea
[INFO] [stdout]                                at /opt/rustwide/workdir/src/lib.rs:139:5
[INFO] [stdout]   22:     0x60a0fcad6d57 - require_lifetimes::test::ui_tests::{{closure}}::ha91a42cb6cebb857
[INFO] [stdout]                                at /opt/rustwide/workdir/src/lib.rs:135:18
[INFO] [stdout]   23:     0x60a0fcad64e6 - core::ops::function::FnOnce::call_once::h9bc2d72b93caafb5
[INFO] [stdout]                                at /rustc/202008a1b8de96d2e5b6bc02d379db03a877d34d/library/core/src/ops/function.rs:250:5
[INFO] [stdout]   24:     0x60a0fccc524b - core::ops::function::FnOnce::call_once::h871bf86719ec9aa4
[INFO] [stdout]                                at /rustc/202008a1b8de96d2e5b6bc02d379db03a877d34d/library/core/src/ops/function.rs:250:5
[INFO] [stdout]   25:     0x60a0fccc524b - test::__rust_begin_short_backtrace::h2167df1e2b7d76fd
[INFO] [stdout]                                at /rustc/202008a1b8de96d2e5b6bc02d379db03a877d34d/library/test/src/lib.rs:632:18
[INFO] [stdout]   26:     0x60a0fccc4c38 - test::run_test_in_process::{{closure}}::h15d92f75a3adfb79
[INFO] [stdout]                                at /rustc/202008a1b8de96d2e5b6bc02d379db03a877d34d/library/test/src/lib.rs:655:60
[INFO] [stdout]   27:     0x60a0fccc4c38 - <core::panic::unwind_safe::AssertUnwindSafe<F> as core::ops::function::FnOnce<()>>::call_once::hb6c8955835a8dbbb
[INFO] [stdout]                                at /rustc/202008a1b8de96d2e5b6bc02d379db03a877d34d/library/core/src/panic/unwind_safe.rs:272:9
[INFO] [stdout]   28:     0x60a0fccc4c38 - std::panicking::try::do_call::hc79d0fc888a0bd30
[INFO] [stdout]                                at /rustc/202008a1b8de96d2e5b6bc02d379db03a877d34d/library/std/src/panicking.rs:557:40
[INFO] [stdout]   29:     0x60a0fccc4c38 - std::panicking::try::hb8a7878e3a8589d6
[INFO] [stdout]                                at /rustc/202008a1b8de96d2e5b6bc02d379db03a877d34d/library/std/src/panicking.rs:520:19
[INFO] [stdout]   30:     0x60a0fccc4c38 - std::panic::catch_unwind::hb8e4600ff0ff5cfa
[INFO] [stdout]                                at /rustc/202008a1b8de96d2e5b6bc02d379db03a877d34d/library/std/src/panic.rs:358:14
[INFO] [stdout]   31:     0x60a0fccc4c38 - test::run_test_in_process::hc2900b0b18688dd6
[INFO] [stdout]                                at /rustc/202008a1b8de96d2e5b6bc02d379db03a877d34d/library/test/src/lib.rs:655:27
[INFO] [stdout]   32:     0x60a0fccc4c38 - test::run_test::{{closure}}::hac2a9cb07be3d48d
[INFO] [stdout]                                at /rustc/202008a1b8de96d2e5b6bc02d379db03a877d34d/library/test/src/lib.rs:576:43
[INFO] [stdout]   33:     0x60a0fcc886da - test::run_test::{{closure}}::h4a5b729e66a38cd8
[INFO] [stdout]                                at /rustc/202008a1b8de96d2e5b6bc02d379db03a877d34d/library/test/src/lib.rs:606:41
[INFO] [stdout]   34:     0x60a0fcc886da - std::sys::backtrace::__rust_begin_short_backtrace::h0496fb742492f573
[INFO] [stdout]                                at /rustc/202008a1b8de96d2e5b6bc02d379db03a877d34d/library/std/src/sys/backtrace.rs:154:18
[INFO] [stdout]   35:     0x60a0fcc8c054 - std::thread::Builder::spawn_unchecked_::{{closure}}::{{closure}}::hbb6d257c550a54bd
[INFO] [stdout]                                at /rustc/202008a1b8de96d2e5b6bc02d379db03a877d34d/library/std/src/thread/mod.rs:561:17
[INFO] [stdout]   36:     0x60a0fcc8c054 - <core::panic::unwind_safe::AssertUnwindSafe<F> as core::ops::function::FnOnce<()>>::call_once::h46696fe4a6832328
[INFO] [stdout]                                at /rustc/202008a1b8de96d2e5b6bc02d379db03a877d34d/library/core/src/panic/unwind_safe.rs:272:9
[INFO] [stdout]   37:     0x60a0fcc8c054 - std::panicking::try::do_call::h2625a51b667bfb64
[INFO] [stdout]                                at /rustc/202008a1b8de96d2e5b6bc02d379db03a877d34d/library/std/src/panicking.rs:557:40
[INFO] [stdout]   38:     0x60a0fcc8c054 - std::panicking::try::hb956a59a1973aa4c
[INFO] [stdout]                                at /rustc/202008a1b8de96d2e5b6bc02d379db03a877d34d/library/std/src/panicking.rs:520:19
[INFO] [stdout]   39:     0x60a0fcc8c054 - std::panic::catch_unwind::h64f3b9d1067ef6a0
[INFO] [stdout]                                at /rustc/202008a1b8de96d2e5b6bc02d379db03a877d34d/library/std/src/panic.rs:358:14
[INFO] [stdout]   40:     0x60a0fcc8c054 - std::thread::Builder::spawn_unchecked_::{{closure}}::h42b2841295b6c0b2
[INFO] [stdout]                                at /rustc/202008a1b8de96d2e5b6bc02d379db03a877d34d/library/std/src/thread/mod.rs:559:30
[INFO] [stdout]   41:     0x60a0fcc8c054 - core::ops::function::FnOnce::call_once{{vtable.shim}}::h6127de71b8124639
[INFO] [stdout]                                at /rustc/202008a1b8de96d2e5b6bc02d379db03a877d34d/library/core/src/ops/function.rs:250:5
[INFO] [stdout]   42:     0x7d56d22fee8b - <alloc::boxed::Box<F,A> as core::ops::function::FnOnce<Args>>::call_once::h42f0ba71002a1b2c
[INFO] [stdout]                                at /rustc/202008a1b8de96d2e5b6bc02d379db03a877d34d/library/alloc/src/boxed.rs:1972:9
[INFO] [stdout]   43:     0x7d56d22fee8b - <alloc::boxed::Box<F,A> as core::ops::function::FnOnce<Args>>::call_once::had9e47d7a3dcecb8
[INFO] [stdout]                                at /rustc/202008a1b8de96d2e5b6bc02d379db03a877d34d/library/alloc/src/boxed.rs:1972:9
[INFO] [stdout]   44:     0x7d56d22fee8b - std::sys::pal::unix::thread::Thread::new::thread_start::h48cf765408f6f5f2
[INFO] [stdout]                                at /rustc/202008a1b8de96d2e5b6bc02d379db03a877d34d/library/std/src/sys/pal/unix/thread.rs:105:17
[INFO] [stdout]   45:     0x7d56d1f70ac3 - <unknown>
[INFO] [stdout]   46:     0x7d56d2001a04 - clone
[INFO] [stdout]   47:                0x0 - <unknown>
[INFO] [stdout] 
[INFO] [stdout] 
[INFO] [stdout] failures:
[INFO] [stdout]     test::ui_tests
[INFO] [stdout] 
[INFO] [stdout] test result: FAILED. 0 passed; 1 failed; 0 ignored; 0 measured; 0 filtered out; finished in 12.36s
[INFO] [stdout] 
[INFO] [stderr] error: test failed, to rerun pass `--lib`
[INFO] running `Command { std: "docker" "inspect" "1366c2582b1cc707d973310da07dfc4aa1b226e5bc4f446699c1d43e9009e62e", kill_on_drop: false }`
[INFO] running `Command { std: "docker" "rm" "-f" "1366c2582b1cc707d973310da07dfc4aa1b226e5bc4f446699c1d43e9009e62e", kill_on_drop: false }`
[INFO] [stdout] 1366c2582b1cc707d973310da07dfc4aa1b226e5bc4f446699c1d43e9009e62e
