[INFO] cloning repository https://github.com/terra-money/alliance-protocol
[INFO] running `Command { std: "git" "-c" "credential.helper=" "-c" "credential.helper=/workspace/cargo-home/bin/git-credential-null" "clone" "--bare" "https://github.com/terra-money/alliance-protocol" "/workspace/cache/git-repos/https%3A%2F%2Fgithub.com%2Fterra-money%2Falliance-protocol", kill_on_drop: false }`
[INFO] [stderr] Cloning into bare repository '/workspace/cache/git-repos/https%3A%2F%2Fgithub.com%2Fterra-money%2Falliance-protocol'...
[INFO] running `Command { std: "git" "rev-parse" "HEAD", kill_on_drop: false }`
[INFO] [stdout] caf5127af987fcddb2841afa6cc9d502ec63905f
[INFO] testing terra-money/alliance-protocol against beta-2024-12-08 for beta-1.84.0-4-retry
[INFO] running `Command { std: "git" "clone" "/workspace/cache/git-repos/https%3A%2F%2Fgithub.com%2Fterra-money%2Falliance-protocol" "/workspace/builds/worker-7-tc2/source", kill_on_drop: false }`
[INFO] [stderr] Cloning into '/workspace/builds/worker-7-tc2/source'...
[INFO] [stderr] done.
[INFO] validating manifest of git repo https://github.com/terra-money/alliance-protocol on toolchain beta-2024-12-08
[INFO] running `Command { std: CARGO_HOME="/workspace/cargo-home" RUSTUP_HOME="/workspace/rustup-home" "/workspace/cargo-home/bin/cargo" "+beta-2024-12-08" "metadata" "--manifest-path" "Cargo.toml" "--no-deps", kill_on_drop: false }`
[INFO] removed /workspace/builds/worker-7-tc2/source/.cargo/config
[INFO] started tweaking git repo https://github.com/terra-money/alliance-protocol
[INFO] finished tweaking git repo https://github.com/terra-money/alliance-protocol
[INFO] tweaked toml for git repo https://github.com/terra-money/alliance-protocol written to /workspace/builds/worker-7-tc2/source/Cargo.toml
[INFO] crate git repo https://github.com/terra-money/alliance-protocol already has a lockfile, it will not be regenerated
[INFO] running `Command { std: CARGO_HOME="/workspace/cargo-home" RUSTUP_HOME="/workspace/rustup-home" "/workspace/cargo-home/bin/cargo" "+beta-2024-12-08" "fetch" "--manifest-path" "Cargo.toml", kill_on_drop: false }`
[INFO] running `Command { std: "docker" "create" "-v" "/var/lib/crater-agent-workspace/builds/worker-7-tc2/target:/opt/rustwide/target:rw,Z" "-v" "/var/lib/crater-agent-workspace/builds/worker-7-tc2/source:/opt/rustwide/workdir:ro,Z" "-v" "/var/lib/crater-agent-workspace/cargo-home:/opt/rustwide/cargo-home:ro,Z" "-v" "/var/lib/crater-agent-workspace/rustup-home:/opt/rustwide/rustup-home:ro,Z" "-e" "SOURCE_DIR=/opt/rustwide/workdir" "-e" "CARGO_TARGET_DIR=/opt/rustwide/target" "-e" "CARGO_HOME=/opt/rustwide/cargo-home" "-e" "RUSTUP_HOME=/opt/rustwide/rustup-home" "-w" "/opt/rustwide/workdir" "-m" "1610612736" "--user" "0:0" "--network" "none" "ghcr.io/rust-lang/crates-build-env/linux@sha256:f3a9d4ad9d972b27faf3965f35b62e55ba32bbce8f20bc8fe909558a86702fde" "/opt/rustwide/cargo-home/bin/cargo" "+beta-2024-12-08" "metadata" "--no-deps" "--format-version=1", kill_on_drop: false }`
[INFO] [stdout] d290309f903a36854e61f59a872ecb1fdf52d08f9b1e317233ea0baacdab16af
[INFO] running `Command { std: "docker" "start" "-a" "d290309f903a36854e61f59a872ecb1fdf52d08f9b1e317233ea0baacdab16af", kill_on_drop: false }`
[INFO] running `Command { std: "docker" "inspect" "d290309f903a36854e61f59a872ecb1fdf52d08f9b1e317233ea0baacdab16af", kill_on_drop: false }`
[INFO] running `Command { std: "docker" "rm" "-f" "d290309f903a36854e61f59a872ecb1fdf52d08f9b1e317233ea0baacdab16af", kill_on_drop: false }`
[INFO] [stdout] d290309f903a36854e61f59a872ecb1fdf52d08f9b1e317233ea0baacdab16af
[INFO] running `Command { std: "docker" "create" "-v" "/var/lib/crater-agent-workspace/builds/worker-7-tc2/target:/opt/rustwide/target:rw,Z" "-v" "/var/lib/crater-agent-workspace/builds/worker-7-tc2/source:/opt/rustwide/workdir:ro,Z" "-v" "/var/lib/crater-agent-workspace/cargo-home:/opt/rustwide/cargo-home:ro,Z" "-v" "/var/lib/crater-agent-workspace/rustup-home:/opt/rustwide/rustup-home:ro,Z" "-e" "SOURCE_DIR=/opt/rustwide/workdir" "-e" "CARGO_TARGET_DIR=/opt/rustwide/target" "-e" "CARGO_INCREMENTAL=0" "-e" "RUST_BACKTRACE=full" "-e" "RUSTFLAGS=--cap-lints=warn" "-e" "RUSTDOCFLAGS=--cap-lints=warn" "-e" "CARGO_HOME=/opt/rustwide/cargo-home" "-e" "RUSTUP_HOME=/opt/rustwide/rustup-home" "-w" "/opt/rustwide/workdir" "-m" "1610612736" "--user" "0:0" "--network" "none" "ghcr.io/rust-lang/crates-build-env/linux@sha256:f3a9d4ad9d972b27faf3965f35b62e55ba32bbce8f20bc8fe909558a86702fde" "/opt/rustwide/cargo-home/bin/cargo" "+beta-2024-12-08" "build" "--frozen" "--message-format=json", kill_on_drop: false }`
[INFO] [stdout] 50b6f2eac9d82990238bb3a987e52a5bf5ac7e7431a9ac739cd903169b95c7d0
[INFO] running `Command { std: "docker" "start" "-a" "50b6f2eac9d82990238bb3a987e52a5bf5ac7e7431a9ac739cd903169b95c7d0", kill_on_drop: false }`
[INFO] [stderr]    Compiling proc-macro2 v1.0.76
[INFO] [stderr]    Compiling unicode-ident v1.0.9
[INFO] [stderr]    Compiling version_check v0.9.4
[INFO] [stderr]    Compiling zeroize v1.6.0
[INFO] [stderr]    Compiling typenum v1.16.0
[INFO] [stderr]    Compiling libc v0.2.146
[INFO] [stderr]    Compiling syn v1.0.109
[INFO] [stderr]    Compiling subtle v2.5.0
[INFO] [stderr]    Compiling cfg-if v1.0.0
[INFO] [stderr]    Compiling serde v1.0.195
[INFO] [stderr]    Compiling const-oid v0.9.2
[INFO] [stderr]    Compiling base16ct v0.2.0
[INFO] [stderr]    Compiling der v0.7.8
[INFO] [stderr]    Compiling generic-array v0.14.7
[INFO] [stderr]    Compiling ahash v0.7.6
[INFO] [stderr]    Compiling cpufeatures v0.2.7
[INFO] [stderr]    Compiling once_cell v1.18.0
[INFO] [stderr]    Compiling thiserror v1.0.40
[INFO] [stderr]    Compiling serde_json v1.0.96
[INFO] [stderr]    Compiling opaque-debug v0.3.0
[INFO] [stderr]    Compiling schemars v0.8.16
[INFO] [stderr]    Compiling itoa v1.0.6
[INFO] [stderr]    Compiling rand_core v0.5.1
[INFO] [stderr]    Compiling ryu v1.0.13
[INFO] [stderr]    Compiling byteorder v1.4.3
[INFO] [stderr]    Compiling hex v0.4.3
[INFO] [stderr]    Compiling dyn-clone v1.0.11
[INFO] [stderr]    Compiling quote v1.0.35
[INFO] [stderr]    Compiling forward_ref v1.0.0
[INFO] [stderr]    Compiling base64 v0.21.5
[INFO] [stderr]    Compiling bech32 v0.9.1
[INFO] [stderr]    Compiling syn v2.0.48
[INFO] [stderr]    Compiling getrandom v0.2.10
[INFO] [stderr]    Compiling bnum v0.8.0
[INFO] [stderr]    Compiling static_assertions v1.1.0
[INFO] [stderr]    Compiling semver v1.0.17
[INFO] [stderr]    Compiling rand_core v0.6.4
[INFO] [stderr]    Compiling spki v0.7.2
[INFO] [stderr]    Compiling ff v0.13.0
[INFO] [stderr]    Compiling pkcs8 v0.10.2
[INFO] [stderr]    Compiling hashbrown v0.12.3
[INFO] [stderr]    Compiling group v0.13.0
[INFO] [stderr]    Compiling anyhow v1.0.71
[INFO] [stderr]    Compiling crypto-common v0.1.6
[INFO] [stderr]    Compiling block-buffer v0.10.4
[INFO] [stderr]    Compiling crypto-bigint v0.5.3
[INFO] [stderr]    Compiling digest v0.9.0
[INFO] [stderr]    Compiling digest v0.10.7
[INFO] [stderr]    Compiling sec1 v0.7.3
[INFO] [stderr]    Compiling block-buffer v0.9.0
[INFO] [stderr]    Compiling curve25519-dalek v3.2.0
[INFO] [stderr]    Compiling sha2 v0.9.9
[INFO] [stderr]    Compiling hmac v0.12.1
[INFO] [stderr]    Compiling rfc6979 v0.4.0
[INFO] [stderr]    Compiling signature v2.1.0
[INFO] [stderr]    Compiling sha2 v0.10.6
[INFO] [stderr]    Compiling either v1.8.1
[INFO] [stderr]    Compiling itertools v0.10.5
[INFO] [stderr]    Compiling paste v1.0.12
[INFO] [stderr]    Compiling autocfg v1.1.0
[INFO] [stderr]    Compiling time-core v0.1.1
[INFO] [stderr]    Compiling time-macros v0.2.9
[INFO] [stderr]    Compiling num-traits v0.2.15
[INFO] [stderr]    Compiling flex-error v0.4.4
[INFO] [stderr]    Compiling subtle-encoding v0.5.1
[INFO] [stderr]    Compiling elliptic-curve v0.13.6
[INFO] [stderr]    Compiling ecdsa v0.16.8
[INFO] [stderr]    Compiling k256 v0.13.1
[INFO] [stderr]    Compiling time v0.3.22
[INFO] [stderr]    Compiling serde_derive v1.0.195
[INFO] [stderr]    Compiling thiserror-impl v1.0.40
[INFO] [stderr]    Compiling serde_derive_internals v0.26.0
[INFO] [stderr]    Compiling schemars_derive v0.8.16
[INFO] [stderr]    Compiling cosmwasm-derive v1.5.0
[INFO] [stderr]    Compiling derivative v2.2.0
[INFO] [stderr]    Compiling cosmwasm-schema-derive v1.5.0
[INFO] [stderr]    Compiling prost-derive v0.11.9
[INFO] [stderr]    Compiling num-derive v0.3.3
[INFO] [stderr]    Compiling ed25519-zebra v3.1.0
[INFO] [stderr]    Compiling serde-json-wasm v0.5.1
[INFO] [stderr]    Compiling bytes v1.4.0
[INFO] [stderr]    Compiling serde_bytes v0.11.9
[INFO] [stderr]    Compiling cosmwasm-crypto v1.5.0
[INFO] [stderr]    Compiling prost v0.11.9
[INFO] [stderr]    Compiling prost-types v0.11.9
[INFO] [stderr]    Compiling tendermint-proto v0.30.0
[INFO] [stderr]    Compiling cosmwasm-std v1.5.0
[INFO] [stderr]    Compiling cosmwasm-schema v1.5.0
[INFO] [stderr]    Compiling cw-storage-plus v0.16.0
[INFO] [stderr]    Compiling cw-storage-plus v1.1.0
[INFO] [stderr]    Compiling cosmwasm-storage v1.5.0
[INFO] [stderr]    Compiling cw2 v1.0.1
[INFO] [stderr]    Compiling cw2 v0.16.0
[INFO] [stderr]    Compiling cw-utils v1.0.1
[INFO] [stderr]    Compiling cw-utils v0.16.0
[INFO] [stderr]    Compiling cw20 v1.1.2
[INFO] [stderr]    Compiling cw1155 v0.16.0
[INFO] [stderr]    Compiling cw20 v0.16.0
[INFO] [stderr]    Compiling terra-proto-rs v4.0.2
[INFO] [stderr]    Compiling cw-asset v2.4.0
[INFO] [stderr]    Compiling alliance-protocol v0.1.0 (/opt/rustwide/workdir/packages/alliance-protocol)
[INFO] [stderr]    Compiling alliance-lp-hub v0.1.1 (/opt/rustwide/workdir/contracts/alliance-lp-hub)
[INFO] [stderr]    Compiling alliance-oracle v0.1.0 (/opt/rustwide/workdir/contracts/alliance-oracle)
[INFO] [stderr]    Compiling alliance-hub v0.1.1 (/opt/rustwide/workdir/contracts/alliance-hub)
[INFO] [stderr]     Finished `dev` profile [unoptimized + debuginfo] target(s) in 1m 52s
[INFO] running `Command { std: "docker" "inspect" "50b6f2eac9d82990238bb3a987e52a5bf5ac7e7431a9ac739cd903169b95c7d0", kill_on_drop: false }`
[INFO] running `Command { std: "docker" "rm" "-f" "50b6f2eac9d82990238bb3a987e52a5bf5ac7e7431a9ac739cd903169b95c7d0", kill_on_drop: false }`
[INFO] [stdout] 50b6f2eac9d82990238bb3a987e52a5bf5ac7e7431a9ac739cd903169b95c7d0
[INFO] running `Command { std: "docker" "create" "-v" "/var/lib/crater-agent-workspace/builds/worker-7-tc2/target:/opt/rustwide/target:rw,Z" "-v" "/var/lib/crater-agent-workspace/builds/worker-7-tc2/source:/opt/rustwide/workdir:ro,Z" "-v" "/var/lib/crater-agent-workspace/cargo-home:/opt/rustwide/cargo-home:ro,Z" "-v" "/var/lib/crater-agent-workspace/rustup-home:/opt/rustwide/rustup-home:ro,Z" "-e" "SOURCE_DIR=/opt/rustwide/workdir" "-e" "CARGO_TARGET_DIR=/opt/rustwide/target" "-e" "CARGO_INCREMENTAL=0" "-e" "RUST_BACKTRACE=full" "-e" "RUSTFLAGS=--cap-lints=warn" "-e" "RUSTDOCFLAGS=--cap-lints=warn" "-e" "CARGO_HOME=/opt/rustwide/cargo-home" "-e" "RUSTUP_HOME=/opt/rustwide/rustup-home" "-w" "/opt/rustwide/workdir" "-m" "1610612736" "--user" "0:0" "--network" "none" "ghcr.io/rust-lang/crates-build-env/linux@sha256:f3a9d4ad9d972b27faf3965f35b62e55ba32bbce8f20bc8fe909558a86702fde" "/opt/rustwide/cargo-home/bin/cargo" "+beta-2024-12-08" "test" "--frozen" "--no-run" "--message-format=json", kill_on_drop: false }`
[INFO] [stdout] 928e1f5e1353986fdc4c1b9e8d74e6517244a5ac78b73ddce1b5487544e9bfbb
[INFO] running `Command { std: "docker" "start" "-a" "928e1f5e1353986fdc4c1b9e8d74e6517244a5ac78b73ddce1b5487544e9bfbb", kill_on_drop: false }`
[INFO] [stderr] warning: output filename collision.
[INFO] [stderr] The example target `schema` in package `alliance-lp-hub v0.1.1 (/opt/rustwide/workdir/contracts/alliance-lp-hub)` has the same output filename as the example target `schema` in package `alliance-hub v0.1.1 (/opt/rustwide/workdir/contracts/alliance-hub)`.
[INFO] [stderr] Colliding filename is: /opt/rustwide/target/debug/examples/schema
[INFO] [stderr] The targets should have unique names.
[INFO] [stderr] Consider changing their names to be unique or compiling them separately.
[INFO] [stderr] This may become a hard error in the future; see <https://github.com/rust-lang/cargo/issues/6313>.
[INFO] [stderr] warning: output filename collision.
[INFO] [stderr] The example target `schema` in package `alliance-lp-hub v0.1.1 (/opt/rustwide/workdir/contracts/alliance-lp-hub)` has the same output filename as the example target `schema` in package `alliance-hub v0.1.1 (/opt/rustwide/workdir/contracts/alliance-hub)`.
[INFO] [stderr] Colliding filename is: /opt/rustwide/target/debug/examples/schema.dwp
[INFO] [stderr] The targets should have unique names.
[INFO] [stderr] Consider changing their names to be unique or compiling them separately.
[INFO] [stderr] This may become a hard error in the future; see <https://github.com/rust-lang/cargo/issues/6313>.
[INFO] [stderr] warning: output filename collision.
[INFO] [stderr] The example target `schema` in package `alliance-oracle v0.1.0 (/opt/rustwide/workdir/contracts/alliance-oracle)` has the same output filename as the example target `schema` in package `alliance-lp-hub v0.1.1 (/opt/rustwide/workdir/contracts/alliance-lp-hub)`.
[INFO] [stderr] Colliding filename is: /opt/rustwide/target/debug/examples/schema
[INFO] [stderr] The targets should have unique names.
[INFO] [stderr] Consider changing their names to be unique or compiling them separately.
[INFO] [stderr] This may become a hard error in the future; see <https://github.com/rust-lang/cargo/issues/6313>.
[INFO] [stderr] warning: output filename collision.
[INFO] [stderr] The example target `schema` in package `alliance-oracle v0.1.0 (/opt/rustwide/workdir/contracts/alliance-oracle)` has the same output filename as the example target `schema` in package `alliance-lp-hub v0.1.1 (/opt/rustwide/workdir/contracts/alliance-lp-hub)`.
[INFO] [stderr] Colliding filename is: /opt/rustwide/target/debug/examples/schema.dwp
[INFO] [stderr] The targets should have unique names.
[INFO] [stderr] Consider changing their names to be unique or compiling them separately.
[INFO] [stderr] This may become a hard error in the future; see <https://github.com/rust-lang/cargo/issues/6313>.
[INFO] [stderr]    Compiling alliance-protocol v0.1.0 (/opt/rustwide/workdir/packages/alliance-protocol)
[INFO] [stderr]    Compiling alliance-hub v0.1.1 (/opt/rustwide/workdir/contracts/alliance-hub)
[INFO] [stderr]    Compiling alliance-oracle v0.1.0 (/opt/rustwide/workdir/contracts/alliance-oracle)
[INFO] [stderr]    Compiling alliance-lp-hub v0.1.1 (/opt/rustwide/workdir/contracts/alliance-lp-hub)
[INFO] [stderr]     Finished `test` profile [unoptimized + debuginfo] target(s) in 16.41s
[INFO] running `Command { std: "docker" "inspect" "928e1f5e1353986fdc4c1b9e8d74e6517244a5ac78b73ddce1b5487544e9bfbb", kill_on_drop: false }`
[INFO] running `Command { std: "docker" "rm" "-f" "928e1f5e1353986fdc4c1b9e8d74e6517244a5ac78b73ddce1b5487544e9bfbb", kill_on_drop: false }`
[INFO] [stdout] 928e1f5e1353986fdc4c1b9e8d74e6517244a5ac78b73ddce1b5487544e9bfbb
[INFO] running `Command { std: "docker" "create" "-v" "/var/lib/crater-agent-workspace/builds/worker-7-tc2/target:/opt/rustwide/target:rw,Z" "-v" "/var/lib/crater-agent-workspace/builds/worker-7-tc2/source:/opt/rustwide/workdir:ro,Z" "-v" "/var/lib/crater-agent-workspace/cargo-home:/opt/rustwide/cargo-home:ro,Z" "-v" "/var/lib/crater-agent-workspace/rustup-home:/opt/rustwide/rustup-home:ro,Z" "-e" "SOURCE_DIR=/opt/rustwide/workdir" "-e" "CARGO_TARGET_DIR=/opt/rustwide/target" "-e" "CARGO_INCREMENTAL=0" "-e" "RUST_BACKTRACE=full" "-e" "RUSTFLAGS=--cap-lints=warn" "-e" "RUSTDOCFLAGS=--cap-lints=warn" "-e" "CARGO_HOME=/opt/rustwide/cargo-home" "-e" "RUSTUP_HOME=/opt/rustwide/rustup-home" "-w" "/opt/rustwide/workdir" "-m" "1610612736" "--user" "0:0" "--network" "none" "ghcr.io/rust-lang/crates-build-env/linux@sha256:f3a9d4ad9d972b27faf3965f35b62e55ba32bbce8f20bc8fe909558a86702fde" "/opt/rustwide/cargo-home/bin/cargo" "+beta-2024-12-08" "test" "--frozen", kill_on_drop: false }`
[INFO] [stdout] db6678110d3627152a28a72922d43ee6c31371a85903dfa58dad249f980d165f
[INFO] running `Command { std: "docker" "start" "-a" "db6678110d3627152a28a72922d43ee6c31371a85903dfa58dad249f980d165f", kill_on_drop: false }`
[INFO] [stderr] warning: output filename collision.
[INFO] [stderr] The example target `schema` in package `alliance-lp-hub v0.1.1 (/opt/rustwide/workdir/contracts/alliance-lp-hub)` has the same output filename as the example target `schema` in package `alliance-hub v0.1.1 (/opt/rustwide/workdir/contracts/alliance-hub)`.
[INFO] [stderr] Colliding filename is: /opt/rustwide/target/debug/examples/schema
[INFO] [stderr] The targets should have unique names.
[INFO] [stderr] Consider changing their names to be unique or compiling them separately.
[INFO] [stderr] This may become a hard error in the future; see <https://github.com/rust-lang/cargo/issues/6313>.
[INFO] [stderr] warning: output filename collision.
[INFO] [stderr] The example target `schema` in package `alliance-lp-hub v0.1.1 (/opt/rustwide/workdir/contracts/alliance-lp-hub)` has the same output filename as the example target `schema` in package `alliance-hub v0.1.1 (/opt/rustwide/workdir/contracts/alliance-hub)`.
[INFO] [stderr] Colliding filename is: /opt/rustwide/target/debug/examples/schema.dwp
[INFO] [stderr] The targets should have unique names.
[INFO] [stderr] Consider changing their names to be unique or compiling them separately.
[INFO] [stderr] This may become a hard error in the future; see <https://github.com/rust-lang/cargo/issues/6313>.
[INFO] [stderr] warning: output filename collision.
[INFO] [stderr] The example target `schema` in package `alliance-oracle v0.1.0 (/opt/rustwide/workdir/contracts/alliance-oracle)` has the same output filename as the example target `schema` in package `alliance-lp-hub v0.1.1 (/opt/rustwide/workdir/contracts/alliance-lp-hub)`.
[INFO] [stderr] Colliding filename is: /opt/rustwide/target/debug/examples/schema
[INFO] [stderr] The targets should have unique names.
[INFO] [stderr] Consider changing their names to be unique or compiling them separately.
[INFO] [stderr] This may become a hard error in the future; see <https://github.com/rust-lang/cargo/issues/6313>.
[INFO] [stderr] warning: output filename collision.
[INFO] [stderr] The example target `schema` in package `alliance-oracle v0.1.0 (/opt/rustwide/workdir/contracts/alliance-oracle)` has the same output filename as the example target `schema` in package `alliance-lp-hub v0.1.1 (/opt/rustwide/workdir/contracts/alliance-lp-hub)`.
[INFO] [stderr] Colliding filename is: /opt/rustwide/target/debug/examples/schema.dwp
[INFO] [stderr] The targets should have unique names.
[INFO] [stderr] Consider changing their names to be unique or compiling them separately.
[INFO] [stderr] This may become a hard error in the future; see <https://github.com/rust-lang/cargo/issues/6313>.
[INFO] [stderr]     Finished `test` profile [unoptimized + debuginfo] target(s) in 0.21s
[INFO] [stderr]      Running unittests src/lib.rs (/opt/rustwide/target/debug/deps/alliance_hub-5c2b8871bb20d4b5)
[INFO] [stdout] 
[INFO] [stdout] running 23 tests
[INFO] [stdout] test tests::alliance::test_alliance_delegation_invalid ... ok
[INFO] [stdout] test tests::alliance::test_alliance_undelegation_invalid ... ok
[INFO] [stdout] test tests::assets::test_whitelist_asset_unauthorized ... ok
[INFO] [stdout] test tests::alliance::test_alliance_undelegate ... ok
[INFO] [stdout] test tests::assets::test_remove_assets_unauthorized ... ok
[INFO] [stdout] test tests::instantiate::test_reply_create_token ... ok
[INFO] [stdout] test tests::alliance::test_alliance_delegate ... ok
[INFO] [stdout] test tests::alliance::test_alliance_redelegate ... ok
[INFO] [stdout] test tests::rewards::claim_rewards_after_staking_and_unstaking ... ok
[INFO] [stdout] test tests::assets::test_remove_assets ... ok
[INFO] [stdout] test tests::assets::test_whitelist_assets ... ok
[INFO] [stdout] test tests::rewards::claim_rewards_after_rebalancing_emissions ... ok
[INFO] [stdout] test tests::instantiate::test_setup_contract ... ok
[INFO] [stdout] test tests::rewards::claim_user_rewards ... ok
[INFO] [stdout] test tests::rewards::claim_user_rewards_after_staking ... ok
[INFO] [stdout] test tests::rewards::test_update_rewards_with_funds_sent ... ok
[INFO] [stdout] test tests::rewards::test_update_rewards ... ok
[INFO] [stdout] test tests::rewards::claim_user_rewards_without_stake ... ok
[INFO] [stdout] test tests::stake_unstake::test_stake ... ok
[INFO] [stdout] test tests::stake_unstake::test_stake_invalid ... ok
[INFO] [stdout] test tests::stake_unstake::test_unstake ... ok
[INFO] [stdout] test tests::rewards::update_reward_callback ... ok
[INFO] [stdout] test tests::stake_unstake::test_unstake_invalid ... FAILED
[INFO] [stderr] error: test failed, to rerun pass `-p alliance-hub --lib`
[INFO] [stdout] 
[INFO] [stdout] failures:
[INFO] [stdout] 
[INFO] [stdout] ---- tests::stake_unstake::test_unstake_invalid stdout ----
[INFO] [stdout] thread 'tests::stake_unstake::test_unstake_invalid' panicked at contracts/alliance-hub/src/tests/stake_unstake.rs:218:5:
[INFO] [stdout] assertion `left == right` failed
[INFO] [stdout]   left: AssetNotStaked
[INFO] [stdout]  right: InsufficientBalance
[INFO] [stdout] stack backtrace:
[INFO] [stdout]    0:     0x5b3d6bf183ba - std::backtrace_rs::backtrace::libunwind::trace::h8810477743020387
[INFO] [stdout]                                at /rustc/202008a1b8de96d2e5b6bc02d379db03a877d34d/library/std/src/../../backtrace/src/backtrace/libunwind.rs:116:5
[INFO] [stdout]    1:     0x5b3d6bf183ba - std::backtrace_rs::backtrace::trace_unsynchronized::h3aa55355dd6c54a6
[INFO] [stdout]                                at /rustc/202008a1b8de96d2e5b6bc02d379db03a877d34d/library/std/src/../../backtrace/src/backtrace/mod.rs:66:5
[INFO] [stdout]    2:     0x5b3d6bf183ba - std::sys::backtrace::_print_fmt::h8588b0f62410823f
[INFO] [stdout]                                at /rustc/202008a1b8de96d2e5b6bc02d379db03a877d34d/library/std/src/sys/backtrace.rs:66:9
[INFO] [stdout]    3:     0x5b3d6bf183ba - <std::sys::backtrace::BacktraceLock::print::DisplayBacktrace as core::fmt::Display>::fmt::h98c26ac25ffe89bb
[INFO] [stdout]                                at /rustc/202008a1b8de96d2e5b6bc02d379db03a877d34d/library/std/src/sys/backtrace.rs:39:26
[INFO] [stdout]    4:     0x5b3d6bf3f403 - core::fmt::rt::Argument::fmt::hf95377f4aebd453b
[INFO] [stdout]                                at /rustc/202008a1b8de96d2e5b6bc02d379db03a877d34d/library/core/src/fmt/rt.rs:177:76
[INFO] [stdout]    5:     0x5b3d6bf3f403 - core::fmt::write::h0dd5f6e2238c7982
[INFO] [stdout]                                at /rustc/202008a1b8de96d2e5b6bc02d379db03a877d34d/library/core/src/fmt/mod.rs:1189:21
[INFO] [stdout]    6:     0x5b3d6bf15553 - std::io::Write::write_fmt::h03bb0ca26e6faf8c
[INFO] [stdout]                                at /rustc/202008a1b8de96d2e5b6bc02d379db03a877d34d/library/std/src/io/mod.rs:1884:15
[INFO] [stdout]    7:     0x5b3d6bf18202 - std::sys::backtrace::BacktraceLock::print::h5c19c1c038ee186d
[INFO] [stdout]                                at /rustc/202008a1b8de96d2e5b6bc02d379db03a877d34d/library/std/src/sys/backtrace.rs:42:9
[INFO] [stdout]    8:     0x5b3d6bf1983d - std::panicking::default_hook::{{closure}}::h77172f079a1fcb13
[INFO] [stdout]                                at /rustc/202008a1b8de96d2e5b6bc02d379db03a877d34d/library/std/src/panicking.rs:268:22
[INFO] [stdout]    9:     0x5b3d6bf19647 - std::panicking::default_hook::he5f8e3b203ccddba
[INFO] [stdout]                                at /rustc/202008a1b8de96d2e5b6bc02d379db03a877d34d/library/std/src/panicking.rs:292:9
[INFO] [stdout]   10:     0x5b3d6be00497 - <alloc::boxed::Box<F,A> as core::ops::function::Fn<Args>>::call::h7a3c7b4a1ae77f2f
[INFO] [stdout]                                at /rustc/202008a1b8de96d2e5b6bc02d379db03a877d34d/library/alloc/src/boxed.rs:1986:9
[INFO] [stdout]   11:     0x5b3d6be00497 - test::test_main::{{closure}}::hf0d3b69ae9b353d1
[INFO] [stdout]                                at /rustc/202008a1b8de96d2e5b6bc02d379db03a877d34d/library/test/src/lib.rs:134:21
[INFO] [stdout]   12:     0x5b3d6bf19ee8 - <alloc::boxed::Box<F,A> as core::ops::function::Fn<Args>>::call::h6332e82e7b189abd
[INFO] [stdout]                                at /rustc/202008a1b8de96d2e5b6bc02d379db03a877d34d/library/alloc/src/boxed.rs:1986:9
[INFO] [stdout]   13:     0x5b3d6bf19ee8 - std::panicking::rust_panic_with_hook::h53863d4e9018df39
[INFO] [stdout]                                at /rustc/202008a1b8de96d2e5b6bc02d379db03a877d34d/library/std/src/panicking.rs:809:13
[INFO] [stdout]   14:     0x5b3d6bf19caa - std::panicking::begin_panic_handler::{{closure}}::h67280e6fa0757873
[INFO] [stdout]                                at /rustc/202008a1b8de96d2e5b6bc02d379db03a877d34d/library/std/src/panicking.rs:674:13
[INFO] [stdout]   15:     0x5b3d6bf18899 - std::sys::backtrace::__rust_end_short_backtrace::h1dac3f54d6fbbeb2
[INFO] [stdout]                                at /rustc/202008a1b8de96d2e5b6bc02d379db03a877d34d/library/std/src/sys/backtrace.rs:170:18
[INFO] [stdout]   16:     0x5b3d6bf1993c - rust_begin_unwind
[INFO] [stdout]                                at /rustc/202008a1b8de96d2e5b6bc02d379db03a877d34d/library/std/src/panicking.rs:665:5
[INFO] [stdout]   17:     0x5b3d6bd01b10 - core::panicking::panic_fmt::h6792bd1b2bf01041
[INFO] [stdout]                                at /rustc/202008a1b8de96d2e5b6bc02d379db03a877d34d/library/core/src/panicking.rs:76:14
[INFO] [stdout]   18:     0x5b3d6bd01f14 - core::panicking::assert_failed_inner::hf2c17e6d30928787
[INFO] [stdout]   19:     0x5b3d6bd462fa - core::panicking::assert_failed::h94455078ade679c2
[INFO] [stdout]                                at /rustc/202008a1b8de96d2e5b6bc02d379db03a877d34d/library/core/src/panicking.rs:373:5
[INFO] [stdout]   20:     0x5b3d6bd9bdab - alliance_hub::tests::stake_unstake::test_unstake_invalid::hc9a3878826d98ba6
[INFO] [stdout]                                at /opt/rustwide/workdir/contracts/alliance-hub/src/tests/stake_unstake.rs:218:5
[INFO] [stdout]   21:     0x5b3d6bd9b7d7 - alliance_hub::tests::stake_unstake::test_unstake_invalid::{{closure}}::h75addb7e8a78940a
[INFO] [stdout]                                at /opt/rustwide/workdir/contracts/alliance-hub/src/tests/stake_unstake.rs:201:26
[INFO] [stdout]   22:     0x5b3d6bdc0846 - core::ops::function::FnOnce::call_once::h260e7dff0339fbaa
[INFO] [stdout]                                at /rustc/202008a1b8de96d2e5b6bc02d379db03a877d34d/library/core/src/ops/function.rs:250:5
[INFO] [stdout]   23:     0x5b3d6be04fbb - core::ops::function::FnOnce::call_once::h871bf86719ec9aa4
[INFO] [stdout]                                at /rustc/202008a1b8de96d2e5b6bc02d379db03a877d34d/library/core/src/ops/function.rs:250:5
[INFO] [stdout]   24:     0x5b3d6be04fbb - test::__rust_begin_short_backtrace::h2167df1e2b7d76fd
[INFO] [stdout]                                at /rustc/202008a1b8de96d2e5b6bc02d379db03a877d34d/library/test/src/lib.rs:632:18
[INFO] [stdout]   25:     0x5b3d6be049a8 - test::run_test_in_process::{{closure}}::h15d92f75a3adfb79
[INFO] [stdout]                                at /rustc/202008a1b8de96d2e5b6bc02d379db03a877d34d/library/test/src/lib.rs:655:60
[INFO] [stdout]   26:     0x5b3d6be049a8 - <core::panic::unwind_safe::AssertUnwindSafe<F> as core::ops::function::FnOnce<()>>::call_once::hb6c8955835a8dbbb
[INFO] [stdout]                                at /rustc/202008a1b8de96d2e5b6bc02d379db03a877d34d/library/core/src/panic/unwind_safe.rs:272:9
[INFO] [stdout]   27:     0x5b3d6be049a8 - std::panicking::try::do_call::hc79d0fc888a0bd30
[INFO] [stdout]                                at /rustc/202008a1b8de96d2e5b6bc02d379db03a877d34d/library/std/src/panicking.rs:557:40
[INFO] [stdout]   28:     0x5b3d6be049a8 - std::panicking::try::hb8a7878e3a8589d6
[INFO] [stdout]                                at /rustc/202008a1b8de96d2e5b6bc02d379db03a877d34d/library/std/src/panicking.rs:520:19
[INFO] [stdout]   29:     0x5b3d6be049a8 - std::panic::catch_unwind::hb8e4600ff0ff5cfa
[INFO] [stdout]                                at /rustc/202008a1b8de96d2e5b6bc02d379db03a877d34d/library/std/src/panic.rs:358:14
[INFO] [stdout]   30:     0x5b3d6be049a8 - test::run_test_in_process::hc2900b0b18688dd6
[INFO] [stdout]                                at /rustc/202008a1b8de96d2e5b6bc02d379db03a877d34d/library/test/src/lib.rs:655:27
[INFO] [stdout]   31:     0x5b3d6be049a8 - test::run_test::{{closure}}::hac2a9cb07be3d48d
[INFO] [stdout]                                at /rustc/202008a1b8de96d2e5b6bc02d379db03a877d34d/library/test/src/lib.rs:576:43
[INFO] [stdout]   32:     0x5b3d6bdc844a - test::run_test::{{closure}}::h4a5b729e66a38cd8
[INFO] [stdout]                                at /rustc/202008a1b8de96d2e5b6bc02d379db03a877d34d/library/test/src/lib.rs:606:41
[INFO] [stdout]   33:     0x5b3d6bdc844a - std::sys::backtrace::__rust_begin_short_backtrace::h0496fb742492f573
[INFO] [stdout]                                at /rustc/202008a1b8de96d2e5b6bc02d379db03a877d34d/library/std/src/sys/backtrace.rs:154:18
[INFO] [stdout]   34:     0x5b3d6bdcbdc4 - std::thread::Builder::spawn_unchecked_::{{closure}}::{{closure}}::hbb6d257c550a54bd
[INFO] [stdout]                                at /rustc/202008a1b8de96d2e5b6bc02d379db03a877d34d/library/std/src/thread/mod.rs:561:17
[INFO] [stdout]   35:     0x5b3d6bdcbdc4 - <core::panic::unwind_safe::AssertUnwindSafe<F> as core::ops::function::FnOnce<()>>::call_once::h46696fe4a6832328
[INFO] [stdout]                                at /rustc/202008a1b8de96d2e5b6bc02d379db03a877d34d/library/core/src/panic/unwind_safe.rs:272:9
[INFO] [stdout]   36:     0x5b3d6bdcbdc4 - std::panicking::try::do_call::h2625a51b667bfb64
[INFO] [stdout]                                at /rustc/202008a1b8de96d2e5b6bc02d379db03a877d34d/library/std/src/panicking.rs:557:40
[INFO] [stdout]   37:     0x5b3d6bdcbdc4 - std::panicking::try::hb956a59a1973aa4c
[INFO] [stdout]                                at /rustc/202008a1b8de96d2e5b6bc02d379db03a877d34d/library/std/src/panicking.rs:520:19
[INFO] [stdout]   38:     0x5b3d6bdcbdc4 - std::panic::catch_unwind::h64f3b9d1067ef6a0
[INFO] [stdout]                                at /rustc/202008a1b8de96d2e5b6bc02d379db03a877d34d/library/std/src/panic.rs:358:14
[INFO] [stdout]   39:     0x5b3d6bdcbdc4 - std::thread::Builder::spawn_unchecked_::{{closure}}::h42b2841295b6c0b2
[INFO] [stdout]                                at /rustc/202008a1b8de96d2e5b6bc02d379db03a877d34d/library/std/src/thread/mod.rs:559:30
[INFO] [stdout]   40:     0x5b3d6bdcbdc4 - core::ops::function::FnOnce::call_once{{vtable.shim}}::h6127de71b8124639
[INFO] [stdout]                                at /rustc/202008a1b8de96d2e5b6bc02d379db03a877d34d/library/core/src/ops/function.rs:250:5
[INFO] [stdout]   41:     0x5b3d6bf1de2b - <alloc::boxed::Box<F,A> as core::ops::function::FnOnce<Args>>::call_once::h42f0ba71002a1b2c
[INFO] [stdout]                                at /rustc/202008a1b8de96d2e5b6bc02d379db03a877d34d/library/alloc/src/boxed.rs:1972:9
[INFO] [stdout]   42:     0x5b3d6bf1de2b - <alloc::boxed::Box<F,A> as core::ops::function::FnOnce<Args>>::call_once::had9e47d7a3dcecb8
[INFO] [stdout]                                at /rustc/202008a1b8de96d2e5b6bc02d379db03a877d34d/library/alloc/src/boxed.rs:1972:9
[INFO] [stdout]   43:     0x5b3d6bf1de2b - std::sys::pal::unix::thread::Thread::new::thread_start::h48cf765408f6f5f2
[INFO] [stdout]                                at /rustc/202008a1b8de96d2e5b6bc02d379db03a877d34d/library/std/src/sys/pal/unix/thread.rs:105:17
[INFO] [stdout]   44:     0x7e27a85efac3 - <unknown>
[INFO] [stdout]   45:     0x7e27a8680a04 - clone
[INFO] [stdout]   46:                0x0 - <unknown>
[INFO] [stdout] 
[INFO] [stdout] 
[INFO] [stdout] failures:
[INFO] [stdout]     tests::stake_unstake::test_unstake_invalid
[INFO] [stdout] 
[INFO] [stdout] test result: FAILED. 22 passed; 1 failed; 0 ignored; 0 measured; 0 filtered out; finished in 0.16s
[INFO] [stdout] 
[INFO] running `Command { std: "docker" "inspect" "db6678110d3627152a28a72922d43ee6c31371a85903dfa58dad249f980d165f", kill_on_drop: false }`
[INFO] running `Command { std: "docker" "rm" "-f" "db6678110d3627152a28a72922d43ee6c31371a85903dfa58dad249f980d165f", kill_on_drop: false }`
[INFO] [stdout] db6678110d3627152a28a72922d43ee6c31371a85903dfa58dad249f980d165f
