[INFO] cloning repository https://github.com/terhechte/senor-pacbomber
[INFO] running `Command { std: "git" "-c" "credential.helper=" "-c" "credential.helper=/workspace/cargo-home/bin/git-credential-null" "clone" "--bare" "https://github.com/terhechte/senor-pacbomber" "/workspace/cache/git-repos/https%3A%2F%2Fgithub.com%2Fterhechte%2Fsenor-pacbomber", kill_on_drop: false }`
[INFO] [stderr] Cloning into bare repository '/workspace/cache/git-repos/https%3A%2F%2Fgithub.com%2Fterhechte%2Fsenor-pacbomber'...
[INFO] running `Command { std: "git" "rev-parse" "HEAD", kill_on_drop: false }`
[INFO] [stdout] f32764e059b24ec8528a3ead9c4c50dafa595c0f
[INFO] testing terhechte/senor-pacbomber against beta-2024-12-08 for beta-1.84.0-4-retry
[INFO] running `Command { std: "git" "clone" "/workspace/cache/git-repos/https%3A%2F%2Fgithub.com%2Fterhechte%2Fsenor-pacbomber" "/workspace/builds/worker-1-tc2/source", kill_on_drop: false }`
[INFO] [stderr] Cloning into '/workspace/builds/worker-1-tc2/source'...
[INFO] [stderr] done.
[INFO] validating manifest of git repo https://github.com/terhechte/senor-pacbomber on toolchain beta-2024-12-08
[INFO] running `Command { std: CARGO_HOME="/workspace/cargo-home" RUSTUP_HOME="/workspace/rustup-home" "/workspace/cargo-home/bin/cargo" "+beta-2024-12-08" "metadata" "--manifest-path" "Cargo.toml" "--no-deps", kill_on_drop: false }`
[INFO] started tweaking git repo https://github.com/terhechte/senor-pacbomber
[INFO] finished tweaking git repo https://github.com/terhechte/senor-pacbomber
[INFO] tweaked toml for git repo https://github.com/terhechte/senor-pacbomber written to /workspace/builds/worker-1-tc2/source/Cargo.toml
[INFO] crate git repo https://github.com/terhechte/senor-pacbomber already has a lockfile, it will not be regenerated
[INFO] running `Command { std: CARGO_HOME="/workspace/cargo-home" RUSTUP_HOME="/workspace/rustup-home" "/workspace/cargo-home/bin/cargo" "+beta-2024-12-08" "fetch" "--manifest-path" "Cargo.toml", kill_on_drop: false }`
[INFO] running `Command { std: "docker" "create" "-v" "/var/lib/crater-agent-workspace/builds/worker-1-tc2/target:/opt/rustwide/target:rw,Z" "-v" "/var/lib/crater-agent-workspace/builds/worker-1-tc2/source:/opt/rustwide/workdir:ro,Z" "-v" "/var/lib/crater-agent-workspace/cargo-home:/opt/rustwide/cargo-home:ro,Z" "-v" "/var/lib/crater-agent-workspace/rustup-home:/opt/rustwide/rustup-home:ro,Z" "-e" "SOURCE_DIR=/opt/rustwide/workdir" "-e" "CARGO_TARGET_DIR=/opt/rustwide/target" "-e" "CARGO_HOME=/opt/rustwide/cargo-home" "-e" "RUSTUP_HOME=/opt/rustwide/rustup-home" "-w" "/opt/rustwide/workdir" "-m" "1610612736" "--user" "0:0" "--network" "none" "ghcr.io/rust-lang/crates-build-env/linux@sha256:f3a9d4ad9d972b27faf3965f35b62e55ba32bbce8f20bc8fe909558a86702fde" "/opt/rustwide/cargo-home/bin/cargo" "+beta-2024-12-08" "metadata" "--no-deps" "--format-version=1", kill_on_drop: false }`
[INFO] [stdout] c43cdbcb3791887eb6d9aafc70df6419113de39716166a23871923c6bc7025b0
[INFO] running `Command { std: "docker" "start" "-a" "c43cdbcb3791887eb6d9aafc70df6419113de39716166a23871923c6bc7025b0", kill_on_drop: false }`
[INFO] running `Command { std: "docker" "inspect" "c43cdbcb3791887eb6d9aafc70df6419113de39716166a23871923c6bc7025b0", kill_on_drop: false }`
[INFO] running `Command { std: "docker" "rm" "-f" "c43cdbcb3791887eb6d9aafc70df6419113de39716166a23871923c6bc7025b0", kill_on_drop: false }`
[INFO] [stdout] c43cdbcb3791887eb6d9aafc70df6419113de39716166a23871923c6bc7025b0
[INFO] running `Command { std: "docker" "create" "-v" "/var/lib/crater-agent-workspace/builds/worker-1-tc2/target:/opt/rustwide/target:rw,Z" "-v" "/var/lib/crater-agent-workspace/builds/worker-1-tc2/source:/opt/rustwide/workdir:ro,Z" "-v" "/var/lib/crater-agent-workspace/cargo-home:/opt/rustwide/cargo-home:ro,Z" "-v" "/var/lib/crater-agent-workspace/rustup-home:/opt/rustwide/rustup-home:ro,Z" "-e" "SOURCE_DIR=/opt/rustwide/workdir" "-e" "CARGO_TARGET_DIR=/opt/rustwide/target" "-e" "CARGO_INCREMENTAL=0" "-e" "RUST_BACKTRACE=full" "-e" "RUSTFLAGS=--cap-lints=warn" "-e" "RUSTDOCFLAGS=--cap-lints=warn" "-e" "CARGO_HOME=/opt/rustwide/cargo-home" "-e" "RUSTUP_HOME=/opt/rustwide/rustup-home" "-w" "/opt/rustwide/workdir" "-m" "1610612736" "--user" "0:0" "--network" "none" "ghcr.io/rust-lang/crates-build-env/linux@sha256:f3a9d4ad9d972b27faf3965f35b62e55ba32bbce8f20bc8fe909558a86702fde" "/opt/rustwide/cargo-home/bin/cargo" "+beta-2024-12-08" "build" "--frozen" "--message-format=json", kill_on_drop: false }`
[INFO] [stdout] 27b08dbe7bce17d1c56f6f9c90df3edfbc0b8c38a904abdd42d5f7bdf1eb342f
[INFO] running `Command { std: "docker" "start" "-a" "27b08dbe7bce17d1c56f6f9c90df3edfbc0b8c38a904abdd42d5f7bdf1eb342f", kill_on_drop: false }`
[INFO] [stderr]    Compiling proc-macro2 v1.0.43
[INFO] [stderr]    Compiling quote v1.0.21
[INFO] [stderr]    Compiling unicode-ident v1.0.3
[INFO] [stderr]    Compiling syn v1.0.99
[INFO] [stderr]    Compiling libc v0.2.132
[INFO] [stderr]    Compiling serde_derive v1.0.144
[INFO] [stderr]    Compiling serde v1.0.144
[INFO] [stderr]    Compiling once_cell v1.13.1
[INFO] [stderr]    Compiling bitflags v1.3.2
[INFO] [stderr]    Compiling byteorder v1.4.3
[INFO] [stderr]    Compiling scopeguard v1.1.0
[INFO] [stderr]    Compiling memchr v2.5.0
[INFO] [stderr]    Compiling ahash v0.7.6
[INFO] [stderr]    Compiling lock_api v0.4.7
[INFO] [stderr]    Compiling instant v0.1.12
[INFO] [stderr]    Compiling pin-project-lite v0.2.9
[INFO] [stderr]    Compiling parking_lot_core v0.9.3
[INFO] [stderr]    Compiling futures-core v0.3.23
[INFO] [stderr]    Compiling log v0.4.17
[INFO] [stderr]    Compiling fixedbitset v0.4.2
[INFO] [stderr]    Compiling tracing-core v0.1.29
[INFO] [stderr]    Compiling slab v0.4.7
[INFO] [stderr]    Compiling cache-padded v1.2.0
[INFO] [stderr]    Compiling fxhash v0.2.1
[INFO] [stderr]    Compiling erased-serde v0.3.23
[INFO] [stderr]    Compiling fastrand v1.8.0
[INFO] [stderr]    Compiling concurrent-queue v1.2.4
[INFO] [stderr]    Compiling waker-fn v1.1.0
[INFO] [stderr]    Compiling parking v2.0.0
[INFO] [stderr]    Compiling futures-io v0.3.23
[INFO] [stderr]    Compiling async-task v4.3.0
[INFO] [stderr]    Compiling event-listener v2.5.3
[INFO] [stderr]    Compiling thread_local v1.1.4
[INFO] [stderr]    Compiling num-traits v0.2.15
[INFO] [stderr]    Compiling downcast-rs v1.2.0
[INFO] [stderr]    Compiling bevy_ptr v0.8.1
[INFO] [stderr]    Compiling pkg-config v0.3.25
[INFO] [stderr]    Compiling crossbeam-utils v0.8.11
[INFO] [stderr]    Compiling regex-syntax v0.6.27
[INFO] [stderr]    Compiling indexmap v1.9.1
[INFO] [stderr]    Compiling cty v0.2.2
[INFO] [stderr]    Compiling tracing v0.1.36
[INFO] [stderr]    Compiling async-channel v1.7.1
[INFO] [stderr]    Compiling raw-window-handle v0.4.3
[INFO] [stderr]    Compiling tracing-log v0.1.3
[INFO] [stderr]    Compiling sharded-slab v0.1.4
[INFO] [stderr]    Compiling ansi_term v0.12.1
[INFO] [stderr]    Compiling libloading v0.7.3
[INFO] [stderr]    Compiling futures-lite v1.12.0
[INFO] [stderr]    Compiling aho-corasick v0.7.18
[INFO] [stderr]    Compiling bit-vec v0.6.3
[INFO] [stderr]    Compiling unicode-xid v0.2.3
[INFO] [stderr]    Compiling termcolor v1.1.3
[INFO] [stderr]    Compiling anyhow v1.0.62
[INFO] [stderr]    Compiling ash v0.37.0+1.3.209
[INFO] [stderr]    Compiling same-file v1.0.6
[INFO] [stderr]    Compiling khronos-egl v4.1.0
[INFO] [stderr]    Compiling getrandom v0.2.7
[INFO] [stderr]    Compiling crossbeam-channel v0.5.6
[INFO] [stderr]    Compiling unicode-width v0.1.9
[INFO] [stderr]    Compiling walkdir v2.3.2
[INFO] [stderr]    Compiling codespan-reporting v0.11.1
[INFO] [stderr]    Compiling pp-rs v0.2.1
[INFO] [stderr]    Compiling bit-set v0.5.3
[INFO] [stderr]    Compiling gpu-alloc-types v0.2.0
[INFO] [stderr]    Compiling uuid v1.1.2
[INFO] [stderr]    Compiling num_cpus v1.13.1
[INFO] [stderr]    Compiling mio v0.8.4
[INFO] [stderr]    Compiling inotify-sys v0.1.5
[INFO] [stderr]    Compiling inotify v0.9.6
[INFO] [stderr]    Compiling filetime v0.2.17
[INFO] [stderr]    Compiling async-executor v1.4.1
[INFO] [stderr]    Compiling spirv v0.2.0+1.5.4
[INFO] [stderr]    Compiling gpu-descriptor-types v0.1.1
[INFO] [stderr]    Compiling rustc-hash v1.1.0
[INFO] [stderr]    Compiling hexf-parse v0.2.1
[INFO] [stderr]    Compiling arrayvec v0.7.2
[INFO] [stderr]    Compiling crc32fast v1.3.2
[INFO] [stderr]    Compiling cfg_aliases v0.1.1
[INFO] [stderr]    Compiling bevy_tasks v0.8.1
[INFO] [stderr]    Compiling wgpu-core v0.13.2
[INFO] [stderr]    Compiling notify v5.0.0-pre.15
[INFO] [stderr]    Compiling num-integer v0.1.45
[INFO] [stderr]    Compiling gpu-alloc v0.5.3
[INFO] [stderr]    Compiling wgpu-types v0.13.2
[INFO] [stderr]    Compiling num-rational v0.4.1
[INFO] [stderr]    Compiling inplace_it v0.3.4
[INFO] [stderr]    Compiling renderdoc-sys v0.7.1
[INFO] [stderr]    Compiling profiling v1.0.6
[INFO] [stderr]    Compiling adler32 v1.2.0
[INFO] [stderr]    Compiling glow v0.11.2
[INFO] [stderr]    Compiling adler v1.0.2
[INFO] [stderr]    Compiling miniz_oxide v0.5.3
[INFO] [stderr]    Compiling deflate v1.0.0
[INFO] [stderr]    Compiling copyless v0.1.5
[INFO] [stderr]    Compiling scoped_threadpool v0.1.9
[INFO] [stderr]    Compiling const_panic v0.2.4
[INFO] [stderr]    Compiling jpeg-decoder v0.2.6
[INFO] [stderr]    Compiling regex-automata v0.1.10
[INFO] [stderr]    Compiling regex v1.6.0
[INFO] [stderr]    Compiling color_quant v1.1.0
[INFO] [stderr]    Compiling parking_lot_core v0.8.5
[INFO] [stderr]    Compiling memoffset v0.6.5
[INFO] [stderr]    Compiling png v0.17.5
[INFO] [stderr]    Compiling toml v0.5.9
[INFO] [stderr]    Compiling alsa-sys v0.3.1
[INFO] [stderr]    Compiling radsort v0.1.0
[INFO] [stderr]    Compiling libudev-sys v0.1.4
[INFO] [stderr]    Compiling serde_json v1.0.85
[INFO] [stderr]    Compiling ttf-parser v0.15.2
[INFO] [stderr]    Compiling matchers v0.1.0
[INFO] [stderr]    Compiling nix v0.23.1
[INFO] [stderr]    Compiling approx v0.5.1
[INFO] [stderr]    Compiling euclid v0.22.7
[INFO] [stderr]    Compiling x11-dl v2.20.0
[INFO] [stderr]    Compiling tinyvec_macros v0.1.0
[INFO] [stderr]    Compiling cpal v0.13.5
[INFO] [stderr]    Compiling svg_fmt v0.4.1
[INFO] [stderr]    Compiling encase_derive_impl v0.3.0
[INFO] [stderr]    Compiling ab_glyph_rasterizer v0.1.5
[INFO] [stderr]    Compiling inflections v1.1.1
[INFO] [stderr]    Compiling itoa v1.0.3
[INFO] [stderr]    Compiling ryu v1.0.11
[INFO] [stderr]    Compiling typenum v1.15.0
[INFO] [stderr]    Compiling guillotiere v0.6.2
[INFO] [stderr]    Compiling bevy_macro_utils v0.8.1
[INFO] [stderr]    Compiling tinyvec v1.6.0
[INFO] [stderr]    Compiling nix v0.24.2
[INFO] [stderr]    Compiling ogg v0.8.0
[INFO] [stderr]    Compiling vec_map v0.8.2
[INFO] [stderr]    Compiling percent-encoding v2.1.0
[INFO] [stderr]    Compiling xi-unicode v0.3.0
[INFO] [stderr]    Compiling rectangle-pack v0.4.2
[INFO] [stderr]    Compiling base64 v0.13.0
[INFO] [stderr]    Compiling winit v0.26.1
[INFO] [stderr]    Compiling lewton v0.10.2
[INFO] [stderr]    Compiling hash32 v0.2.1
[INFO] [stderr]    Compiling interpolation v0.2.0
[INFO] [stderr]    Compiling thiserror-impl v1.0.32
[INFO] [stderr]    Compiling bytemuck_derive v1.2.1
[INFO] [stderr]    Compiling bevy_reflect_derive v0.8.1
[INFO] [stderr]    Compiling bevy_ecs_macros v0.8.1
[INFO] [stderr]    Compiling bevy_derive v0.8.1
[INFO] [stderr]    Compiling encase_derive v0.3.0
[INFO] [stderr]    Compiling bevy_encase_derive v0.8.1
[INFO] [stderr]    Compiling bevy_render_macros v0.8.1
[INFO] [stderr]    Compiling gltf-derive v1.0.0
[INFO] [stderr]    Compiling owned_ttf_parser v0.15.1
[INFO] [stderr]    Compiling ab_glyph v0.2.16
[INFO] [stderr]    Compiling hash32-derive v0.1.1
[INFO] [stderr]    Compiling glyph_brush_layout v0.2.3
[INFO] [stderr]    Compiling taffy v0.1.0
[INFO] [stderr]    Compiling bytemuck v1.12.1
[INFO] [stderr]    Compiling image v0.24.3
[INFO] [stderr]    Compiling thiserror v1.0.32
[INFO] [stderr]    Compiling alsa v0.6.0
[INFO] [stderr]    Compiling smallvec v1.9.0
[INFO] [stderr]    Compiling hashbrown v0.12.3
[INFO] [stderr]    Compiling glam v0.21.3
[INFO] [stderr]    Compiling ron v0.7.1
[INFO] [stderr]    Compiling tracing-subscriber v0.3.15
[INFO] [stderr]    Compiling gilrs-core v0.4.1
[INFO] [stderr]    Compiling parking_lot v0.12.1
[INFO] [stderr]    Compiling parking_lot v0.11.2
[INFO] [stderr]    Compiling gltf-json v1.0.0
[INFO] [stderr]    Compiling gilrs v0.9.0
[INFO] [stderr]    Compiling bevy_utils v0.8.1
[INFO] [stderr]    Compiling gpu-descriptor v0.2.3
[INFO] [stderr]    Compiling rodio v0.15.0
[INFO] [stderr]    Compiling petgraph v0.6.2
[INFO] [stderr]    Compiling bevy_reflect v0.8.1
[INFO] [stderr]    Compiling bevy_math v0.8.1
[INFO] [stderr]    Compiling bevy_mikktspace v0.8.1
[INFO] [stderr]    Compiling hexasphere v7.2.0
[INFO] [stderr]    Compiling encase v0.3.0
[INFO] [stderr]    Compiling gltf v1.0.0
[INFO] [stderr]    Compiling naga v0.9.0
[INFO] [stderr]    Compiling bevy_ecs v0.8.1
[INFO] [stderr]    Compiling wgpu-hal v0.13.2
[INFO] [stderr]    Compiling bevy_app v0.8.1
[INFO] [stderr]    Compiling bevy_log v0.8.1
[INFO] [stderr]    Compiling bevy_time v0.8.1
[INFO] [stderr]    Compiling bevy_input v0.8.1
[INFO] [stderr]    Compiling bevy_hierarchy v0.8.1
[INFO] [stderr]    Compiling bevy_core v0.8.1
[INFO] [stderr]    Compiling bevy_diagnostic v0.8.1
[INFO] [stderr]    Compiling bevy_transform v0.8.1
[INFO] [stderr]    Compiling bevy_window v0.8.1
[INFO] [stderr]    Compiling bevy_gilrs v0.8.1
[INFO] [stderr]    Compiling bevy_asset v0.8.1
[INFO] [stderr]    Compiling bevy_animation v0.8.1
[INFO] [stderr]    Compiling bevy_audio v0.8.1
[INFO] [stderr]    Compiling bevy_winit v0.8.1
[INFO] [stderr]    Compiling wgpu v0.13.1
[INFO] [stderr]    Compiling bevy_render v0.8.1
[INFO] [stderr]    Compiling bevy_core_pipeline v0.8.1
[INFO] [stderr]    Compiling bevy_scene v0.8.1
[INFO] [stderr]    Compiling bevy_sprite v0.8.1
[INFO] [stderr]    Compiling bevy_pbr v0.8.1
[INFO] [stderr]    Compiling bevy_text v0.8.1
[INFO] [stderr]    Compiling bevy_ui v0.8.1
[INFO] [stderr]    Compiling bevy_gltf v0.8.1
[INFO] [stderr]    Compiling bevy_internal v0.8.1
[INFO] [stderr]    Compiling bevy v0.8.1
[INFO] [stderr]    Compiling bevy_mod_outline v0.2.2
[INFO] [stderr]    Compiling bevy_tweening v0.5.0
[INFO] [stderr]    Compiling pacbomber v0.1.0 (/opt/rustwide/workdir)
[INFO] [stdout] warning: field `finished` is never read
[INFO] [stdout]   --> src/game_plugin/level.rs:20:9
[INFO] [stdout]    |
[INFO] [stdout] 8  | pub struct Level {
[INFO] [stdout]    |            ----- field in this struct
[INFO] [stdout] ...
[INFO] [stdout] 20 |     pub finished: bool,
[INFO] [stdout]    |         ^^^^^^^^
[INFO] [stdout]    |
[INFO] [stdout]    = note: `Level` has a derived impl for the trait `Debug`, but this is intentionally ignored during dead code analysis
[INFO] [stdout]    = note: `#[warn(dead_code)]` on by default
[INFO] [stdout] 
[INFO] [stdout] 
[INFO] [stdout] warning: field `0` is never read
[INFO] [stdout]    --> src/game_plugin/types.rs:170:17
[INFO] [stdout]     |
[INFO] [stdout] 170 | pub struct Size(pub Vec3);
[INFO] [stdout]     |            ---- ^^^^^^^^
[INFO] [stdout]     |            |
[INFO] [stdout]     |            field in this struct
[INFO] [stdout]     |
[INFO] [stdout]     = help: consider removing this field
[INFO] [stdout] 
[INFO] [stdout] 
[INFO] [stderr]     Finished `dev` profile [unoptimized + debuginfo] target(s) in 2m 58s
[INFO] running `Command { std: "docker" "inspect" "27b08dbe7bce17d1c56f6f9c90df3edfbc0b8c38a904abdd42d5f7bdf1eb342f", kill_on_drop: false }`
[INFO] running `Command { std: "docker" "rm" "-f" "27b08dbe7bce17d1c56f6f9c90df3edfbc0b8c38a904abdd42d5f7bdf1eb342f", kill_on_drop: false }`
[INFO] [stdout] 27b08dbe7bce17d1c56f6f9c90df3edfbc0b8c38a904abdd42d5f7bdf1eb342f
[INFO] running `Command { std: "docker" "create" "-v" "/var/lib/crater-agent-workspace/builds/worker-1-tc2/target:/opt/rustwide/target:rw,Z" "-v" "/var/lib/crater-agent-workspace/builds/worker-1-tc2/source:/opt/rustwide/workdir:ro,Z" "-v" "/var/lib/crater-agent-workspace/cargo-home:/opt/rustwide/cargo-home:ro,Z" "-v" "/var/lib/crater-agent-workspace/rustup-home:/opt/rustwide/rustup-home:ro,Z" "-e" "SOURCE_DIR=/opt/rustwide/workdir" "-e" "CARGO_TARGET_DIR=/opt/rustwide/target" "-e" "CARGO_INCREMENTAL=0" "-e" "RUST_BACKTRACE=full" "-e" "RUSTFLAGS=--cap-lints=warn" "-e" "RUSTDOCFLAGS=--cap-lints=warn" "-e" "CARGO_HOME=/opt/rustwide/cargo-home" "-e" "RUSTUP_HOME=/opt/rustwide/rustup-home" "-w" "/opt/rustwide/workdir" "-m" "1610612736" "--user" "0:0" "--network" "none" "ghcr.io/rust-lang/crates-build-env/linux@sha256:f3a9d4ad9d972b27faf3965f35b62e55ba32bbce8f20bc8fe909558a86702fde" "/opt/rustwide/cargo-home/bin/cargo" "+beta-2024-12-08" "test" "--frozen" "--no-run" "--message-format=json", kill_on_drop: false }`
[INFO] [stdout] 285eef9cbf056b28e9a789a8eb8d2971b47550366349e9f7e3e382c6637c7e52
[INFO] running `Command { std: "docker" "start" "-a" "285eef9cbf056b28e9a789a8eb8d2971b47550366349e9f7e3e382c6637c7e52", kill_on_drop: false }`
[INFO] [stderr]    Compiling pacbomber v0.1.0 (/opt/rustwide/workdir)
[INFO] [stdout] warning: field `finished` is never read
[INFO] [stdout]   --> src/game_plugin/level.rs:20:9
[INFO] [stdout]    |
[INFO] [stdout] 8  | pub struct Level {
[INFO] [stdout]    |            ----- field in this struct
[INFO] [stdout] ...
[INFO] [stdout] 20 |     pub finished: bool,
[INFO] [stdout]    |         ^^^^^^^^
[INFO] [stdout]    |
[INFO] [stdout]    = note: `Level` has a derived impl for the trait `Debug`, but this is intentionally ignored during dead code analysis
[INFO] [stdout]    = note: `#[warn(dead_code)]` on by default
[INFO] [stdout] 
[INFO] [stdout] 
[INFO] [stdout] warning: field `0` is never read
[INFO] [stdout]    --> src/game_plugin/types.rs:170:17
[INFO] [stdout]     |
[INFO] [stdout] 170 | pub struct Size(pub Vec3);
[INFO] [stdout]     |            ---- ^^^^^^^^
[INFO] [stdout]     |            |
[INFO] [stdout]     |            field in this struct
[INFO] [stdout]     |
[INFO] [stdout]     = help: consider removing this field
[INFO] [stdout] 
[INFO] [stdout] 
[INFO] [stderr]     Finished `test` profile [unoptimized + debuginfo] target(s) in 11.57s
[INFO] running `Command { std: "docker" "inspect" "285eef9cbf056b28e9a789a8eb8d2971b47550366349e9f7e3e382c6637c7e52", kill_on_drop: false }`
[INFO] running `Command { std: "docker" "rm" "-f" "285eef9cbf056b28e9a789a8eb8d2971b47550366349e9f7e3e382c6637c7e52", kill_on_drop: false }`
[INFO] [stdout] 285eef9cbf056b28e9a789a8eb8d2971b47550366349e9f7e3e382c6637c7e52
[INFO] running `Command { std: "docker" "create" "-v" "/var/lib/crater-agent-workspace/builds/worker-1-tc2/target:/opt/rustwide/target:rw,Z" "-v" "/var/lib/crater-agent-workspace/builds/worker-1-tc2/source:/opt/rustwide/workdir:ro,Z" "-v" "/var/lib/crater-agent-workspace/cargo-home:/opt/rustwide/cargo-home:ro,Z" "-v" "/var/lib/crater-agent-workspace/rustup-home:/opt/rustwide/rustup-home:ro,Z" "-e" "SOURCE_DIR=/opt/rustwide/workdir" "-e" "CARGO_TARGET_DIR=/opt/rustwide/target" "-e" "CARGO_INCREMENTAL=0" "-e" "RUST_BACKTRACE=full" "-e" "RUSTFLAGS=--cap-lints=warn" "-e" "RUSTDOCFLAGS=--cap-lints=warn" "-e" "CARGO_HOME=/opt/rustwide/cargo-home" "-e" "RUSTUP_HOME=/opt/rustwide/rustup-home" "-w" "/opt/rustwide/workdir" "-m" "1610612736" "--user" "0:0" "--network" "none" "ghcr.io/rust-lang/crates-build-env/linux@sha256:f3a9d4ad9d972b27faf3965f35b62e55ba32bbce8f20bc8fe909558a86702fde" "/opt/rustwide/cargo-home/bin/cargo" "+beta-2024-12-08" "test" "--frozen", kill_on_drop: false }`
[INFO] [stdout] 957e6937678f6e2f00fe021bd362bc1abe29861445fd35910b83a82c8ff33f3e
[INFO] running `Command { std: "docker" "start" "-a" "957e6937678f6e2f00fe021bd362bc1abe29861445fd35910b83a82c8ff33f3e", kill_on_drop: false }`
[INFO] [stderr] warning: field `finished` is never read
[INFO] [stderr]   --> src/game_plugin/level.rs:20:9
[INFO] [stderr]    |
[INFO] [stderr] 8  | pub struct Level {
[INFO] [stderr]    |            ----- field in this struct
[INFO] [stderr] ...
[INFO] [stderr] 20 |     pub finished: bool,
[INFO] [stderr]    |         ^^^^^^^^
[INFO] [stderr]    |
[INFO] [stderr]    = note: `Level` has a derived impl for the trait `Debug`, but this is intentionally ignored during dead code analysis
[INFO] [stderr]    = note: `#[warn(dead_code)]` on by default
[INFO] [stderr] 
[INFO] [stderr] warning: field `0` is never read
[INFO] [stderr]    --> src/game_plugin/types.rs:170:17
[INFO] [stderr]     |
[INFO] [stderr] 170 | pub struct Size(pub Vec3);
[INFO] [stderr]     |            ---- ^^^^^^^^
[INFO] [stderr]     |            |
[INFO] [stderr]     |            field in this struct
[INFO] [stderr]     |
[INFO] [stderr]     = help: consider removing this field
[INFO] [stderr] 
[INFO] [stderr] warning: `pacbomber` (bin "pacbomber" test) generated 2 warnings
[INFO] [stderr]     Finished `test` profile [unoptimized + debuginfo] target(s) in 0.27s
[INFO] [stderr]      Running unittests src/main.rs (/opt/rustwide/target/debug/deps/pacbomber-8d420e087112e720)
[INFO] [stdout] 
[INFO] [stdout] running 1 test
[INFO] [stdout] test game_plugin::level::tests::test_wall_positions ... FAILED
[INFO] [stdout] 
[INFO] [stdout] failures:
[INFO] [stdout] 
[INFO] [stdout] ---- game_plugin::level::tests::test_wall_positions stdout ----
[INFO] [stdout] thread 'game_plugin::level::tests::test_wall_positions' panicked at src/game_plugin/level.rs:73:47:
[INFO] [stdout] Expect a player position in the level!
[INFO] [stdout] stack backtrace:
[INFO] [stdout]    0:     0x6375a986e4aa - std::backtrace_rs::backtrace::libunwind::trace::h8810477743020387
[INFO] [stdout]                                at /rustc/202008a1b8de96d2e5b6bc02d379db03a877d34d/library/std/src/../../backtrace/src/backtrace/libunwind.rs:116:5
[INFO] [stdout]    1:     0x6375a986e4aa - std::backtrace_rs::backtrace::trace_unsynchronized::h3aa55355dd6c54a6
[INFO] [stdout]                                at /rustc/202008a1b8de96d2e5b6bc02d379db03a877d34d/library/std/src/../../backtrace/src/backtrace/mod.rs:66:5
[INFO] [stdout]    2:     0x6375a986e4aa - std::sys::backtrace::_print_fmt::h8588b0f62410823f
[INFO] [stdout]                                at /rustc/202008a1b8de96d2e5b6bc02d379db03a877d34d/library/std/src/sys/backtrace.rs:66:9
[INFO] [stdout]    3:     0x6375a986e4aa - <std::sys::backtrace::BacktraceLock::print::DisplayBacktrace as core::fmt::Display>::fmt::h98c26ac25ffe89bb
[INFO] [stdout]                                at /rustc/202008a1b8de96d2e5b6bc02d379db03a877d34d/library/std/src/sys/backtrace.rs:39:26
[INFO] [stdout]    4:     0x6375a9893f13 - core::fmt::rt::Argument::fmt::hf95377f4aebd453b
[INFO] [stdout]                                at /rustc/202008a1b8de96d2e5b6bc02d379db03a877d34d/library/core/src/fmt/rt.rs:177:76
[INFO] [stdout]    5:     0x6375a9893f13 - core::fmt::write::h0dd5f6e2238c7982
[INFO] [stdout]                                at /rustc/202008a1b8de96d2e5b6bc02d379db03a877d34d/library/core/src/fmt/mod.rs:1189:21
[INFO] [stdout]    6:     0x6375a986b643 - std::io::Write::write_fmt::h03bb0ca26e6faf8c
[INFO] [stdout]                                at /rustc/202008a1b8de96d2e5b6bc02d379db03a877d34d/library/std/src/io/mod.rs:1884:15
[INFO] [stdout]    7:     0x6375a986e2f2 - std::sys::backtrace::BacktraceLock::print::h5c19c1c038ee186d
[INFO] [stdout]                                at /rustc/202008a1b8de96d2e5b6bc02d379db03a877d34d/library/std/src/sys/backtrace.rs:42:9
[INFO] [stdout]    8:     0x6375a986f92d - std::panicking::default_hook::{{closure}}::h77172f079a1fcb13
[INFO] [stdout]                                at /rustc/202008a1b8de96d2e5b6bc02d379db03a877d34d/library/std/src/panicking.rs:268:22
[INFO] [stdout]    9:     0x6375a986f737 - std::panicking::default_hook::he5f8e3b203ccddba
[INFO] [stdout]                                at /rustc/202008a1b8de96d2e5b6bc02d379db03a877d34d/library/std/src/panicking.rs:292:9
[INFO] [stdout]   10:     0x6375a982b3e7 - <alloc::boxed::Box<F,A> as core::ops::function::Fn<Args>>::call::h7a3c7b4a1ae77f2f
[INFO] [stdout]                                at /rustc/202008a1b8de96d2e5b6bc02d379db03a877d34d/library/alloc/src/boxed.rs:1986:9
[INFO] [stdout]   11:     0x6375a982b3e7 - test::test_main::{{closure}}::hf0d3b69ae9b353d1
[INFO] [stdout]                                at /rustc/202008a1b8de96d2e5b6bc02d379db03a877d34d/library/test/src/lib.rs:134:21
[INFO] [stdout]   12:     0x6375a986ffd8 - <alloc::boxed::Box<F,A> as core::ops::function::Fn<Args>>::call::h6332e82e7b189abd
[INFO] [stdout]                                at /rustc/202008a1b8de96d2e5b6bc02d379db03a877d34d/library/alloc/src/boxed.rs:1986:9
[INFO] [stdout]   13:     0x6375a986ffd8 - std::panicking::rust_panic_with_hook::h53863d4e9018df39
[INFO] [stdout]                                at /rustc/202008a1b8de96d2e5b6bc02d379db03a877d34d/library/std/src/panicking.rs:809:13
[INFO] [stdout]   14:     0x6375a986fd9a - std::panicking::begin_panic_handler::{{closure}}::h67280e6fa0757873
[INFO] [stdout]                                at /rustc/202008a1b8de96d2e5b6bc02d379db03a877d34d/library/std/src/panicking.rs:674:13
[INFO] [stdout]   15:     0x6375a986e989 - std::sys::backtrace::__rust_end_short_backtrace::h1dac3f54d6fbbeb2
[INFO] [stdout]                                at /rustc/202008a1b8de96d2e5b6bc02d379db03a877d34d/library/std/src/sys/backtrace.rs:170:18
[INFO] [stdout]   16:     0x6375a986fa2c - rust_begin_unwind
[INFO] [stdout]                                at /rustc/202008a1b8de96d2e5b6bc02d379db03a877d34d/library/std/src/panicking.rs:665:5
[INFO] [stdout]   17:     0x6375a97e6aa0 - core::panicking::panic_fmt::h6792bd1b2bf01041
[INFO] [stdout]                                at /rustc/202008a1b8de96d2e5b6bc02d379db03a877d34d/library/core/src/panicking.rs:76:14
[INFO] [stdout]   18:     0x6375a97e6a7b - core::panicking::panic_display::heec830c0b35a8bc8
[INFO] [stdout]                                at /rustc/202008a1b8de96d2e5b6bc02d379db03a877d34d/library/core/src/panicking.rs:269:5
[INFO] [stdout]   19:     0x6375a97e6a7b - core::option::expect_failed::h036270c076a06b31
[INFO] [stdout]                                at /rustc/202008a1b8de96d2e5b6bc02d379db03a877d34d/library/core/src/option.rs:2018:5
[INFO] [stdout]   20:     0x6375a97e9720 - core::option::Option<T>::expect::hc68a4980be05501d
[INFO] [stdout]                                at /rustc/202008a1b8de96d2e5b6bc02d379db03a877d34d/library/core/src/option.rs:933:21
[INFO] [stdout]   21:     0x6375a97ed5fd - pacbomber::game_plugin::level::Level::new_data::h421942af1d428d1c
[INFO] [stdout]                                at /opt/rustwide/workdir/src/game_plugin/level.rs:73:31
[INFO] [stdout]   22:     0x6375a97ee961 - pacbomber::game_plugin::level::tests::test_wall_positions::h88c833c9b9cfef21
[INFO] [stdout]                                at /opt/rustwide/workdir/src/game_plugin/level.rs:271:21
[INFO] [stdout]   23:     0x6375a97ee917 - pacbomber::game_plugin::level::tests::test_wall_positions::{{closure}}::h4408111887160d29
[INFO] [stdout]                                at /opt/rustwide/workdir/src/game_plugin/level.rs:262:29
[INFO] [stdout]   24:     0x6375a97e8506 - core::ops::function::FnOnce::call_once::h1844727e1291547f
[INFO] [stdout]                                at /rustc/202008a1b8de96d2e5b6bc02d379db03a877d34d/library/core/src/ops/function.rs:250:5
[INFO] [stdout]   25:     0x6375a982ff0b - core::ops::function::FnOnce::call_once::h871bf86719ec9aa4
[INFO] [stdout]                                at /rustc/202008a1b8de96d2e5b6bc02d379db03a877d34d/library/core/src/ops/function.rs:250:5
[INFO] [stdout]   26:     0x6375a982ff0b - test::__rust_begin_short_backtrace::h2167df1e2b7d76fd
[INFO] [stdout]                                at /rustc/202008a1b8de96d2e5b6bc02d379db03a877d34d/library/test/src/lib.rs:632:18
[INFO] [stdout]   27:     0x6375a982f8f8 - test::run_test_in_process::{{closure}}::h15d92f75a3adfb79
[INFO] [stdout]                                at /rustc/202008a1b8de96d2e5b6bc02d379db03a877d34d/library/test/src/lib.rs:655:60
[INFO] [stdout]   28:     0x6375a982f8f8 - <core::panic::unwind_safe::AssertUnwindSafe<F> as core::ops::function::FnOnce<()>>::call_once::hb6c8955835a8dbbb
[INFO] [stdout]                                at /rustc/202008a1b8de96d2e5b6bc02d379db03a877d34d/library/core/src/panic/unwind_safe.rs:272:9
[INFO] [stdout]   29:     0x6375a982f8f8 - std::panicking::try::do_call::hc79d0fc888a0bd30
[INFO] [stdout]                                at /rustc/202008a1b8de96d2e5b6bc02d379db03a877d34d/library/std/src/panicking.rs:557:40
[INFO] [stdout]   30:     0x6375a982f8f8 - std::panicking::try::hb8a7878e3a8589d6
[INFO] [stdout]                                at /rustc/202008a1b8de96d2e5b6bc02d379db03a877d34d/library/std/src/panicking.rs:520:19
[INFO] [stdout]   31:     0x6375a982f8f8 - std::panic::catch_unwind::hb8e4600ff0ff5cfa
[INFO] [stdout]                                at /rustc/202008a1b8de96d2e5b6bc02d379db03a877d34d/library/std/src/panic.rs:358:14
[INFO] [stdout]   32:     0x6375a982f8f8 - test::run_test_in_process::hc2900b0b18688dd6
[INFO] [stdout]                                at /rustc/202008a1b8de96d2e5b6bc02d379db03a877d34d/library/test/src/lib.rs:655:27
[INFO] [stdout]   33:     0x6375a982f8f8 - test::run_test::{{closure}}::hac2a9cb07be3d48d
[INFO] [stdout]                                at /rustc/202008a1b8de96d2e5b6bc02d379db03a877d34d/library/test/src/lib.rs:576:43
[INFO] [stdout]   34:     0x6375a97f339a - test::run_test::{{closure}}::h4a5b729e66a38cd8
[INFO] [stdout]                                at /rustc/202008a1b8de96d2e5b6bc02d379db03a877d34d/library/test/src/lib.rs:606:41
[INFO] [stdout]   35:     0x6375a97f339a - std::sys::backtrace::__rust_begin_short_backtrace::h0496fb742492f573
[INFO] [stdout]                                at /rustc/202008a1b8de96d2e5b6bc02d379db03a877d34d/library/std/src/sys/backtrace.rs:154:18
[INFO] [stdout]   36:     0x6375a97f6d14 - std::thread::Builder::spawn_unchecked_::{{closure}}::{{closure}}::hbb6d257c550a54bd
[INFO] [stdout]                                at /rustc/202008a1b8de96d2e5b6bc02d379db03a877d34d/library/std/src/thread/mod.rs:561:17
[INFO] [stdout]   37:     0x6375a97f6d14 - <core::panic::unwind_safe::AssertUnwindSafe<F> as core::ops::function::FnOnce<()>>::call_once::h46696fe4a6832328
[INFO] [stdout]                                at /rustc/202008a1b8de96d2e5b6bc02d379db03a877d34d/library/core/src/panic/unwind_safe.rs:272:9
[INFO] [stdout]   38:     0x6375a97f6d14 - std::panicking::try::do_call::h2625a51b667bfb64
[INFO] [stdout]                                at /rustc/202008a1b8de96d2e5b6bc02d379db03a877d34d/library/std/src/panicking.rs:557:40
[INFO] [stdout]   39:     0x6375a97f6d14 - std::panicking::try::hb956a59a1973aa4c
[INFO] [stdout]                                at /rustc/202008a1b8de96d2e5b6bc02d379db03a877d34d/library/std/src/panicking.rs:520:19
[INFO] [stdout]   40:     0x6375a97f6d14 - std::panic::catch_unwind::h64f3b9d1067ef6a0
[INFO] [stdout]                                at /rustc/202008a1b8de96d2e5b6bc02d379db03a877d34d/library/std/src/panic.rs:358:14
[INFO] [stdout]   41:     0x6375a97f6d14 - std::thread::Builder::spawn_unchecked_::{{closure}}::h42b2841295b6c0b2
[INFO] [stdout]                                at /rustc/202008a1b8de96d2e5b6bc02d379db03a877d34d/library/std/src/thread/mod.rs:559:30
[INFO] [stdout]   42:     0x6375a97f6d14 - core::ops::function::FnOnce::call_once{{vtable.shim}}::h6127de71b8124639
[INFO] [stdout]                                at /rustc/202008a1b8de96d2e5b6bc02d379db03a877d34d/library/core/src/ops/function.rs:250:5
[INFO] [stdout]   43:     0x6375a9873f1b - <alloc::boxed::Box<F,A> as core::ops::function::FnOnce<Args>>::call_once::h42f0ba71002a1b2c
[INFO] [stdout]                                at /rustc/202008a1b8de96d2e5b6bc02d379db03a877d34d/library/alloc/src/boxed.rs:1972:9
[INFO] [stdout]   44:     0x6375a9873f1b - <alloc::boxed::Box<F,A> as core::ops::function::FnOnce<Args>>::call_once::had9e47d7a3dcecb8
[INFO] [stdout]                                at /rustc/202008a1b8de96d2e5b6bc02d379db03a877d34d/library/alloc/src/boxed.rs:1972:9
[INFO] [stdout]   45:     0x6375a9873f1b - std::sys::pal::unix::thread::Thread::new::thread_start::h48cf765408f6f5f2
[INFO] [stdout]                                at /rustc/202008a1b8de96d2e5b6bc02d379db03a877d34d/library/std/src/sys/pal/unix/thread.rs:105:17
[INFO] [stdout]   46:     0x7835133faac3 - <unknown>
[INFO] [stdout]   47:     0x78351348ba04 - clone
[INFO] [stdout]   48:                0x0 - <unknown>
[INFO] [stdout] 
[INFO] [stdout] 
[INFO] [stdout] failures:
[INFO] [stdout]     game_plugin::level::tests::test_wall_positions
[INFO] [stdout] 
[INFO] [stdout] test result: FAILED. 0 passed; 1 failed; 0 ignored; 0 measured; 0 filtered out; finished in 0.17s
[INFO] [stdout] 
[INFO] [stderr] error: test failed, to rerun pass `--bin pacbomber`
[INFO] running `Command { std: "docker" "inspect" "957e6937678f6e2f00fe021bd362bc1abe29861445fd35910b83a82c8ff33f3e", kill_on_drop: false }`
[INFO] running `Command { std: "docker" "rm" "-f" "957e6937678f6e2f00fe021bd362bc1abe29861445fd35910b83a82c8ff33f3e", kill_on_drop: false }`
[INFO] [stdout] 957e6937678f6e2f00fe021bd362bc1abe29861445fd35910b83a82c8ff33f3e
