[INFO] cloning repository https://github.com/tashoecraft/dmg-01
[INFO] running `Command { std: "git" "-c" "credential.helper=" "-c" "credential.helper=/workspace/cargo-home/bin/git-credential-null" "clone" "--bare" "https://github.com/tashoecraft/dmg-01" "/workspace/cache/git-repos/https%3A%2F%2Fgithub.com%2Ftashoecraft%2Fdmg-01", kill_on_drop: false }`
[INFO] [stderr] Cloning into bare repository '/workspace/cache/git-repos/https%3A%2F%2Fgithub.com%2Ftashoecraft%2Fdmg-01'...
[INFO] running `Command { std: "git" "rev-parse" "HEAD", kill_on_drop: false }`
[INFO] [stdout] f6932bd3861a3e3176ab7b223e3db9a2d7e26236
[INFO] testing tashoecraft/dmg-01 against 1.83.0 for beta-1.84.0-4-retry
[INFO] running `Command { std: "git" "clone" "/workspace/cache/git-repos/https%3A%2F%2Fgithub.com%2Ftashoecraft%2Fdmg-01" "/workspace/builds/worker-6-tc1/source", kill_on_drop: false }`
[INFO] [stderr] Cloning into '/workspace/builds/worker-6-tc1/source'...
[INFO] [stderr] done.
[INFO] validating manifest of git repo https://github.com/tashoecraft/dmg-01 on toolchain 1.83.0
[INFO] running `Command { std: CARGO_HOME="/workspace/cargo-home" RUSTUP_HOME="/workspace/rustup-home" "/workspace/cargo-home/bin/cargo" "+1.83.0" "metadata" "--manifest-path" "Cargo.toml" "--no-deps", kill_on_drop: false }`
[INFO] started tweaking git repo https://github.com/tashoecraft/dmg-01
[INFO] finished tweaking git repo https://github.com/tashoecraft/dmg-01
[INFO] tweaked toml for git repo https://github.com/tashoecraft/dmg-01 written to /workspace/builds/worker-6-tc1/source/Cargo.toml
[INFO] crate git repo https://github.com/tashoecraft/dmg-01 already has a lockfile, it will not be regenerated
[INFO] running `Command { std: CARGO_HOME="/workspace/cargo-home" RUSTUP_HOME="/workspace/rustup-home" "/workspace/cargo-home/bin/cargo" "+1.83.0" "fetch" "--manifest-path" "Cargo.toml", kill_on_drop: false }`
[INFO] running `Command { std: "docker" "create" "-v" "/var/lib/crater-agent-workspace/builds/worker-6-tc1/target:/opt/rustwide/target:rw,Z" "-v" "/var/lib/crater-agent-workspace/builds/worker-6-tc1/source:/opt/rustwide/workdir:ro,Z" "-v" "/var/lib/crater-agent-workspace/cargo-home:/opt/rustwide/cargo-home:ro,Z" "-v" "/var/lib/crater-agent-workspace/rustup-home:/opt/rustwide/rustup-home:ro,Z" "-e" "SOURCE_DIR=/opt/rustwide/workdir" "-e" "CARGO_TARGET_DIR=/opt/rustwide/target" "-e" "CARGO_HOME=/opt/rustwide/cargo-home" "-e" "RUSTUP_HOME=/opt/rustwide/rustup-home" "-w" "/opt/rustwide/workdir" "-m" "1610612736" "--user" "0:0" "--network" "none" "ghcr.io/rust-lang/crates-build-env/linux@sha256:f3a9d4ad9d972b27faf3965f35b62e55ba32bbce8f20bc8fe909558a86702fde" "/opt/rustwide/cargo-home/bin/cargo" "+1.83.0" "metadata" "--no-deps" "--format-version=1", kill_on_drop: false }`
[INFO] [stdout] 017f024a754440f82f59ba3bee63bc0a11b9f4b445ac522c4d42d4e66a4a4f8a
[INFO] running `Command { std: "docker" "start" "-a" "017f024a754440f82f59ba3bee63bc0a11b9f4b445ac522c4d42d4e66a4a4f8a", kill_on_drop: false }`
[INFO] running `Command { std: "docker" "inspect" "017f024a754440f82f59ba3bee63bc0a11b9f4b445ac522c4d42d4e66a4a4f8a", kill_on_drop: false }`
[INFO] running `Command { std: "docker" "rm" "-f" "017f024a754440f82f59ba3bee63bc0a11b9f4b445ac522c4d42d4e66a4a4f8a", kill_on_drop: false }`
[INFO] [stdout] 017f024a754440f82f59ba3bee63bc0a11b9f4b445ac522c4d42d4e66a4a4f8a
[INFO] running `Command { std: "docker" "create" "-v" "/var/lib/crater-agent-workspace/builds/worker-6-tc1/target:/opt/rustwide/target:rw,Z" "-v" "/var/lib/crater-agent-workspace/builds/worker-6-tc1/source:/opt/rustwide/workdir:ro,Z" "-v" "/var/lib/crater-agent-workspace/cargo-home:/opt/rustwide/cargo-home:ro,Z" "-v" "/var/lib/crater-agent-workspace/rustup-home:/opt/rustwide/rustup-home:ro,Z" "-e" "SOURCE_DIR=/opt/rustwide/workdir" "-e" "CARGO_TARGET_DIR=/opt/rustwide/target" "-e" "CARGO_INCREMENTAL=0" "-e" "RUST_BACKTRACE=full" "-e" "RUSTFLAGS=--cap-lints=warn" "-e" "RUSTDOCFLAGS=--cap-lints=warn" "-e" "CARGO_HOME=/opt/rustwide/cargo-home" "-e" "RUSTUP_HOME=/opt/rustwide/rustup-home" "-w" "/opt/rustwide/workdir" "-m" "1610612736" "--user" "0:0" "--network" "none" "ghcr.io/rust-lang/crates-build-env/linux@sha256:f3a9d4ad9d972b27faf3965f35b62e55ba32bbce8f20bc8fe909558a86702fde" "/opt/rustwide/cargo-home/bin/cargo" "+1.83.0" "build" "--frozen" "--message-format=json", kill_on_drop: false }`
[INFO] [stdout] daceedff3eedbf8fd88b93bb4d006b7ed72b29554f0c1286b08e28bf6eb2f5ad
[INFO] running `Command { std: "docker" "start" "-a" "daceedff3eedbf8fd88b93bb4d006b7ed72b29554f0c1286b08e28bf6eb2f5ad", kill_on_drop: false }`
[INFO] [stderr]    Compiling emulator v0.1.0 (/opt/rustwide/workdir)
[INFO] [stdout] warning: unreachable pattern
[INFO] [stdout]    --> src/cpu/mod.rs:201:13
[INFO] [stdout]     |
[INFO] [stdout] 201 |             _ => { /* TODO: support more instructions */ }
[INFO] [stdout]     |             ^ no value can reach this
[INFO] [stdout]     |
[INFO] [stdout] note: multiple earlier patterns match some of the same values
[INFO] [stdout]    --> src/cpu/mod.rs:201:13
[INFO] [stdout]     |
[INFO] [stdout] 22  |             Instruction::ADD(target) => {
[INFO] [stdout]     |             ------------------------ matches some of the same values
[INFO] [stdout] ...
[INFO] [stdout] 63  |             Instruction::ADC(target) => {
[INFO] [stdout]     |             ------------------------ matches some of the same values
[INFO] [stdout] ...
[INFO] [stdout] 105 |             Instruction::ADDHL(target) => {
[INFO] [stdout]     |             -------------------------- matches some of the same values
[INFO] [stdout] ...
[INFO] [stdout] 131 |             Instruction::SUB(target) => {
[INFO] [stdout]     |             ------------------------ matches some of the same values
[INFO] [stdout] ...
[INFO] [stdout] 201 |             _ => { /* TODO: support more instructions */ }
[INFO] [stdout]     |             ^ ...and 1 other patterns collectively make this unreachable
[INFO] [stdout]     = note: `#[warn(unreachable_patterns)]` on by default
[INFO] [stdout] 
[INFO] [stdout] 
[INFO] [stdout] warning: unreachable pattern
[INFO] [stdout]   --> src/cpu/mod.rs:45:21
[INFO] [stdout]    |
[INFO] [stdout] 40 |                     ArthimeticTarget::D => {
[INFO] [stdout]    |                     ------------------- matches all the relevant values
[INFO] [stdout] ...
[INFO] [stdout] 45 |                     ArthimeticTarget::D => {
[INFO] [stdout]    |                     ^^^^^^^^^^^^^^^^^^^ no value can reach this
[INFO] [stdout] 
[INFO] [stdout] 
[INFO] [stdout] warning: unreachable pattern
[INFO] [stdout]   --> src/cpu/mod.rs:86:21
[INFO] [stdout]    |
[INFO] [stdout] 81 |                     ArthimeticTarget::D => {
[INFO] [stdout]    |                     ------------------- matches all the relevant values
[INFO] [stdout] ...
[INFO] [stdout] 86 |                     ArthimeticTarget::D => {
[INFO] [stdout]    |                     ^^^^^^^^^^^^^^^^^^^ no value can reach this
[INFO] [stdout] 
[INFO] [stdout] 
[INFO] [stdout] warning: unreachable pattern
[INFO] [stdout]    --> src/cpu/mod.rs:127:21
[INFO] [stdout]     |
[INFO] [stdout] 127 |                     _ => { /* Error for unsupported addHL target */ }
[INFO] [stdout]     |                     ^ no value can reach this
[INFO] [stdout]     |
[INFO] [stdout] note: multiple earlier patterns match some of the same values
[INFO] [stdout]    --> src/cpu/mod.rs:127:21
[INFO] [stdout]     |
[INFO] [stdout] 107 |                     ADDHLTarget::BC => {
[INFO] [stdout]     |                     --------------- matches some of the same values
[INFO] [stdout] ...
[INFO] [stdout] 112 |                     ADDHLTarget::DE => {
[INFO] [stdout]     |                     --------------- matches some of the same values
[INFO] [stdout] ...
[INFO] [stdout] 117 |                     ADDHLTarget::HL => {
[INFO] [stdout]     |                     --------------- matches some of the same values
[INFO] [stdout] ...
[INFO] [stdout] 122 |                     ADDHLTarget::SP => {
[INFO] [stdout]     |                     --------------- matches some of the same values
[INFO] [stdout] ...
[INFO] [stdout] 127 |                     _ => { /* Error for unsupported addHL target */ }
[INFO] [stdout]     |                     ^ collectively making this unreachable
[INFO] [stdout] 
[INFO] [stdout] 
[INFO] [stdout] warning: methods `execute`, `add`, `add_hl`, and `sub` are never used
[INFO] [stdout]    --> src/cpu/mod.rs:20:8
[INFO] [stdout]     |
[INFO] [stdout] 13  | impl CPU {
[INFO] [stdout]     | -------- methods in this implementation
[INFO] [stdout] ...
[INFO] [stdout] 20  |     fn execute(&mut self, instruction: Instruction) {
[INFO] [stdout]     |        ^^^^^^^
[INFO] [stdout] ...
[INFO] [stdout] 205 |     fn add(&mut self, value: u8, add_carry: bool) -> u8 {
[INFO] [stdout]     |        ^^^
[INFO] [stdout] ...
[INFO] [stdout] 227 |     fn add_hl(&mut self, value: u16) -> u16 {
[INFO] [stdout]     |        ^^^^^^
[INFO] [stdout] ...
[INFO] [stdout] 237 |     fn sub(&mut self, value: u8, sub_carry: bool) -> u8 {
[INFO] [stdout]     |        ^^^
[INFO] [stdout]     |
[INFO] [stdout]     = note: `#[warn(dead_code)]` on by default
[INFO] [stdout] 
[INFO] [stdout] 
[INFO] [stderr]     Finished `dev` profile [unoptimized + debuginfo] target(s) in 0.26s
[INFO] running `Command { std: "docker" "inspect" "daceedff3eedbf8fd88b93bb4d006b7ed72b29554f0c1286b08e28bf6eb2f5ad", kill_on_drop: false }`
[INFO] running `Command { std: "docker" "rm" "-f" "daceedff3eedbf8fd88b93bb4d006b7ed72b29554f0c1286b08e28bf6eb2f5ad", kill_on_drop: false }`
[INFO] [stdout] daceedff3eedbf8fd88b93bb4d006b7ed72b29554f0c1286b08e28bf6eb2f5ad
[INFO] running `Command { std: "docker" "create" "-v" "/var/lib/crater-agent-workspace/builds/worker-6-tc1/target:/opt/rustwide/target:rw,Z" "-v" "/var/lib/crater-agent-workspace/builds/worker-6-tc1/source:/opt/rustwide/workdir:ro,Z" "-v" "/var/lib/crater-agent-workspace/cargo-home:/opt/rustwide/cargo-home:ro,Z" "-v" "/var/lib/crater-agent-workspace/rustup-home:/opt/rustwide/rustup-home:ro,Z" "-e" "SOURCE_DIR=/opt/rustwide/workdir" "-e" "CARGO_TARGET_DIR=/opt/rustwide/target" "-e" "CARGO_INCREMENTAL=0" "-e" "RUST_BACKTRACE=full" "-e" "RUSTFLAGS=--cap-lints=warn" "-e" "RUSTDOCFLAGS=--cap-lints=warn" "-e" "CARGO_HOME=/opt/rustwide/cargo-home" "-e" "RUSTUP_HOME=/opt/rustwide/rustup-home" "-w" "/opt/rustwide/workdir" "-m" "1610612736" "--user" "0:0" "--network" "none" "ghcr.io/rust-lang/crates-build-env/linux@sha256:f3a9d4ad9d972b27faf3965f35b62e55ba32bbce8f20bc8fe909558a86702fde" "/opt/rustwide/cargo-home/bin/cargo" "+1.83.0" "test" "--frozen" "--no-run" "--message-format=json", kill_on_drop: false }`
[INFO] [stdout] 61b6f2154a8defb66c4cb6b652f9a7535b5dbc9646aa2b8245c21cb225ac3fcb
[INFO] running `Command { std: "docker" "start" "-a" "61b6f2154a8defb66c4cb6b652f9a7535b5dbc9646aa2b8245c21cb225ac3fcb", kill_on_drop: false }`
[INFO] [stderr]    Compiling emulator v0.1.0 (/opt/rustwide/workdir)
[INFO] [stdout] warning: unused import: `std::u8::MAX`
[INFO] [stdout]    --> src/cpu/mod.rs:390:9
[INFO] [stdout]     |
[INFO] [stdout] 390 |     use std::u8::MAX;
[INFO] [stdout]     |         ^^^^^^^^^^^^
[INFO] [stdout]     |
[INFO] [stdout]     = note: `#[warn(unused_imports)]` on by default
[INFO] [stdout] 
[INFO] [stdout] 
[INFO] [stdout] warning: unreachable pattern
[INFO] [stdout]    --> src/cpu/mod.rs:201:13
[INFO] [stdout]     |
[INFO] [stdout] 201 |             _ => { /* TODO: support more instructions */ }
[INFO] [stdout]     |             ^ no value can reach this
[INFO] [stdout]     |
[INFO] [stdout] note: multiple earlier patterns match some of the same values
[INFO] [stdout]    --> src/cpu/mod.rs:201:13
[INFO] [stdout]     |
[INFO] [stdout] 22  |             Instruction::ADD(target) => {
[INFO] [stdout]     |             ------------------------ matches some of the same values
[INFO] [stdout] ...
[INFO] [stdout] 63  |             Instruction::ADC(target) => {
[INFO] [stdout]     |             ------------------------ matches some of the same values
[INFO] [stdout] ...
[INFO] [stdout] 105 |             Instruction::ADDHL(target) => {
[INFO] [stdout]     |             -------------------------- matches some of the same values
[INFO] [stdout] ...
[INFO] [stdout] 131 |             Instruction::SUB(target) => {
[INFO] [stdout]     |             ------------------------ matches some of the same values
[INFO] [stdout] ...
[INFO] [stdout] 201 |             _ => { /* TODO: support more instructions */ }
[INFO] [stdout]     |             ^ ...and 1 other patterns collectively make this unreachable
[INFO] [stdout]     = note: `#[warn(unreachable_patterns)]` on by default
[INFO] [stdout] 
[INFO] [stdout] 
[INFO] [stdout] warning: unreachable pattern
[INFO] [stdout]   --> src/cpu/mod.rs:45:21
[INFO] [stdout]    |
[INFO] [stdout] 40 |                     ArthimeticTarget::D => {
[INFO] [stdout]    |                     ------------------- matches all the relevant values
[INFO] [stdout] ...
[INFO] [stdout] 45 |                     ArthimeticTarget::D => {
[INFO] [stdout]    |                     ^^^^^^^^^^^^^^^^^^^ no value can reach this
[INFO] [stdout] 
[INFO] [stdout] 
[INFO] [stdout] warning: unreachable pattern
[INFO] [stdout]   --> src/cpu/mod.rs:86:21
[INFO] [stdout]    |
[INFO] [stdout] 81 |                     ArthimeticTarget::D => {
[INFO] [stdout]    |                     ------------------- matches all the relevant values
[INFO] [stdout] ...
[INFO] [stdout] 86 |                     ArthimeticTarget::D => {
[INFO] [stdout]    |                     ^^^^^^^^^^^^^^^^^^^ no value can reach this
[INFO] [stdout] 
[INFO] [stdout] 
[INFO] [stdout] warning: unreachable pattern
[INFO] [stdout]    --> src/cpu/mod.rs:127:21
[INFO] [stdout]     |
[INFO] [stdout] 127 |                     _ => { /* Error for unsupported addHL target */ }
[INFO] [stdout]     |                     ^ no value can reach this
[INFO] [stdout]     |
[INFO] [stdout] note: multiple earlier patterns match some of the same values
[INFO] [stdout]    --> src/cpu/mod.rs:127:21
[INFO] [stdout]     |
[INFO] [stdout] 107 |                     ADDHLTarget::BC => {
[INFO] [stdout]     |                     --------------- matches some of the same values
[INFO] [stdout] ...
[INFO] [stdout] 112 |                     ADDHLTarget::DE => {
[INFO] [stdout]     |                     --------------- matches some of the same values
[INFO] [stdout] ...
[INFO] [stdout] 117 |                     ADDHLTarget::HL => {
[INFO] [stdout]     |                     --------------- matches some of the same values
[INFO] [stdout] ...
[INFO] [stdout] 122 |                     ADDHLTarget::SP => {
[INFO] [stdout]     |                     --------------- matches some of the same values
[INFO] [stdout] ...
[INFO] [stdout] 127 |                     _ => { /* Error for unsupported addHL target */ }
[INFO] [stdout]     |                     ^ collectively making this unreachable
[INFO] [stdout] 
[INFO] [stdout] 
[INFO] [stdout] warning: unused variable: `new_value`
[INFO] [stdout]    --> src/cpu/mod.rs:437:13
[INFO] [stdout]     |
[INFO] [stdout] 437 |         let new_value = cpu.add_hl(65280);
[INFO] [stdout]     |             ^^^^^^^^^ help: if this is intentional, prefix it with an underscore: `_new_value`
[INFO] [stdout]     |
[INFO] [stdout]     = note: `#[warn(unused_variables)]` on by default
[INFO] [stdout] 
[INFO] [stdout] 
[INFO] [stderr]     Finished `test` profile [unoptimized + debuginfo] target(s) in 0.65s
[INFO] running `Command { std: "docker" "inspect" "61b6f2154a8defb66c4cb6b652f9a7535b5dbc9646aa2b8245c21cb225ac3fcb", kill_on_drop: false }`
[INFO] running `Command { std: "docker" "rm" "-f" "61b6f2154a8defb66c4cb6b652f9a7535b5dbc9646aa2b8245c21cb225ac3fcb", kill_on_drop: false }`
[INFO] [stdout] 61b6f2154a8defb66c4cb6b652f9a7535b5dbc9646aa2b8245c21cb225ac3fcb
[INFO] running `Command { std: "docker" "create" "-v" "/var/lib/crater-agent-workspace/builds/worker-6-tc1/target:/opt/rustwide/target:rw,Z" "-v" "/var/lib/crater-agent-workspace/builds/worker-6-tc1/source:/opt/rustwide/workdir:ro,Z" "-v" "/var/lib/crater-agent-workspace/cargo-home:/opt/rustwide/cargo-home:ro,Z" "-v" "/var/lib/crater-agent-workspace/rustup-home:/opt/rustwide/rustup-home:ro,Z" "-e" "SOURCE_DIR=/opt/rustwide/workdir" "-e" "CARGO_TARGET_DIR=/opt/rustwide/target" "-e" "CARGO_INCREMENTAL=0" "-e" "RUST_BACKTRACE=full" "-e" "RUSTFLAGS=--cap-lints=warn" "-e" "RUSTDOCFLAGS=--cap-lints=warn" "-e" "CARGO_HOME=/opt/rustwide/cargo-home" "-e" "RUSTUP_HOME=/opt/rustwide/rustup-home" "-w" "/opt/rustwide/workdir" "-m" "1610612736" "--user" "0:0" "--network" "none" "ghcr.io/rust-lang/crates-build-env/linux@sha256:f3a9d4ad9d972b27faf3965f35b62e55ba32bbce8f20bc8fe909558a86702fde" "/opt/rustwide/cargo-home/bin/cargo" "+1.83.0" "test" "--frozen", kill_on_drop: false }`
[INFO] [stdout] 1ae5c8498dda2b20e79394244a571eb1c03ee693fee09c68596d8c1f784002e1
[INFO] running `Command { std: "docker" "start" "-a" "1ae5c8498dda2b20e79394244a571eb1c03ee693fee09c68596d8c1f784002e1", kill_on_drop: false }`
[INFO] [stderr] warning: unused import: `std::u8::MAX`
[INFO] [stderr]    --> src/cpu/mod.rs:390:9
[INFO] [stderr]     |
[INFO] [stderr] 390 |     use std::u8::MAX;
[INFO] [stderr]     |         ^^^^^^^^^^^^
[INFO] [stderr]     |
[INFO] [stderr]     = note: `#[warn(unused_imports)]` on by default
[INFO] [stderr] 
[INFO] [stderr] warning: unreachable pattern
[INFO] [stderr]    --> src/cpu/mod.rs:201:13
[INFO] [stderr]     |
[INFO] [stderr] 201 |             _ => { /* TODO: support more instructions */ }
[INFO] [stderr]     |             ^ no value can reach this
[INFO] [stderr]     |
[INFO] [stderr] note: multiple earlier patterns match some of the same values
[INFO] [stderr]    --> src/cpu/mod.rs:201:13
[INFO] [stderr]     |
[INFO] [stderr] 22  |             Instruction::ADD(target) => {
[INFO] [stderr]     |             ------------------------ matches some of the same values
[INFO] [stderr] ...
[INFO] [stderr] 63  |             Instruction::ADC(target) => {
[INFO] [stderr]     |             ------------------------ matches some of the same values
[INFO] [stderr] ...
[INFO] [stderr] 105 |             Instruction::ADDHL(target) => {
[INFO] [stderr]     |             -------------------------- matches some of the same values
[INFO] [stderr] ...
[INFO] [stderr] 131 |             Instruction::SUB(target) => {
[INFO] [stderr]     |             ------------------------ matches some of the same values
[INFO] [stderr] ...
[INFO] [stderr] 201 |             _ => { /* TODO: support more instructions */ }
[INFO] [stderr]     |             ^ ...and 1 other patterns collectively make this unreachable
[INFO] [stderr]     = note: `#[warn(unreachable_patterns)]` on by default
[INFO] [stderr] 
[INFO] [stderr] warning: unreachable pattern
[INFO] [stderr]   --> src/cpu/mod.rs:45:21
[INFO] [stderr]    |
[INFO] [stderr] 40 |                     ArthimeticTarget::D => {
[INFO] [stderr]    |                     ------------------- matches all the relevant values
[INFO] [stderr] ...
[INFO] [stderr] 45 |                     ArthimeticTarget::D => {
[INFO] [stderr]    |                     ^^^^^^^^^^^^^^^^^^^ no value can reach this
[INFO] [stderr] 
[INFO] [stderr] warning: unreachable pattern
[INFO] [stderr]   --> src/cpu/mod.rs:86:21
[INFO] [stderr]    |
[INFO] [stderr] 81 |                     ArthimeticTarget::D => {
[INFO] [stderr]    |                     ------------------- matches all the relevant values
[INFO] [stderr] ...
[INFO] [stderr] 86 |                     ArthimeticTarget::D => {
[INFO] [stderr]    |                     ^^^^^^^^^^^^^^^^^^^ no value can reach this
[INFO] [stderr] 
[INFO] [stderr] warning: unreachable pattern
[INFO] [stderr]    --> src/cpu/mod.rs:127:21
[INFO] [stderr]     |
[INFO] [stderr] 127 |                     _ => { /* Error for unsupported addHL target */ }
[INFO] [stderr]     |                     ^ no value can reach this
[INFO] [stderr]     |
[INFO] [stderr] note: multiple earlier patterns match some of the same values
[INFO] [stderr]    --> src/cpu/mod.rs:127:21
[INFO] [stderr]     |
[INFO] [stderr] 107 |                     ADDHLTarget::BC => {
[INFO] [stderr]     |                     --------------- matches some of the same values
[INFO] [stderr] ...
[INFO] [stderr] 112 |                     ADDHLTarget::DE => {
[INFO] [stderr]     |                     --------------- matches some of the same values
[INFO] [stderr] ...
[INFO] [stderr] 117 |                     ADDHLTarget::HL => {
[INFO] [stderr]     |                     --------------- matches some of the same values
[INFO] [stderr] ...
[INFO] [stderr] 122 |                     ADDHLTarget::SP => {
[INFO] [stderr]     |                     --------------- matches some of the same values
[INFO] [stderr] ...
[INFO] [stderr] 127 |                     _ => { /* Error for unsupported addHL target */ }
[INFO] [stderr]     |                     ^ collectively making this unreachable
[INFO] [stderr] 
[INFO] [stderr] warning: unused variable: `new_value`
[INFO] [stderr]    --> src/cpu/mod.rs:437:13
[INFO] [stderr]     |
[INFO] [stderr] 437 |         let new_value = cpu.add_hl(65280);
[INFO] [stderr]     |             ^^^^^^^^^ help: if this is intentional, prefix it with an underscore: `_new_value`
[INFO] [stderr]     |
[INFO] [stderr]     = note: `#[warn(unused_variables)]` on by default
[INFO] [stderr] 
[INFO] [stderr] warning: `emulator` (bin "emulator" test) generated 6 warnings (run `cargo fix --bin "emulator" --tests` to apply 1 suggestion)
[INFO] [stderr]     Finished `test` profile [unoptimized + debuginfo] target(s) in 0.01s
[INFO] [stderr]      Running unittests src/main.rs (/opt/rustwide/target/debug/deps/emulator-d322d34b2950c903)
[INFO] [stdout] 
[INFO] [stdout] running 29 tests
[INFO] [stdout] test cpu::add_hl_ests::cpu_add_hl ... ok
[INFO] [stdout] test cpu::add_hl_ests::cpu_add_hl_no_half_carry ... ok
[INFO] [stdout] test cpu::cpu_add_tests::cpu_add_carry_half_carry_carry ... ok
[INFO] [stdout] test cpu::cpu_add_tests::cpu_add_carry_half_carry_no_carry ... ok
[INFO] [stdout] test cpu::add_hl_ests::cpu_add_hl_carry_no_half ... ok
[INFO] [stdout] test cpu::add_hl_ests::cpu_add_hl_half_carry ... ok
[INFO] [stdout] test cpu::cpu_add_tests::cpu_add_carry_no_half_carry_additional ... ok
[INFO] [stdout] test cpu::cpu_add_tests::cpu_add_carry_zero ... ok
[INFO] [stdout] test cpu::cpu_add_tests::cpu_add_half_carry_carry ... ok
[INFO] [stdout] test cpu::add_hl_ests::cpu_add_hl_carry_zero ... ok
[INFO] [stdout] test cpu::cpu_add_tests::cpu_add_no_half_carry ... ok
[INFO] [stdout] test cpu::cpu_add_tests::cpu_add_zero ... ok
[INFO] [stdout] test cpu::cpu_add_tests::cpu_add_half_carry_no_carry ... ok
[INFO] [stdout] test cpu::cpu_add_tests::cpu_add ... ok
[INFO] [stdout] test cpu::cpu_add_tests::cpu_add_carry ... ok
[INFO] [stdout] test cpu::sub_tests::cpu_sub ... ok
[INFO] [stdout] test cpu::sub_tests::cpu_sub_zero ... ok
[INFO] [stdout] test cpu::cpu_execute_tests::cpu_execute_a2a ... ok
[INFO] [stdout] test cpu::cpu_execute_tests::cpu_execute_b2a ... ok
[INFO] [stdout] test cpu::cpu_execute_tests::cpu_execute_de_2_hl ... ok
[INFO] [stdout] test cpu::sub_tests::cpu_sub_carry_half_carry_no_carry ... ok
[INFO] [stdout] test cpu::sub_tests::cpu_sub_carry_no_half_carry_additional ... ok
[INFO] [stdout] test cpu::sub_tests::cpu_sub_carry_zero ... ok
[INFO] [stdout] test cpu::sub_tests::cpu_sub_half_carry_carry ... ok
[INFO] [stdout] test cpu::sub_tests::cpu_sub_carry_half_carry_carry ... ok
[INFO] [stdout] test cpu::sub_tests::cpu_sub_half_carry_no_carry ... ok
[INFO] [stdout] test cpu::cpu_execute_tests::cpu_execute_bc_2_hl ... ok
[INFO] [stdout] test cpu::sub_tests::cpu_sub_carry ... ok
[INFO] [stdout] test cpu::sub_tests::cpu_sub_no_half_carry ... FAILED
[INFO] [stdout] 
[INFO] [stdout] failures:
[INFO] [stdout] 
[INFO] [stdout] ---- cpu::sub_tests::cpu_sub_no_half_carry stdout ----
[INFO] [stdout] thread 'cpu::sub_tests::cpu_sub_no_half_carry' panicked at src/cpu/mod.rs:473:9:
[INFO] [stdout] assertion `left == right` failed
[INFO] [stdout]   left: 223
[INFO] [stdout]  right: 1
[INFO] [stdout] stack backtrace:
[INFO] [stdout]    0:     0x576aa0fc743a - std::backtrace_rs::backtrace::libunwind::trace::h5a5b8284f2d0c266
[INFO] [stdout]                                at /rustc/90b35a6239c3d8bdabc530a6a0816f7ff89a0aaf/library/std/src/../../backtrace/src/backtrace/libunwind.rs:116:5
[INFO] [stdout]    1:     0x576aa0fc743a - std::backtrace_rs::backtrace::trace_unsynchronized::h76d4f1c9b0b875e3
[INFO] [stdout]                                at /rustc/90b35a6239c3d8bdabc530a6a0816f7ff89a0aaf/library/std/src/../../backtrace/src/backtrace/mod.rs:66:5
[INFO] [stdout]    2:     0x576aa0fc743a - std::sys::backtrace::_print_fmt::hc4546b8364a537c6
[INFO] [stdout]                                at /rustc/90b35a6239c3d8bdabc530a6a0816f7ff89a0aaf/library/std/src/sys/backtrace.rs:66:9
[INFO] [stdout]    3:     0x576aa0fc743a - <std::sys::backtrace::BacktraceLock::print::DisplayBacktrace as core::fmt::Display>::fmt::h5b6bd5631a6d1f6b
[INFO] [stdout]                                at /rustc/90b35a6239c3d8bdabc530a6a0816f7ff89a0aaf/library/std/src/sys/backtrace.rs:39:26
[INFO] [stdout]    4:     0x576aa0fec6e3 - core::fmt::rt::Argument::fmt::h270f6602a2b96f62
[INFO] [stdout]                                at /rustc/90b35a6239c3d8bdabc530a6a0816f7ff89a0aaf/library/core/src/fmt/rt.rs:177:76
[INFO] [stdout]    5:     0x576aa0fec6e3 - core::fmt::write::h7550c97b06c86515
[INFO] [stdout]                                at /rustc/90b35a6239c3d8bdabc530a6a0816f7ff89a0aaf/library/core/src/fmt/mod.rs:1186:21
[INFO] [stdout]    6:     0x576aa0fc4603 - std::io::Write::write_fmt::h509ff860e5956e5e
[INFO] [stdout]                                at /rustc/90b35a6239c3d8bdabc530a6a0816f7ff89a0aaf/library/std/src/io/mod.rs:1839:15
[INFO] [stdout]    7:     0x576aa0fc7282 - std::sys::backtrace::BacktraceLock::print::h2395ccd2c84ba3aa
[INFO] [stdout]                                at /rustc/90b35a6239c3d8bdabc530a6a0816f7ff89a0aaf/library/std/src/sys/backtrace.rs:42:9
[INFO] [stdout]    8:     0x576aa0fc889a - std::panicking::default_hook::{{closure}}::he19d4c7230e07961
[INFO] [stdout]                                at /rustc/90b35a6239c3d8bdabc530a6a0816f7ff89a0aaf/library/std/src/panicking.rs:268:22
[INFO] [stdout]    9:     0x576aa0fc86a4 - std::panicking::default_hook::hf614597d3c67bbdb
[INFO] [stdout]                                at /rustc/90b35a6239c3d8bdabc530a6a0816f7ff89a0aaf/library/std/src/panicking.rs:292:9
[INFO] [stdout]   10:     0x576aa0f93f89 - <alloc::boxed::Box<F,A> as core::ops::function::Fn<Args>>::call::h39b51ce4599c23d1
[INFO] [stdout]                                at /rustc/90b35a6239c3d8bdabc530a6a0816f7ff89a0aaf/library/alloc/src/boxed.rs:2468:9
[INFO] [stdout]   11:     0x576aa0f93f89 - test::test_main::{{closure}}::he977ae839a582784
[INFO] [stdout]                                at /rustc/90b35a6239c3d8bdabc530a6a0816f7ff89a0aaf/library/test/src/lib.rs:133:21
[INFO] [stdout]   12:     0x576aa0fc8f38 - <alloc::boxed::Box<F,A> as core::ops::function::Fn<Args>>::call::h9455091b6b06f9fb
[INFO] [stdout]                                at /rustc/90b35a6239c3d8bdabc530a6a0816f7ff89a0aaf/library/alloc/src/boxed.rs:2468:9
[INFO] [stdout]   13:     0x576aa0fc8f38 - std::panicking::rust_panic_with_hook::h8942133a8b252070
[INFO] [stdout]                                at /rustc/90b35a6239c3d8bdabc530a6a0816f7ff89a0aaf/library/std/src/panicking.rs:809:13
[INFO] [stdout]   14:     0x576aa0fc8cfa - std::panicking::begin_panic_handler::{{closure}}::hb5f5963570096b29
[INFO] [stdout]                                at /rustc/90b35a6239c3d8bdabc530a6a0816f7ff89a0aaf/library/std/src/panicking.rs:674:13
[INFO] [stdout]   15:     0x576aa0fc7919 - std::sys::backtrace::__rust_end_short_backtrace::h6208cedc1922feda
[INFO] [stdout]                                at /rustc/90b35a6239c3d8bdabc530a6a0816f7ff89a0aaf/library/std/src/sys/backtrace.rs:170:18
[INFO] [stdout]   16:     0x576aa0fc898c - rust_begin_unwind
[INFO] [stdout]                                at /rustc/90b35a6239c3d8bdabc530a6a0816f7ff89a0aaf/library/std/src/panicking.rs:665:5
[INFO] [stdout]   17:     0x576aa0f56a50 - core::panicking::panic_fmt::h0c3082644d1bf418
[INFO] [stdout]                                at /rustc/90b35a6239c3d8bdabc530a6a0816f7ff89a0aaf/library/core/src/panicking.rs:74:14
[INFO] [stdout]   18:     0x576aa0f56d7b - core::panicking::assert_failed_inner::h2ddf1fcc067fa858
[INFO] [stdout]   19:     0x576aa0f58072 - core::panicking::assert_failed::h65ba46f374aec663
[INFO] [stdout]                                at /rustc/90b35a6239c3d8bdabc530a6a0816f7ff89a0aaf/library/core/src/panicking.rs:367:5
[INFO] [stdout]   20:     0x576aa0f5b123 - emulator::cpu::sub_tests::cpu_sub_no_half_carry::hc303962ef10c7ac1
[INFO] [stdout]                                at /opt/rustwide/workdir/src/cpu/mod.rs:473:9
[INFO] [stdout]   21:     0x576aa0f5b087 - emulator::cpu::sub_tests::cpu_sub_no_half_carry::{{closure}}::h7935a8616755bc24
[INFO] [stdout]                                at /opt/rustwide/workdir/src/cpu/mod.rs:469:31
[INFO] [stdout]   22:     0x576aa0f577d6 - core::ops::function::FnOnce::call_once::h11f9a517ce7813e5
[INFO] [stdout]                                at /rustc/90b35a6239c3d8bdabc530a6a0816f7ff89a0aaf/library/core/src/ops/function.rs:250:5
[INFO] [stdout]   23:     0x576aa0f9894b - core::ops::function::FnOnce::call_once::h109cf8051a59b34e
[INFO] [stdout]                                at /rustc/90b35a6239c3d8bdabc530a6a0816f7ff89a0aaf/library/core/src/ops/function.rs:250:5
[INFO] [stdout]   24:     0x576aa0f9894b - test::__rust_begin_short_backtrace::hf4fff89d377446ba
[INFO] [stdout]                                at /rustc/90b35a6239c3d8bdabc530a6a0816f7ff89a0aaf/library/test/src/lib.rs:621:18
[INFO] [stdout]   25:     0x576aa0f98187 - test::run_test_in_process::{{closure}}::h0e39181dd7ee5a43
[INFO] [stdout]                                at /rustc/90b35a6239c3d8bdabc530a6a0816f7ff89a0aaf/library/test/src/lib.rs:644:60
[INFO] [stdout]   26:     0x576aa0f98187 - <core::panic::unwind_safe::AssertUnwindSafe<F> as core::ops::function::FnOnce<()>>::call_once::hc5a66a30f0bdfd1f
[INFO] [stdout]                                at /rustc/90b35a6239c3d8bdabc530a6a0816f7ff89a0aaf/library/core/src/panic/unwind_safe.rs:272:9
[INFO] [stdout]   27:     0x576aa0f98187 - std::panicking::try::do_call::h873b7cf639554a5e
[INFO] [stdout]                                at /rustc/90b35a6239c3d8bdabc530a6a0816f7ff89a0aaf/library/std/src/panicking.rs:557:40
[INFO] [stdout]   28:     0x576aa0f98187 - std::panicking::try::hdb19862fad9c8bd1
[INFO] [stdout]                                at /rustc/90b35a6239c3d8bdabc530a6a0816f7ff89a0aaf/library/std/src/panicking.rs:520:19
[INFO] [stdout]   29:     0x576aa0f98187 - std::panic::catch_unwind::h281fe732d236d260
[INFO] [stdout]                                at /rustc/90b35a6239c3d8bdabc530a6a0816f7ff89a0aaf/library/std/src/panic.rs:358:14
[INFO] [stdout]   30:     0x576aa0f98187 - test::run_test_in_process::h949b6df8457ed338
[INFO] [stdout]                                at /rustc/90b35a6239c3d8bdabc530a6a0816f7ff89a0aaf/library/test/src/lib.rs:644:27
[INFO] [stdout]   31:     0x576aa0f98187 - test::run_test::{{closure}}::h52c556a6d4740e10
[INFO] [stdout]                                at /rustc/90b35a6239c3d8bdabc530a6a0816f7ff89a0aaf/library/test/src/lib.rs:565:43
[INFO] [stdout]   32:     0x576aa0f5d464 - test::run_test::{{closure}}::h4237f6381c45ccb9
[INFO] [stdout]                                at /rustc/90b35a6239c3d8bdabc530a6a0816f7ff89a0aaf/library/test/src/lib.rs:595:41
[INFO] [stdout]   33:     0x576aa0f5d464 - std::sys::backtrace::__rust_begin_short_backtrace::h505c97a579eca628
[INFO] [stdout]                                at /rustc/90b35a6239c3d8bdabc530a6a0816f7ff89a0aaf/library/std/src/sys/backtrace.rs:154:18
[INFO] [stdout]   34:     0x576aa0f60b2e - std::thread::Builder::spawn_unchecked_::{{closure}}::{{closure}}::h9e86b2e2bc107ea3
[INFO] [stdout]                                at /rustc/90b35a6239c3d8bdabc530a6a0816f7ff89a0aaf/library/std/src/thread/mod.rs:538:17
[INFO] [stdout]   35:     0x576aa0f60b2e - <core::panic::unwind_safe::AssertUnwindSafe<F> as core::ops::function::FnOnce<()>>::call_once::h8b06ddb275ff4a25
[INFO] [stdout]                                at /rustc/90b35a6239c3d8bdabc530a6a0816f7ff89a0aaf/library/core/src/panic/unwind_safe.rs:272:9
[INFO] [stdout]   36:     0x576aa0f60b2e - std::panicking::try::do_call::hb26ecd7cd9a9355d
[INFO] [stdout]                                at /rustc/90b35a6239c3d8bdabc530a6a0816f7ff89a0aaf/library/std/src/panicking.rs:557:40
[INFO] [stdout]   37:     0x576aa0f60b2e - std::panicking::try::h8ddeca9d705f9069
[INFO] [stdout]                                at /rustc/90b35a6239c3d8bdabc530a6a0816f7ff89a0aaf/library/std/src/panicking.rs:520:19
[INFO] [stdout]   38:     0x576aa0f60b2e - std::panic::catch_unwind::h49e1c33078844c46
[INFO] [stdout]                                at /rustc/90b35a6239c3d8bdabc530a6a0816f7ff89a0aaf/library/std/src/panic.rs:358:14
[INFO] [stdout]   39:     0x576aa0f60b2e - std::thread::Builder::spawn_unchecked_::{{closure}}::h6073db6ff56ad35d
[INFO] [stdout]                                at /rustc/90b35a6239c3d8bdabc530a6a0816f7ff89a0aaf/library/std/src/thread/mod.rs:537:30
[INFO] [stdout]   40:     0x576aa0f60b2e - core::ops::function::FnOnce::call_once{{vtable.shim}}::h2c5a5f3779c774f1
[INFO] [stdout]                                at /rustc/90b35a6239c3d8bdabc530a6a0816f7ff89a0aaf/library/core/src/ops/function.rs:250:5
[INFO] [stdout]   41:     0x576aa0fccc8b - <alloc::boxed::Box<F,A> as core::ops::function::FnOnce<Args>>::call_once::hf75717d9f28faebf
[INFO] [stdout]                                at /rustc/90b35a6239c3d8bdabc530a6a0816f7ff89a0aaf/library/alloc/src/boxed.rs:2454:9
[INFO] [stdout]   42:     0x576aa0fccc8b - <alloc::boxed::Box<F,A> as core::ops::function::FnOnce<Args>>::call_once::h7bd883a5f3c5f3c1
[INFO] [stdout]                                at /rustc/90b35a6239c3d8bdabc530a6a0816f7ff89a0aaf/library/alloc/src/boxed.rs:2454:9
[INFO] [stdout]   43:     0x576aa0fccc8b - std::sys::pal::unix::thread::Thread::new::thread_start::hcc78f3943333fa94
[INFO] [stdout]                                at /rustc/90b35a6239c3d8bdabc530a6a0816f7ff89a0aaf/library/std/src/sys/pal/unix/thread.rs:105:17
[INFO] [stdout]   44:     0x77d5478e6ac3 - <unknown>
[INFO] [stdout]   45:     0x77d547977a04 - clone
[INFO] [stdout]   46:                0x0 - <unknown>
[INFO] [stdout] 
[INFO] [stdout] 
[INFO] [stdout] failures:
[INFO] [stdout]     cpu::sub_tests::cpu_sub_no_half_carry
[INFO] [stdout] 
[INFO] [stdout] test result: FAILED. 28 passed; 1 failed; 0 ignored; 0 measured; 0 filtered out; finished in 0.06s
[INFO] [stdout] 
[INFO] [stderr] error: test failed, to rerun pass `--bin emulator`
[INFO] running `Command { std: "docker" "inspect" "1ae5c8498dda2b20e79394244a571eb1c03ee693fee09c68596d8c1f784002e1", kill_on_drop: false }`
[INFO] running `Command { std: "docker" "rm" "-f" "1ae5c8498dda2b20e79394244a571eb1c03ee693fee09c68596d8c1f784002e1", kill_on_drop: false }`
[INFO] [stdout] 1ae5c8498dda2b20e79394244a571eb1c03ee693fee09c68596d8c1f784002e1
