[INFO] cloning repository https://github.com/tascord/ptvrs
[INFO] running `Command { std: "git" "-c" "credential.helper=" "-c" "credential.helper=/workspace/cargo-home/bin/git-credential-null" "clone" "--bare" "https://github.com/tascord/ptvrs" "/workspace/cache/git-repos/https%3A%2F%2Fgithub.com%2Ftascord%2Fptvrs", kill_on_drop: false }`
[INFO] [stderr] Cloning into bare repository '/workspace/cache/git-repos/https%3A%2F%2Fgithub.com%2Ftascord%2Fptvrs'...
[INFO] running `Command { std: "git" "rev-parse" "HEAD", kill_on_drop: false }`
[INFO] [stdout] d534b2bcf3d9c54db67475c3af07261e1340a34d
[INFO] testing tascord/ptvrs against beta-2024-12-08 for beta-1.84.0-4-retry
[INFO] running `Command { std: "git" "clone" "/workspace/cache/git-repos/https%3A%2F%2Fgithub.com%2Ftascord%2Fptvrs" "/workspace/builds/worker-2-tc2/source", kill_on_drop: false }`
[INFO] [stderr] Cloning into '/workspace/builds/worker-2-tc2/source'...
[INFO] [stderr] done.
[INFO] validating manifest of git repo https://github.com/tascord/ptvrs on toolchain beta-2024-12-08
[INFO] running `Command { std: CARGO_HOME="/workspace/cargo-home" RUSTUP_HOME="/workspace/rustup-home" "/workspace/cargo-home/bin/cargo" "+beta-2024-12-08" "metadata" "--manifest-path" "Cargo.toml" "--no-deps", kill_on_drop: false }`
[INFO] started tweaking git repo https://github.com/tascord/ptvrs
[INFO] finished tweaking git repo https://github.com/tascord/ptvrs
[INFO] tweaked toml for git repo https://github.com/tascord/ptvrs written to /workspace/builds/worker-2-tc2/source/Cargo.toml
[INFO] crate git repo https://github.com/tascord/ptvrs already has a lockfile, it will not be regenerated
[INFO] running `Command { std: CARGO_HOME="/workspace/cargo-home" RUSTUP_HOME="/workspace/rustup-home" "/workspace/cargo-home/bin/cargo" "+beta-2024-12-08" "fetch" "--manifest-path" "Cargo.toml", kill_on_drop: false }`
[INFO] [stderr]     Blocking waiting for file lock on package cache
[INFO] [stderr]     Blocking waiting for file lock on package cache
[INFO] running `Command { std: "docker" "create" "-v" "/var/lib/crater-agent-workspace/builds/worker-2-tc2/target:/opt/rustwide/target:rw,Z" "-v" "/var/lib/crater-agent-workspace/builds/worker-2-tc2/source:/opt/rustwide/workdir:ro,Z" "-v" "/var/lib/crater-agent-workspace/cargo-home:/opt/rustwide/cargo-home:ro,Z" "-v" "/var/lib/crater-agent-workspace/rustup-home:/opt/rustwide/rustup-home:ro,Z" "-e" "SOURCE_DIR=/opt/rustwide/workdir" "-e" "CARGO_TARGET_DIR=/opt/rustwide/target" "-e" "CARGO_HOME=/opt/rustwide/cargo-home" "-e" "RUSTUP_HOME=/opt/rustwide/rustup-home" "-w" "/opt/rustwide/workdir" "-m" "1610612736" "--user" "0:0" "--network" "none" "ghcr.io/rust-lang/crates-build-env/linux@sha256:f3a9d4ad9d972b27faf3965f35b62e55ba32bbce8f20bc8fe909558a86702fde" "/opt/rustwide/cargo-home/bin/cargo" "+beta-2024-12-08" "metadata" "--no-deps" "--format-version=1", kill_on_drop: false }`
[INFO] [stdout] 879f6b347b78c0dcffe90b0551616fce173b9e7ea7a89693f317965e4fcb83a2
[INFO] running `Command { std: "docker" "start" "-a" "879f6b347b78c0dcffe90b0551616fce173b9e7ea7a89693f317965e4fcb83a2", kill_on_drop: false }`
[INFO] running `Command { std: "docker" "inspect" "879f6b347b78c0dcffe90b0551616fce173b9e7ea7a89693f317965e4fcb83a2", kill_on_drop: false }`
[INFO] running `Command { std: "docker" "rm" "-f" "879f6b347b78c0dcffe90b0551616fce173b9e7ea7a89693f317965e4fcb83a2", kill_on_drop: false }`
[INFO] [stdout] 879f6b347b78c0dcffe90b0551616fce173b9e7ea7a89693f317965e4fcb83a2
[INFO] running `Command { std: "docker" "create" "-v" "/var/lib/crater-agent-workspace/builds/worker-2-tc2/target:/opt/rustwide/target:rw,Z" "-v" "/var/lib/crater-agent-workspace/builds/worker-2-tc2/source:/opt/rustwide/workdir:ro,Z" "-v" "/var/lib/crater-agent-workspace/cargo-home:/opt/rustwide/cargo-home:ro,Z" "-v" "/var/lib/crater-agent-workspace/rustup-home:/opt/rustwide/rustup-home:ro,Z" "-e" "SOURCE_DIR=/opt/rustwide/workdir" "-e" "CARGO_TARGET_DIR=/opt/rustwide/target" "-e" "CARGO_INCREMENTAL=0" "-e" "RUST_BACKTRACE=full" "-e" "RUSTFLAGS=--cap-lints=warn" "-e" "RUSTDOCFLAGS=--cap-lints=warn" "-e" "CARGO_HOME=/opt/rustwide/cargo-home" "-e" "RUSTUP_HOME=/opt/rustwide/rustup-home" "-w" "/opt/rustwide/workdir" "-m" "1610612736" "--user" "0:0" "--network" "none" "ghcr.io/rust-lang/crates-build-env/linux@sha256:f3a9d4ad9d972b27faf3965f35b62e55ba32bbce8f20bc8fe909558a86702fde" "/opt/rustwide/cargo-home/bin/cargo" "+beta-2024-12-08" "build" "--frozen" "--message-format=json", kill_on_drop: false }`
[INFO] [stdout] 29dcd25d257190f49a76fed61d692f4b10cc6259285f29543d95680d362ddecf
[INFO] running `Command { std: "docker" "start" "-a" "29dcd25d257190f49a76fed61d692f4b10cc6259285f29543d95680d362ddecf", kill_on_drop: false }`
[INFO] [stderr]    Compiling proc-macro2 v1.0.86
[INFO] [stderr]    Compiling once_cell v1.19.0
[INFO] [stderr]    Compiling smallvec v1.13.1
[INFO] [stderr]    Compiling vcpkg v0.2.15
[INFO] [stderr]    Compiling futures-core v0.3.30
[INFO] [stderr]    Compiling cc v1.0.90
[INFO] [stderr]    Compiling log v0.4.21
[INFO] [stderr]    Compiling itoa v1.0.10
[INFO] [stderr]    Compiling pkg-config v0.3.30
[INFO] [stderr]    Compiling typenum v1.17.0
[INFO] [stderr]    Compiling fnv v1.0.7
[INFO] [stderr]    Compiling slab v0.4.9
[INFO] [stderr]    Compiling futures-task v0.3.30
[INFO] [stderr]    Compiling pin-utils v0.1.0
[INFO] [stderr]    Compiling foreign-types-shared v0.1.1
[INFO] [stderr]    Compiling httparse v1.8.0
[INFO] [stderr]    Compiling serde v1.0.197
[INFO] [stderr]    Compiling futures-sink v0.3.30
[INFO] [stderr]    Compiling hashbrown v0.14.3
[INFO] [stderr]    Compiling http v1.1.0
[INFO] [stderr]    Compiling openssl v0.10.64
[INFO] [stderr]    Compiling equivalent v1.0.1
[INFO] [stderr]    Compiling parking_lot_core v0.9.9
[INFO] [stderr]    Compiling tracing-core v0.1.32
[INFO] [stderr]    Compiling futures-util v0.3.30
[INFO] [stderr]    Compiling foreign-types v0.3.2
[INFO] [stderr]    Compiling percent-encoding v2.3.1
[INFO] [stderr]    Compiling tinyvec_macros v0.1.1
[INFO] [stderr]    Compiling native-tls v0.2.11
[INFO] [stderr]    Compiling try-lock v0.2.5
[INFO] [stderr]    Compiling bitflags v2.4.2
[INFO] [stderr]    Compiling parking_lot v0.12.1
[INFO] [stderr]    Compiling want v0.3.1
[INFO] [stderr]    Compiling tinyvec v1.6.0
[INFO] [stderr]    Compiling futures-channel v0.3.30
[INFO] [stderr]    Compiling tower-layer v0.3.2
[INFO] [stderr]    Compiling tower-service v0.3.2
[INFO] [stderr]    Compiling openssl-probe v0.1.5
[INFO] [stderr]    Compiling tracing v0.1.40
[INFO] [stderr]    Compiling form_urlencoded v1.2.1
[INFO] [stderr]    Compiling num-traits v0.2.18
[INFO] [stderr]    Compiling anyhow v1.0.81
[INFO] [stderr]    Compiling unicode-bidi v0.3.15
[INFO] [stderr]    Compiling serde_json v1.0.114
[INFO] [stderr]    Compiling indexmap v2.2.5
[INFO] [stderr]    Compiling subtle v2.5.0
[INFO] [stderr]    Compiling ryu v1.0.17
[INFO] [stderr]    Compiling base64 v0.21.7
[INFO] [stderr]    Compiling encoding_rs v0.8.33
[INFO] [stderr]    Compiling ipnet v2.9.0
[INFO] [stderr]    Compiling cpufeatures v0.2.12
[INFO] [stderr]    Compiling quote v1.0.36
[INFO] [stderr]    Compiling either v1.13.0
[INFO] [stderr]    Compiling syn v2.0.70
[INFO] [stderr]    Compiling iana-time-zone v0.1.60
[INFO] [stderr]    Compiling convert_case v0.4.0
[INFO] [stderr]    Compiling http-body v1.0.0
[INFO] [stderr]    Compiling unicode-normalization v0.1.23
[INFO] [stderr]    Compiling http-body-util v0.1.1
[INFO] [stderr]    Compiling rustls-pemfile v1.0.4
[INFO] [stderr]    Compiling sync_wrapper v0.1.2
[INFO] [stderr]    Compiling mime v0.3.17
[INFO] [stderr]    Compiling heck v0.4.1
[INFO] [stderr]    Compiling lazy_static v1.4.0
[INFO] [stderr]    Compiling generic-array v0.14.7
[INFO] [stderr]    Compiling colored v2.1.0
[INFO] [stderr]    Compiling itertools v0.13.0
[INFO] [stderr]    Compiling url-escape v0.1.1
[INFO] [stderr]    Compiling idna v0.5.0
[INFO] [stderr]    Compiling hex v0.4.3
[INFO] [stderr]    Compiling dotenv v0.15.0
[INFO] [stderr]    Compiling openssl-sys v0.9.101
[INFO] [stderr]    Compiling crypto-common v0.1.6
[INFO] [stderr]    Compiling block-buffer v0.10.4
[INFO] [stderr]    Compiling url v2.5.0
[INFO] [stderr]    Compiling digest v0.10.7
[INFO] [stderr]    Compiling sha1 v0.10.6
[INFO] [stderr]    Compiling hmac v0.12.1
[INFO] [stderr]    Compiling tokio-macros v2.2.0
[INFO] [stderr]    Compiling openssl-macros v0.1.1
[INFO] [stderr]    Compiling serde_derive v1.0.197
[INFO] [stderr]    Compiling pin-project-internal v1.1.5
[INFO] [stderr]    Compiling to_and_fro v0.5.0
[INFO] [stderr]    Compiling derive_more v0.99.18
[INFO] [stderr]    Compiling tokio v1.36.0
[INFO] [stderr]    Compiling pin-project v1.1.5
[INFO] [stderr]    Compiling serde_urlencoded v0.7.1
[INFO] [stderr]    Compiling chrono v0.4.35
[INFO] [stderr]    Compiling tokio-util v0.7.10
[INFO] [stderr]    Compiling tower v0.4.13
[INFO] [stderr]    Compiling tokio-native-tls v0.3.1
[INFO] [stderr]    Compiling h2 v0.4.3
[INFO] [stderr]    Compiling hyper v1.2.0
[INFO] [stderr]    Compiling hyper-util v0.1.3
[INFO] [stderr]    Compiling hyper-tls v0.6.0
[INFO] [stderr]    Compiling reqwest v0.12.0
[INFO] [stderr]    Compiling ptv v0.2.2 (/opt/rustwide/workdir)
[INFO] [stdout] warning: structure field `wed_pm_To` should have a snake case name
[INFO] [stdout]     --> src/ty.rs:1085:9
[INFO] [stdout]      |
[INFO] [stdout] 1085 |     pub wed_pm_To: String,
[INFO] [stdout]      |         ^^^^^^^^^ help: convert the identifier to snake case: `wed_pm_to`
[INFO] [stdout]      |
[INFO] [stdout]      = note: `#[warn(non_snake_case)]` on by default
[INFO] [stdout] 
[INFO] [stdout] 
[INFO] [stderr]     Finished `dev` profile [unoptimized + debuginfo] target(s) in 42.48s
[INFO] running `Command { std: "docker" "inspect" "29dcd25d257190f49a76fed61d692f4b10cc6259285f29543d95680d362ddecf", kill_on_drop: false }`
[INFO] running `Command { std: "docker" "rm" "-f" "29dcd25d257190f49a76fed61d692f4b10cc6259285f29543d95680d362ddecf", kill_on_drop: false }`
[INFO] [stdout] 29dcd25d257190f49a76fed61d692f4b10cc6259285f29543d95680d362ddecf
[INFO] running `Command { std: "docker" "create" "-v" "/var/lib/crater-agent-workspace/builds/worker-2-tc2/target:/opt/rustwide/target:rw,Z" "-v" "/var/lib/crater-agent-workspace/builds/worker-2-tc2/source:/opt/rustwide/workdir:ro,Z" "-v" "/var/lib/crater-agent-workspace/cargo-home:/opt/rustwide/cargo-home:ro,Z" "-v" "/var/lib/crater-agent-workspace/rustup-home:/opt/rustwide/rustup-home:ro,Z" "-e" "SOURCE_DIR=/opt/rustwide/workdir" "-e" "CARGO_TARGET_DIR=/opt/rustwide/target" "-e" "CARGO_INCREMENTAL=0" "-e" "RUST_BACKTRACE=full" "-e" "RUSTFLAGS=--cap-lints=warn" "-e" "RUSTDOCFLAGS=--cap-lints=warn" "-e" "CARGO_HOME=/opt/rustwide/cargo-home" "-e" "RUSTUP_HOME=/opt/rustwide/rustup-home" "-w" "/opt/rustwide/workdir" "-m" "1610612736" "--user" "0:0" "--network" "none" "ghcr.io/rust-lang/crates-build-env/linux@sha256:f3a9d4ad9d972b27faf3965f35b62e55ba32bbce8f20bc8fe909558a86702fde" "/opt/rustwide/cargo-home/bin/cargo" "+beta-2024-12-08" "test" "--frozen" "--no-run" "--message-format=json", kill_on_drop: false }`
[INFO] [stdout] b725017b0fe483c52892280a085c63ccc736162c3f7813419ade7b8fc93e9d7a
[INFO] running `Command { std: "docker" "start" "-a" "b725017b0fe483c52892280a085c63ccc736162c3f7813419ade7b8fc93e9d7a", kill_on_drop: false }`
[INFO] [stderr]    Compiling futures-channel v0.3.30
[INFO] [stderr]    Compiling memchr v2.7.1
[INFO] [stderr]    Compiling futures-task v0.3.30
[INFO] [stderr]    Compiling futures-io v0.3.30
[INFO] [stderr]    Compiling futures-macro v0.3.30
[INFO] [stderr]    Compiling ptvrs-macros v0.1.0 (/opt/rustwide/workdir/ptvrs-macros)
[INFO] [stdout] warning: unused import: `std::fmt::format`
[INFO] [stdout]  --> ptvrs-macros/src/lib.rs:1:5
[INFO] [stdout]   |
[INFO] [stdout] 1 | use std::fmt::format;
[INFO] [stdout]   |     ^^^^^^^^^^^^^^^^
[INFO] [stdout]   |
[INFO] [stdout]   = note: `#[warn(unused_imports)]` on by default
[INFO] [stdout] 
[INFO] [stdout] 
[INFO] [stdout] warning: unused import: `proc_macro2::Span`
[INFO] [stdout]  --> ptvrs-macros/src/lib.rs:4:5
[INFO] [stdout]   |
[INFO] [stdout] 4 | use proc_macro2::Span;
[INFO] [stdout]   |     ^^^^^^^^^^^^^^^^^
[INFO] [stdout] 
[INFO] [stdout] 
[INFO] [stdout] warning: unused imports: `ExprStruct`, `PatLit`, `ext`, and `self`
[INFO] [stdout]  --> ptvrs-macros/src/lib.rs:8:16
[INFO] [stdout]   |
[INFO] [stdout] 8 | ...d, ext, parse::{self, discouraged::Speculative, Parse}, parse_macro_input, parse_quote, parse_quote_spanned, punctuated::{self, Punctuated}, spanned::Spanned, token, Expr, ExprStruct, FieldValue, Ident, LitStr, PatLit, P...
[INFO] [stdout]   |       ^^^                                                                                                                    ^^^^                                              ^^^^^^^^^^                             ^^^^^^
[INFO] [stdout] 
[INFO] [stdout] 
[INFO] [stdout] warning: unused variable: `bracket`
[INFO] [stdout]    --> ptvrs-macros/src/lib.rs:179:35
[INFO] [stdout]     |
[INFO] [stdout] 179 |         Grouped2::Set(Bracketed { bracket, inner }) => inner
[INFO] [stdout]     |                                   ^^^^^^^ help: try ignoring the field: `bracket: _`
[INFO] [stdout]     |
[INFO] [stdout]     = note: `#[warn(unused_variables)]` on by default
[INFO] [stdout] 
[INFO] [stdout] 
[INFO] [stderr]    Compiling futures-util v0.3.30
[INFO] [stderr]    Compiling h2 v0.4.3
[INFO] [stderr]    Compiling tower v0.4.13
[INFO] [stderr]    Compiling futures-executor v0.3.30
[INFO] [stderr]    Compiling futures v0.3.30
[INFO] [stderr]    Compiling hyper v1.2.0
[INFO] [stderr]    Compiling hyper-util v0.1.3
[INFO] [stderr]    Compiling hyper-tls v0.6.0
[INFO] [stderr]    Compiling reqwest v0.12.0
[INFO] [stderr]    Compiling ptv v0.2.2 (/opt/rustwide/workdir)
[INFO] [stdout] warning: structure field `wed_pm_To` should have a snake case name
[INFO] [stdout]     --> src/ty.rs:1085:9
[INFO] [stdout]      |
[INFO] [stdout] 1085 |     pub wed_pm_To: String,
[INFO] [stdout]      |         ^^^^^^^^^ help: convert the identifier to snake case: `wed_pm_to`
[INFO] [stdout]      |
[INFO] [stdout]      = note: `#[warn(non_snake_case)]` on by default
[INFO] [stdout] 
[INFO] [stdout] 
[INFO] [stdout] warning: structure field `wed_pm_To` should have a snake case name
[INFO] [stdout]     --> src/ty.rs:1085:9
[INFO] [stdout]      |
[INFO] [stdout] 1085 |     pub wed_pm_To: String,
[INFO] [stdout]      |         ^^^^^^^^^ help: convert the identifier to snake case: `wed_pm_to`
[INFO] [stdout]      |
[INFO] [stdout]      = note: `#[warn(non_snake_case)]` on by default
[INFO] [stdout] 
[INFO] [stdout] 
[INFO] [stderr]     Finished `test` profile [unoptimized + debuginfo] target(s) in 17.18s
[INFO] running `Command { std: "docker" "inspect" "b725017b0fe483c52892280a085c63ccc736162c3f7813419ade7b8fc93e9d7a", kill_on_drop: false }`
[INFO] running `Command { std: "docker" "rm" "-f" "b725017b0fe483c52892280a085c63ccc736162c3f7813419ade7b8fc93e9d7a", kill_on_drop: false }`
[INFO] [stdout] b725017b0fe483c52892280a085c63ccc736162c3f7813419ade7b8fc93e9d7a
[INFO] running `Command { std: "docker" "create" "-v" "/var/lib/crater-agent-workspace/builds/worker-2-tc2/target:/opt/rustwide/target:rw,Z" "-v" "/var/lib/crater-agent-workspace/builds/worker-2-tc2/source:/opt/rustwide/workdir:ro,Z" "-v" "/var/lib/crater-agent-workspace/cargo-home:/opt/rustwide/cargo-home:ro,Z" "-v" "/var/lib/crater-agent-workspace/rustup-home:/opt/rustwide/rustup-home:ro,Z" "-e" "SOURCE_DIR=/opt/rustwide/workdir" "-e" "CARGO_TARGET_DIR=/opt/rustwide/target" "-e" "CARGO_INCREMENTAL=0" "-e" "RUST_BACKTRACE=full" "-e" "RUSTFLAGS=--cap-lints=warn" "-e" "RUSTDOCFLAGS=--cap-lints=warn" "-e" "CARGO_HOME=/opt/rustwide/cargo-home" "-e" "RUSTUP_HOME=/opt/rustwide/rustup-home" "-w" "/opt/rustwide/workdir" "-m" "1610612736" "--user" "0:0" "--network" "none" "ghcr.io/rust-lang/crates-build-env/linux@sha256:f3a9d4ad9d972b27faf3965f35b62e55ba32bbce8f20bc8fe909558a86702fde" "/opt/rustwide/cargo-home/bin/cargo" "+beta-2024-12-08" "test" "--frozen", kill_on_drop: false }`
[INFO] [stdout] cd97a5ff84122a719117b66bdbfebb9a74356fd009dedfe0f1a5c7ba53a1aa3e
[INFO] running `Command { std: "docker" "start" "-a" "cd97a5ff84122a719117b66bdbfebb9a74356fd009dedfe0f1a5c7ba53a1aa3e", kill_on_drop: false }`
[INFO] [stderr] warning: unused import: `std::fmt::format`
[INFO] [stderr]  --> ptvrs-macros/src/lib.rs:1:5
[INFO] [stderr]   |
[INFO] [stderr] 1 | use std::fmt::format;
[INFO] [stderr]   |     ^^^^^^^^^^^^^^^^
[INFO] [stderr]   |
[INFO] [stderr]   = note: `#[warn(unused_imports)]` on by default
[INFO] [stderr] 
[INFO] [stderr] warning: unused import: `proc_macro2::Span`
[INFO] [stderr]  --> ptvrs-macros/src/lib.rs:4:5
[INFO] [stderr]   |
[INFO] [stderr] 4 | use proc_macro2::Span;
[INFO] [stderr]   |     ^^^^^^^^^^^^^^^^^
[INFO] [stderr] 
[INFO] [stderr] warning: unused imports: `ExprStruct`, `PatLit`, `ext`, and `self`
[INFO] [stderr]  --> ptvrs-macros/src/lib.rs:8:16
[INFO] [stderr]   |
[INFO] [stderr] 8 | ...d, ext, parse::{self, discouraged::Speculative, Parse}, parse_macro_input, parse_quote, parse_quote_spanned, punctuated::{self, Punctuated}, spanned::Spanned, token, Expr, ExprStruct, FieldValue, Ident, LitStr, PatLit, P...
[INFO] [stderr]   |       ^^^                                                                                                                    ^^^^                                              ^^^^^^^^^^                             ^^^^^^
[INFO] [stderr] 
[INFO] [stderr] warning: unused variable: `bracket`
[INFO] [stderr]    --> ptvrs-macros/src/lib.rs:179:35
[INFO] [stderr]     |
[INFO] [stderr] 179 |         Grouped2::Set(Bracketed { bracket, inner }) => inner
[INFO] [stderr]     |                                   ^^^^^^^ help: try ignoring the field: `bracket: _`
[INFO] [stderr]     |
[INFO] [stderr]     = note: `#[warn(unused_variables)]` on by default
[INFO] [stderr] 
[INFO] [stderr] warning: `ptvrs-macros` (lib) generated 4 warnings (run `cargo fix --lib -p ptvrs-macros` to apply 3 suggestions)
[INFO] [stderr] warning: structure field `wed_pm_To` should have a snake case name
[INFO] [stderr]     --> src/ty.rs:1085:9
[INFO] [stderr]      |
[INFO] [stderr] 1085 |     pub wed_pm_To: String,
[INFO] [stderr]      |         ^^^^^^^^^ help: convert the identifier to snake case: `wed_pm_to`
[INFO] [stderr]      |
[INFO] [stderr]      = note: `#[warn(non_snake_case)]` on by default
[INFO] [stderr] 
[INFO] [stderr] warning: `ptv` (lib) generated 1 warning
[INFO] [stderr] warning: `ptv` (lib test) generated 1 warning (1 duplicate)
[INFO] [stderr]     Finished `test` profile [unoptimized + debuginfo] target(s) in 0.09s
[INFO] [stderr]      Running unittests src/lib.rs (/opt/rustwide/target/debug/deps/ptv-0b935c53ad00c59c)
[INFO] [stdout] 
[INFO] [stdout] running 0 tests
[INFO] [stdout] 
[INFO] [stdout] test result: ok. 0 passed; 0 failed; 0 ignored; 0 measured; 0 filtered out; finished in 0.00s
[INFO] [stdout] 
[INFO] [stderr]      Running tests/main.rs (/opt/rustwide/target/debug/deps/main-33bbb2827d01693c)
[INFO] [stdout] 
[INFO] [stdout] running 1 test
[INFO] [stdout] test test::test ... FAILED
[INFO] [stdout] 
[INFO] [stdout] failures:
[INFO] [stdout] 
[INFO] [stdout] ---- test::test stdout ----
[INFO] [stdout] [~] Running test: departures_stop
[INFO] [stdout] thread 'test::test' panicked at tests/main.rs:24:46:
[INFO] [stdout] called `Result::unwrap()` on an `Err` value: NotPresent
[INFO] [stdout] stack backtrace:
[INFO] [stdout]    0:     0x56598f38bd5a - std::backtrace_rs::backtrace::libunwind::trace::h8810477743020387
[INFO] [stdout]                                at /rustc/202008a1b8de96d2e5b6bc02d379db03a877d34d/library/std/src/../../backtrace/src/backtrace/libunwind.rs:116:5
[INFO] [stdout]    1:     0x56598f38bd5a - std::backtrace_rs::backtrace::trace_unsynchronized::h3aa55355dd6c54a6
[INFO] [stdout]                                at /rustc/202008a1b8de96d2e5b6bc02d379db03a877d34d/library/std/src/../../backtrace/src/backtrace/mod.rs:66:5
[INFO] [stdout]    2:     0x56598f38bd5a - std::sys::backtrace::_print_fmt::h8588b0f62410823f
[INFO] [stdout]                                at /rustc/202008a1b8de96d2e5b6bc02d379db03a877d34d/library/std/src/sys/backtrace.rs:66:9
[INFO] [stdout]    3:     0x56598f38bd5a - <std::sys::backtrace::BacktraceLock::print::DisplayBacktrace as core::fmt::Display>::fmt::h98c26ac25ffe89bb
[INFO] [stdout]                                at /rustc/202008a1b8de96d2e5b6bc02d379db03a877d34d/library/std/src/sys/backtrace.rs:39:26
[INFO] [stdout]    4:     0x56598f3b6bc3 - core::fmt::rt::Argument::fmt::hf95377f4aebd453b
[INFO] [stdout]                                at /rustc/202008a1b8de96d2e5b6bc02d379db03a877d34d/library/core/src/fmt/rt.rs:177:76
[INFO] [stdout]    5:     0x56598f3b6bc3 - core::fmt::write::h0dd5f6e2238c7982
[INFO] [stdout]                                at /rustc/202008a1b8de96d2e5b6bc02d379db03a877d34d/library/core/src/fmt/mod.rs:1189:21
[INFO] [stdout]    6:     0x56598f388163 - std::io::Write::write_fmt::h03bb0ca26e6faf8c
[INFO] [stdout]                                at /rustc/202008a1b8de96d2e5b6bc02d379db03a877d34d/library/std/src/io/mod.rs:1884:15
[INFO] [stdout]    7:     0x56598f38bba2 - std::sys::backtrace::BacktraceLock::print::h5c19c1c038ee186d
[INFO] [stdout]                                at /rustc/202008a1b8de96d2e5b6bc02d379db03a877d34d/library/std/src/sys/backtrace.rs:42:9
[INFO] [stdout]    8:     0x56598f38d1dd - std::panicking::default_hook::{{closure}}::h77172f079a1fcb13
[INFO] [stdout]                                at /rustc/202008a1b8de96d2e5b6bc02d379db03a877d34d/library/std/src/panicking.rs:268:22
[INFO] [stdout]    9:     0x56598f38cfe7 - std::panicking::default_hook::he5f8e3b203ccddba
[INFO] [stdout]                                at /rustc/202008a1b8de96d2e5b6bc02d379db03a877d34d/library/std/src/panicking.rs:292:9
[INFO] [stdout]   10:     0x56598eed9257 - <alloc::boxed::Box<F,A> as core::ops::function::Fn<Args>>::call::h7a3c7b4a1ae77f2f
[INFO] [stdout]                                at /rustc/202008a1b8de96d2e5b6bc02d379db03a877d34d/library/alloc/src/boxed.rs:1986:9
[INFO] [stdout]   11:     0x56598eed9257 - test::test_main::{{closure}}::hf0d3b69ae9b353d1
[INFO] [stdout]                                at /rustc/202008a1b8de96d2e5b6bc02d379db03a877d34d/library/test/src/lib.rs:134:21
[INFO] [stdout]   12:     0x56598f38d888 - <alloc::boxed::Box<F,A> as core::ops::function::Fn<Args>>::call::h6332e82e7b189abd
[INFO] [stdout]                                at /rustc/202008a1b8de96d2e5b6bc02d379db03a877d34d/library/alloc/src/boxed.rs:1986:9
[INFO] [stdout]   13:     0x56598f38d888 - std::panicking::rust_panic_with_hook::h53863d4e9018df39
[INFO] [stdout]                                at /rustc/202008a1b8de96d2e5b6bc02d379db03a877d34d/library/std/src/panicking.rs:809:13
[INFO] [stdout]   14:     0x56598f38d64a - std::panicking::begin_panic_handler::{{closure}}::h67280e6fa0757873
[INFO] [stdout]                                at /rustc/202008a1b8de96d2e5b6bc02d379db03a877d34d/library/std/src/panicking.rs:674:13
[INFO] [stdout]   15:     0x56598f38c239 - std::sys::backtrace::__rust_end_short_backtrace::h1dac3f54d6fbbeb2
[INFO] [stdout]                                at /rustc/202008a1b8de96d2e5b6bc02d379db03a877d34d/library/std/src/sys/backtrace.rs:170:18
[INFO] [stdout]   16:     0x56598f38d2dc - rust_begin_unwind
[INFO] [stdout]                                at /rustc/202008a1b8de96d2e5b6bc02d379db03a877d34d/library/std/src/panicking.rs:665:5
[INFO] [stdout]   17:     0x56598ed6b2f0 - core::panicking::panic_fmt::h6792bd1b2bf01041
[INFO] [stdout]                                at /rustc/202008a1b8de96d2e5b6bc02d379db03a877d34d/library/core/src/panicking.rs:76:14
[INFO] [stdout]   18:     0x56598ed6b7d6 - core::result::unwrap_failed::h05e0602ed34287c5
[INFO] [stdout]                                at /rustc/202008a1b8de96d2e5b6bc02d379db03a877d34d/library/core/src/result.rs:1699:5
[INFO] [stdout]   19:     0x56598ee2d909 - core::result::Result<T,E>::unwrap::h7af2e649e7c5ac4c
[INFO] [stdout]                                at /rustc/202008a1b8de96d2e5b6bc02d379db03a877d34d/library/core/src/result.rs:1104:23
[INFO] [stdout]   20:     0x56598ee2d909 - main::test::CLIENT::{{closure}}::h7e55c146d9766040
[INFO] [stdout]                                at /opt/rustwide/workdir/tests/main.rs:24:25
[INFO] [stdout]   21:     0x56598ee15e86 - core::ops::function::FnOnce::call_once::h22e9a80c91026816
[INFO] [stdout]                                at /rustc/202008a1b8de96d2e5b6bc02d379db03a877d34d/library/core/src/ops/function.rs:250:5
[INFO] [stdout]   22:     0x56598ee16f02 - core::ops::function::FnOnce::call_once::hbf0dc06d1df4d229
[INFO] [stdout]                                at /rustc/202008a1b8de96d2e5b6bc02d379db03a877d34d/library/core/src/ops/function.rs:250:5
[INFO] [stdout]   23:     0x56598ee9f583 - once_cell::sync::Lazy<T,F>::force::{{closure}}::h62363f189a70fda6
[INFO] [stdout]                                at /opt/rustwide/cargo-home/registry/src/index.crates.io-6f17d22bba15001f/once_cell-1.19.0/src/lib.rs:1310:28
[INFO] [stdout]   24:     0x56598ee9f69c - once_cell::sync::OnceCell<T>::get_or_init::{{closure}}::h8359ed13ae42f8ed
[INFO] [stdout]                                at /opt/rustwide/cargo-home/registry/src/index.crates.io-6f17d22bba15001f/once_cell-1.19.0/src/lib.rs:1120:57
[INFO] [stdout]   25:     0x56598ee8a9c0 - once_cell::imp::OnceCell<T>::initialize::{{closure}}::hc18d19e97fa295da
[INFO] [stdout]                                at /opt/rustwide/cargo-home/registry/src/index.crates.io-6f17d22bba15001f/once_cell-1.19.0/src/imp_std.rs:72:23
[INFO] [stdout]   26:     0x56598f336d76 - core::ops::function::impls::<impl core::ops::function::FnMut<A> for &mut F>::call_mut::h2c6c4b4e8ad74844
[INFO] [stdout]                                at /rustc/202008a1b8de96d2e5b6bc02d379db03a877d34d/library/core/src/ops/function.rs:294:13
[INFO] [stdout]   27:     0x56598f3383e1 - once_cell::imp::initialize_or_wait::ha184854548a2ec19
[INFO] [stdout]                                at /opt/rustwide/cargo-home/registry/src/index.crates.io-6f17d22bba15001f/once_cell-1.19.0/src/imp_std.rs:196:20
[INFO] [stdout]   28:     0x56598ee8a8ce - once_cell::imp::OnceCell<T>::initialize::h0dd6f747284ed6e7
[INFO] [stdout]                                at /opt/rustwide/cargo-home/registry/src/index.crates.io-6f17d22bba15001f/once_cell-1.19.0/src/imp_std.rs:68:9
[INFO] [stdout]   29:     0x56598ee9f8e7 - once_cell::sync::OnceCell<T>::get_or_try_init::hbca3808175ba8b7d
[INFO] [stdout]                                at /opt/rustwide/cargo-home/registry/src/index.crates.io-6f17d22bba15001f/once_cell-1.19.0/src/lib.rs:1161:13
[INFO] [stdout]   30:     0x56598ee9f663 - once_cell::sync::OnceCell<T>::get_or_init::h2a18c0a956aee0ce
[INFO] [stdout]                                at /opt/rustwide/cargo-home/registry/src/index.crates.io-6f17d22bba15001f/once_cell-1.19.0/src/lib.rs:1120:19
[INFO] [stdout]   31:     0x56598ee9f4f0 - once_cell::sync::Lazy<T,F>::force::h86a8b883b727b7db
[INFO] [stdout]                                at /opt/rustwide/cargo-home/registry/src/index.crates.io-6f17d22bba15001f/once_cell-1.19.0/src/lib.rs:1309:13
[INFO] [stdout]   32:     0x56598ee9e9fa - <once_cell::sync::Lazy<T,F> as core::ops::deref::Deref>::deref::hf624e2f33f4aae99
[INFO] [stdout]                                at /opt/rustwide/cargo-home/registry/src/index.crates.io-6f17d22bba15001f/once_cell-1.19.0/src/lib.rs:1376:13
[INFO] [stdout]   33:     0x56598ee2f974 - main::test::TASKS::{{closure}}::{{closure}}::{{closure}}::h4ec6952fae0b81c0
[INFO] [stdout]                                at /opt/rustwide/workdir/tests/main.rs:41:9
[INFO] [stdout]   34:     0x56598ee9e95f - <core::pin::Pin<P> as core::future::future::Future>::poll::hfe8b4202de378f48
[INFO] [stdout]                                at /rustc/202008a1b8de96d2e5b6bc02d379db03a877d34d/library/core/src/future/future.rs:124:9
[INFO] [stdout]   35:     0x56598ee3af51 - main::test::test::{{closure}}::{{closure}}::{{closure}}::h9b85e2a18b1e651b
[INFO] [stdout]                                at /opt/rustwide/workdir/tests/main.rs:139:46
[INFO] [stdout]   36:     0x56598ee3ea73 - <futures_util::stream::futures_unordered::FuturesUnordered<Fut> as futures_core::stream::Stream>::poll_next::hdb3f95b0c8a8fa97
[INFO] [stdout]                                at /opt/rustwide/cargo-home/registry/src/index.crates.io-6f17d22bba15001f/futures-util-0.3.30/src/stream/futures_unordered/mod.rs:518:17
[INFO] [stdout]   37:     0x56598ee426e7 - futures_util::stream::stream::StreamExt::poll_next_unpin::h97e93e89c95e1850
[INFO] [stdout]                                at /opt/rustwide/cargo-home/registry/src/index.crates.io-6f17d22bba15001f/futures-util-0.3.30/src/stream/stream/mod.rs:1638:9
[INFO] [stdout]   38:     0x56598ee6fa38 - <futures_util::stream::stream::next::Next<St> as core::future::future::Future>::poll::hb1a6cb059707f337
[INFO] [stdout]                                at /opt/rustwide/cargo-home/registry/src/index.crates.io-6f17d22bba15001f/futures-util-0.3.30/src/stream/stream/next.rs:32:9
[INFO] [stdout]   39:     0x56598ee3a954 - main::test::test::{{closure}}::hede6e18fe10fdbe8
[INFO] [stdout]                                at /opt/rustwide/workdir/tests/main.rs:174:50
[INFO] [stdout]   40:     0x56598ee7496f - tokio::runtime::park::CachedParkThread::block_on::{{closure}}::h58f0b5958eb1b8df
[INFO] [stdout]                                at /opt/rustwide/cargo-home/registry/src/index.crates.io-6f17d22bba15001f/tokio-1.36.0/src/runtime/park.rs:281:63
[INFO] [stdout]   41:     0x56598ee74396 - tokio::runtime::coop::with_budget::hb7a40827d85b75f2
[INFO] [stdout]                                at /opt/rustwide/cargo-home/registry/src/index.crates.io-6f17d22bba15001f/tokio-1.36.0/src/runtime/coop.rs:107:5
[INFO] [stdout]   42:     0x56598ee74396 - tokio::runtime::coop::budget::h5d8de49e09720591
[INFO] [stdout]                                at /opt/rustwide/cargo-home/registry/src/index.crates.io-6f17d22bba15001f/tokio-1.36.0/src/runtime/coop.rs:73:5
[INFO] [stdout]   43:     0x56598ee74396 - tokio::runtime::park::CachedParkThread::block_on::h5a95d5bbfbb01366
[INFO] [stdout]                                at /opt/rustwide/cargo-home/registry/src/index.crates.io-6f17d22bba15001f/tokio-1.36.0/src/runtime/park.rs:281:31
[INFO] [stdout]   44:     0x56598ee8e96f - tokio::runtime::context::blocking::BlockingRegionGuard::block_on::h40879c80d41bd406
[INFO] [stdout]                                at /opt/rustwide/cargo-home/registry/src/index.crates.io-6f17d22bba15001f/tokio-1.36.0/src/runtime/context/blocking.rs:66:9
[INFO] [stdout]   45:     0x56598ee89e22 - tokio::runtime::scheduler::multi_thread::MultiThread::block_on::{{closure}}::h64a64e0110752891
[INFO] [stdout]                                at /opt/rustwide/cargo-home/registry/src/index.crates.io-6f17d22bba15001f/tokio-1.36.0/src/runtime/scheduler/multi_thread/mod.rs:87:13
[INFO] [stdout]   46:     0x56598ee74c72 - tokio::runtime::context::runtime::enter_runtime::h83ea2b16476d6db2
[INFO] [stdout]                                at /opt/rustwide/cargo-home/registry/src/index.crates.io-6f17d22bba15001f/tokio-1.36.0/src/runtime/context/runtime.rs:65:16
[INFO] [stdout]   47:     0x56598ee89dea - tokio::runtime::scheduler::multi_thread::MultiThread::block_on::h6d41dcd50cf931f7
[INFO] [stdout]                                at /opt/rustwide/cargo-home/registry/src/index.crates.io-6f17d22bba15001f/tokio-1.36.0/src/runtime/scheduler/multi_thread/mod.rs:86:9
[INFO] [stdout]   48:     0x56598ee753d0 - tokio::runtime::runtime::Runtime::block_on::he328965c8b9e590c
[INFO] [stdout]                                at /opt/rustwide/cargo-home/registry/src/index.crates.io-6f17d22bba15001f/tokio-1.36.0/src/runtime/runtime.rs:350:45
[INFO] [stdout]   49:     0x56598ee3a4ec - main::test::test::h579cd5706ed6daae
[INFO] [stdout]                                at /opt/rustwide/workdir/tests/main.rs:124:9
[INFO] [stdout]   50:     0x56598ee3a2c7 - main::test::test::{{closure}}::h555b704889bb4c5c
[INFO] [stdout]                                at /opt/rustwide/workdir/tests/main.rs:121:18
[INFO] [stdout]   51:     0x56598ee16686 - core::ops::function::FnOnce::call_once::h736baa578d96ac08
[INFO] [stdout]                                at /rustc/202008a1b8de96d2e5b6bc02d379db03a877d34d/library/core/src/ops/function.rs:250:5
[INFO] [stdout]   52:     0x56598eeddd7b - core::ops::function::FnOnce::call_once::h871bf86719ec9aa4
[INFO] [stdout]                                at /rustc/202008a1b8de96d2e5b6bc02d379db03a877d34d/library/core/src/ops/function.rs:250:5
[INFO] [stdout]   53:     0x56598eeddd7b - test::__rust_begin_short_backtrace::h2167df1e2b7d76fd
[INFO] [stdout]                                at /rustc/202008a1b8de96d2e5b6bc02d379db03a877d34d/library/test/src/lib.rs:632:18
[INFO] [stdout]   54:     0x56598eedd768 - test::run_test_in_process::{{closure}}::h15d92f75a3adfb79
[INFO] [stdout]                                at /rustc/202008a1b8de96d2e5b6bc02d379db03a877d34d/library/test/src/lib.rs:655:60
[INFO] [stdout]   55:     0x56598eedd768 - <core::panic::unwind_safe::AssertUnwindSafe<F> as core::ops::function::FnOnce<()>>::call_once::hb6c8955835a8dbbb
[INFO] [stdout]                                at /rustc/202008a1b8de96d2e5b6bc02d379db03a877d34d/library/core/src/panic/unwind_safe.rs:272:9
[INFO] [stdout]   56:     0x56598eedd768 - std::panicking::try::do_call::hc79d0fc888a0bd30
[INFO] [stdout]                                at /rustc/202008a1b8de96d2e5b6bc02d379db03a877d34d/library/std/src/panicking.rs:557:40
[INFO] [stdout]   57:     0x56598eedd768 - std::panicking::try::hb8a7878e3a8589d6
[INFO] [stdout]                                at /rustc/202008a1b8de96d2e5b6bc02d379db03a877d34d/library/std/src/panicking.rs:520:19
[INFO] [stdout]   58:     0x56598eedd768 - std::panic::catch_unwind::hb8e4600ff0ff5cfa
[INFO] [stdout]                                at /rustc/202008a1b8de96d2e5b6bc02d379db03a877d34d/library/std/src/panic.rs:358:14
[INFO] [stdout]   59:     0x56598eedd768 - test::run_test_in_process::hc2900b0b18688dd6
[INFO] [stdout]                                at /rustc/202008a1b8de96d2e5b6bc02d379db03a877d34d/library/test/src/lib.rs:655:27
[INFO] [stdout]   60:     0x56598eedd768 - test::run_test::{{closure}}::hac2a9cb07be3d48d
[INFO] [stdout]                                at /rustc/202008a1b8de96d2e5b6bc02d379db03a877d34d/library/test/src/lib.rs:576:43
[INFO] [stdout]   61:     0x56598eea120a - test::run_test::{{closure}}::h4a5b729e66a38cd8
[INFO] [stdout]                                at /rustc/202008a1b8de96d2e5b6bc02d379db03a877d34d/library/test/src/lib.rs:606:41
[INFO] [stdout]   62:     0x56598eea120a - std::sys::backtrace::__rust_begin_short_backtrace::h0496fb742492f573
[INFO] [stdout]                                at /rustc/202008a1b8de96d2e5b6bc02d379db03a877d34d/library/std/src/sys/backtrace.rs:154:18
[INFO] [stdout]   63:     0x56598eea4b84 - std::thread::Builder::spawn_unchecked_::{{closure}}::{{closure}}::hbb6d257c550a54bd
[INFO] [stdout]                                at /rustc/202008a1b8de96d2e5b6bc02d379db03a877d34d/library/std/src/thread/mod.rs:561:17
[INFO] [stdout]   64:     0x56598eea4b84 - <core::panic::unwind_safe::AssertUnwindSafe<F> as core::ops::function::FnOnce<()>>::call_once::h46696fe4a6832328
[INFO] [stdout]                                at /rustc/202008a1b8de96d2e5b6bc02d379db03a877d34d/library/core/src/panic/unwind_safe.rs:272:9
[INFO] [stdout]   65:     0x56598eea4b84 - std::panicking::try::do_call::h2625a51b667bfb64
[INFO] [stdout]                                at /rustc/202008a1b8de96d2e5b6bc02d379db03a877d34d/library/std/src/panicking.rs:557:40
[INFO] [stdout]   66:     0x56598eea4b84 - std::panicking::try::hb956a59a1973aa4c
[INFO] [stdout]                                at /rustc/202008a1b8de96d2e5b6bc02d379db03a877d34d/library/std/src/panicking.rs:520:19
[INFO] [stdout]   67:     0x56598eea4b84 - std::panic::catch_unwind::h64f3b9d1067ef6a0
[INFO] [stdout]                                at /rustc/202008a1b8de96d2e5b6bc02d379db03a877d34d/library/std/src/panic.rs:358:14
[INFO] [stdout]   68:     0x56598eea4b84 - std::thread::Builder::spawn_unchecked_::{{closure}}::h42b2841295b6c0b2
[INFO] [stdout]                                at /rustc/202008a1b8de96d2e5b6bc02d379db03a877d34d/library/std/src/thread/mod.rs:559:30
[INFO] [stdout]   69:     0x56598eea4b84 - core::ops::function::FnOnce::call_once{{vtable.shim}}::h6127de71b8124639
[INFO] [stdout]                                at /rustc/202008a1b8de96d2e5b6bc02d379db03a877d34d/library/core/src/ops/function.rs:250:5
[INFO] [stdout]   70:     0x56598f391d3b - <alloc::boxed::Box<F,A> as core::ops::function::FnOnce<Args>>::call_once::h42f0ba71002a1b2c
[INFO] [stdout]                                at /rustc/202008a1b8de96d2e5b6bc02d379db03a877d34d/library/alloc/src/boxed.rs:1972:9
[INFO] [stdout]   71:     0x56598f391d3b - <alloc::boxed::Box<F,A> as core::ops::function::FnOnce<Args>>::call_once::had9e47d7a3dcecb8
[INFO] [stdout]                                at /rustc/202008a1b8de96d2e5b6bc02d379db03a877d34d/library/alloc/src/boxed.rs:1972:9
[INFO] [stdout]   72:     0x56598f391d3b - std::sys::pal::unix::thread::Thread::new::thread_start::h48cf765408f6f5f2
[INFO] [stdout]                                at /rustc/202008a1b8de96d2e5b6bc02d379db03a877d34d/library/std/src/sys/pal/unix/thread.rs:105:17
[INFO] [stdout]   73:     0x75c4df642ac3 - <unknown>
[INFO] [stdout]   74:     0x75c4df6d3a04 - clone
[INFO] [stdout]   75:                0x0 - <unknown>
[INFO] [stdout] 
[INFO] [stdout] 
[INFO] [stdout] failures:
[INFO] [stdout]     test::test
[INFO] [stdout] 
[INFO] [stdout] test result: FAILED. 0 passed; 1 failed; 0 ignored; 0 measured; 0 filtered out; finished in 0.03s
[INFO] [stdout] 
[INFO] [stderr] error: test failed, to rerun pass `--test main`
[INFO] running `Command { std: "docker" "inspect" "cd97a5ff84122a719117b66bdbfebb9a74356fd009dedfe0f1a5c7ba53a1aa3e", kill_on_drop: false }`
[INFO] running `Command { std: "docker" "rm" "-f" "cd97a5ff84122a719117b66bdbfebb9a74356fd009dedfe0f1a5c7ba53a1aa3e", kill_on_drop: false }`
[INFO] [stdout] cd97a5ff84122a719117b66bdbfebb9a74356fd009dedfe0f1a5c7ba53a1aa3e
