[INFO] cloning repository https://github.com/tamasfe/termspin
[INFO] running `Command { std: "git" "-c" "credential.helper=" "-c" "credential.helper=/workspace/cargo-home/bin/git-credential-null" "clone" "--bare" "https://github.com/tamasfe/termspin" "/workspace/cache/git-repos/https%3A%2F%2Fgithub.com%2Ftamasfe%2Ftermspin", kill_on_drop: false }`
[INFO] [stderr] Cloning into bare repository '/workspace/cache/git-repos/https%3A%2F%2Fgithub.com%2Ftamasfe%2Ftermspin'...
[INFO] running `Command { std: "git" "rev-parse" "HEAD", kill_on_drop: false }`
[INFO] [stdout] 4d1b8ab6fcdef9cd06e05b7524fbd7fdde77de80
[INFO] testing tamasfe/termspin against beta-2024-12-08 for beta-1.84.0-4-retry
[INFO] running `Command { std: "git" "clone" "/workspace/cache/git-repos/https%3A%2F%2Fgithub.com%2Ftamasfe%2Ftermspin" "/workspace/builds/worker-6-tc2/source", kill_on_drop: false }`
[INFO] [stderr] Cloning into '/workspace/builds/worker-6-tc2/source'...
[INFO] [stderr] done.
[INFO] validating manifest of git repo https://github.com/tamasfe/termspin on toolchain beta-2024-12-08
[INFO] running `Command { std: CARGO_HOME="/workspace/cargo-home" RUSTUP_HOME="/workspace/rustup-home" "/workspace/cargo-home/bin/cargo" "+beta-2024-12-08" "metadata" "--manifest-path" "Cargo.toml" "--no-deps", kill_on_drop: false }`
[INFO] started tweaking git repo https://github.com/tamasfe/termspin
[INFO] finished tweaking git repo https://github.com/tamasfe/termspin
[INFO] tweaked toml for git repo https://github.com/tamasfe/termspin written to /workspace/builds/worker-6-tc2/source/Cargo.toml
[INFO] crate git repo https://github.com/tamasfe/termspin already has a lockfile, it will not be regenerated
[INFO] running `Command { std: CARGO_HOME="/workspace/cargo-home" RUSTUP_HOME="/workspace/rustup-home" "/workspace/cargo-home/bin/cargo" "+beta-2024-12-08" "fetch" "--manifest-path" "Cargo.toml", kill_on_drop: false }`
[INFO] [stderr] warning: virtual workspace defaulting to `resolver = "1"` despite one or more workspace members being on edition 2021 which implies `resolver = "2"`
[INFO] [stderr] note: to keep the current resolver, specify `workspace.resolver = "1"` in the workspace root's manifest
[INFO] [stderr] note: to use the edition 2021 resolver, specify `workspace.resolver = "2"` in the workspace root's manifest
[INFO] [stderr] note: for more details see https://doc.rust-lang.org/cargo/reference/resolver.html#resolver-versions
[INFO] running `Command { std: "docker" "create" "-v" "/var/lib/crater-agent-workspace/builds/worker-6-tc2/target:/opt/rustwide/target:rw,Z" "-v" "/var/lib/crater-agent-workspace/builds/worker-6-tc2/source:/opt/rustwide/workdir:ro,Z" "-v" "/var/lib/crater-agent-workspace/cargo-home:/opt/rustwide/cargo-home:ro,Z" "-v" "/var/lib/crater-agent-workspace/rustup-home:/opt/rustwide/rustup-home:ro,Z" "-e" "SOURCE_DIR=/opt/rustwide/workdir" "-e" "CARGO_TARGET_DIR=/opt/rustwide/target" "-e" "CARGO_HOME=/opt/rustwide/cargo-home" "-e" "RUSTUP_HOME=/opt/rustwide/rustup-home" "-w" "/opt/rustwide/workdir" "-m" "1610612736" "--user" "0:0" "--network" "none" "ghcr.io/rust-lang/crates-build-env/linux@sha256:f3a9d4ad9d972b27faf3965f35b62e55ba32bbce8f20bc8fe909558a86702fde" "/opt/rustwide/cargo-home/bin/cargo" "+beta-2024-12-08" "metadata" "--no-deps" "--format-version=1", kill_on_drop: false }`
[INFO] [stdout] 1f9ab297066b0f48c908841af843f6951e1a4ec9fd792cb96bd17941e944a3c8
[INFO] running `Command { std: "docker" "start" "-a" "1f9ab297066b0f48c908841af843f6951e1a4ec9fd792cb96bd17941e944a3c8", kill_on_drop: false }`
[INFO] running `Command { std: "docker" "inspect" "1f9ab297066b0f48c908841af843f6951e1a4ec9fd792cb96bd17941e944a3c8", kill_on_drop: false }`
[INFO] running `Command { std: "docker" "rm" "-f" "1f9ab297066b0f48c908841af843f6951e1a4ec9fd792cb96bd17941e944a3c8", kill_on_drop: false }`
[INFO] [stdout] 1f9ab297066b0f48c908841af843f6951e1a4ec9fd792cb96bd17941e944a3c8
[INFO] running `Command { std: "docker" "create" "-v" "/var/lib/crater-agent-workspace/builds/worker-6-tc2/target:/opt/rustwide/target:rw,Z" "-v" "/var/lib/crater-agent-workspace/builds/worker-6-tc2/source:/opt/rustwide/workdir:ro,Z" "-v" "/var/lib/crater-agent-workspace/cargo-home:/opt/rustwide/cargo-home:ro,Z" "-v" "/var/lib/crater-agent-workspace/rustup-home:/opt/rustwide/rustup-home:ro,Z" "-e" "SOURCE_DIR=/opt/rustwide/workdir" "-e" "CARGO_TARGET_DIR=/opt/rustwide/target" "-e" "CARGO_INCREMENTAL=0" "-e" "RUST_BACKTRACE=full" "-e" "RUSTFLAGS=--cap-lints=warn" "-e" "RUSTDOCFLAGS=--cap-lints=warn" "-e" "CARGO_HOME=/opt/rustwide/cargo-home" "-e" "RUSTUP_HOME=/opt/rustwide/rustup-home" "-w" "/opt/rustwide/workdir" "-m" "1610612736" "--user" "0:0" "--network" "none" "ghcr.io/rust-lang/crates-build-env/linux@sha256:f3a9d4ad9d972b27faf3965f35b62e55ba32bbce8f20bc8fe909558a86702fde" "/opt/rustwide/cargo-home/bin/cargo" "+beta-2024-12-08" "build" "--frozen" "--message-format=json", kill_on_drop: false }`
[INFO] [stdout] 17ca91bff9affb3864cc0a704dac43ef44a4f215329ca52ebd20320dc0526d65
[INFO] running `Command { std: "docker" "start" "-a" "17ca91bff9affb3864cc0a704dac43ef44a4f215329ca52ebd20320dc0526d65", kill_on_drop: false }`
[INFO] [stderr] warning: virtual workspace defaulting to `resolver = "1"` despite one or more workspace members being on edition 2021 which implies `resolver = "2"`
[INFO] [stderr] note: to keep the current resolver, specify `workspace.resolver = "1"` in the workspace root's manifest
[INFO] [stderr] note: to use the edition 2021 resolver, specify `workspace.resolver = "2"` in the workspace root's manifest
[INFO] [stderr] note: for more details see https://doc.rust-lang.org/cargo/reference/resolver.html#resolver-versions
[INFO] [stderr]    Compiling downcast v0.11.0
[INFO] [stderr]    Compiling termspin v0.1.0 (/opt/rustwide/workdir/crates/termspin)
[INFO] [stderr]     Finished `dev` profile [unoptimized + debuginfo] target(s) in 0.50s
[INFO] running `Command { std: "docker" "inspect" "17ca91bff9affb3864cc0a704dac43ef44a4f215329ca52ebd20320dc0526d65", kill_on_drop: false }`
[INFO] running `Command { std: "docker" "rm" "-f" "17ca91bff9affb3864cc0a704dac43ef44a4f215329ca52ebd20320dc0526d65", kill_on_drop: false }`
[INFO] [stdout] 17ca91bff9affb3864cc0a704dac43ef44a4f215329ca52ebd20320dc0526d65
[INFO] running `Command { std: "docker" "create" "-v" "/var/lib/crater-agent-workspace/builds/worker-6-tc2/target:/opt/rustwide/target:rw,Z" "-v" "/var/lib/crater-agent-workspace/builds/worker-6-tc2/source:/opt/rustwide/workdir:ro,Z" "-v" "/var/lib/crater-agent-workspace/cargo-home:/opt/rustwide/cargo-home:ro,Z" "-v" "/var/lib/crater-agent-workspace/rustup-home:/opt/rustwide/rustup-home:ro,Z" "-e" "SOURCE_DIR=/opt/rustwide/workdir" "-e" "CARGO_TARGET_DIR=/opt/rustwide/target" "-e" "CARGO_INCREMENTAL=0" "-e" "RUST_BACKTRACE=full" "-e" "RUSTFLAGS=--cap-lints=warn" "-e" "RUSTDOCFLAGS=--cap-lints=warn" "-e" "CARGO_HOME=/opt/rustwide/cargo-home" "-e" "RUSTUP_HOME=/opt/rustwide/rustup-home" "-w" "/opt/rustwide/workdir" "-m" "1610612736" "--user" "0:0" "--network" "none" "ghcr.io/rust-lang/crates-build-env/linux@sha256:f3a9d4ad9d972b27faf3965f35b62e55ba32bbce8f20bc8fe909558a86702fde" "/opt/rustwide/cargo-home/bin/cargo" "+beta-2024-12-08" "test" "--frozen" "--no-run" "--message-format=json", kill_on_drop: false }`
[INFO] [stdout] 58a0b915dda9fcb75a9d18f7bfe8523979b4a85b967ce025408b1d4787da459c
[INFO] running `Command { std: "docker" "start" "-a" "58a0b915dda9fcb75a9d18f7bfe8523979b4a85b967ce025408b1d4787da459c", kill_on_drop: false }`
[INFO] [stderr] warning: virtual workspace defaulting to `resolver = "1"` despite one or more workspace members being on edition 2021 which implies `resolver = "2"`
[INFO] [stderr] note: to keep the current resolver, specify `workspace.resolver = "1"` in the workspace root's manifest
[INFO] [stderr] note: to use the edition 2021 resolver, specify `workspace.resolver = "2"` in the workspace root's manifest
[INFO] [stderr] note: for more details see https://doc.rust-lang.org/cargo/reference/resolver.html#resolver-versions
[INFO] [stderr]    Compiling termspin v0.1.0 (/opt/rustwide/workdir/crates/termspin)
[INFO] [stderr]     Finished `test` profile [unoptimized + debuginfo] target(s) in 1.30s
[INFO] running `Command { std: "docker" "inspect" "58a0b915dda9fcb75a9d18f7bfe8523979b4a85b967ce025408b1d4787da459c", kill_on_drop: false }`
[INFO] running `Command { std: "docker" "rm" "-f" "58a0b915dda9fcb75a9d18f7bfe8523979b4a85b967ce025408b1d4787da459c", kill_on_drop: false }`
[INFO] [stdout] 58a0b915dda9fcb75a9d18f7bfe8523979b4a85b967ce025408b1d4787da459c
[INFO] running `Command { std: "docker" "create" "-v" "/var/lib/crater-agent-workspace/builds/worker-6-tc2/target:/opt/rustwide/target:rw,Z" "-v" "/var/lib/crater-agent-workspace/builds/worker-6-tc2/source:/opt/rustwide/workdir:ro,Z" "-v" "/var/lib/crater-agent-workspace/cargo-home:/opt/rustwide/cargo-home:ro,Z" "-v" "/var/lib/crater-agent-workspace/rustup-home:/opt/rustwide/rustup-home:ro,Z" "-e" "SOURCE_DIR=/opt/rustwide/workdir" "-e" "CARGO_TARGET_DIR=/opt/rustwide/target" "-e" "CARGO_INCREMENTAL=0" "-e" "RUST_BACKTRACE=full" "-e" "RUSTFLAGS=--cap-lints=warn" "-e" "RUSTDOCFLAGS=--cap-lints=warn" "-e" "CARGO_HOME=/opt/rustwide/cargo-home" "-e" "RUSTUP_HOME=/opt/rustwide/rustup-home" "-w" "/opt/rustwide/workdir" "-m" "1610612736" "--user" "0:0" "--network" "none" "ghcr.io/rust-lang/crates-build-env/linux@sha256:f3a9d4ad9d972b27faf3965f35b62e55ba32bbce8f20bc8fe909558a86702fde" "/opt/rustwide/cargo-home/bin/cargo" "+beta-2024-12-08" "test" "--frozen", kill_on_drop: false }`
[INFO] [stdout] 6104b5ac0d49a269ac48939544e1045c4f3cf177298ac494501f34ca844d1bad
[INFO] running `Command { std: "docker" "start" "-a" "6104b5ac0d49a269ac48939544e1045c4f3cf177298ac494501f34ca844d1bad", kill_on_drop: false }`
[INFO] [stderr] warning: virtual workspace defaulting to `resolver = "1"` despite one or more workspace members being on edition 2021 which implies `resolver = "2"`
[INFO] [stderr] note: to keep the current resolver, specify `workspace.resolver = "1"` in the workspace root's manifest
[INFO] [stderr] note: to use the edition 2021 resolver, specify `workspace.resolver = "2"` in the workspace root's manifest
[INFO] [stderr] note: for more details see https://doc.rust-lang.org/cargo/reference/resolver.html#resolver-versions
[INFO] [stderr]     Finished `test` profile [unoptimized + debuginfo] target(s) in 0.02s
[INFO] [stderr]      Running unittests src/lib.rs (/opt/rustwide/target/debug/deps/termspin-62a75f7c63d38ea9)
[INFO] [stderr]    Doc-tests termspin
[INFO] [stdout] 
[INFO] [stdout] running 0 tests
[INFO] [stdout] 
[INFO] [stdout] test result: ok. 0 passed; 0 failed; 0 ignored; 0 measured; 0 filtered out; finished in 0.00s
[INFO] [stdout] 
[INFO] [stdout] 
[INFO] [stdout] running 5 tests
[INFO] [stdout] test crates/termspin/src/loops.rs - loops::Loop<F>::run (line 65) - compile ... FAILED
[INFO] [stdout] test crates/termspin/src/loops.rs - loops::Loop (line 17) - compile ... FAILED
[INFO] [stdout] test crates/termspin/src/lib.rs - Group::clear (line 137) ... ok
[INFO] [stdout] test crates/termspin/src/lib.rs - Line::clear (line 265) ... ok
[INFO] [stdout] test crates/termspin/src/spinner.rs - spinner::from_iter (line 9) ... ok
[INFO] [stdout] 
[INFO] [stdout] failures:
[INFO] [stdout] 
[INFO] [stdout] ---- crates/termspin/src/loops.rs - loops::Loop<F>::run (line 65) stdout ----
[INFO] [stdout] error[E0308]: mismatched types
[INFO] [stdout]   --> crates/termspin/src/loops.rs:77:13
[INFO] [stdout]    |
[INFO] [stdout] 15 | l.run(|out| print!("{out}"));
[INFO] [stdout]    |             ^^^^^^^^^^^^^^^ expected `Result<(), Error>`, found `()`
[INFO] [stdout]    |
[INFO] [stdout]    = note:   expected enum `Result<(), std::io::Error>`
[INFO] [stdout]            found unit type `()`
[INFO] [stdout]    = note: this error originates in the macro `print` (in Nightly builds, run with -Z macro-backtrace for more info)
[INFO] [stdout] 
[INFO] [stdout] error: aborting due to 1 previous error
[INFO] [stdout] 
[INFO] [stdout] For more information about this error, try `rustc --explain E0308`.
[INFO] [stdout] Couldn't compile the test.
[INFO] [stdout] ---- crates/termspin/src/loops.rs - loops::Loop (line 17) stdout ----
[INFO] [stdout] error[E0308]: mismatched types
[INFO] [stdout]   --> crates/termspin/src/loops.rs:29:13
[INFO] [stdout]    |
[INFO] [stdout] 15 | l.run(|out| print!("{out}"));
[INFO] [stdout]    |             ^^^^^^^^^^^^^^^ expected `Result<(), Error>`, found `()`
[INFO] [stdout]    |
[INFO] [stdout]    = note:   expected enum `Result<(), std::io::Error>`
[INFO] [stdout]            found unit type `()`
[INFO] [stdout]    = note: this error originates in the macro `print` (in Nightly builds, run with -Z macro-backtrace for more info)
[INFO] [stdout] 
[INFO] [stdout] error: aborting due to 1 previous error
[INFO] [stdout] 
[INFO] [stdout] For more information about this error, try `rustc --explain E0308`.
[INFO] [stdout] Couldn't compile the test.
[INFO] [stdout] 
[INFO] [stdout] failures:
[INFO] [stdout]     crates/termspin/src/loops.rs - loops::Loop (line 17)
[INFO] [stdout]     crates/termspin/src/loops.rs - loops::Loop<F>::run (line 65)
[INFO] [stdout] 
[INFO] [stdout] test result: FAILED. 3 passed; 2 failed; 0 ignored; 0 measured; 0 filtered out; finished in 0.59s
[INFO] [stdout] 
[INFO] [stderr] error: doctest failed, to rerun pass `--doc`
[INFO] running `Command { std: "docker" "inspect" "6104b5ac0d49a269ac48939544e1045c4f3cf177298ac494501f34ca844d1bad", kill_on_drop: false }`
[INFO] running `Command { std: "docker" "rm" "-f" "6104b5ac0d49a269ac48939544e1045c4f3cf177298ac494501f34ca844d1bad", kill_on_drop: false }`
[INFO] [stdout] 6104b5ac0d49a269ac48939544e1045c4f3cf177298ac494501f34ca844d1bad
