[INFO] cloning repository https://github.com/tailcallhq/tc_valid
[INFO] running `Command { std: "git" "-c" "credential.helper=" "-c" "credential.helper=/workspace/cargo-home/bin/git-credential-null" "clone" "--bare" "https://github.com/tailcallhq/tc_valid" "/workspace/cache/git-repos/https%3A%2F%2Fgithub.com%2Ftailcallhq%2Ftc_valid", kill_on_drop: false }`
[INFO] [stderr] Cloning into bare repository '/workspace/cache/git-repos/https%3A%2F%2Fgithub.com%2Ftailcallhq%2Ftc_valid'...
[INFO] running `Command { std: "git" "rev-parse" "HEAD", kill_on_drop: false }`
[INFO] [stdout] 301bc1a047336833768a80de33072ba344404d97
[INFO] testing tailcallhq/tc_valid against 1.83.0 for beta-1.84.0-4-retry
[INFO] running `Command { std: "git" "clone" "/workspace/cache/git-repos/https%3A%2F%2Fgithub.com%2Ftailcallhq%2Ftc_valid" "/workspace/builds/worker-0-tc1/source", kill_on_drop: false }`
[INFO] [stderr] Cloning into '/workspace/builds/worker-0-tc1/source'...
[INFO] [stderr] done.
[INFO] validating manifest of git repo https://github.com/tailcallhq/tc_valid on toolchain 1.83.0
[INFO] running `Command { std: CARGO_HOME="/workspace/cargo-home" RUSTUP_HOME="/workspace/rustup-home" "/workspace/cargo-home/bin/cargo" "+1.83.0" "metadata" "--manifest-path" "Cargo.toml" "--no-deps", kill_on_drop: false }`
[INFO] started tweaking git repo https://github.com/tailcallhq/tc_valid
[INFO] finished tweaking git repo https://github.com/tailcallhq/tc_valid
[INFO] tweaked toml for git repo https://github.com/tailcallhq/tc_valid written to /workspace/builds/worker-0-tc1/source/Cargo.toml
[INFO] crate git repo https://github.com/tailcallhq/tc_valid already has a lockfile, it will not be regenerated
[INFO] running `Command { std: CARGO_HOME="/workspace/cargo-home" RUSTUP_HOME="/workspace/rustup-home" "/workspace/cargo-home/bin/cargo" "+1.83.0" "fetch" "--manifest-path" "Cargo.toml", kill_on_drop: false }`
[INFO] [stderr]     Updating crates.io index
[INFO] [stderr]  Downloading crates ...
[INFO] [stderr]   Downloaded stripmargin v0.1.1
[INFO] [stderr]   Downloaded gh-workflow-macros v0.5.6
[INFO] [stderr]   Downloaded merge_derive v0.1.0
[INFO] [stderr]   Downloaded merge v0.1.0
[INFO] [stderr]   Downloaded gh-workflow v0.5.6
[INFO] [stderr]   Downloaded gh-workflow-tailcall v0.2.0
[INFO] running `Command { std: "docker" "create" "-v" "/var/lib/crater-agent-workspace/builds/worker-0-tc1/target:/opt/rustwide/target:rw,Z" "-v" "/var/lib/crater-agent-workspace/builds/worker-0-tc1/source:/opt/rustwide/workdir:ro,Z" "-v" "/var/lib/crater-agent-workspace/cargo-home:/opt/rustwide/cargo-home:ro,Z" "-v" "/var/lib/crater-agent-workspace/rustup-home:/opt/rustwide/rustup-home:ro,Z" "-e" "SOURCE_DIR=/opt/rustwide/workdir" "-e" "CARGO_TARGET_DIR=/opt/rustwide/target" "-e" "CARGO_HOME=/opt/rustwide/cargo-home" "-e" "RUSTUP_HOME=/opt/rustwide/rustup-home" "-w" "/opt/rustwide/workdir" "-m" "1610612736" "--user" "0:0" "--network" "none" "ghcr.io/rust-lang/crates-build-env/linux@sha256:f3a9d4ad9d972b27faf3965f35b62e55ba32bbce8f20bc8fe909558a86702fde" "/opt/rustwide/cargo-home/bin/cargo" "+1.83.0" "metadata" "--no-deps" "--format-version=1", kill_on_drop: false }`
[INFO] [stdout] 9e51da93a4a3f48edf47da86e51fe7043ca159f553bcf3a0a5fc4f1cf626770e
[INFO] running `Command { std: "docker" "start" "-a" "9e51da93a4a3f48edf47da86e51fe7043ca159f553bcf3a0a5fc4f1cf626770e", kill_on_drop: false }`
[INFO] running `Command { std: "docker" "inspect" "9e51da93a4a3f48edf47da86e51fe7043ca159f553bcf3a0a5fc4f1cf626770e", kill_on_drop: false }`
[INFO] running `Command { std: "docker" "rm" "-f" "9e51da93a4a3f48edf47da86e51fe7043ca159f553bcf3a0a5fc4f1cf626770e", kill_on_drop: false }`
[INFO] [stdout] 9e51da93a4a3f48edf47da86e51fe7043ca159f553bcf3a0a5fc4f1cf626770e
[INFO] running `Command { std: "docker" "create" "-v" "/var/lib/crater-agent-workspace/builds/worker-0-tc1/target:/opt/rustwide/target:rw,Z" "-v" "/var/lib/crater-agent-workspace/builds/worker-0-tc1/source:/opt/rustwide/workdir:ro,Z" "-v" "/var/lib/crater-agent-workspace/cargo-home:/opt/rustwide/cargo-home:ro,Z" "-v" "/var/lib/crater-agent-workspace/rustup-home:/opt/rustwide/rustup-home:ro,Z" "-e" "SOURCE_DIR=/opt/rustwide/workdir" "-e" "CARGO_TARGET_DIR=/opt/rustwide/target" "-e" "CARGO_INCREMENTAL=0" "-e" "RUST_BACKTRACE=full" "-e" "RUSTFLAGS=--cap-lints=warn" "-e" "RUSTDOCFLAGS=--cap-lints=warn" "-e" "CARGO_HOME=/opt/rustwide/cargo-home" "-e" "RUSTUP_HOME=/opt/rustwide/rustup-home" "-w" "/opt/rustwide/workdir" "-m" "1610612736" "--user" "0:0" "--network" "none" "ghcr.io/rust-lang/crates-build-env/linux@sha256:f3a9d4ad9d972b27faf3965f35b62e55ba32bbce8f20bc8fe909558a86702fde" "/opt/rustwide/cargo-home/bin/cargo" "+1.83.0" "build" "--frozen" "--message-format=json", kill_on_drop: false }`
[INFO] [stdout] 350d7bbe24fcf6e06df187721824e01d947cef6b477329ab318532bd1d0e4b9b
[INFO] running `Command { std: "docker" "start" "-a" "350d7bbe24fcf6e06df187721824e01d947cef6b477329ab318532bd1d0e4b9b", kill_on_drop: false }`
[INFO] [stderr]    Compiling proc-macro2 v1.0.89
[INFO] [stderr]    Compiling unicode-ident v1.0.13
[INFO] [stderr]    Compiling wasm-bindgen-shared v0.2.95
[INFO] [stderr]    Compiling once_cell v1.20.2
[INFO] [stderr]    Compiling strsim v0.11.1
[INFO] [stderr]    Compiling memchr v2.7.4
[INFO] [stderr]    Compiling ident_case v1.0.1
[INFO] [stderr]    Compiling serde v1.0.215
[INFO] [stderr]    Compiling bumpalo v3.16.0
[INFO] [stderr]    Compiling log v0.4.22
[INFO] [stderr]    Compiling itoa v1.0.11
[INFO] [stderr]    Compiling thiserror v2.0.3
[INFO] [stderr]    Compiling wasm-bindgen v0.2.95
[INFO] [stderr]    Compiling serde_json v1.0.132
[INFO] [stderr]    Compiling regex-syntax v0.8.5
[INFO] [stderr]    Compiling ryu v1.0.18
[INFO] [stderr]    Compiling bytes v1.8.0
[INFO] [stderr]    Compiling aho-corasick v1.1.3
[INFO] [stderr]    Compiling http v1.1.0
[INFO] [stderr]    Compiling quote v1.0.37
[INFO] [stderr]    Compiling syn v2.0.87
[INFO] [stderr]    Compiling regex-automata v0.4.9
[INFO] [stderr]    Compiling darling_core v0.20.10
[INFO] [stderr]    Compiling wasm-bindgen-backend v0.2.95
[INFO] [stderr]    Compiling serde_derive v1.0.215
[INFO] [stderr]    Compiling thiserror-impl v2.0.3
[INFO] [stderr]    Compiling regex v1.11.1
[INFO] [stderr]    Compiling wasm-bindgen-macro-support v0.2.95
[INFO] [stderr]    Compiling darling_macro v0.20.10
[INFO] [stderr]    Compiling wasm-bindgen-macro v0.2.95
[INFO] [stderr]    Compiling darling v0.20.10
[INFO] [stderr]    Compiling derive_setters v0.1.6
[INFO] [stderr]    Compiling serde_path_to_error v0.1.16
[INFO] [stderr]    Compiling tailcall-valid v0.1.3 (/opt/rustwide/workdir)
[INFO] [stderr]     Finished `dev` profile [unoptimized + debuginfo] target(s) in 21.41s
[INFO] running `Command { std: "docker" "inspect" "350d7bbe24fcf6e06df187721824e01d947cef6b477329ab318532bd1d0e4b9b", kill_on_drop: false }`
[INFO] running `Command { std: "docker" "rm" "-f" "350d7bbe24fcf6e06df187721824e01d947cef6b477329ab318532bd1d0e4b9b", kill_on_drop: false }`
[INFO] [stdout] 350d7bbe24fcf6e06df187721824e01d947cef6b477329ab318532bd1d0e4b9b
[INFO] running `Command { std: "docker" "create" "-v" "/var/lib/crater-agent-workspace/builds/worker-0-tc1/target:/opt/rustwide/target:rw,Z" "-v" "/var/lib/crater-agent-workspace/builds/worker-0-tc1/source:/opt/rustwide/workdir:ro,Z" "-v" "/var/lib/crater-agent-workspace/cargo-home:/opt/rustwide/cargo-home:ro,Z" "-v" "/var/lib/crater-agent-workspace/rustup-home:/opt/rustwide/rustup-home:ro,Z" "-e" "SOURCE_DIR=/opt/rustwide/workdir" "-e" "CARGO_TARGET_DIR=/opt/rustwide/target" "-e" "CARGO_INCREMENTAL=0" "-e" "RUST_BACKTRACE=full" "-e" "RUSTFLAGS=--cap-lints=warn" "-e" "RUSTDOCFLAGS=--cap-lints=warn" "-e" "CARGO_HOME=/opt/rustwide/cargo-home" "-e" "RUSTUP_HOME=/opt/rustwide/rustup-home" "-w" "/opt/rustwide/workdir" "-m" "1610612736" "--user" "0:0" "--network" "none" "ghcr.io/rust-lang/crates-build-env/linux@sha256:f3a9d4ad9d972b27faf3965f35b62e55ba32bbce8f20bc8fe909558a86702fde" "/opt/rustwide/cargo-home/bin/cargo" "+1.83.0" "test" "--frozen" "--no-run" "--message-format=json", kill_on_drop: false }`
[INFO] [stdout] c47c94ef079edf7ff0fd6795e5aef6a77e7f294ca34c235d8acede75c667364c
[INFO] running `Command { std: "docker" "start" "-a" "c47c94ef079edf7ff0fd6795e5aef6a77e7f294ca34c235d8acede75c667364c", kill_on_drop: false }`
[INFO] [stderr]    Compiling version_check v0.9.5
[INFO] [stderr]    Compiling syn v1.0.109
[INFO] [stderr]    Compiling autocfg v1.4.0
[INFO] [stderr]    Compiling rustversion v1.0.18
[INFO] [stderr]    Compiling heck v0.5.0
[INFO] [stderr]    Compiling equivalent v1.0.1
[INFO] [stderr]    Compiling hashbrown v0.15.1
[INFO] [stderr]    Compiling unsafe-libyaml v0.2.11
[INFO] [stderr]    Compiling diff v0.1.13
[INFO] [stderr]    Compiling yansi v1.0.1
[INFO] [stderr]    Compiling stripmargin v0.1.1
[INFO] [stderr]    Compiling derive_more-impl v1.0.0
[INFO] [stderr]    Compiling async-trait v0.1.83
[INFO] [stderr]    Compiling proc-macro-error-attr v1.0.4
[INFO] [stderr]    Compiling proc-macro-error v1.0.4
[INFO] [stderr]    Compiling gh-workflow-macros v0.5.6
[INFO] [stderr]    Compiling num-traits v0.2.19
[INFO] [stderr]    Compiling pretty_assertions v1.4.1
[INFO] [stderr]    Compiling indexmap v2.6.0
[INFO] [stderr]    Compiling strum_macros v0.26.4
[INFO] [stderr]    Compiling serde_yaml v0.9.34+deprecated
[INFO] [stderr]    Compiling derive_more v1.0.0
[INFO] [stderr]    Compiling merge_derive v0.1.0
[INFO] [stderr]    Compiling merge v0.1.0
[INFO] [stderr]    Compiling gh-workflow v0.5.6
[INFO] [stderr]    Compiling gh-workflow-tailcall v0.2.0
[INFO] [stderr]    Compiling tailcall-valid v0.1.3 (/opt/rustwide/workdir)
[INFO] [stderr]     Finished `test` profile [unoptimized + debuginfo] target(s) in 17.66s
[INFO] running `Command { std: "docker" "inspect" "c47c94ef079edf7ff0fd6795e5aef6a77e7f294ca34c235d8acede75c667364c", kill_on_drop: false }`
[INFO] running `Command { std: "docker" "rm" "-f" "c47c94ef079edf7ff0fd6795e5aef6a77e7f294ca34c235d8acede75c667364c", kill_on_drop: false }`
[INFO] [stdout] c47c94ef079edf7ff0fd6795e5aef6a77e7f294ca34c235d8acede75c667364c
[INFO] running `Command { std: "docker" "create" "-v" "/var/lib/crater-agent-workspace/builds/worker-0-tc1/target:/opt/rustwide/target:rw,Z" "-v" "/var/lib/crater-agent-workspace/builds/worker-0-tc1/source:/opt/rustwide/workdir:ro,Z" "-v" "/var/lib/crater-agent-workspace/cargo-home:/opt/rustwide/cargo-home:ro,Z" "-v" "/var/lib/crater-agent-workspace/rustup-home:/opt/rustwide/rustup-home:ro,Z" "-e" "SOURCE_DIR=/opt/rustwide/workdir" "-e" "CARGO_TARGET_DIR=/opt/rustwide/target" "-e" "CARGO_INCREMENTAL=0" "-e" "RUST_BACKTRACE=full" "-e" "RUSTFLAGS=--cap-lints=warn" "-e" "RUSTDOCFLAGS=--cap-lints=warn" "-e" "CARGO_HOME=/opt/rustwide/cargo-home" "-e" "RUSTUP_HOME=/opt/rustwide/rustup-home" "-w" "/opt/rustwide/workdir" "-m" "1610612736" "--user" "0:0" "--network" "none" "ghcr.io/rust-lang/crates-build-env/linux@sha256:f3a9d4ad9d972b27faf3965f35b62e55ba32bbce8f20bc8fe909558a86702fde" "/opt/rustwide/cargo-home/bin/cargo" "+1.83.0" "test" "--frozen", kill_on_drop: false }`
[INFO] [stdout] daf19526e0c7e51e1dbbe35ad9183b565873504b79d849ddd7c7f51e72b54298
[INFO] running `Command { std: "docker" "start" "-a" "daf19526e0c7e51e1dbbe35ad9183b565873504b79d849ddd7c7f51e72b54298", kill_on_drop: false }`
[INFO] [stderr]     Finished `test` profile [unoptimized + debuginfo] target(s) in 0.11s
[INFO] [stderr]      Running unittests src/lib.rs (/opt/rustwide/target/debug/deps/tailcall_valid-f738695b9147edcf)
[INFO] [stdout] 
[INFO] [stdout] running 22 tests
[INFO] [stdout] test cause::tests::test_display ... ok
[INFO] [stdout] test valid::tests::test_and_then_fail ... ok
[INFO] [stdout] test valid::tests::test_and_then_success ... ok
[INFO] [stdout] test valid::tests::test_fail ... ok
[INFO] [stdout] test valid::tests::test_foreach_fail ... ok
[INFO] [stdout] test valid::tests::test_foreach_succeed ... ok
[INFO] [stdout] test valid::tests::test_ok_ok_cause ... ok
[INFO] [stdout] test valid::tests::test_trace ... ok
[INFO] [stdout] test valid::tests::test_trace_owned_referenced ... ok
[INFO] [stdout] test valid::tests::test_ok ... ok
[INFO] [stdout] test valid::tests::test_to_result ... ok
[INFO] [stdout] test valid::tests::test_validate_all_ques ... ok
[INFO] [stdout] test valid::tests::test_validate_both_first_fail ... ok
[INFO] [stdout] test valid::tests::test_validate_both_both_fail ... ok
[INFO] [stdout] test valid::tests::test_validate_both_ok ... ok
[INFO] [stdout] test valid::tests::test_validate_both_second_fail ... ok
[INFO] [stdout] test valid::tests::test_validate_fold_err ... ok
[INFO] [stdout] test valid::tests::test_validate_fold_ok ... ok
[INFO] [stdout] test valid::tests::test_validate_all ... ok
[INFO] [stdout] test valid::tests::test_validate_or_first_fail ... ok
[INFO] [stdout] test valid::tests::test_validate_or_both_ok ... ok
[INFO] [stdout] test valid::tests::test_validate_or_second_fail ... ok
[INFO] [stdout] 
[INFO] [stdout] test result: ok. 22 passed; 0 failed; 0 ignored; 0 measured; 0 filtered out; finished in 0.04s
[INFO] [stdout] 
[INFO] [stderr]      Running tests/ci.rs (/opt/rustwide/target/debug/deps/ci-0f7f4252c73ed952)
[INFO] [stdout] 
[INFO] [stdout] running 1 test
[INFO] [stdout] test generate_ci_workflow ... ok
[INFO] [stdout] 
[INFO] [stdout] test result: ok. 1 passed; 0 failed; 0 ignored; 0 measured; 0 filtered out; finished in 0.01s
[INFO] [stdout] 
[INFO] [stderr]    Doc-tests tailcall_valid
[INFO] [stdout] 
[INFO] [stdout] running 23 tests
[INFO] [stdout] test src/valid.rs - valid::Fusion<A,E,T>::fuse (line 428) ... FAILED
[INFO] [stdout] test src/valid.rs - valid::Valid<A,E,T>::fail_at (line 276) ... FAILED
[INFO] [stdout] test src/valid.rs - valid::Validator::and (line 66) ... FAILED
[INFO] [stdout] test src/valid.rs - valid::Valid<A,E,T>::fail (line 261) ... FAILED
[INFO] [stdout] test src/valid.rs - valid::Valid<A,E,T>::from (line 378) ... FAILED
[INFO] [stdout] test src/valid.rs - valid::Valid<A,E,T>::succeed (line 292) ... FAILED
[INFO] [stdout] test src/valid.rs - valid::Valid<A,E,T>::from (line 485) ... FAILED
[INFO] [stdout] test src/valid.rs - valid::Valid<A,E,T>::none (line 364) ... FAILED
[INFO] [stdout] test src/valid.rs - valid::Validator::fuse (line 108) ... FAILED
[INFO] [stdout] test src/valid.rs - valid::Valid<A,E,T>::from_iter (line 305) ... FAILED
[INFO] [stdout] test src/valid.rs - valid::Validator::and_then (line 177) ... FAILED
[INFO] [stdout] test src/valid.rs - valid::Validator::fold (line 149) ... FAILED
[INFO] [stdout] test src/valid.rs - valid::Valid<A,E,T>::from (line 460) ... FAILED
[INFO] [stdout] test src/valid.rs - valid::Validator::map (line 20) ... FAILED
[INFO] [stdout] test src/valid.rs - valid::Validator::foreach (line 35) ... FAILED
[INFO] [stdout] test src/valid.rs - valid::Valid<A,E,T>::from_option (line 341) ... FAILED
[INFO] [stdout] test src/valid.rs - valid::Validator::zip (line 81) ... FAILED
[INFO] [stdout] test src/valid.rs - valid::Valid<A,E,T>::from (line 393) ... FAILED
[INFO] [stdout] test src/valid.rs - valid::Validator::some (line 214) ... FAILED
[INFO] [stdout] test src/valid.rs - valid::Validator::trace (line 124) ... FAILED
[INFO] [stdout] test src/valid.rs - valid::Validator::map_to (line 227) ... FAILED
[INFO] [stdout] test src/valid.rs - valid::Validator::when (line 241) ... FAILED
[INFO] [stdout] test src/valid.rs - valid::Validator::unit (line 201) ... FAILED
[INFO] [stdout] 
[INFO] [stdout] failures:
[INFO] [stdout] 
[INFO] [stdout] ---- src/valid.rs - valid::Fusion<A,E,T>::fuse (line 428) stdout ----
[INFO] [stdout] error[E0432]: unresolved import `validation`
[INFO] [stdout]  --> src/valid.rs:429:5
[INFO] [stdout]   |
[INFO] [stdout] 3 | use validation::Valid;
[INFO] [stdout]   |     ^^^^^^^^^^ use of undeclared crate or module `validation`
[INFO] [stdout] 
[INFO] [stdout] error[E0432]: unresolved import `validation`
[INFO] [stdout]  --> src/valid.rs:430:5
[INFO] [stdout]   |
[INFO] [stdout] 4 | use validation::Validator;
[INFO] [stdout]   |     ^^^^^^^^^^ use of undeclared crate or module `validation`
[INFO] [stdout] 
[INFO] [stdout] error: aborting due to 2 previous errors
[INFO] [stdout] 
[INFO] [stdout] For more information about this error, try `rustc --explain E0432`.
[INFO] [stdout] Couldn't compile the test.
[INFO] [stdout] ---- src/valid.rs - valid::Valid<A,E,T>::fail_at (line 276) stdout ----
[INFO] [stdout] error[E0432]: unresolved import `validation`
[INFO] [stdout]  --> src/valid.rs:277:5
[INFO] [stdout]   |
[INFO] [stdout] 3 | use validation::Valid;
[INFO] [stdout]   |     ^^^^^^^^^^ use of undeclared crate or module `validation`
[INFO] [stdout] 
[INFO] [stdout] error: aborting due to 1 previous error
[INFO] [stdout] 
[INFO] [stdout] For more information about this error, try `rustc --explain E0432`.
[INFO] [stdout] Couldn't compile the test.
[INFO] [stdout] ---- src/valid.rs - valid::Validator::and (line 66) stdout ----
[INFO] [stdout] error[E0432]: unresolved import `validation`
[INFO] [stdout]  --> src/valid.rs:67:5
[INFO] [stdout]   |
[INFO] [stdout] 3 | use validation::Valid;
[INFO] [stdout]   |     ^^^^^^^^^^ use of undeclared crate or module `validation`
[INFO] [stdout] 
[INFO] [stdout] error[E0432]: unresolved import `validation`
[INFO] [stdout]  --> src/valid.rs:68:5
[INFO] [stdout]   |
[INFO] [stdout] 4 | use validation::Validator;
[INFO] [stdout]   |     ^^^^^^^^^^ use of undeclared crate or module `validation`
[INFO] [stdout] 
[INFO] [stdout] error: aborting due to 2 previous errors
[INFO] [stdout] 
[INFO] [stdout] For more information about this error, try `rustc --explain E0432`.
[INFO] [stdout] Couldn't compile the test.
[INFO] [stdout] ---- src/valid.rs - valid::Valid<A,E,T>::fail (line 261) stdout ----
[INFO] [stdout] error[E0432]: unresolved import `validation`
[INFO] [stdout]  --> src/valid.rs:262:5
[INFO] [stdout]   |
[INFO] [stdout] 3 | use validation::Valid;
[INFO] [stdout]   |     ^^^^^^^^^^ use of undeclared crate or module `validation`
[INFO] [stdout] 
[INFO] [stdout] error: aborting due to 1 previous error
[INFO] [stdout] 
[INFO] [stdout] For more information about this error, try `rustc --explain E0432`.
[INFO] [stdout] Couldn't compile the test.
[INFO] [stdout] ---- src/valid.rs - valid::Valid<A,E,T>::from (line 378) stdout ----
[INFO] [stdout] error[E0432]: unresolved import `validation`
[INFO] [stdout]  --> src/valid.rs:379:5
[INFO] [stdout]   |
[INFO] [stdout] 3 | use validation::{Valid, Cause};
[INFO] [stdout]   |     ^^^^^^^^^^ use of undeclared crate or module `validation`
[INFO] [stdout] 
[INFO] [stdout] error: aborting due to 1 previous error
[INFO] [stdout] 
[INFO] [stdout] For more information about this error, try `rustc --explain E0432`.
[INFO] [stdout] Couldn't compile the test.
[INFO] [stdout] ---- src/valid.rs - valid::Valid<A,E,T>::succeed (line 292) stdout ----
[INFO] [stdout] error[E0432]: unresolved import `validation`
[INFO] [stdout]  --> src/valid.rs:293:5
[INFO] [stdout]   |
[INFO] [stdout] 3 | use validation::Valid;
[INFO] [stdout]   |     ^^^^^^^^^^ use of undeclared crate or module `validation`
[INFO] [stdout] 
[INFO] [stdout] error: aborting due to 1 previous error
[INFO] [stdout] 
[INFO] [stdout] For more information about this error, try `rustc --explain E0432`.
[INFO] [stdout] Couldn't compile the test.
[INFO] [stdout] ---- src/valid.rs - valid::Valid<A,E,T>::from (line 485) stdout ----
[INFO] [stdout] error[E0432]: unresolved import `validation`
[INFO] [stdout]  --> src/valid.rs:486:5
[INFO] [stdout]   |
[INFO] [stdout] 3 | use validation::{Valid, Validator};
[INFO] [stdout]   |     ^^^^^^^^^^ use of undeclared crate or module `validation`
[INFO] [stdout] 
[INFO] [stdout] error: aborting due to 1 previous error
[INFO] [stdout] 
[INFO] [stdout] For more information about this error, try `rustc --explain E0432`.
[INFO] [stdout] Couldn't compile the test.
[INFO] [stdout] ---- src/valid.rs - valid::Valid<A,E,T>::none (line 364) stdout ----
[INFO] [stdout] error[E0432]: unresolved import `validation`
[INFO] [stdout]  --> src/valid.rs:365:5
[INFO] [stdout]   |
[INFO] [stdout] 3 | use validation::Valid;
[INFO] [stdout]   |     ^^^^^^^^^^ use of undeclared crate or module `validation`
[INFO] [stdout] 
[INFO] [stdout] error: aborting due to 1 previous error
[INFO] [stdout] 
[INFO] [stdout] For more information about this error, try `rustc --explain E0432`.
[INFO] [stdout] Couldn't compile the test.
[INFO] [stdout] ---- src/valid.rs - valid::Validator::fuse (line 108) stdout ----
[INFO] [stdout] error[E0432]: unresolved import `validation`
[INFO] [stdout]  --> src/valid.rs:109:5
[INFO] [stdout]   |
[INFO] [stdout] 3 | use validation::Valid;
[INFO] [stdout]   |     ^^^^^^^^^^ use of undeclared crate or module `validation`
[INFO] [stdout] 
[INFO] [stdout] error[E0432]: unresolved import `validation`
[INFO] [stdout]  --> src/valid.rs:110:5
[INFO] [stdout]   |
[INFO] [stdout] 4 | use validation::Validator;
[INFO] [stdout]   |     ^^^^^^^^^^ use of undeclared crate or module `validation`
[INFO] [stdout] 
[INFO] [stdout] error: aborting due to 2 previous errors
[INFO] [stdout] 
[INFO] [stdout] For more information about this error, try `rustc --explain E0432`.
[INFO] [stdout] Couldn't compile the test.
[INFO] [stdout] ---- src/valid.rs - valid::Valid<A,E,T>::from_iter (line 305) stdout ----
[INFO] [stdout] error[E0432]: unresolved import `validation`
[INFO] [stdout]  --> src/valid.rs:306:5
[INFO] [stdout]   |
[INFO] [stdout] 3 | use validation::Valid;
[INFO] [stdout]   |     ^^^^^^^^^^ use of undeclared crate or module `validation`
[INFO] [stdout] 
[INFO] [stdout] error: aborting due to 1 previous error
[INFO] [stdout] 
[INFO] [stdout] For more information about this error, try `rustc --explain E0432`.
[INFO] [stdout] Couldn't compile the test.
[INFO] [stdout] ---- src/valid.rs - valid::Validator::and_then (line 177) stdout ----
[INFO] [stdout] error[E0432]: unresolved import `validation`
[INFO] [stdout]  --> src/valid.rs:178:5
[INFO] [stdout]   |
[INFO] [stdout] 3 | use validation::Valid;
[INFO] [stdout]   |     ^^^^^^^^^^ use of undeclared crate or module `validation`
[INFO] [stdout] 
[INFO] [stdout] error[E0432]: unresolved import `validation`
[INFO] [stdout]  --> src/valid.rs:179:5
[INFO] [stdout]   |
[INFO] [stdout] 4 | use validation::Validator;
[INFO] [stdout]   |     ^^^^^^^^^^ use of undeclared crate or module `validation`
[INFO] [stdout] 
[INFO] [stdout] error: aborting due to 2 previous errors
[INFO] [stdout] 
[INFO] [stdout] For more information about this error, try `rustc --explain E0432`.
[INFO] [stdout] Couldn't compile the test.
[INFO] [stdout] ---- src/valid.rs - valid::Validator::fold (line 149) stdout ----
[INFO] [stdout] error[E0432]: unresolved import `validation`
[INFO] [stdout]  --> src/valid.rs:150:5
[INFO] [stdout]   |
[INFO] [stdout] 3 | use validation::Valid;
[INFO] [stdout]   |     ^^^^^^^^^^ use of undeclared crate or module `validation`
[INFO] [stdout] 
[INFO] [stdout] error[E0432]: unresolved import `validation`
[INFO] [stdout]  --> src/valid.rs:151:5
[INFO] [stdout]   |
[INFO] [stdout] 4 | use validation::Validator;
[INFO] [stdout]   |     ^^^^^^^^^^ use of undeclared crate or module `validation`
[INFO] [stdout] 
[INFO] [stdout] error: aborting due to 2 previous errors
[INFO] [stdout] 
[INFO] [stdout] For more information about this error, try `rustc --explain E0432`.
[INFO] [stdout] Couldn't compile the test.
[INFO] [stdout] ---- src/valid.rs - valid::Valid<A,E,T>::from (line 460) stdout ----
[INFO] [stdout] error[E0432]: unresolved import `validation`
[INFO] [stdout]  --> src/valid.rs:461:5
[INFO] [stdout]   |
[INFO] [stdout] 3 | use validation::{Valid, Cause};
[INFO] [stdout]   |     ^^^^^^^^^^ use of undeclared crate or module `validation`
[INFO] [stdout] 
[INFO] [stdout] error: aborting due to 1 previous error
[INFO] [stdout] 
[INFO] [stdout] For more information about this error, try `rustc --explain E0432`.
[INFO] [stdout] Couldn't compile the test.
[INFO] [stdout] ---- src/valid.rs - valid::Validator::map (line 20) stdout ----
[INFO] [stdout] error[E0432]: unresolved import `validation`
[INFO] [stdout]  --> src/valid.rs:21:5
[INFO] [stdout]   |
[INFO] [stdout] 3 | use validation::Valid;
[INFO] [stdout]   |     ^^^^^^^^^^ use of undeclared crate or module `validation`
[INFO] [stdout] 
[INFO] [stdout] error[E0432]: unresolved import `validation`
[INFO] [stdout]  --> src/valid.rs:22:5
[INFO] [stdout]   |
[INFO] [stdout] 4 | use validation::Validator;
[INFO] [stdout]   |     ^^^^^^^^^^ use of undeclared crate or module `validation`
[INFO] [stdout] 
[INFO] [stdout] error: aborting due to 2 previous errors
[INFO] [stdout] 
[INFO] [stdout] For more information about this error, try `rustc --explain E0432`.
[INFO] [stdout] Couldn't compile the test.
[INFO] [stdout] ---- src/valid.rs - valid::Validator::foreach (line 35) stdout ----
[INFO] [stdout] error[E0432]: unresolved import `validation`
[INFO] [stdout]  --> src/valid.rs:36:5
[INFO] [stdout]   |
[INFO] [stdout] 3 | use validation::Valid;
[INFO] [stdout]   |     ^^^^^^^^^^ use of undeclared crate or module `validation`
[INFO] [stdout] 
[INFO] [stdout] error[E0432]: unresolved import `validation`
[INFO] [stdout]  --> src/valid.rs:37:5
[INFO] [stdout]   |
[INFO] [stdout] 4 | use validation::Validator;
[INFO] [stdout]   |     ^^^^^^^^^^ use of undeclared crate or module `validation`
[INFO] [stdout] 
[INFO] [stdout] error: aborting due to 2 previous errors
[INFO] [stdout] 
[INFO] [stdout] For more information about this error, try `rustc --explain E0432`.
[INFO] [stdout] Couldn't compile the test.
[INFO] [stdout] ---- src/valid.rs - valid::Valid<A,E,T>::from_option (line 341) stdout ----
[INFO] [stdout] error[E0432]: unresolved import `validation`
[INFO] [stdout]  --> src/valid.rs:342:5
[INFO] [stdout]   |
[INFO] [stdout] 3 | use validation::Valid;
[INFO] [stdout]   |     ^^^^^^^^^^ use of undeclared crate or module `validation`
[INFO] [stdout] 
[INFO] [stdout] error: aborting due to 1 previous error
[INFO] [stdout] 
[INFO] [stdout] For more information about this error, try `rustc --explain E0432`.
[INFO] [stdout] Couldn't compile the test.
[INFO] [stdout] ---- src/valid.rs - valid::Validator::zip (line 81) stdout ----
[INFO] [stdout] error[E0432]: unresolved import `validation`
[INFO] [stdout]  --> src/valid.rs:82:5
[INFO] [stdout]   |
[INFO] [stdout] 3 | use validation::Valid;
[INFO] [stdout]   |     ^^^^^^^^^^ use of undeclared crate or module `validation`
[INFO] [stdout] 
[INFO] [stdout] error[E0432]: unresolved import `validation`
[INFO] [stdout]  --> src/valid.rs:83:5
[INFO] [stdout]   |
[INFO] [stdout] 4 | use validation::Validator;
[INFO] [stdout]   |     ^^^^^^^^^^ use of undeclared crate or module `validation`
[INFO] [stdout] 
[INFO] [stdout] error: aborting due to 2 previous errors
[INFO] [stdout] 
[INFO] [stdout] For more information about this error, try `rustc --explain E0432`.
[INFO] [stdout] Couldn't compile the test.
[INFO] [stdout] ---- src/valid.rs - valid::Valid<A,E,T>::from (line 393) stdout ----
[INFO] [stdout] error[E0432]: unresolved import `validation`
[INFO] [stdout]  --> src/valid.rs:394:5
[INFO] [stdout]   |
[INFO] [stdout] 3 | use validation::{Valid, Cause};
[INFO] [stdout]   |     ^^^^^^^^^^ use of undeclared crate or module `validation`
[INFO] [stdout] 
[INFO] [stdout] error: aborting due to 1 previous error
[INFO] [stdout] 
[INFO] [stdout] For more information about this error, try `rustc --explain E0432`.
[INFO] [stdout] Couldn't compile the test.
[INFO] [stdout] ---- src/valid.rs - valid::Validator::some (line 214) stdout ----
[INFO] [stdout] error[E0432]: unresolved import `validation`
[INFO] [stdout]  --> src/valid.rs:215:5
[INFO] [stdout]   |
[INFO] [stdout] 3 | use validation::Valid;
[INFO] [stdout]   |     ^^^^^^^^^^ use of undeclared crate or module `validation`
[INFO] [stdout] 
[INFO] [stdout] error[E0432]: unresolved import `validation`
[INFO] [stdout]  --> src/valid.rs:216:5
[INFO] [stdout]   |
[INFO] [stdout] 4 | use validation::Validator;
[INFO] [stdout]   |     ^^^^^^^^^^ use of undeclared crate or module `validation`
[INFO] [stdout] 
[INFO] [stdout] error: aborting due to 2 previous errors
[INFO] [stdout] 
[INFO] [stdout] For more information about this error, try `rustc --explain E0432`.
[INFO] [stdout] Couldn't compile the test.
[INFO] [stdout] ---- src/valid.rs - valid::Validator::trace (line 124) stdout ----
[INFO] [stdout] error[E0432]: unresolved import `validation`
[INFO] [stdout]  --> src/valid.rs:125:5
[INFO] [stdout]   |
[INFO] [stdout] 3 | use validation::Valid;
[INFO] [stdout]   |     ^^^^^^^^^^ use of undeclared crate or module `validation`
[INFO] [stdout] 
[INFO] [stdout] error[E0432]: unresolved import `validation`
[INFO] [stdout]  --> src/valid.rs:126:5
[INFO] [stdout]   |
[INFO] [stdout] 4 | use validation::Validator;
[INFO] [stdout]   |     ^^^^^^^^^^ use of undeclared crate or module `validation`
[INFO] [stdout] 
[INFO] [stdout] error: aborting due to 2 previous errors
[INFO] [stdout] 
[INFO] [stdout] For more information about this error, try `rustc --explain E0432`.
[INFO] [stdout] Couldn't compile the test.
[INFO] [stdout] ---- src/valid.rs - valid::Validator::map_to (line 227) stdout ----
[INFO] [stdout] error[E0432]: unresolved import `validation`
[INFO] [stdout]  --> src/valid.rs:228:5
[INFO] [stdout]   |
[INFO] [stdout] 3 | use validation::Valid;
[INFO] [stdout]   |     ^^^^^^^^^^ use of undeclared crate or module `validation`
[INFO] [stdout] 
[INFO] [stdout] error[E0432]: unresolved import `validation`
[INFO] [stdout]  --> src/valid.rs:229:5
[INFO] [stdout]   |
[INFO] [stdout] 4 | use validation::Validator;
[INFO] [stdout]   |     ^^^^^^^^^^ use of undeclared crate or module `validation`
[INFO] [stdout] 
[INFO] [stdout] error: aborting due to 2 previous errors
[INFO] [stdout] 
[INFO] [stdout] For more information about this error, try `rustc --explain E0432`.
[INFO] [stdout] Couldn't compile the test.
[INFO] [stdout] ---- src/valid.rs - valid::Validator::when (line 241) stdout ----
[INFO] [stdout] error[E0432]: unresolved import `validation`
[INFO] [stdout]  --> src/valid.rs:242:5
[INFO] [stdout]   |
[INFO] [stdout] 3 | use validation::Valid;
[INFO] [stdout]   |     ^^^^^^^^^^ use of undeclared crate or module `validation`
[INFO] [stdout] 
[INFO] [stdout] error[E0432]: unresolved import `validation`
[INFO] [stdout]  --> src/valid.rs:243:5
[INFO] [stdout]   |
[INFO] [stdout] 4 | use validation::Validator;
[INFO] [stdout]   |     ^^^^^^^^^^ use of undeclared crate or module `validation`
[INFO] [stdout] 
[INFO] [stdout] error: aborting due to 2 previous errors
[INFO] [stdout] 
[INFO] [stdout] For more information about this error, try `rustc --explain E0432`.
[INFO] [stdout] Couldn't compile the test.
[INFO] [stdout] ---- src/valid.rs - valid::Validator::unit (line 201) stdout ----
[INFO] [stdout] error[E0432]: unresolved import `validation`
[INFO] [stdout]  --> src/valid.rs:202:5
[INFO] [stdout]   |
[INFO] [stdout] 3 | use validation::Valid;
[INFO] [stdout]   |     ^^^^^^^^^^ use of undeclared crate or module `validation`
[INFO] [stdout] 
[INFO] [stdout] error[E0432]: unresolved import `validation`
[INFO] [stdout]  --> src/valid.rs:203:5
[INFO] [stdout]   |
[INFO] [stdout] 4 | use validation::Validator;
[INFO] [stdout]   |     ^^^^^^^^^^ use of undeclared crate or module `validation`
[INFO] [stdout] 
[INFO] [stdout] error: aborting due to 2 previous errors
[INFO] [stdout] 
[INFO] [stdout] For more information about this error, try `rustc --explain E0432`.
[INFO] [stdout] Couldn't compile the test.
[INFO] [stdout] 
[INFO] [stdout] failures:
[INFO] [stdout]     src/valid.rs - valid::Fusion<A,E,T>::fuse (line 428)
[INFO] [stdout]     src/valid.rs - valid::Valid<A,E,T>::fail (line 261)
[INFO] [stdout]     src/valid.rs - valid::Valid<A,E,T>::fail_at (line 276)
[INFO] [stdout]     src/valid.rs - valid::Valid<A,E,T>::from (line 378)
[INFO] [stdout]     src/valid.rs - valid::Valid<A,E,T>::from (line 393)
[INFO] [stdout]     src/valid.rs - valid::Valid<A,E,T>::from (line 460)
[INFO] [stdout]     src/valid.rs - valid::Valid<A,E,T>::from (line 485)
[INFO] [stdout]     src/valid.rs - valid::Valid<A,E,T>::from_iter (line 305)
[INFO] [stdout]     src/valid.rs - valid::Valid<A,E,T>::from_option (line 341)
[INFO] [stdout]     src/valid.rs - valid::Valid<A,E,T>::none (line 364)
[INFO] [stdout]     src/valid.rs - valid::Valid<A,E,T>::succeed (line 292)
[INFO] [stdout]     src/valid.rs - valid::Validator::and (line 66)
[INFO] [stdout]     src/valid.rs - valid::Validator::and_then (line 177)
[INFO] [stdout]     src/valid.rs - valid::Validator::fold (line 149)
[INFO] [stdout]     src/valid.rs - valid::Validator::foreach (line 35)
[INFO] [stdout]     src/valid.rs - valid::Validator::fuse (line 108)
[INFO] [stdout]     src/valid.rs - valid::Validator::map (line 20)
[INFO] [stdout]     src/valid.rs - valid::Validator::map_to (line 227)
[INFO] [stdout]     src/valid.rs - valid::Validator::some (line 214)
[INFO] [stdout]     src/valid.rs - valid::Validator::trace (line 124)
[INFO] [stdout]     src/valid.rs - valid::Validator::unit (line 201)
[INFO] [stdout]     src/valid.rs - valid::Validator::when (line 241)
[INFO] [stdout]     src/valid.rs - valid::Validator::zip (line 81)
[INFO] [stdout] 
[INFO] [stdout] test result: FAILED. 0 passed; 23 failed; 0 ignored; 0 measured; 0 filtered out; finished in 0.56s
[INFO] [stdout] 
[INFO] [stderr] error: doctest failed, to rerun pass `--doc`
[INFO] running `Command { std: "docker" "inspect" "daf19526e0c7e51e1dbbe35ad9183b565873504b79d849ddd7c7f51e72b54298", kill_on_drop: false }`
[INFO] running `Command { std: "docker" "rm" "-f" "daf19526e0c7e51e1dbbe35ad9183b565873504b79d849ddd7c7f51e72b54298", kill_on_drop: false }`
[INFO] [stdout] daf19526e0c7e51e1dbbe35ad9183b565873504b79d849ddd7c7f51e72b54298
