[INFO] cloning repository https://github.com/t-industry/micrortu_sdk
[INFO] running `Command { std: "git" "-c" "credential.helper=" "-c" "credential.helper=/workspace/cargo-home/bin/git-credential-null" "clone" "--bare" "https://github.com/t-industry/micrortu_sdk" "/workspace/cache/git-repos/https%3A%2F%2Fgithub.com%2Ft-industry%2Fmicrortu_sdk", kill_on_drop: false }`
[INFO] [stderr] Cloning into bare repository '/workspace/cache/git-repos/https%3A%2F%2Fgithub.com%2Ft-industry%2Fmicrortu_sdk'...
[INFO] running `Command { std: "git" "rev-parse" "HEAD", kill_on_drop: false }`
[INFO] [stdout] 9f6535dfc8d360f7a5a2b8af740ac7a615794200
[INFO] testing t-industry/micrortu_sdk against beta-2024-12-08 for beta-1.84.0-4-retry
[INFO] running `Command { std: "git" "clone" "/workspace/cache/git-repos/https%3A%2F%2Fgithub.com%2Ft-industry%2Fmicrortu_sdk" "/workspace/builds/worker-5-tc2/source", kill_on_drop: false }`
[INFO] [stderr] Cloning into '/workspace/builds/worker-5-tc2/source'...
[INFO] [stderr] done.
[INFO] validating manifest of git repo https://github.com/t-industry/micrortu_sdk on toolchain beta-2024-12-08
[INFO] running `Command { std: CARGO_HOME="/workspace/cargo-home" RUSTUP_HOME="/workspace/rustup-home" "/workspace/cargo-home/bin/cargo" "+beta-2024-12-08" "metadata" "--manifest-path" "Cargo.toml" "--no-deps", kill_on_drop: false }`
[INFO] removed /workspace/builds/worker-5-tc2/source/.cargo/config.toml
[INFO] started tweaking git repo https://github.com/t-industry/micrortu_sdk
[INFO] finished tweaking git repo https://github.com/t-industry/micrortu_sdk
[INFO] tweaked toml for git repo https://github.com/t-industry/micrortu_sdk written to /workspace/builds/worker-5-tc2/source/Cargo.toml
[INFO] crate git repo https://github.com/t-industry/micrortu_sdk already has a lockfile, it will not be regenerated
[INFO] running `Command { std: CARGO_HOME="/workspace/cargo-home" RUSTUP_HOME="/workspace/rustup-home" "/workspace/cargo-home/bin/cargo" "+beta-2024-12-08" "fetch" "--manifest-path" "Cargo.toml", kill_on_drop: false }`
[INFO] running `Command { std: "docker" "create" "-v" "/var/lib/crater-agent-workspace/builds/worker-5-tc2/target:/opt/rustwide/target:rw,Z" "-v" "/var/lib/crater-agent-workspace/builds/worker-5-tc2/source:/opt/rustwide/workdir:ro,Z" "-v" "/var/lib/crater-agent-workspace/cargo-home:/opt/rustwide/cargo-home:ro,Z" "-v" "/var/lib/crater-agent-workspace/rustup-home:/opt/rustwide/rustup-home:ro,Z" "-e" "SOURCE_DIR=/opt/rustwide/workdir" "-e" "CARGO_TARGET_DIR=/opt/rustwide/target" "-e" "CARGO_HOME=/opt/rustwide/cargo-home" "-e" "RUSTUP_HOME=/opt/rustwide/rustup-home" "-w" "/opt/rustwide/workdir" "-m" "1610612736" "--user" "0:0" "--network" "none" "ghcr.io/rust-lang/crates-build-env/linux@sha256:f3a9d4ad9d972b27faf3965f35b62e55ba32bbce8f20bc8fe909558a86702fde" "/opt/rustwide/cargo-home/bin/cargo" "+beta-2024-12-08" "metadata" "--no-deps" "--format-version=1", kill_on_drop: false }`
[INFO] [stdout] d6bdc7258df1e3620619201086863e5143ef765115adbaee7b40757a4f7ebf87
[INFO] running `Command { std: "docker" "start" "-a" "d6bdc7258df1e3620619201086863e5143ef765115adbaee7b40757a4f7ebf87", kill_on_drop: false }`
[INFO] running `Command { std: "docker" "inspect" "d6bdc7258df1e3620619201086863e5143ef765115adbaee7b40757a4f7ebf87", kill_on_drop: false }`
[INFO] running `Command { std: "docker" "rm" "-f" "d6bdc7258df1e3620619201086863e5143ef765115adbaee7b40757a4f7ebf87", kill_on_drop: false }`
[INFO] [stdout] d6bdc7258df1e3620619201086863e5143ef765115adbaee7b40757a4f7ebf87
[INFO] running `Command { std: "docker" "create" "-v" "/var/lib/crater-agent-workspace/builds/worker-5-tc2/target:/opt/rustwide/target:rw,Z" "-v" "/var/lib/crater-agent-workspace/builds/worker-5-tc2/source:/opt/rustwide/workdir:ro,Z" "-v" "/var/lib/crater-agent-workspace/cargo-home:/opt/rustwide/cargo-home:ro,Z" "-v" "/var/lib/crater-agent-workspace/rustup-home:/opt/rustwide/rustup-home:ro,Z" "-e" "SOURCE_DIR=/opt/rustwide/workdir" "-e" "CARGO_TARGET_DIR=/opt/rustwide/target" "-e" "CARGO_INCREMENTAL=0" "-e" "RUST_BACKTRACE=full" "-e" "RUSTFLAGS=--cap-lints=warn" "-e" "RUSTDOCFLAGS=--cap-lints=warn" "-e" "CARGO_HOME=/opt/rustwide/cargo-home" "-e" "RUSTUP_HOME=/opt/rustwide/rustup-home" "-w" "/opt/rustwide/workdir" "-m" "1610612736" "--user" "0:0" "--network" "none" "ghcr.io/rust-lang/crates-build-env/linux@sha256:f3a9d4ad9d972b27faf3965f35b62e55ba32bbce8f20bc8fe909558a86702fde" "/opt/rustwide/cargo-home/bin/cargo" "+beta-2024-12-08" "build" "--frozen" "--message-format=json", kill_on_drop: false }`
[INFO] [stdout] 097574d451579085ab8faf927d6c05f8bcefa5ddb171eb9bc3273b54cadada10
[INFO] running `Command { std: "docker" "start" "-a" "097574d451579085ab8faf927d6c05f8bcefa5ddb171eb9bc3273b54cadada10", kill_on_drop: false }`
[INFO] [stderr]    Compiling proc-macro2 v1.0.81
[INFO] [stderr]    Compiling unicode-ident v1.0.12
[INFO] [stderr]    Compiling version_check v0.9.4
[INFO] [stderr]    Compiling syn v1.0.109
[INFO] [stderr]    Compiling autocfg v1.1.0
[INFO] [stderr]    Compiling libm v0.2.8
[INFO] [stderr]    Compiling hashbrown v0.14.3
[INFO] [stderr]    Compiling equivalent v1.0.1
[INFO] [stderr]    Compiling once_cell v1.19.0
[INFO] [stderr]    Compiling winnow v0.5.40
[INFO] [stderr]    Compiling toml_datetime v0.6.5
[INFO] [stderr]    Compiling serde v1.0.197
[INFO] [stderr]    Compiling tinyvec_macros v0.1.1
[INFO] [stderr]    Compiling fnv v1.0.7
[INFO] [stderr]    Compiling ident_case v1.0.1
[INFO] [stderr]    Compiling strsim v0.10.0
[INFO] [stderr]    Compiling serde_json v1.0.114
[INFO] [stderr]    Compiling tinyvec v1.6.0
[INFO] [stderr]    Compiling yansi v1.0.1
[INFO] [stderr]    Compiling regex-syntax v0.8.2
[INFO] [stderr]    Compiling percent-encoding v2.3.1
[INFO] [stderr]    Compiling semver v1.0.22
[INFO] [stderr]    Compiling itoa v1.0.10
[INFO] [stderr]    Compiling ryu v1.0.17
[INFO] [stderr]    Compiling unicode-bidi v0.3.15
[INFO] [stderr]    Compiling form_urlencoded v1.2.1
[INFO] [stderr]    Compiling static_assertions v1.1.0
[INFO] [stderr]    Compiling ufmt-write v0.1.0
[INFO] [stderr]    Compiling schemars v0.8.16
[INFO] [stderr]    Compiling bitfield v0.14.0
[INFO] [stderr]    Compiling dyn-clone v1.0.17
[INFO] [stderr]    Compiling num-traits v0.2.18
[INFO] [stderr]    Compiling indexmap v2.2.3
[INFO] [stderr]    Compiling num-rational v0.4.1
[INFO] [stderr]    Compiling log v0.4.21
[INFO] [stderr]    Compiling proc-macro2-diagnostics v0.10.1
[INFO] [stderr]    Compiling proc-macro-error-attr v1.0.4
[INFO] [stderr]    Compiling proc-macro-error v1.0.4
[INFO] [stderr]    Compiling int-enum v1.1.1
[INFO] [stderr]    Compiling quote v1.0.35
[INFO] [stderr]    Compiling unicode-normalization v0.1.23
[INFO] [stderr]    Compiling syn v2.0.60
[INFO] [stderr]    Compiling idna v0.5.0
[INFO] [stderr]    Compiling regex-automata v0.4.6
[INFO] [stderr]    Compiling url v2.5.0
[INFO] [stderr]    Compiling toml_edit v0.19.15
[INFO] [stderr]    Compiling num-integer v0.1.46
[INFO] [stderr]    Compiling num-complex v0.4.5
[INFO] [stderr]    Compiling num-iter v0.1.44
[INFO] [stderr]    Compiling num v0.4.1
[INFO] [stderr]    Compiling regex v1.10.3
[INFO] [stderr]    Compiling proc-macro-crate v1.3.1
[INFO] [stderr]    Compiling serde_derive_internals v0.26.0
[INFO] [stderr]    Compiling darling_core v0.20.8
[INFO] [stderr]    Compiling const-default-derive v0.2.0
[INFO] [stderr]    Compiling ufmt-macros v0.3.0
[INFO] [stderr]    Compiling serde_derive v1.0.197
[INFO] [stderr]    Compiling zerocopy-derive v0.7.32
[INFO] [stderr]    Compiling schemars_derive v0.8.16
[INFO] [stderr]    Compiling const-default v1.0.0
[INFO] [stderr]    Compiling zerocopy v0.7.32
[INFO] [stderr]    Compiling ufmt v0.2.0
[INFO] [stderr]    Compiling micrortu_ie_base v0.5.0 (/opt/rustwide/workdir/ie_base)
[INFO] [stderr]    Compiling darling_macro v0.20.8
[INFO] [stderr]    Compiling micrortu_wasm_global_shared_data v0.5.0 (/opt/rustwide/workdir/wasm_global_shared_data)
[INFO] [stderr]    Compiling darling v0.20.8
[INFO] [stderr]    Compiling validator_derive v0.17.0
[INFO] [stderr]    Compiling validator v0.17.0
[INFO] [stderr]    Compiling micrortu_build_utils v0.5.0 (/opt/rustwide/workdir/micrortu_build_utils)
[INFO] [stderr]    Compiling micrortu_ie_representation_derive v0.5.0 (/opt/rustwide/workdir/ie_representation_derive)
[INFO] [stderr]    Compiling micrortu_sdk v0.5.0 (/opt/rustwide/workdir)
[INFO] [stderr]     Finished `dev` profile [unoptimized + debuginfo] target(s) in 24.36s
[INFO] running `Command { std: "docker" "inspect" "097574d451579085ab8faf927d6c05f8bcefa5ddb171eb9bc3273b54cadada10", kill_on_drop: false }`
[INFO] running `Command { std: "docker" "rm" "-f" "097574d451579085ab8faf927d6c05f8bcefa5ddb171eb9bc3273b54cadada10", kill_on_drop: false }`
[INFO] [stdout] 097574d451579085ab8faf927d6c05f8bcefa5ddb171eb9bc3273b54cadada10
[INFO] running `Command { std: "docker" "create" "-v" "/var/lib/crater-agent-workspace/builds/worker-5-tc2/target:/opt/rustwide/target:rw,Z" "-v" "/var/lib/crater-agent-workspace/builds/worker-5-tc2/source:/opt/rustwide/workdir:ro,Z" "-v" "/var/lib/crater-agent-workspace/cargo-home:/opt/rustwide/cargo-home:ro,Z" "-v" "/var/lib/crater-agent-workspace/rustup-home:/opt/rustwide/rustup-home:ro,Z" "-e" "SOURCE_DIR=/opt/rustwide/workdir" "-e" "CARGO_TARGET_DIR=/opt/rustwide/target" "-e" "CARGO_INCREMENTAL=0" "-e" "RUST_BACKTRACE=full" "-e" "RUSTFLAGS=--cap-lints=warn" "-e" "RUSTDOCFLAGS=--cap-lints=warn" "-e" "CARGO_HOME=/opt/rustwide/cargo-home" "-e" "RUSTUP_HOME=/opt/rustwide/rustup-home" "-w" "/opt/rustwide/workdir" "-m" "1610612736" "--user" "0:0" "--network" "none" "ghcr.io/rust-lang/crates-build-env/linux@sha256:f3a9d4ad9d972b27faf3965f35b62e55ba32bbce8f20bc8fe909558a86702fde" "/opt/rustwide/cargo-home/bin/cargo" "+beta-2024-12-08" "test" "--frozen" "--no-run" "--message-format=json", kill_on_drop: false }`
[INFO] [stdout] 901acc1d0431ed061d08b6fbda59d755a2070c65d6fdf2c89c38a7064af4c788
[INFO] running `Command { std: "docker" "start" "-a" "901acc1d0431ed061d08b6fbda59d755a2070c65d6fdf2c89c38a7064af4c788", kill_on_drop: false }`
[INFO] [stderr]    Compiling portable-atomic v1.6.0
[INFO] [stderr]    Compiling static_cell v2.0.0
[INFO] [stderr]    Compiling micrortu_sdk v0.5.0 (/opt/rustwide/workdir)
[INFO] [stderr]     Finished `test` profile [unoptimized + debuginfo] target(s) in 2.30s
[INFO] running `Command { std: "docker" "inspect" "901acc1d0431ed061d08b6fbda59d755a2070c65d6fdf2c89c38a7064af4c788", kill_on_drop: false }`
[INFO] running `Command { std: "docker" "rm" "-f" "901acc1d0431ed061d08b6fbda59d755a2070c65d6fdf2c89c38a7064af4c788", kill_on_drop: false }`
[INFO] [stdout] 901acc1d0431ed061d08b6fbda59d755a2070c65d6fdf2c89c38a7064af4c788
[INFO] running `Command { std: "docker" "create" "-v" "/var/lib/crater-agent-workspace/builds/worker-5-tc2/target:/opt/rustwide/target:rw,Z" "-v" "/var/lib/crater-agent-workspace/builds/worker-5-tc2/source:/opt/rustwide/workdir:ro,Z" "-v" "/var/lib/crater-agent-workspace/cargo-home:/opt/rustwide/cargo-home:ro,Z" "-v" "/var/lib/crater-agent-workspace/rustup-home:/opt/rustwide/rustup-home:ro,Z" "-e" "SOURCE_DIR=/opt/rustwide/workdir" "-e" "CARGO_TARGET_DIR=/opt/rustwide/target" "-e" "CARGO_INCREMENTAL=0" "-e" "RUST_BACKTRACE=full" "-e" "RUSTFLAGS=--cap-lints=warn" "-e" "RUSTDOCFLAGS=--cap-lints=warn" "-e" "CARGO_HOME=/opt/rustwide/cargo-home" "-e" "RUSTUP_HOME=/opt/rustwide/rustup-home" "-w" "/opt/rustwide/workdir" "-m" "1610612736" "--user" "0:0" "--network" "none" "ghcr.io/rust-lang/crates-build-env/linux@sha256:f3a9d4ad9d972b27faf3965f35b62e55ba32bbce8f20bc8fe909558a86702fde" "/opt/rustwide/cargo-home/bin/cargo" "+beta-2024-12-08" "test" "--frozen", kill_on_drop: false }`
[INFO] [stdout] 16b7cdeb91794f8d271145c9abd8fe7507c72abf806748267f1e2d220a90514c
[INFO] running `Command { std: "docker" "start" "-a" "16b7cdeb91794f8d271145c9abd8fe7507c72abf806748267f1e2d220a90514c", kill_on_drop: false }`
[INFO] [stderr]     Finished `test` profile [unoptimized + debuginfo] target(s) in 0.15s
[INFO] [stderr]      Running unittests src/lib.rs (/opt/rustwide/target/debug/deps/micrortu_sdk-8897a783d19dc6a6)
[INFO] [stdout] 
[INFO] [stdout] running 4 tests
[INFO] [stdout] test bump_allocator::test::test_bump_allocator ... ok
[INFO] [stdout] test bump_allocator::test::test_bump_allocator_with_bad_align ... ok
[INFO] [stdout] test bump_allocator::test::test_bump_allocator_uninit ... ok
[INFO] [stdout] test bump_allocator::test::test_bump_allocator_out_of_memory - should panic ... ok
[INFO] [stdout] 
[INFO] [stdout] test result: ok. 4 passed; 0 failed; 0 ignored; 0 measured; 0 filtered out; finished in 0.03s
[INFO] [stdout] 
[INFO] [stderr]    Doc-tests micrortu_sdk
[INFO] [stdout] 
[INFO] [stdout] running 5 tests
[INFO] [stdout] test src/lib.rs - (line 77) ... ignored
[INFO] [stdout] test src/lib.rs - (line 89) ... ignored
[INFO] [stdout] test src/lib.rs - (line 99) ... ignored
[INFO] [stdout] test src/lib.rs - (line 9) ... FAILED
[INFO] [stdout] test src/trap_err.rs - trap_err (line 5) ... ok
[INFO] [stdout] 
[INFO] [stdout] failures:
[INFO] [stdout] 
[INFO] [stdout] ---- src/lib.rs - (line 9) stdout ----
[INFO] [stdout] error[E0405]: cannot find trait `BlockPorts` in this scope
[INFO] [stdout]   --> src/lib.rs:18:1
[INFO] [stdout]    |
[INFO] [stdout] 12 | / ports! {
[INFO] [stdout] 13 | |     #[block_names(counter)]
[INFO] [stdout] 14 | |     pub struct Ports {
[INFO] [stdout] 15 | |       count: TI13 InOut 1 1,
[INFO] [stdout] 16 | |     }
[INFO] [stdout] 17 | | }
[INFO] [stdout]    | |_^ not found in this scope
[INFO] [stdout]    |
[INFO] [stdout]    = note: this error originates in the macro `ports` (in Nightly builds, run with -Z macro-backtrace for more info)
[INFO] [stdout] help: consider importing this trait
[INFO] [stdout]    |
[INFO] [stdout] 2  + use micrortu_sdk::BlockPorts;
[INFO] [stdout]    |
[INFO] [stdout] 
[INFO] [stdout] error[E0405]: cannot find trait `BlockPorts` in this scope
[INFO] [stdout]   --> src/lib.rs:24:1
[INFO] [stdout]    |
[INFO] [stdout] 18 | / params! {
[INFO] [stdout] 19 | |     #[block_names(counter)]
[INFO] [stdout] 20 | |     pub struct Params {}
[INFO] [stdout] 21 | | }
[INFO] [stdout]    | |_^ not found in this scope
[INFO] [stdout]    |
[INFO] [stdout]    = note: this error originates in the macro `params` (in Nightly builds, run with -Z macro-backtrace for more info)
[INFO] [stdout] help: consider importing this trait
[INFO] [stdout]    |
[INFO] [stdout] 2  + use micrortu_sdk::BlockPorts;
[INFO] [stdout]    |
[INFO] [stdout] 
[INFO] [stdout] error: aborting due to 2 previous errors
[INFO] [stdout] 
[INFO] [stdout] For more information about this error, try `rustc --explain E0405`.
[INFO] [stdout] Couldn't compile the test.
[INFO] [stdout] 
[INFO] [stdout] failures:
[INFO] [stdout]     src/lib.rs - (line 9)
[INFO] [stdout] 
[INFO] [stdout] test result: FAILED. 1 passed; 1 failed; 3 ignored; 0 measured; 0 filtered out; finished in 0.53s
[INFO] [stdout] 
[INFO] [stderr] error: doctest failed, to rerun pass `--doc`
[INFO] running `Command { std: "docker" "inspect" "16b7cdeb91794f8d271145c9abd8fe7507c72abf806748267f1e2d220a90514c", kill_on_drop: false }`
[INFO] running `Command { std: "docker" "rm" "-f" "16b7cdeb91794f8d271145c9abd8fe7507c72abf806748267f1e2d220a90514c", kill_on_drop: false }`
[INFO] [stdout] 16b7cdeb91794f8d271145c9abd8fe7507c72abf806748267f1e2d220a90514c
