[INFO] cloning repository https://github.com/sydhds/tiny_evm
[INFO] running `Command { std: "git" "-c" "credential.helper=" "-c" "credential.helper=/workspace/cargo-home/bin/git-credential-null" "clone" "--bare" "https://github.com/sydhds/tiny_evm" "/workspace/cache/git-repos/https%3A%2F%2Fgithub.com%2Fsydhds%2Ftiny_evm", kill_on_drop: false }`
[INFO] [stderr] Cloning into bare repository '/workspace/cache/git-repos/https%3A%2F%2Fgithub.com%2Fsydhds%2Ftiny_evm'...
[INFO] running `Command { std: "git" "rev-parse" "HEAD", kill_on_drop: false }`
[INFO] [stdout] 31541395c885baa6e7c2c497481259b031ffdbcd
[INFO] testing sydhds/tiny_evm against 1.83.0 for beta-1.84.0-4-retry
[INFO] running `Command { std: "git" "clone" "/workspace/cache/git-repos/https%3A%2F%2Fgithub.com%2Fsydhds%2Ftiny_evm" "/workspace/builds/worker-7-tc1/source", kill_on_drop: false }`
[INFO] [stderr] Cloning into '/workspace/builds/worker-7-tc1/source'...
[INFO] [stderr] done.
[INFO] validating manifest of git repo https://github.com/sydhds/tiny_evm on toolchain 1.83.0
[INFO] running `Command { std: CARGO_HOME="/workspace/cargo-home" RUSTUP_HOME="/workspace/rustup-home" "/workspace/cargo-home/bin/cargo" "+1.83.0" "metadata" "--manifest-path" "Cargo.toml" "--no-deps", kill_on_drop: false }`
[INFO] started tweaking git repo https://github.com/sydhds/tiny_evm
[INFO] finished tweaking git repo https://github.com/sydhds/tiny_evm
[INFO] tweaked toml for git repo https://github.com/sydhds/tiny_evm written to /workspace/builds/worker-7-tc1/source/Cargo.toml
[INFO] crate git repo https://github.com/sydhds/tiny_evm already has a lockfile, it will not be regenerated
[INFO] running `Command { std: CARGO_HOME="/workspace/cargo-home" RUSTUP_HOME="/workspace/rustup-home" "/workspace/cargo-home/bin/cargo" "+1.83.0" "fetch" "--manifest-path" "Cargo.toml", kill_on_drop: false }`
[INFO] [stderr]     Updating crates.io index
[INFO] [stderr]  Downloading crates ...
[INFO] [stderr]   Downloaded anstyle-query v1.1.2
[INFO] [stderr]   Downloaded anstyle v1.0.10
[INFO] [stderr]   Downloaded keccak-asm v0.1.4
[INFO] [stderr]   Downloaded tracing-test v0.2.5
[INFO] [stderr]   Downloaded ark-ff-macros v0.3.0
[INFO] [stderr]   Downloaded ark-ff-asm v0.3.0
[INFO] [stderr]   Downloaded anstyle-wincon v3.0.6
[INFO] [stderr]   Downloaded colorchoice v1.0.3
[INFO] [stderr]   Downloaded unicode-xid v0.2.6
[INFO] [stderr]   Downloaded const-hex v1.13.1
[INFO] [stderr]   Downloaded anstyle-parse v0.2.6
[INFO] [stderr]   Downloaded hex-literal v0.4.1
[INFO] [stderr]   Downloaded alloy-rlp v0.3.8
[INFO] [stderr]   Downloaded derive_more-impl v1.0.0
[INFO] [stderr]   Downloaded derive_more v1.0.0
[INFO] [stderr]   Downloaded ruint v1.12.3
[INFO] [stderr]   Downloaded cc v1.1.31
[INFO] [stderr]   Downloaded bytes v1.8.0
[INFO] [stderr]   Downloaded serde_derive v1.0.211
[INFO] [stderr]   Downloaded serde v1.0.211
[INFO] [stderr]   Downloaded alloy-primitives v0.8.9
[INFO] [stderr]   Downloaded ark-std v0.3.0
[INFO] [stderr]   Downloaded ark-ff v0.3.0
[INFO] [stderr]   Downloaded ark-serialize v0.3.0
[INFO] [stderr]   Downloaded rustc-hash v2.0.0
[INFO] [stderr]   Downloaded syn v2.0.82
[INFO] [stderr]   Downloaded fastrlp v0.3.1
[INFO] [stderr]   Downloaded ruint-macro v1.2.1
[INFO] [stderr]   Downloaded anstream v0.6.18
[INFO] [stderr]   Downloaded tracing-test-macro v0.2.5
[INFO] [stderr]   Downloaded sha3-asm v0.1.4
[INFO] running `Command { std: "docker" "create" "-v" "/var/lib/crater-agent-workspace/builds/worker-7-tc1/target:/opt/rustwide/target:rw,Z" "-v" "/var/lib/crater-agent-workspace/builds/worker-7-tc1/source:/opt/rustwide/workdir:ro,Z" "-v" "/var/lib/crater-agent-workspace/cargo-home:/opt/rustwide/cargo-home:ro,Z" "-v" "/var/lib/crater-agent-workspace/rustup-home:/opt/rustwide/rustup-home:ro,Z" "-e" "SOURCE_DIR=/opt/rustwide/workdir" "-e" "CARGO_TARGET_DIR=/opt/rustwide/target" "-e" "CARGO_HOME=/opt/rustwide/cargo-home" "-e" "RUSTUP_HOME=/opt/rustwide/rustup-home" "-w" "/opt/rustwide/workdir" "-m" "1610612736" "--user" "0:0" "--network" "none" "ghcr.io/rust-lang/crates-build-env/linux@sha256:f3a9d4ad9d972b27faf3965f35b62e55ba32bbce8f20bc8fe909558a86702fde" "/opt/rustwide/cargo-home/bin/cargo" "+1.83.0" "metadata" "--no-deps" "--format-version=1", kill_on_drop: false }`
[INFO] [stdout] 556e5bdc372118d4312ea7968f559e06790089e3176be5579b5adb1348bced07
[INFO] running `Command { std: "docker" "start" "-a" "556e5bdc372118d4312ea7968f559e06790089e3176be5579b5adb1348bced07", kill_on_drop: false }`
[INFO] running `Command { std: "docker" "inspect" "556e5bdc372118d4312ea7968f559e06790089e3176be5579b5adb1348bced07", kill_on_drop: false }`
[INFO] running `Command { std: "docker" "rm" "-f" "556e5bdc372118d4312ea7968f559e06790089e3176be5579b5adb1348bced07", kill_on_drop: false }`
[INFO] [stdout] 556e5bdc372118d4312ea7968f559e06790089e3176be5579b5adb1348bced07
[INFO] running `Command { std: "docker" "create" "-v" "/var/lib/crater-agent-workspace/builds/worker-7-tc1/target:/opt/rustwide/target:rw,Z" "-v" "/var/lib/crater-agent-workspace/builds/worker-7-tc1/source:/opt/rustwide/workdir:ro,Z" "-v" "/var/lib/crater-agent-workspace/cargo-home:/opt/rustwide/cargo-home:ro,Z" "-v" "/var/lib/crater-agent-workspace/rustup-home:/opt/rustwide/rustup-home:ro,Z" "-e" "SOURCE_DIR=/opt/rustwide/workdir" "-e" "CARGO_TARGET_DIR=/opt/rustwide/target" "-e" "CARGO_INCREMENTAL=0" "-e" "RUST_BACKTRACE=full" "-e" "RUSTFLAGS=--cap-lints=warn" "-e" "RUSTDOCFLAGS=--cap-lints=warn" "-e" "CARGO_HOME=/opt/rustwide/cargo-home" "-e" "RUSTUP_HOME=/opt/rustwide/rustup-home" "-w" "/opt/rustwide/workdir" "-m" "1610612736" "--user" "0:0" "--network" "none" "ghcr.io/rust-lang/crates-build-env/linux@sha256:f3a9d4ad9d972b27faf3965f35b62e55ba32bbce8f20bc8fe909558a86702fde" "/opt/rustwide/cargo-home/bin/cargo" "+1.83.0" "build" "--frozen" "--message-format=json", kill_on_drop: false }`
[INFO] [stdout] 54ef227767ec3b97d4ef429233f482b60bd4b98262bb951d82051bf0679bc725
[INFO] running `Command { std: "docker" "start" "-a" "54ef227767ec3b97d4ef429233f482b60bd4b98262bb951d82051bf0679bc725", kill_on_drop: false }`
[INFO] [stderr]    Compiling proc-macro2 v1.0.88
[INFO] [stderr]    Compiling unicode-ident v1.0.13
[INFO] [stderr]    Compiling version_check v0.9.5
[INFO] [stderr]    Compiling typenum v1.17.0
[INFO] [stderr]    Compiling equivalent v1.0.1
[INFO] [stderr]    Compiling once_cell v1.20.2
[INFO] [stderr]    Compiling hashbrown v0.15.0
[INFO] [stderr]    Compiling utf8parse v0.2.2
[INFO] [stderr]    Compiling toml_datetime v0.6.8
[INFO] [stderr]    Compiling crunchy v0.2.2
[INFO] [stderr]    Compiling winnow v0.6.20
[INFO] [stderr]    Compiling tiny-keccak v2.0.2
[INFO] [stderr]    Compiling anstyle v1.0.10
[INFO] [stderr]    Compiling is_terminal_polyfill v1.70.1
[INFO] [stderr]    Compiling unicode-xid v0.2.6
[INFO] [stderr]    Compiling colorchoice v1.0.3
[INFO] [stderr]    Compiling paste v1.0.15
[INFO] [stderr]    Compiling tracing-core v0.1.32
[INFO] [stderr]    Compiling regex-syntax v0.8.5
[INFO] [stderr]    Compiling anstyle-query v1.1.2
[INFO] [stderr]    Compiling regex-syntax v0.6.29
[INFO] [stderr]    Compiling anstyle-parse v0.2.6
[INFO] [stderr]    Compiling anstream v0.6.18
[INFO] [stderr]    Compiling foldhash v0.1.3
[INFO] [stderr]    Compiling ruint-macro v1.2.1
[INFO] [stderr]    Compiling pin-project-lite v0.2.14
[INFO] [stderr]    Compiling log v0.4.22
[INFO] [stderr]    Compiling overload v0.1.1
[INFO] [stderr]    Compiling cpufeatures v0.2.14
[INFO] [stderr]    Compiling thiserror v1.0.64
[INFO] [stderr]    Compiling heck v0.5.0
[INFO] [stderr]    Compiling strsim v0.11.1
[INFO] [stderr]    Compiling indexmap v2.6.0
[INFO] [stderr]    Compiling generic-array v0.14.7
[INFO] [stderr]    Compiling lazy_static v1.5.0
[INFO] [stderr]    Compiling clap_lex v0.7.2
[INFO] [stderr]    Compiling sharded-slab v0.1.7
[INFO] [stderr]    Compiling tracing-log v0.2.0
[INFO] [stderr]    Compiling ruint v1.12.3
[INFO] [stderr]    Compiling clap_builder v4.5.20
[INFO] [stderr]    Compiling const-hex v1.13.1
[INFO] [stderr]    Compiling nu-ansi-term v0.46.0
[INFO] [stderr]    Compiling thread_local v1.1.8
[INFO] [stderr]    Compiling bytes v1.8.0
[INFO] [stderr]    Compiling hex-literal v0.4.1
[INFO] [stderr]    Compiling smallvec v1.13.2
[INFO] [stderr]    Compiling keccak v0.1.5
[INFO] [stderr]    Compiling quote v1.0.37
[INFO] [stderr]    Compiling itoa v1.0.11
[INFO] [stderr]    Compiling syn v2.0.82
[INFO] [stderr]    Compiling hex v0.4.3
[INFO] [stderr]    Compiling crypto-common v0.1.6
[INFO] [stderr]    Compiling block-buffer v0.10.4
[INFO] [stderr]    Compiling regex-automata v0.4.8
[INFO] [stderr]    Compiling digest v0.10.7
[INFO] [stderr]    Compiling sha3 v0.10.8
[INFO] [stderr]    Compiling toml_edit v0.22.22
[INFO] [stderr]    Compiling regex-automata v0.1.10
[INFO] [stderr]    Compiling matchers v0.1.0
[INFO] [stderr]    Compiling regex v1.11.0
[INFO] [stderr]    Compiling proc-macro-crate v3.2.0
[INFO] [stderr]    Compiling derive_more-impl v1.0.0
[INFO] [stderr]    Compiling tracing-attributes v0.1.27
[INFO] [stderr]    Compiling num_enum_derive v0.7.3
[INFO] [stderr]    Compiling clap_derive v4.5.18
[INFO] [stderr]    Compiling thiserror-impl v1.0.64
[INFO] [stderr]    Compiling tracing v0.1.40
[INFO] [stderr]    Compiling tracing-subscriber v0.3.18
[INFO] [stderr]    Compiling num_enum v0.7.3
[INFO] [stderr]    Compiling clap v4.5.20
[INFO] [stderr]    Compiling derive_more v1.0.0
[INFO] [stderr]    Compiling alloy-primitives v0.8.9
[INFO] [stderr]    Compiling tiny_evm v0.1.0 (/opt/rustwide/workdir)
[INFO] [stderr]     Finished `dev` profile [unoptimized + debuginfo] target(s) in 42.50s
[INFO] running `Command { std: "docker" "inspect" "54ef227767ec3b97d4ef429233f482b60bd4b98262bb951d82051bf0679bc725", kill_on_drop: false }`
[INFO] running `Command { std: "docker" "rm" "-f" "54ef227767ec3b97d4ef429233f482b60bd4b98262bb951d82051bf0679bc725", kill_on_drop: false }`
[INFO] [stdout] 54ef227767ec3b97d4ef429233f482b60bd4b98262bb951d82051bf0679bc725
[INFO] running `Command { std: "docker" "create" "-v" "/var/lib/crater-agent-workspace/builds/worker-7-tc1/target:/opt/rustwide/target:rw,Z" "-v" "/var/lib/crater-agent-workspace/builds/worker-7-tc1/source:/opt/rustwide/workdir:ro,Z" "-v" "/var/lib/crater-agent-workspace/cargo-home:/opt/rustwide/cargo-home:ro,Z" "-v" "/var/lib/crater-agent-workspace/rustup-home:/opt/rustwide/rustup-home:ro,Z" "-e" "SOURCE_DIR=/opt/rustwide/workdir" "-e" "CARGO_TARGET_DIR=/opt/rustwide/target" "-e" "CARGO_INCREMENTAL=0" "-e" "RUST_BACKTRACE=full" "-e" "RUSTFLAGS=--cap-lints=warn" "-e" "RUSTDOCFLAGS=--cap-lints=warn" "-e" "CARGO_HOME=/opt/rustwide/cargo-home" "-e" "RUSTUP_HOME=/opt/rustwide/rustup-home" "-w" "/opt/rustwide/workdir" "-m" "1610612736" "--user" "0:0" "--network" "none" "ghcr.io/rust-lang/crates-build-env/linux@sha256:f3a9d4ad9d972b27faf3965f35b62e55ba32bbce8f20bc8fe909558a86702fde" "/opt/rustwide/cargo-home/bin/cargo" "+1.83.0" "test" "--frozen" "--no-run" "--message-format=json", kill_on_drop: false }`
[INFO] [stdout] 86280b830ed84e1d4337b046a20abf798334fade72c4e399252463cfac3f3511
[INFO] running `Command { std: "docker" "start" "-a" "86280b830ed84e1d4337b046a20abf798334fade72c4e399252463cfac3f3511", kill_on_drop: false }`
[INFO] [stderr]    Compiling tracing-test-macro v0.2.5
[INFO] [stderr]    Compiling tracing-test v0.2.5
[INFO] [stderr]    Compiling tiny_evm v0.1.0 (/opt/rustwide/workdir)
[INFO] [stderr]     Finished `test` profile [unoptimized + debuginfo] target(s) in 4.09s
[INFO] running `Command { std: "docker" "inspect" "86280b830ed84e1d4337b046a20abf798334fade72c4e399252463cfac3f3511", kill_on_drop: false }`
[INFO] running `Command { std: "docker" "rm" "-f" "86280b830ed84e1d4337b046a20abf798334fade72c4e399252463cfac3f3511", kill_on_drop: false }`
[INFO] [stdout] 86280b830ed84e1d4337b046a20abf798334fade72c4e399252463cfac3f3511
[INFO] running `Command { std: "docker" "create" "-v" "/var/lib/crater-agent-workspace/builds/worker-7-tc1/target:/opt/rustwide/target:rw,Z" "-v" "/var/lib/crater-agent-workspace/builds/worker-7-tc1/source:/opt/rustwide/workdir:ro,Z" "-v" "/var/lib/crater-agent-workspace/cargo-home:/opt/rustwide/cargo-home:ro,Z" "-v" "/var/lib/crater-agent-workspace/rustup-home:/opt/rustwide/rustup-home:ro,Z" "-e" "SOURCE_DIR=/opt/rustwide/workdir" "-e" "CARGO_TARGET_DIR=/opt/rustwide/target" "-e" "CARGO_INCREMENTAL=0" "-e" "RUST_BACKTRACE=full" "-e" "RUSTFLAGS=--cap-lints=warn" "-e" "RUSTDOCFLAGS=--cap-lints=warn" "-e" "CARGO_HOME=/opt/rustwide/cargo-home" "-e" "RUSTUP_HOME=/opt/rustwide/rustup-home" "-w" "/opt/rustwide/workdir" "-m" "1610612736" "--user" "0:0" "--network" "none" "ghcr.io/rust-lang/crates-build-env/linux@sha256:f3a9d4ad9d972b27faf3965f35b62e55ba32bbce8f20bc8fe909558a86702fde" "/opt/rustwide/cargo-home/bin/cargo" "+1.83.0" "test" "--frozen", kill_on_drop: false }`
[INFO] [stdout] 5cc8a60136666690031d067f39d8addb319a366df2df278b2f16a27c4f0f49d3
[INFO] running `Command { std: "docker" "start" "-a" "5cc8a60136666690031d067f39d8addb319a366df2df278b2f16a27c4f0f49d3", kill_on_drop: false }`
[INFO] [stderr]     Finished `test` profile [unoptimized + debuginfo] target(s) in 0.18s
[INFO] [stderr]      Running unittests src/main.rs (/opt/rustwide/target/debug/deps/tiny_evm-c2add63e7e1f7142)
[INFO] [stdout] 
[INFO] [stdout] running 6 tests
[INFO] [stdout] test test::test_event ... FAILED
[INFO] [stdout] test test::test_store_2 ... FAILED
[INFO] [stdout] test test::test_store_3 ... FAILED
[INFO] [stdout] test test::test_sha3 ... FAILED
[INFO] [stdout] test test::test_swap ... ok
[INFO] [stdout] test test::test_store_1 ... FAILED
[INFO] [stdout] 
[INFO] [stderr] error: test failed, to rerun pass `--bin tiny_evm`
[INFO] [stdout] failures:
[INFO] [stdout] 
[INFO] [stdout] ---- test::test_event stdout ----
[INFO] [stdout] 2024-12-14T22:59:08.892924Z DEBUG test_event: tiny_evm::test: call_data (len: 36): [5b, 3e, e9, 31, 0, 0, 0, 0, 0, 0, 0, 0, 0, 0, 0, 0, 0, 0, 0, 0, 0, 0, 0, 0, 0, 0, 0, 0, 0, 0, 0, 0, 0, 0, 0, 0]
[INFO] [stdout] 2024-12-14T22:59:08.892979Z DEBUG test_event: tiny_evm::test: call_data hex: -5b3ee9310000000000000000000000000000000000000000000000000000000000000000-
[INFO] [stdout] Error: IOError(Os { code: 2, kind: NotFound, message: "No such file or directory" })
[INFO] [stdout] 
[INFO] [stdout] ---- test::test_store_2 stdout ----
[INFO] [stdout] 2024-12-14T22:59:08.893063Z DEBUG test_store_2: tiny_evm::test: call_data (len: 36): [57, aa, 67, 4b, 0, 0, 0, 0, 0, 0, 0, 0, 0, 0, 0, 0, 0, 0, 0, 0, 0, 0, 0, 0, 0, 0, 0, 0, 0, 0, 0, 0, 0, 0, 0, c]
[INFO] [stdout] Error: IOError(Os { code: 2, kind: NotFound, message: "No such file or directory" })
[INFO] [stdout] 
[INFO] [stdout] ---- test::test_store_3 stdout ----
[INFO] [stdout] 2024-12-14T22:59:08.893308Z DEBUG test_store_3: tiny_evm::test: call_data (len: 36): [93, e5, 83, e0, 0, 0, 0, 0, 0, 0, 0, 0, 0, 0, 0, 0, 0, 0, 0, 0, 0, 0, 0, 0, 0, 0, 0, 0, 0, 0, 0, 0, 0, 0, 0, 0]
[INFO] [stdout] Error: IOError(Os { code: 2, kind: NotFound, message: "No such file or directory" })
[INFO] [stdout] 
[INFO] [stdout] ---- test::test_sha3 stdout ----
[INFO] [stdout] 2024-12-14T22:59:08.893679Z DEBUG test_sha3: tiny_evm::test: call_data (len: 100): [b4, 11, ee, 94, 0, 0, 0, 0, 0, 0, 0, 0, 0, 0, 0, 0, 0, 0, 0, 0, 0, 0, 0, 0, 0, 0, 0, 0, 0, 0, 0, 0, 0, 0, 0, 20, 0, 0, 0, 0, 0, 0, 0, 0, 0, 0, 0, 0, 0, 0, 0, 0, 0, 0, 0, 0, 0, 0, 0, 0, 0, 0, 0, 0, 0, 0, 0, 12, 48, 65, 6c, 6c, 6f, 20, 6b, 65, 63, 63, 61, 6b, 32, 35, 36, 20, 21, 21, 0, 0, 0, 0, 0, 0, 0, 0, 0, 0, 0, 0, 0, 0]
[INFO] [stdout] Error: IOError(Os { code: 2, kind: NotFound, message: "No such file or directory" })
[INFO] [stdout] 
[INFO] [stdout] ---- test::test_store_1 stdout ----
[INFO] [stdout] 2024-12-14T22:59:08.921975Z DEBUG test_store_1: tiny_evm::test: call_data (len: 36): [93, e5, 83, e0, 0, 0, 0, 0, 0, 0, 0, 0, 0, 0, 0, 0, 0, 0, 0, 0, 0, 0, 0, 0, 0, 0, 0, 0, 0, 0, 0, 0, 0, 0, 0, 0]
[INFO] [stdout] Error: IOError(Os { code: 2, kind: NotFound, message: "No such file or directory" })
[INFO] [stdout] 
[INFO] [stdout] 
[INFO] [stdout] failures:
[INFO] [stdout]     test::test_event
[INFO] [stdout]     test::test_sha3
[INFO] [stdout]     test::test_store_1
[INFO] [stdout]     test::test_store_2
[INFO] [stdout]     test::test_store_3
[INFO] [stdout] 
[INFO] [stdout] test result: FAILED. 1 passed; 5 failed; 0 ignored; 0 measured; 0 filtered out; finished in 0.05s
[INFO] [stdout] 
[INFO] running `Command { std: "docker" "inspect" "5cc8a60136666690031d067f39d8addb319a366df2df278b2f16a27c4f0f49d3", kill_on_drop: false }`
[INFO] running `Command { std: "docker" "rm" "-f" "5cc8a60136666690031d067f39d8addb319a366df2df278b2f16a27c4f0f49d3", kill_on_drop: false }`
[INFO] [stdout] 5cc8a60136666690031d067f39d8addb319a366df2df278b2f16a27c4f0f49d3
