[INFO] cloning repository https://github.com/supakeen/osbuild-experiments-with-rust
[INFO] running `Command { std: "git" "-c" "credential.helper=" "-c" "credential.helper=/workspace/cargo-home/bin/git-credential-null" "clone" "--bare" "https://github.com/supakeen/osbuild-experiments-with-rust" "/workspace/cache/git-repos/https%3A%2F%2Fgithub.com%2Fsupakeen%2Fosbuild-experiments-with-rust", kill_on_drop: false }`
[INFO] [stderr] Cloning into bare repository '/workspace/cache/git-repos/https%3A%2F%2Fgithub.com%2Fsupakeen%2Fosbuild-experiments-with-rust'...
[INFO] running `Command { std: "git" "rev-parse" "HEAD", kill_on_drop: false }`
[INFO] [stdout] ddf9aca5fa57408d0905eb9f996b0b1256aeaee7
[INFO] testing supakeen/osbuild-experiments-with-rust against beta-2024-12-08 for beta-1.84.0-4-retry
[INFO] running `Command { std: "git" "clone" "/workspace/cache/git-repos/https%3A%2F%2Fgithub.com%2Fsupakeen%2Fosbuild-experiments-with-rust" "/workspace/builds/worker-4-tc2/source", kill_on_drop: false }`
[INFO] [stderr] Cloning into '/workspace/builds/worker-4-tc2/source'...
[INFO] [stderr] done.
[INFO] validating manifest of git repo https://github.com/supakeen/osbuild-experiments-with-rust on toolchain beta-2024-12-08
[INFO] running `Command { std: CARGO_HOME="/workspace/cargo-home" RUSTUP_HOME="/workspace/rustup-home" "/workspace/cargo-home/bin/cargo" "+beta-2024-12-08" "metadata" "--manifest-path" "Cargo.toml" "--no-deps", kill_on_drop: false }`
[INFO] started tweaking git repo https://github.com/supakeen/osbuild-experiments-with-rust
[INFO] finished tweaking git repo https://github.com/supakeen/osbuild-experiments-with-rust
[INFO] tweaked toml for git repo https://github.com/supakeen/osbuild-experiments-with-rust written to /workspace/builds/worker-4-tc2/source/Cargo.toml
[INFO] crate git repo https://github.com/supakeen/osbuild-experiments-with-rust already has a lockfile, it will not be regenerated
[INFO] running `Command { std: CARGO_HOME="/workspace/cargo-home" RUSTUP_HOME="/workspace/rustup-home" "/workspace/cargo-home/bin/cargo" "+beta-2024-12-08" "fetch" "--manifest-path" "Cargo.toml", kill_on_drop: false }`
[INFO] [stderr] warning: virtual workspace defaulting to `resolver = "1"` despite one or more workspace members being on edition 2021 which implies `resolver = "2"`
[INFO] [stderr] note: to keep the current resolver, specify `workspace.resolver = "1"` in the workspace root's manifest
[INFO] [stderr] note: to use the edition 2021 resolver, specify `workspace.resolver = "2"` in the workspace root's manifest
[INFO] [stderr] note: for more details see https://doc.rust-lang.org/cargo/reference/resolver.html#resolver-versions
[INFO] running `Command { std: "docker" "create" "-v" "/var/lib/crater-agent-workspace/builds/worker-4-tc2/target:/opt/rustwide/target:rw,Z" "-v" "/var/lib/crater-agent-workspace/builds/worker-4-tc2/source:/opt/rustwide/workdir:ro,Z" "-v" "/var/lib/crater-agent-workspace/cargo-home:/opt/rustwide/cargo-home:ro,Z" "-v" "/var/lib/crater-agent-workspace/rustup-home:/opt/rustwide/rustup-home:ro,Z" "-e" "SOURCE_DIR=/opt/rustwide/workdir" "-e" "CARGO_TARGET_DIR=/opt/rustwide/target" "-e" "CARGO_HOME=/opt/rustwide/cargo-home" "-e" "RUSTUP_HOME=/opt/rustwide/rustup-home" "-w" "/opt/rustwide/workdir" "-m" "1610612736" "--user" "0:0" "--network" "none" "ghcr.io/rust-lang/crates-build-env/linux@sha256:f3a9d4ad9d972b27faf3965f35b62e55ba32bbce8f20bc8fe909558a86702fde" "/opt/rustwide/cargo-home/bin/cargo" "+beta-2024-12-08" "metadata" "--no-deps" "--format-version=1", kill_on_drop: false }`
[INFO] [stdout] c09ee4318949277757df8bcb4a94afb7835a9dbe29c4f5f20f7ff32492bdc008
[INFO] running `Command { std: "docker" "start" "-a" "c09ee4318949277757df8bcb4a94afb7835a9dbe29c4f5f20f7ff32492bdc008", kill_on_drop: false }`
[INFO] running `Command { std: "docker" "inspect" "c09ee4318949277757df8bcb4a94afb7835a9dbe29c4f5f20f7ff32492bdc008", kill_on_drop: false }`
[INFO] running `Command { std: "docker" "rm" "-f" "c09ee4318949277757df8bcb4a94afb7835a9dbe29c4f5f20f7ff32492bdc008", kill_on_drop: false }`
[INFO] [stdout] c09ee4318949277757df8bcb4a94afb7835a9dbe29c4f5f20f7ff32492bdc008
[INFO] running `Command { std: "docker" "create" "-v" "/var/lib/crater-agent-workspace/builds/worker-4-tc2/target:/opt/rustwide/target:rw,Z" "-v" "/var/lib/crater-agent-workspace/builds/worker-4-tc2/source:/opt/rustwide/workdir:ro,Z" "-v" "/var/lib/crater-agent-workspace/cargo-home:/opt/rustwide/cargo-home:ro,Z" "-v" "/var/lib/crater-agent-workspace/rustup-home:/opt/rustwide/rustup-home:ro,Z" "-e" "SOURCE_DIR=/opt/rustwide/workdir" "-e" "CARGO_TARGET_DIR=/opt/rustwide/target" "-e" "CARGO_INCREMENTAL=0" "-e" "RUST_BACKTRACE=full" "-e" "RUSTFLAGS=--cap-lints=warn" "-e" "RUSTDOCFLAGS=--cap-lints=warn" "-e" "CARGO_HOME=/opt/rustwide/cargo-home" "-e" "RUSTUP_HOME=/opt/rustwide/rustup-home" "-w" "/opt/rustwide/workdir" "-m" "1610612736" "--user" "0:0" "--network" "none" "ghcr.io/rust-lang/crates-build-env/linux@sha256:f3a9d4ad9d972b27faf3965f35b62e55ba32bbce8f20bc8fe909558a86702fde" "/opt/rustwide/cargo-home/bin/cargo" "+beta-2024-12-08" "build" "--frozen" "--message-format=json", kill_on_drop: false }`
[INFO] [stdout] 793e895e4431849fa6dac7dbf5249005d465a76151d2c7e80e433d2238f43204
[INFO] running `Command { std: "docker" "start" "-a" "793e895e4431849fa6dac7dbf5249005d465a76151d2c7e80e433d2238f43204", kill_on_drop: false }`
[INFO] [stderr] warning: virtual workspace defaulting to `resolver = "1"` despite one or more workspace members being on edition 2021 which implies `resolver = "2"`
[INFO] [stderr] note: to keep the current resolver, specify `workspace.resolver = "1"` in the workspace root's manifest
[INFO] [stderr] note: to use the edition 2021 resolver, specify `workspace.resolver = "2"` in the workspace root's manifest
[INFO] [stderr] note: for more details see https://doc.rust-lang.org/cargo/reference/resolver.html#resolver-versions
[INFO] [stderr]    Compiling autocfg v1.1.0
[INFO] [stderr]    Compiling libc v0.2.132
[INFO] [stderr]    Compiling cfg-if v1.0.0
[INFO] [stderr]    Compiling proc-macro2 v1.0.43
[INFO] [stderr]    Compiling quote v1.0.21
[INFO] [stderr]    Compiling unicode-ident v1.0.3
[INFO] [stderr]    Compiling once_cell v1.13.1
[INFO] [stderr]    Compiling syn v1.0.99
[INFO] [stderr]    Compiling memchr v2.5.0
[INFO] [stderr]    Compiling version_check v0.9.4
[INFO] [stderr]    Compiling log v0.4.17
[INFO] [stderr]    Compiling num-traits v0.2.15
[INFO] [stderr]    Compiling pin-project-lite v0.2.9
[INFO] [stderr]    Compiling futures-core v0.3.24
[INFO] [stderr]    Compiling num-integer v0.1.45
[INFO] [stderr]    Compiling serde_derive v1.0.144
[INFO] [stderr]    Compiling itoa v1.0.3
[INFO] [stderr]    Compiling bytes v1.2.1
[INFO] [stderr]    Compiling tokio v1.21.1
[INFO] [stderr]    Compiling indexmap v1.9.1
[INFO] [stderr]    Compiling slab v0.4.7
[INFO] [stderr]    Compiling serde v1.0.144
[INFO] [stderr]    Compiling futures-task v0.3.24
[INFO] [stderr]    Compiling num_cpus v1.13.1
[INFO] [stderr]    Compiling mio v0.8.4
[INFO] [stderr]    Compiling socket2 v0.4.7
[INFO] [stderr]    Compiling proc-macro-error-attr v1.0.4
[INFO] [stderr]    Compiling num-bigint v0.2.6
[INFO] [stderr]    Compiling tracing-core v0.1.29
[INFO] [stderr]    Compiling futures-util v0.3.24
[INFO] [stderr]    Compiling hashbrown v0.12.3
[INFO] [stderr]    Compiling fnv v1.0.7
[INFO] [stderr]    Compiling tinyvec_macros v0.1.0
[INFO] [stderr]    Compiling target-lexicon v0.12.4
[INFO] [stderr]    Compiling http v0.2.8
[INFO] [stderr]    Compiling tinyvec v1.6.0
[INFO] [stderr]    Compiling tracing v0.1.36
[INFO] [stderr]    Compiling getrandom v0.2.7
[INFO] [stderr]    Compiling proc-macro-error v1.0.4
[INFO] [stderr]    Compiling num-rational v0.2.4
[INFO] [stderr]    Compiling num-complex v0.2.4
[INFO] [stderr]    Compiling lock_api v0.4.8
[INFO] [stderr]    Compiling num-iter v0.1.43
[INFO] [stderr]    Compiling httparse v1.8.0
[INFO] [stderr]    Compiling futures-sink v0.3.24
[INFO] [stderr]    Compiling futures-io v0.3.24
[INFO] [stderr]    Compiling futures-channel v0.3.24
[INFO] [stderr]    Compiling pin-utils v0.1.0
[INFO] [stderr]    Compiling parking_lot_core v0.9.3
[INFO] [stderr]    Compiling percent-encoding v2.2.0
[INFO] [stderr]    Compiling form_urlencoded v1.1.0
[INFO] [stderr]    Compiling unicode-normalization v0.1.22
[INFO] [stderr]    Compiling atty v0.2.14
[INFO] [stderr]    Compiling try-lock v0.2.3
[INFO] [stderr]    Compiling encoding_rs v0.8.31
[INFO] [stderr]    Compiling unicode-segmentation v1.10.0
[INFO] [stderr]    Compiling bitflags v1.3.2
[INFO] [stderr]    Compiling unicode-bidi v0.3.8
[INFO] [stderr]    Compiling smallvec v1.9.0
[INFO] [stderr]    Compiling unicode-width v0.1.10
[INFO] [stderr]    Compiling ryu v1.0.11
[INFO] [stderr]    Compiling scopeguard v1.1.0
[INFO] [stderr]    Compiling serde_json v1.0.85
[INFO] [stderr]    Compiling idna v0.3.0
[INFO] [stderr]    Compiling heck v0.3.3
[INFO] [stderr]    Compiling textwrap v0.11.0
[INFO] [stderr]    Compiling pyo3-build-config v0.16.6
[INFO] [stderr]    Compiling want v0.3.0
[INFO] [stderr]    Compiling http-body v0.4.5
[INFO] [stderr]    Compiling aho-corasick v0.7.19
[INFO] [stderr]    Compiling ahash v0.7.6
[INFO] [stderr]    Compiling anyhow v1.0.65
[INFO] [stderr]    Compiling ansi_term v0.12.1
[INFO] [stderr]    Compiling vec_map v0.8.2
[INFO] [stderr]    Compiling minimal-lexical v0.2.1
[INFO] [stderr]    Compiling strsim v0.8.0
[INFO] [stderr]    Compiling tower-service v0.3.2
[INFO] [stderr]    Compiling bit-vec v0.6.3
[INFO] [stderr]    Compiling httpdate v1.0.2
[INFO] [stderr]    Compiling lazy_static v1.4.0
[INFO] [stderr]    Compiling regex-syntax v0.6.27
[INFO] [stderr]    Compiling bit-set v0.5.3
[INFO] [stderr]    Compiling nom v7.1.1
[INFO] [stderr]    Compiling clap v2.34.0
[INFO] [stderr]    Compiling num v0.2.1
[INFO] [stderr]    Compiling url v2.3.1
[INFO] [stderr]    Compiling tokio-util v0.7.4
[INFO] [stderr]    Compiling parking_lot v0.12.1
[INFO] [stderr]    Compiling h2 v0.3.14
[INFO] [stderr]    Compiling regex v1.6.0
[INFO] [stderr]    Compiling structopt-derive v0.4.18
[INFO] [stderr]    Compiling rand_core v0.6.3
[INFO] [stderr]    Compiling base64 v0.13.0
[INFO] [stderr]    Compiling ipnet v2.5.0
[INFO] [stderr]    Compiling time-macros v0.2.4
[INFO] [stderr]    Compiling num_threads v0.1.6
[INFO] [stderr]    Compiling ppv-lite86 v0.2.16
[INFO] [stderr]    Compiling hyper v0.14.20
[INFO] [stderr]    Compiling mime v0.3.16
[INFO] [stderr]    Compiling rand_chacha v0.3.1
[INFO] [stderr]    Compiling structopt v0.3.26
[INFO] [stderr]    Compiling fancy-regex v0.8.0
[INFO] [stderr]    Compiling iso8601 v0.4.2
[INFO] [stderr]    Compiling time v0.3.14
[INFO] [stderr]    Compiling fraction v0.10.0
[INFO] [stderr]    Compiling bytecount v0.6.3
[INFO] [stderr]    Compiling num-cmp v0.1.0
[INFO] [stderr]    Compiling uuid v0.8.2
[INFO] [stderr]    Compiling rand v0.8.5
[INFO] [stderr]    Compiling pyo3-macros-backend v0.16.6
[INFO] [stderr]    Compiling os_str_bytes v6.3.0
[INFO] [stderr]    Compiling pyo3-ffi v0.16.6
[INFO] [stderr]    Compiling pyo3 v0.16.6
[INFO] [stderr]    Compiling clap_lex v0.2.4
[INFO] [stderr]    Compiling unindent v0.1.10
[INFO] [stderr]    Compiling textwrap v0.15.1
[INFO] [stderr]    Compiling strsim v0.10.0
[INFO] [stderr]    Compiling termcolor v1.1.3
[INFO] [stderr]    Compiling indoc v1.0.7
[INFO] [stderr]    Compiling clap v3.2.22
[INFO] [stderr]    Compiling osbuild-mpp v0.1.0 (/opt/rustwide/workdir/osbuild-mpp)
[INFO] [stderr]    Compiling pyo3-macros v0.16.6
[INFO] [stderr]    Compiling serde_urlencoded v0.7.1
[INFO] [stderr]    Compiling reqwest v0.11.12
[INFO] [stderr]    Compiling jsonschema v0.16.0
[INFO] [stderr]    Compiling libosbuild v0.1.0 (/opt/rustwide/workdir/libosbuild)
[INFO] [stdout] warning: field `name` is never read
[INFO] [stdout]  --> libosbuild/src/core/mod.rs:5:5
[INFO] [stdout]   |
[INFO] [stdout] 4 | pub struct Schema {
[INFO] [stdout]   |            ------ field in this struct
[INFO] [stdout] 5 |     name: Option<String>,
[INFO] [stdout]   |     ^^^^
[INFO] [stdout]   |
[INFO] [stdout]   = note: `#[warn(dead_code)]` on by default
[INFO] [stdout] 
[INFO] [stdout] 
[INFO] [stdout] warning: field `0` is never read
[INFO] [stdout]   --> libosbuild/src/sandbox/communication/channel/mod.rs:22:15
[INFO] [stdout]    |
[INFO] [stdout] 22 |     Transport(transport::TransportError),
[INFO] [stdout]    |     --------- ^^^^^^^^^^^^^^^^^^^^^^^^^
[INFO] [stdout]    |     |
[INFO] [stdout]    |     field in this variant
[INFO] [stdout]    |
[INFO] [stdout]    = note: `ChannelError` has a derived impl for the trait `Debug`, but this is intentionally ignored during dead code analysis
[INFO] [stdout] help: consider changing the field to be of unit type to suppress this warning while preserving the field numbering, or remove the field
[INFO] [stdout]    |
[INFO] [stdout] 22 |     Transport(()),
[INFO] [stdout]    |               ~~
[INFO] [stdout] 
[INFO] [stdout] 
[INFO] [stdout] warning: field `0` is never read
[INFO] [stdout]   --> libosbuild/src/sandbox/communication/channel/mod.rs:24:14
[INFO] [stdout]    |
[INFO] [stdout] 24 |     Encoding(protocol::message::encoding::EncodingError),
[INFO] [stdout]    |     -------- ^^^^^^^^^^^^^^^^^^^^^^^^^^^^^^^^^^^^^^^^^^
[INFO] [stdout]    |     |
[INFO] [stdout]    |     field in this variant
[INFO] [stdout]    |
[INFO] [stdout]    = note: `ChannelError` has a derived impl for the trait `Debug`, but this is intentionally ignored during dead code analysis
[INFO] [stdout] help: consider changing the field to be of unit type to suppress this warning while preserving the field numbering, or remove the field
[INFO] [stdout]    |
[INFO] [stdout] 24 |     Encoding(()),
[INFO] [stdout]    |              ~~
[INFO] [stdout] 
[INFO] [stdout] 
[INFO] [stdout] warning: associated items `new_default`, `open`, `send`, `send_and_recv`, `recv`, and `close` are never used
[INFO] [stdout]   --> libosbuild/src/sandbox/communication/channel/mod.rs:50:8
[INFO] [stdout]    |
[INFO] [stdout] 48 | pub trait Channel {
[INFO] [stdout]    |           ------- associated items in this trait
[INFO] [stdout] 49 |     /// Prepare a channel with new_default settings as proposed by the `osbuild` version.
[INFO] [stdout] 50 |     fn new_default() -> Result<Self, ChannelError>
[INFO] [stdout]    |        ^^^^^^^^^^^
[INFO] [stdout] ...
[INFO] [stdout] 56 |     fn open(&mut self, dst: &str) -> Result<(), ChannelError>;
[INFO] [stdout]    |        ^^^^
[INFO] [stdout] ...
[INFO] [stdout] 60 |     fn send<T: Message + Serialize>(&mut self, object: T) -> Result<usize, ChannelError>;
[INFO] [stdout]    |        ^^^^
[INFO] [stdout] ...
[INFO] [stdout] 63 |     fn send_and_recv<T0: Message + Serialize, T1: Message + DeserializeOwned>(
[INFO] [stdout]    |        ^^^^^^^^^^^^^
[INFO] [stdout] ...
[INFO] [stdout] 70 |     fn recv<T: Message + DeserializeOwned>(&mut self) -> Result<T, ChannelError>;
[INFO] [stdout]    |        ^^^^
[INFO] [stdout] 71 |
[INFO] [stdout] 72 |     fn close(&mut self) -> Result<(), ChannelError>;
[INFO] [stdout]    |        ^^^^^
[INFO] [stdout] 
[INFO] [stdout] 
[INFO] [stdout] warning: field `protocol` is never read
[INFO] [stdout]   --> libosbuild/src/sandbox/communication/channel/mod.rs:78:9
[INFO] [stdout]    |
[INFO] [stdout] 76 | pub struct CommandChannel {
[INFO] [stdout]    |            -------------- field in this struct
[INFO] [stdout] 77 |     pub transport: Box<dyn transport::Transport>,
[INFO] [stdout] 78 |     pub protocol: Box<dyn protocol::Protocol>,
[INFO] [stdout]    |         ^^^^^^^^
[INFO] [stdout] 
[INFO] [stdout] 
[INFO] [stdout] warning: field `0` is never read
[INFO] [stdout]  --> libosbuild/src/sandbox/communication/channel/transport.rs:6:13
[INFO] [stdout]   |
[INFO] [stdout] 6 |     IOError(std::io::Error),
[INFO] [stdout]   |     ------- ^^^^^^^^^^^^^^
[INFO] [stdout]   |     |
[INFO] [stdout]   |     field in this variant
[INFO] [stdout]   |
[INFO] [stdout]   = note: `TransportError` has a derived impl for the trait `Debug`, but this is intentionally ignored during dead code analysis
[INFO] [stdout] help: consider changing the field to be of unit type to suppress this warning while preserving the field numbering, or remove the field
[INFO] [stdout]   |
[INFO] [stdout] 6 |     IOError(()),
[INFO] [stdout]   |             ~~
[INFO] [stdout] 
[INFO] [stdout] 
[INFO] [stdout] warning: associated function `new` is never used
[INFO] [stdout]  --> libosbuild/src/sandbox/communication/channel/protocol.rs:5:8
[INFO] [stdout]   |
[INFO] [stdout] 4 | pub trait Protocol {
[INFO] [stdout]   |           -------- associated function in this trait
[INFO] [stdout] 5 |     fn new() -> Result<Self, ProtocolError>
[INFO] [stdout]   |        ^^^
[INFO] [stdout] 
[INFO] [stdout] 
[INFO] [stdout] warning: enum `MessageError` is never used
[INFO] [stdout]   --> libosbuild/src/sandbox/communication/channel/protocol.rs:33:14
[INFO] [stdout]    |
[INFO] [stdout] 33 |     pub enum MessageError {}
[INFO] [stdout]    |              ^^^^^^^^^^^^
[INFO] [stdout]    |
[INFO] [stdout]    = note: `MessageError` has a derived impl for the trait `Debug`, but this is intentionally ignored during dead code analysis
[INFO] [stdout] 
[INFO] [stdout] 
[INFO] [stdout] warning: field `0` is never read
[INFO] [stdout]   --> libosbuild/src/sandbox/communication/channel/protocol.rs:94:24
[INFO] [stdout]    |
[INFO] [stdout] 94 |             ParseError(serde_json::Error),
[INFO] [stdout]    |             ---------- ^^^^^^^^^^^^^^^^^
[INFO] [stdout]    |             |
[INFO] [stdout]    |             field in this variant
[INFO] [stdout]    |
[INFO] [stdout]    = note: `EncodingError` has a derived impl for the trait `Debug`, but this is intentionally ignored during dead code analysis
[INFO] [stdout] help: consider changing the field to be of unit type to suppress this warning while preserving the field numbering, or remove the field
[INFO] [stdout]    |
[INFO] [stdout] 94 |             ParseError(()),
[INFO] [stdout]    |                        ~~
[INFO] [stdout] 
[INFO] [stdout] 
[INFO] [stdout] warning: constant `WELL_KNOWN_MODULE_PATH_ASSEMBLER` is never used
[INFO] [stdout]   --> libosbuild/src/module/mod.rs:79:7
[INFO] [stdout]    |
[INFO] [stdout] 79 | const WELL_KNOWN_MODULE_PATH_ASSEMBLER: &str = "/usr/lib/osbuild/assemblers";
[INFO] [stdout]    |       ^^^^^^^^^^^^^^^^^^^^^^^^^^^^^^^^
[INFO] [stdout] 
[INFO] [stdout] 
[INFO] [stdout] warning: constant `WELL_KNOWN_MODULE_PATH_DEVICE` is never used
[INFO] [stdout]   --> libosbuild/src/module/mod.rs:80:7
[INFO] [stdout]    |
[INFO] [stdout] 80 | const WELL_KNOWN_MODULE_PATH_DEVICE: &str = "/usr/lib/osbuild/devices";
[INFO] [stdout]    |       ^^^^^^^^^^^^^^^^^^^^^^^^^^^^^
[INFO] [stdout] 
[INFO] [stdout] 
[INFO] [stdout] warning: constant `WELL_KNOWN_MODULE_PATH_INPUT` is never used
[INFO] [stdout]   --> libosbuild/src/module/mod.rs:81:7
[INFO] [stdout]    |
[INFO] [stdout] 81 | const WELL_KNOWN_MODULE_PATH_INPUT: &str = "/usr/lib/osbuild/inputs";
[INFO] [stdout]    |       ^^^^^^^^^^^^^^^^^^^^^^^^^^^^
[INFO] [stdout] 
[INFO] [stdout] 
[INFO] [stdout] warning: constant `WELL_KNOWN_MODULE_PATH_MOUNT` is never used
[INFO] [stdout]   --> libosbuild/src/module/mod.rs:82:7
[INFO] [stdout]    |
[INFO] [stdout] 82 | const WELL_KNOWN_MODULE_PATH_MOUNT: &str = "/usr/lib/osbuild/mounts";
[INFO] [stdout]    |       ^^^^^^^^^^^^^^^^^^^^^^^^^^^^
[INFO] [stdout] 
[INFO] [stdout] 
[INFO] [stdout] warning: constant `WELL_KNOWN_MODULE_PATH_RUNNER` is never used
[INFO] [stdout]   --> libosbuild/src/module/mod.rs:83:7
[INFO] [stdout]    |
[INFO] [stdout] 83 | const WELL_KNOWN_MODULE_PATH_RUNNER: &str = "/usr/lib/osbuild/runners";
[INFO] [stdout]    |       ^^^^^^^^^^^^^^^^^^^^^^^^^^^^^
[INFO] [stdout] 
[INFO] [stdout] 
[INFO] [stdout] warning: constant `WELL_KNOWN_MODULE_PATH_SOURCE` is never used
[INFO] [stdout]   --> libosbuild/src/module/mod.rs:84:7
[INFO] [stdout]    |
[INFO] [stdout] 84 | const WELL_KNOWN_MODULE_PATH_SOURCE: &str = "/usr/lib/osbuild/sources";
[INFO] [stdout]    |       ^^^^^^^^^^^^^^^^^^^^^^^^^^^^^
[INFO] [stdout] 
[INFO] [stdout] 
[INFO] [stdout] warning: constant `WELL_KNOWN_MODULE_PATH_STAGE` is never used
[INFO] [stdout]   --> libosbuild/src/module/mod.rs:85:7
[INFO] [stdout]    |
[INFO] [stdout] 85 | const WELL_KNOWN_MODULE_PATH_STAGE: &str = "/usr/lib/osbuild/stages";
[INFO] [stdout]    |       ^^^^^^^^^^^^^^^^^^^^^^^^^^^^
[INFO] [stdout] 
[INFO] [stdout] 
[INFO] [stdout] warning: fields `path` and `schema` are never read
[INFO] [stdout]    --> libosbuild/src/module/mod.rs:120:5
[INFO] [stdout]     |
[INFO] [stdout] 115 | pub struct Module<'a> {
[INFO] [stdout]     |            ------ fields in this struct
[INFO] [stdout] ...
[INFO] [stdout] 120 |     path: &'a str,
[INFO] [stdout]     |     ^^^^
[INFO] [stdout] ...
[INFO] [stdout] 127 |     schema: Option<String>,
[INFO] [stdout]     |     ^^^^^^
[INFO] [stdout] 
[INFO] [stdout] 
[INFO] [stdout] warning: associated items `new` and `get_schema` are never used
[INFO] [stdout]    --> libosbuild/src/module/mod.rs:131:8
[INFO] [stdout]     |
[INFO] [stdout] 130 | impl Module<'_> {
[INFO] [stdout]     | --------------- associated items in this implementation
[INFO] [stdout] 131 |     fn new<'a>(kind: Kind, path: &'a str) -> Result<Module<'a>, ModuleError> {
[INFO] [stdout]     |        ^^^
[INFO] [stdout] ...
[INFO] [stdout] 150 |     fn get_schema(&self) -> Result<String, ModuleError> {
[INFO] [stdout]     |        ^^^^^^^^^^
[INFO] [stdout] 
[INFO] [stdout] 
[INFO] [stderr]    Compiling osbuild v0.1.0 (/opt/rustwide/workdir/osbuild)
[INFO] [stderr]    Compiling osbuild-api v0.1.0 (/opt/rustwide/workdir/osbuild-api)
[INFO] [stderr]    Compiling libosbuild-py v0.1.0 (/opt/rustwide/workdir/libosbuild-py)
[INFO] [stderr]    Compiling libosbuild-ffi v0.1.0 (/opt/rustwide/workdir/libosbuild-ffi)
[INFO] [stderr]    Compiling osbuild-mod v0.1.0 (/opt/rustwide/workdir/osbuild-mod)
[INFO] [stdout] warning: unused `std::result::Result` that must be used
[INFO] [stdout]   --> osbuild/src/main.rs:25:5
[INFO] [stdout]    |
[INFO] [stdout] 25 |     registry.add_well_known();
[INFO] [stdout]    |     ^^^^^^^^^^^^^^^^^^^^^^^^^
[INFO] [stdout]    |
[INFO] [stdout]    = note: this `Result` may be an `Err` variant, which should be handled
[INFO] [stdout]    = note: `#[warn(unused_must_use)]` on by default
[INFO] [stdout] help: use `let _ = ...` to ignore the resulting value
[INFO] [stdout]    |
[INFO] [stdout] 25 |     let _ = registry.add_well_known();
[INFO] [stdout]    |     +++++++
[INFO] [stdout] 
[INFO] [stdout] 
[INFO] [stderr]     Finished `dev` profile [unoptimized + debuginfo] target(s) in 2m 10s
[INFO] running `Command { std: "docker" "inspect" "793e895e4431849fa6dac7dbf5249005d465a76151d2c7e80e433d2238f43204", kill_on_drop: false }`
[INFO] running `Command { std: "docker" "rm" "-f" "793e895e4431849fa6dac7dbf5249005d465a76151d2c7e80e433d2238f43204", kill_on_drop: false }`
[INFO] [stdout] 793e895e4431849fa6dac7dbf5249005d465a76151d2c7e80e433d2238f43204
[INFO] running `Command { std: "docker" "create" "-v" "/var/lib/crater-agent-workspace/builds/worker-4-tc2/target:/opt/rustwide/target:rw,Z" "-v" "/var/lib/crater-agent-workspace/builds/worker-4-tc2/source:/opt/rustwide/workdir:ro,Z" "-v" "/var/lib/crater-agent-workspace/cargo-home:/opt/rustwide/cargo-home:ro,Z" "-v" "/var/lib/crater-agent-workspace/rustup-home:/opt/rustwide/rustup-home:ro,Z" "-e" "SOURCE_DIR=/opt/rustwide/workdir" "-e" "CARGO_TARGET_DIR=/opt/rustwide/target" "-e" "CARGO_INCREMENTAL=0" "-e" "RUST_BACKTRACE=full" "-e" "RUSTFLAGS=--cap-lints=warn" "-e" "RUSTDOCFLAGS=--cap-lints=warn" "-e" "CARGO_HOME=/opt/rustwide/cargo-home" "-e" "RUSTUP_HOME=/opt/rustwide/rustup-home" "-w" "/opt/rustwide/workdir" "-m" "1610612736" "--user" "0:0" "--network" "none" "ghcr.io/rust-lang/crates-build-env/linux@sha256:f3a9d4ad9d972b27faf3965f35b62e55ba32bbce8f20bc8fe909558a86702fde" "/opt/rustwide/cargo-home/bin/cargo" "+beta-2024-12-08" "test" "--frozen" "--no-run" "--message-format=json", kill_on_drop: false }`
[INFO] [stdout] 84abf8df0b1b9250054eefc8dde07ac04cf457c7faa954b275ab3ee0b437b357
[INFO] running `Command { std: "docker" "start" "-a" "84abf8df0b1b9250054eefc8dde07ac04cf457c7faa954b275ab3ee0b437b357", kill_on_drop: false }`
[INFO] [stderr] warning: virtual workspace defaulting to `resolver = "1"` despite one or more workspace members being on edition 2021 which implies `resolver = "2"`
[INFO] [stderr] note: to keep the current resolver, specify `workspace.resolver = "1"` in the workspace root's manifest
[INFO] [stderr] note: to use the edition 2021 resolver, specify `workspace.resolver = "2"` in the workspace root's manifest
[INFO] [stderr] note: for more details see https://doc.rust-lang.org/cargo/reference/resolver.html#resolver-versions
[INFO] [stdout] warning: field `name` is never read
[INFO] [stdout]  --> libosbuild/src/core/mod.rs:5:5
[INFO] [stdout]   |
[INFO] [stdout] 4 | pub struct Schema {
[INFO] [stdout]   |            ------ field in this struct
[INFO] [stdout] 5 |     name: Option<String>,
[INFO] [stdout]   |     ^^^^
[INFO] [stdout]   |
[INFO] [stdout]   = note: `#[warn(dead_code)]` on by default
[INFO] [stdout] 
[INFO] [stdout] 
[INFO] [stdout] warning: field `0` is never read
[INFO] [stdout]   --> libosbuild/src/sandbox/communication/channel/mod.rs:22:15
[INFO] [stdout]    |
[INFO] [stdout] 22 |     Transport(transport::TransportError),
[INFO] [stdout]    |     --------- ^^^^^^^^^^^^^^^^^^^^^^^^^
[INFO] [stdout]    |     |
[INFO] [stdout]    |     field in this variant
[INFO] [stdout]    |
[INFO] [stdout]    = note: `ChannelError` has a derived impl for the trait `Debug`, but this is intentionally ignored during dead code analysis
[INFO] [stdout] help: consider changing the field to be of unit type to suppress this warning while preserving the field numbering, or remove the field
[INFO] [stdout]    |
[INFO] [stdout] 22 |     Transport(()),
[INFO] [stdout]    |               ~~
[INFO] [stdout] 
[INFO] [stdout] 
[INFO] [stdout] warning: field `0` is never read
[INFO] [stdout]   --> libosbuild/src/sandbox/communication/channel/mod.rs:24:14
[INFO] [stdout]    |
[INFO] [stdout] 24 |     Encoding(protocol::message::encoding::EncodingError),
[INFO] [stdout]    |     -------- ^^^^^^^^^^^^^^^^^^^^^^^^^^^^^^^^^^^^^^^^^^
[INFO] [stdout]    |     |
[INFO] [stdout]    |     field in this variant
[INFO] [stdout]    |
[INFO] [stdout]    = note: `ChannelError` has a derived impl for the trait `Debug`, but this is intentionally ignored during dead code analysis
[INFO] [stdout] help: consider changing the field to be of unit type to suppress this warning while preserving the field numbering, or remove the field
[INFO] [stdout]    |
[INFO] [stdout] 24 |     Encoding(()),
[INFO] [stdout]    |              ~~
[INFO] [stdout] 
[INFO] [stdout] 
[INFO] [stdout] warning: associated items `new_default`, `open`, `send`, `send_and_recv`, `recv`, and `close` are never used
[INFO] [stdout]   --> libosbuild/src/sandbox/communication/channel/mod.rs:50:8
[INFO] [stdout]    |
[INFO] [stdout] 48 | pub trait Channel {
[INFO] [stdout]    |           ------- associated items in this trait
[INFO] [stdout] 49 |     /// Prepare a channel with new_default settings as proposed by the `osbuild` version.
[INFO] [stdout] 50 |     fn new_default() -> Result<Self, ChannelError>
[INFO] [stdout]    |        ^^^^^^^^^^^
[INFO] [stdout] ...
[INFO] [stdout] 56 |     fn open(&mut self, dst: &str) -> Result<(), ChannelError>;
[INFO] [stdout]    |        ^^^^
[INFO] [stdout] ...
[INFO] [stdout] 60 |     fn send<T: Message + Serialize>(&mut self, object: T) -> Result<usize, ChannelError>;
[INFO] [stdout]    |        ^^^^
[INFO] [stdout] ...
[INFO] [stdout] 63 |     fn send_and_recv<T0: Message + Serialize, T1: Message + DeserializeOwned>(
[INFO] [stdout]    |        ^^^^^^^^^^^^^
[INFO] [stdout] ...
[INFO] [stdout] 70 |     fn recv<T: Message + DeserializeOwned>(&mut self) -> Result<T, ChannelError>;
[INFO] [stdout]    |        ^^^^
[INFO] [stdout] 71 |
[INFO] [stdout] 72 |     fn close(&mut self) -> Result<(), ChannelError>;
[INFO] [stdout]    |        ^^^^^
[INFO] [stdout] 
[INFO] [stdout] 
[INFO] [stdout] warning: field `protocol` is never read
[INFO] [stdout]   --> libosbuild/src/sandbox/communication/channel/mod.rs:78:9
[INFO] [stdout]    |
[INFO] [stdout] 76 | pub struct CommandChannel {
[INFO] [stdout]    |            -------------- field in this struct
[INFO] [stdout] 77 |     pub transport: Box<dyn transport::Transport>,
[INFO] [stdout] 78 |     pub protocol: Box<dyn protocol::Protocol>,
[INFO] [stdout]    |         ^^^^^^^^
[INFO] [stdout] 
[INFO] [stdout] 
[INFO] [stdout] warning: field `0` is never read
[INFO] [stdout]  --> libosbuild/src/sandbox/communication/channel/transport.rs:6:13
[INFO] [stdout]   |
[INFO] [stdout] 6 |     IOError(std::io::Error),
[INFO] [stdout]   |     ------- ^^^^^^^^^^^^^^
[INFO] [stdout]   |     |
[INFO] [stdout]   |     field in this variant
[INFO] [stdout]   |
[INFO] [stdout]   = note: `TransportError` has a derived impl for the trait `Debug`, but this is intentionally ignored during dead code analysis
[INFO] [stdout] help: consider changing the field to be of unit type to suppress this warning while preserving the field numbering, or remove the field
[INFO] [stdout]   |
[INFO] [stdout] 6 |     IOError(()),
[INFO] [stdout]   |             ~~
[INFO] [stdout] 
[INFO] [stdout] 
[INFO] [stdout] warning: associated function `new` is never used
[INFO] [stdout]  --> libosbuild/src/sandbox/communication/channel/protocol.rs:5:8
[INFO] [stdout]   |
[INFO] [stdout] 4 | pub trait Protocol {
[INFO] [stdout]   |           -------- associated function in this trait
[INFO] [stdout] 5 |     fn new() -> Result<Self, ProtocolError>
[INFO] [stdout]   |        ^^^
[INFO] [stdout] 
[INFO] [stdout] 
[INFO] [stdout] warning: enum `MessageError` is never used
[INFO] [stdout]   --> libosbuild/src/sandbox/communication/channel/protocol.rs:33:14
[INFO] [stdout]    |
[INFO] [stdout] 33 |     pub enum MessageError {}
[INFO] [stdout]    |              ^^^^^^^^^^^^
[INFO] [stdout]    |
[INFO] [stdout]    = note: `MessageError` has a derived impl for the trait `Debug`, but this is intentionally ignored during dead code analysis
[INFO] [stdout] 
[INFO] [stdout] 
[INFO] [stdout] warning: field `0` is never read
[INFO] [stdout]   --> libosbuild/src/sandbox/communication/channel/protocol.rs:94:24
[INFO] [stdout]    |
[INFO] [stdout] 94 |             ParseError(serde_json::Error),
[INFO] [stdout]    |             ---------- ^^^^^^^^^^^^^^^^^
[INFO] [stdout]    |             |
[INFO] [stdout]    |             field in this variant
[INFO] [stdout]    |
[INFO] [stdout]    = note: `EncodingError` has a derived impl for the trait `Debug`, but this is intentionally ignored during dead code analysis
[INFO] [stdout] help: consider changing the field to be of unit type to suppress this warning while preserving the field numbering, or remove the field
[INFO] [stdout]    |
[INFO] [stdout] 94 |             ParseError(()),
[INFO] [stdout]    |                        ~~
[INFO] [stdout] 
[INFO] [stdout] 
[INFO] [stdout] warning: constant `WELL_KNOWN_MODULE_PATH_ASSEMBLER` is never used
[INFO] [stdout]   --> libosbuild/src/module/mod.rs:79:7
[INFO] [stdout]    |
[INFO] [stdout] 79 | const WELL_KNOWN_MODULE_PATH_ASSEMBLER: &str = "/usr/lib/osbuild/assemblers";
[INFO] [stdout]    |       ^^^^^^^^^^^^^^^^^^^^^^^^^^^^^^^^
[INFO] [stdout] 
[INFO] [stdout] 
[INFO] [stdout] warning: constant `WELL_KNOWN_MODULE_PATH_DEVICE` is never used
[INFO] [stdout]   --> libosbuild/src/module/mod.rs:80:7
[INFO] [stdout]    |
[INFO] [stdout] 80 | const WELL_KNOWN_MODULE_PATH_DEVICE: &str = "/usr/lib/osbuild/devices";
[INFO] [stdout]    |       ^^^^^^^^^^^^^^^^^^^^^^^^^^^^^
[INFO] [stdout] 
[INFO] [stdout] 
[INFO] [stdout] warning: constant `WELL_KNOWN_MODULE_PATH_INPUT` is never used
[INFO] [stdout]   --> libosbuild/src/module/mod.rs:81:7
[INFO] [stdout]    |
[INFO] [stdout] 81 | const WELL_KNOWN_MODULE_PATH_INPUT: &str = "/usr/lib/osbuild/inputs";
[INFO] [stdout]    |       ^^^^^^^^^^^^^^^^^^^^^^^^^^^^
[INFO] [stdout] 
[INFO] [stdout] 
[INFO] [stdout] warning: constant `WELL_KNOWN_MODULE_PATH_MOUNT` is never used
[INFO] [stdout]   --> libosbuild/src/module/mod.rs:82:7
[INFO] [stdout]    |
[INFO] [stdout] 82 | const WELL_KNOWN_MODULE_PATH_MOUNT: &str = "/usr/lib/osbuild/mounts";
[INFO] [stdout]    |       ^^^^^^^^^^^^^^^^^^^^^^^^^^^^
[INFO] [stdout] 
[INFO] [stdout] 
[INFO] [stdout] warning: constant `WELL_KNOWN_MODULE_PATH_RUNNER` is never used
[INFO] [stdout]   --> libosbuild/src/module/mod.rs:83:7
[INFO] [stdout]    |
[INFO] [stdout] 83 | const WELL_KNOWN_MODULE_PATH_RUNNER: &str = "/usr/lib/osbuild/runners";
[INFO] [stdout]    |       ^^^^^^^^^^^^^^^^^^^^^^^^^^^^^
[INFO] [stdout] 
[INFO] [stdout] 
[INFO] [stdout] warning: constant `WELL_KNOWN_MODULE_PATH_SOURCE` is never used
[INFO] [stdout]   --> libosbuild/src/module/mod.rs:84:7
[INFO] [stdout]    |
[INFO] [stdout] 84 | const WELL_KNOWN_MODULE_PATH_SOURCE: &str = "/usr/lib/osbuild/sources";
[INFO] [stdout]    |       ^^^^^^^^^^^^^^^^^^^^^^^^^^^^^
[INFO] [stdout] 
[INFO] [stdout] 
[INFO] [stdout] warning: constant `WELL_KNOWN_MODULE_PATH_STAGE` is never used
[INFO] [stdout]   --> libosbuild/src/module/mod.rs:85:7
[INFO] [stdout]    |
[INFO] [stdout] 85 | const WELL_KNOWN_MODULE_PATH_STAGE: &str = "/usr/lib/osbuild/stages";
[INFO] [stdout]    |       ^^^^^^^^^^^^^^^^^^^^^^^^^^^^
[INFO] [stdout] 
[INFO] [stdout] 
[INFO] [stderr]    Compiling libosbuild v0.1.0 (/opt/rustwide/workdir/libosbuild)
[INFO] [stdout] warning: fields `path` and `schema` are never read
[INFO] [stdout]    --> libosbuild/src/module/mod.rs:120:5
[INFO] [stdout]     |
[INFO] [stdout] 115 | pub struct Module<'a> {
[INFO] [stdout]     |            ------ fields in this struct
[INFO] [stdout] ...
[INFO] [stdout] 120 |     path: &'a str,
[INFO] [stdout]     |     ^^^^
[INFO] [stdout] ...
[INFO] [stdout] 127 |     schema: Option<String>,
[INFO] [stdout]     |     ^^^^^^
[INFO] [stdout] 
[INFO] [stdout] 
[INFO] [stderr]    Compiling osbuild-mpp v0.1.0 (/opt/rustwide/workdir/osbuild-mpp)
[INFO] [stdout] warning: associated items `new` and `get_schema` are never used
[INFO] [stdout]    --> libosbuild/src/module/mod.rs:131:8
[INFO] [stdout]     |
[INFO] [stdout] 130 | impl Module<'_> {
[INFO] [stdout]     | --------------- associated items in this implementation
[INFO] [stdout] 131 |     fn new<'a>(kind: Kind, path: &'a str) -> Result<Module<'a>, ModuleError> {
[INFO] [stdout]     |        ^^^
[INFO] [stdout] ...
[INFO] [stdout] 150 |     fn get_schema(&self) -> Result<String, ModuleError> {
[INFO] [stdout]     |        ^^^^^^^^^^
[INFO] [stdout] 
[INFO] [stdout] 
[INFO] [stderr]    Compiling libosbuild-ffi v0.1.0 (/opt/rustwide/workdir/libosbuild-ffi)
[INFO] [stderr]    Compiling osbuild-api v0.1.0 (/opt/rustwide/workdir/osbuild-api)
[INFO] [stderr]    Compiling osbuild v0.1.0 (/opt/rustwide/workdir/osbuild)
[INFO] [stderr]    Compiling osbuild-mod v0.1.0 (/opt/rustwide/workdir/osbuild-mod)
[INFO] [stderr]    Compiling libosbuild-py v0.1.0 (/opt/rustwide/workdir/libosbuild-py)
[INFO] [stdout] warning: unused `std::result::Result` that must be used
[INFO] [stdout]   --> osbuild/src/main.rs:25:5
[INFO] [stdout]    |
[INFO] [stdout] 25 |     registry.add_well_known();
[INFO] [stdout]    |     ^^^^^^^^^^^^^^^^^^^^^^^^^
[INFO] [stdout]    |
[INFO] [stdout]    = note: this `Result` may be an `Err` variant, which should be handled
[INFO] [stdout]    = note: `#[warn(unused_must_use)]` on by default
[INFO] [stdout] help: use `let _ = ...` to ignore the resulting value
[INFO] [stdout]    |
[INFO] [stdout] 25 |     let _ = registry.add_well_known();
[INFO] [stdout]    |     +++++++
[INFO] [stdout] 
[INFO] [stdout] 
[INFO] [stdout] warning: field `name` is never read
[INFO] [stdout]  --> libosbuild/src/core/mod.rs:5:5
[INFO] [stdout]   |
[INFO] [stdout] 4 | pub struct Schema {
[INFO] [stdout]   |            ------ field in this struct
[INFO] [stdout] 5 |     name: Option<String>,
[INFO] [stdout]   |     ^^^^
[INFO] [stdout]   |
[INFO] [stdout]   = note: `#[warn(dead_code)]` on by default
[INFO] [stdout] 
[INFO] [stdout] 
[INFO] [stdout] warning: field `0` is never read
[INFO] [stdout]   --> libosbuild/src/sandbox/communication/channel/mod.rs:22:15
[INFO] [stdout]    |
[INFO] [stdout] 22 |     Transport(transport::TransportError),
[INFO] [stdout]    |     --------- ^^^^^^^^^^^^^^^^^^^^^^^^^
[INFO] [stdout]    |     |
[INFO] [stdout]    |     field in this variant
[INFO] [stdout]    |
[INFO] [stdout]    = note: `ChannelError` has a derived impl for the trait `Debug`, but this is intentionally ignored during dead code analysis
[INFO] [stdout] help: consider changing the field to be of unit type to suppress this warning while preserving the field numbering, or remove the field
[INFO] [stdout]    |
[INFO] [stdout] 22 |     Transport(()),
[INFO] [stdout]    |               ~~
[INFO] [stdout] 
[INFO] [stdout] 
[INFO] [stdout] warning: field `0` is never read
[INFO] [stdout]   --> libosbuild/src/sandbox/communication/channel/mod.rs:24:14
[INFO] [stdout]    |
[INFO] [stdout] 24 |     Encoding(protocol::message::encoding::EncodingError),
[INFO] [stdout]    |     -------- ^^^^^^^^^^^^^^^^^^^^^^^^^^^^^^^^^^^^^^^^^^
[INFO] [stdout]    |     |
[INFO] [stdout]    |     field in this variant
[INFO] [stdout]    |
[INFO] [stdout]    = note: `ChannelError` has a derived impl for the trait `Debug`, but this is intentionally ignored during dead code analysis
[INFO] [stdout] help: consider changing the field to be of unit type to suppress this warning while preserving the field numbering, or remove the field
[INFO] [stdout]    |
[INFO] [stdout] 24 |     Encoding(()),
[INFO] [stdout]    |              ~~
[INFO] [stdout] 
[INFO] [stdout] 
[INFO] [stdout] warning: associated items `new_default`, `open`, `send_and_recv`, `recv`, and `close` are never used
[INFO] [stdout]   --> libosbuild/src/sandbox/communication/channel/mod.rs:50:8
[INFO] [stdout]    |
[INFO] [stdout] 48 | pub trait Channel {
[INFO] [stdout]    |           ------- associated items in this trait
[INFO] [stdout] 49 |     /// Prepare a channel with new_default settings as proposed by the `osbuild` version.
[INFO] [stdout] 50 |     fn new_default() -> Result<Self, ChannelError>
[INFO] [stdout]    |        ^^^^^^^^^^^
[INFO] [stdout] ...
[INFO] [stdout] 56 |     fn open(&mut self, dst: &str) -> Result<(), ChannelError>;
[INFO] [stdout]    |        ^^^^
[INFO] [stdout] ...
[INFO] [stdout] 63 |     fn send_and_recv<T0: Message + Serialize, T1: Message + DeserializeOwned>(
[INFO] [stdout]    |        ^^^^^^^^^^^^^
[INFO] [stdout] ...
[INFO] [stdout] 70 |     fn recv<T: Message + DeserializeOwned>(&mut self) -> Result<T, ChannelError>;
[INFO] [stdout]    |        ^^^^
[INFO] [stdout] 71 |
[INFO] [stdout] 72 |     fn close(&mut self) -> Result<(), ChannelError>;
[INFO] [stdout]    |        ^^^^^
[INFO] [stdout] 
[INFO] [stdout] 
[INFO] [stdout] warning: field `protocol` is never read
[INFO] [stdout]   --> libosbuild/src/sandbox/communication/channel/mod.rs:78:9
[INFO] [stdout]    |
[INFO] [stdout] 76 | pub struct CommandChannel {
[INFO] [stdout]    |            -------------- field in this struct
[INFO] [stdout] 77 |     pub transport: Box<dyn transport::Transport>,
[INFO] [stdout] 78 |     pub protocol: Box<dyn protocol::Protocol>,
[INFO] [stdout]    |         ^^^^^^^^
[INFO] [stdout] 
[INFO] [stdout] 
[INFO] [stdout] warning: field `0` is never read
[INFO] [stdout]  --> libosbuild/src/sandbox/communication/channel/transport.rs:6:13
[INFO] [stdout]   |
[INFO] [stdout] 6 |     IOError(std::io::Error),
[INFO] [stdout]   |     ------- ^^^^^^^^^^^^^^
[INFO] [stdout]   |     |
[INFO] [stdout]   |     field in this variant
[INFO] [stdout]   |
[INFO] [stdout]   = note: `TransportError` has a derived impl for the trait `Debug`, but this is intentionally ignored during dead code analysis
[INFO] [stdout] help: consider changing the field to be of unit type to suppress this warning while preserving the field numbering, or remove the field
[INFO] [stdout]   |
[INFO] [stdout] 6 |     IOError(()),
[INFO] [stdout]   |             ~~
[INFO] [stdout] 
[INFO] [stdout] 
[INFO] [stdout] warning: associated function `new` is never used
[INFO] [stdout]  --> libosbuild/src/sandbox/communication/channel/protocol.rs:5:8
[INFO] [stdout]   |
[INFO] [stdout] 4 | pub trait Protocol {
[INFO] [stdout]   |           -------- associated function in this trait
[INFO] [stdout] 5 |     fn new() -> Result<Self, ProtocolError>
[INFO] [stdout]   |        ^^^
[INFO] [stdout] 
[INFO] [stdout] 
[INFO] [stdout] warning: enum `MessageError` is never used
[INFO] [stdout]   --> libosbuild/src/sandbox/communication/channel/protocol.rs:33:14
[INFO] [stdout]    |
[INFO] [stdout] 33 |     pub enum MessageError {}
[INFO] [stdout]    |              ^^^^^^^^^^^^
[INFO] [stdout]    |
[INFO] [stdout]    = note: `MessageError` has a derived impl for the trait `Debug`, but this is intentionally ignored during dead code analysis
[INFO] [stdout] 
[INFO] [stdout] 
[INFO] [stdout] warning: field `0` is never read
[INFO] [stdout]   --> libosbuild/src/sandbox/communication/channel/protocol.rs:94:24
[INFO] [stdout]    |
[INFO] [stdout] 94 |             ParseError(serde_json::Error),
[INFO] [stdout]    |             ---------- ^^^^^^^^^^^^^^^^^
[INFO] [stdout]    |             |
[INFO] [stdout]    |             field in this variant
[INFO] [stdout]    |
[INFO] [stdout]    = note: `EncodingError` has a derived impl for the trait `Debug`, but this is intentionally ignored during dead code analysis
[INFO] [stdout] help: consider changing the field to be of unit type to suppress this warning while preserving the field numbering, or remove the field
[INFO] [stdout]    |
[INFO] [stdout] 94 |             ParseError(()),
[INFO] [stdout]    |                        ~~
[INFO] [stdout] 
[INFO] [stdout] 
[INFO] [stdout] warning: constant `WELL_KNOWN_MODULE_PATH_ASSEMBLER` is never used
[INFO] [stdout]   --> libosbuild/src/module/mod.rs:79:7
[INFO] [stdout]    |
[INFO] [stdout] 79 | const WELL_KNOWN_MODULE_PATH_ASSEMBLER: &str = "/usr/lib/osbuild/assemblers";
[INFO] [stdout]    |       ^^^^^^^^^^^^^^^^^^^^^^^^^^^^^^^^
[INFO] [stdout] 
[INFO] [stdout] 
[INFO] [stdout] warning: constant `WELL_KNOWN_MODULE_PATH_DEVICE` is never used
[INFO] [stdout]   --> libosbuild/src/module/mod.rs:80:7
[INFO] [stdout]    |
[INFO] [stdout] 80 | const WELL_KNOWN_MODULE_PATH_DEVICE: &str = "/usr/lib/osbuild/devices";
[INFO] [stdout]    |       ^^^^^^^^^^^^^^^^^^^^^^^^^^^^^
[INFO] [stdout] 
[INFO] [stdout] 
[INFO] [stdout] warning: constant `WELL_KNOWN_MODULE_PATH_INPUT` is never used
[INFO] [stdout]   --> libosbuild/src/module/mod.rs:81:7
[INFO] [stdout]    |
[INFO] [stdout] 81 | const WELL_KNOWN_MODULE_PATH_INPUT: &str = "/usr/lib/osbuild/inputs";
[INFO] [stdout]    |       ^^^^^^^^^^^^^^^^^^^^^^^^^^^^
[INFO] [stdout] 
[INFO] [stdout] 
[INFO] [stdout] warning: constant `WELL_KNOWN_MODULE_PATH_MOUNT` is never used
[INFO] [stdout]   --> libosbuild/src/module/mod.rs:82:7
[INFO] [stdout]    |
[INFO] [stdout] 82 | const WELL_KNOWN_MODULE_PATH_MOUNT: &str = "/usr/lib/osbuild/mounts";
[INFO] [stdout]    |       ^^^^^^^^^^^^^^^^^^^^^^^^^^^^
[INFO] [stdout] 
[INFO] [stdout] 
[INFO] [stdout] warning: constant `WELL_KNOWN_MODULE_PATH_RUNNER` is never used
[INFO] [stdout]   --> libosbuild/src/module/mod.rs:83:7
[INFO] [stdout]    |
[INFO] [stdout] 83 | const WELL_KNOWN_MODULE_PATH_RUNNER: &str = "/usr/lib/osbuild/runners";
[INFO] [stdout]    |       ^^^^^^^^^^^^^^^^^^^^^^^^^^^^^
[INFO] [stdout] 
[INFO] [stdout] 
[INFO] [stdout] warning: constant `WELL_KNOWN_MODULE_PATH_SOURCE` is never used
[INFO] [stdout]   --> libosbuild/src/module/mod.rs:84:7
[INFO] [stdout]    |
[INFO] [stdout] 84 | const WELL_KNOWN_MODULE_PATH_SOURCE: &str = "/usr/lib/osbuild/sources";
[INFO] [stdout]    |       ^^^^^^^^^^^^^^^^^^^^^^^^^^^^^
[INFO] [stdout] 
[INFO] [stdout] 
[INFO] [stdout] warning: constant `WELL_KNOWN_MODULE_PATH_STAGE` is never used
[INFO] [stdout]   --> libosbuild/src/module/mod.rs:85:7
[INFO] [stdout]    |
[INFO] [stdout] 85 | const WELL_KNOWN_MODULE_PATH_STAGE: &str = "/usr/lib/osbuild/stages";
[INFO] [stdout]    |       ^^^^^^^^^^^^^^^^^^^^^^^^^^^^
[INFO] [stdout] 
[INFO] [stdout] 
[INFO] [stderr]     Finished `test` profile [unoptimized + debuginfo] target(s) in 3.91s
[INFO] running `Command { std: "docker" "inspect" "84abf8df0b1b9250054eefc8dde07ac04cf457c7faa954b275ab3ee0b437b357", kill_on_drop: false }`
[INFO] running `Command { std: "docker" "rm" "-f" "84abf8df0b1b9250054eefc8dde07ac04cf457c7faa954b275ab3ee0b437b357", kill_on_drop: false }`
[INFO] [stdout] 84abf8df0b1b9250054eefc8dde07ac04cf457c7faa954b275ab3ee0b437b357
[INFO] running `Command { std: "docker" "create" "-v" "/var/lib/crater-agent-workspace/builds/worker-4-tc2/target:/opt/rustwide/target:rw,Z" "-v" "/var/lib/crater-agent-workspace/builds/worker-4-tc2/source:/opt/rustwide/workdir:ro,Z" "-v" "/var/lib/crater-agent-workspace/cargo-home:/opt/rustwide/cargo-home:ro,Z" "-v" "/var/lib/crater-agent-workspace/rustup-home:/opt/rustwide/rustup-home:ro,Z" "-e" "SOURCE_DIR=/opt/rustwide/workdir" "-e" "CARGO_TARGET_DIR=/opt/rustwide/target" "-e" "CARGO_INCREMENTAL=0" "-e" "RUST_BACKTRACE=full" "-e" "RUSTFLAGS=--cap-lints=warn" "-e" "RUSTDOCFLAGS=--cap-lints=warn" "-e" "CARGO_HOME=/opt/rustwide/cargo-home" "-e" "RUSTUP_HOME=/opt/rustwide/rustup-home" "-w" "/opt/rustwide/workdir" "-m" "1610612736" "--user" "0:0" "--network" "none" "ghcr.io/rust-lang/crates-build-env/linux@sha256:f3a9d4ad9d972b27faf3965f35b62e55ba32bbce8f20bc8fe909558a86702fde" "/opt/rustwide/cargo-home/bin/cargo" "+beta-2024-12-08" "test" "--frozen", kill_on_drop: false }`
[INFO] [stdout] 7060510066d4f945f6479593f401d49d77f1ca7827a9af4cee20823ac45ed9d5
[INFO] running `Command { std: "docker" "start" "-a" "7060510066d4f945f6479593f401d49d77f1ca7827a9af4cee20823ac45ed9d5", kill_on_drop: false }`
[INFO] [stderr] warning: virtual workspace defaulting to `resolver = "1"` despite one or more workspace members being on edition 2021 which implies `resolver = "2"`
[INFO] [stderr] note: to keep the current resolver, specify `workspace.resolver = "1"` in the workspace root's manifest
[INFO] [stderr] note: to use the edition 2021 resolver, specify `workspace.resolver = "2"` in the workspace root's manifest
[INFO] [stderr] note: for more details see https://doc.rust-lang.org/cargo/reference/resolver.html#resolver-versions
[INFO] [stderr] warning: field `name` is never read
[INFO] [stderr]  --> libosbuild/src/core/mod.rs:5:5
[INFO] [stderr]   |
[INFO] [stderr] 4 | pub struct Schema {
[INFO] [stderr]   |            ------ field in this struct
[INFO] [stderr] 5 |     name: Option<String>,
[INFO] [stderr]   |     ^^^^
[INFO] [stderr]   |
[INFO] [stderr]   = note: `#[warn(dead_code)]` on by default
[INFO] [stderr] 
[INFO] [stderr] warning: field `0` is never read
[INFO] [stderr]   --> libosbuild/src/sandbox/communication/channel/mod.rs:22:15
[INFO] [stderr]    |
[INFO] [stderr] 22 |     Transport(transport::TransportError),
[INFO] [stderr]    |     --------- ^^^^^^^^^^^^^^^^^^^^^^^^^
[INFO] [stderr]    |     |
[INFO] [stderr]    |     field in this variant
[INFO] [stderr]    |
[INFO] [stderr]    = note: `ChannelError` has a derived impl for the trait `Debug`, but this is intentionally ignored during dead code analysis
[INFO] [stderr] help: consider changing the field to be of unit type to suppress this warning while preserving the field numbering, or remove the field
[INFO] [stderr]    |
[INFO] [stderr] 22 |     Transport(()),
[INFO] [stderr]    |               ~~
[INFO] [stderr] 
[INFO] [stderr] warning: field `0` is never read
[INFO] [stderr]   --> libosbuild/src/sandbox/communication/channel/mod.rs:24:14
[INFO] [stderr]    |
[INFO] [stderr] 24 |     Encoding(protocol::message::encoding::EncodingError),
[INFO] [stderr]    |     -------- ^^^^^^^^^^^^^^^^^^^^^^^^^^^^^^^^^^^^^^^^^^
[INFO] [stderr]    |     |
[INFO] [stderr]    |     field in this variant
[INFO] [stderr]    |
[INFO] [stderr]    = note: `ChannelError` has a derived impl for the trait `Debug`, but this is intentionally ignored during dead code analysis
[INFO] [stderr] help: consider changing the field to be of unit type to suppress this warning while preserving the field numbering, or remove the field
[INFO] [stderr]    |
[INFO] [stderr] 24 |     Encoding(()),
[INFO] [stderr]    |              ~~
[INFO] [stderr] 
[INFO] [stderr] warning: associated items `new_default`, `open`, `send`, `send_and_recv`, `recv`, and `close` are never used
[INFO] [stderr]   --> libosbuild/src/sandbox/communication/channel/mod.rs:50:8
[INFO] [stderr]    |
[INFO] [stderr] 48 | pub trait Channel {
[INFO] [stderr]    |           ------- associated items in this trait
[INFO] [stderr] 49 |     /// Prepare a channel with new_default settings as proposed by the `osbuild` version.
[INFO] [stderr] 50 |     fn new_default() -> Result<Self, ChannelError>
[INFO] [stderr]    |        ^^^^^^^^^^^
[INFO] [stderr] ...
[INFO] [stderr] 56 |     fn open(&mut self, dst: &str) -> Result<(), ChannelError>;
[INFO] [stderr]    |        ^^^^
[INFO] [stderr] ...
[INFO] [stderr] 60 |     fn send<T: Message + Serialize>(&mut self, object: T) -> Result<usize, ChannelError>;
[INFO] [stderr]    |        ^^^^
[INFO] [stderr] ...
[INFO] [stderr] 63 |     fn send_and_recv<T0: Message + Serialize, T1: Message + DeserializeOwned>(
[INFO] [stderr]    |        ^^^^^^^^^^^^^
[INFO] [stderr] ...
[INFO] [stderr] 70 |     fn recv<T: Message + DeserializeOwned>(&mut self) -> Result<T, ChannelError>;
[INFO] [stderr]    |        ^^^^
[INFO] [stderr] 71 |
[INFO] [stderr] 72 |     fn close(&mut self) -> Result<(), ChannelError>;
[INFO] [stderr]    |        ^^^^^
[INFO] [stderr] 
[INFO] [stderr] warning: field `protocol` is never read
[INFO] [stderr]   --> libosbuild/src/sandbox/communication/channel/mod.rs:78:9
[INFO] [stderr]    |
[INFO] [stderr] 76 | pub struct CommandChannel {
[INFO] [stderr]    |            -------------- field in this struct
[INFO] [stderr] 77 |     pub transport: Box<dyn transport::Transport>,
[INFO] [stderr] 78 |     pub protocol: Box<dyn protocol::Protocol>,
[INFO] [stderr]    |         ^^^^^^^^
[INFO] [stderr] 
[INFO] [stderr] warning: field `0` is never read
[INFO] [stderr]  --> libosbuild/src/sandbox/communication/channel/transport.rs:6:13
[INFO] [stderr]   |
[INFO] [stderr] 6 |     IOError(std::io::Error),
[INFO] [stderr]   |     ------- ^^^^^^^^^^^^^^
[INFO] [stderr]   |     |
[INFO] [stderr]   |     field in this variant
[INFO] [stderr]   |
[INFO] [stderr]   = note: `TransportError` has a derived impl for the trait `Debug`, but this is intentionally ignored during dead code analysis
[INFO] [stderr] help: consider changing the field to be of unit type to suppress this warning while preserving the field numbering, or remove the field
[INFO] [stderr]   |
[INFO] [stderr] 6 |     IOError(()),
[INFO] [stderr]   |             ~~
[INFO] [stderr] 
[INFO] [stderr] warning: associated function `new` is never used
[INFO] [stderr]  --> libosbuild/src/sandbox/communication/channel/protocol.rs:5:8
[INFO] [stderr]   |
[INFO] [stderr] 4 | pub trait Protocol {
[INFO] [stderr]   |           -------- associated function in this trait
[INFO] [stderr] 5 |     fn new() -> Result<Self, ProtocolError>
[INFO] [stderr]   |        ^^^
[INFO] [stderr] 
[INFO] [stderr] warning: enum `MessageError` is never used
[INFO] [stderr]   --> libosbuild/src/sandbox/communication/channel/protocol.rs:33:14
[INFO] [stderr]    |
[INFO] [stderr] 33 |     pub enum MessageError {}
[INFO] [stderr]    |              ^^^^^^^^^^^^
[INFO] [stderr]    |
[INFO] [stderr]    = note: `MessageError` has a derived impl for the trait `Debug`, but this is intentionally ignored during dead code analysis
[INFO] [stderr] 
[INFO] [stderr] warning: field `0` is never read
[INFO] [stderr]   --> libosbuild/src/sandbox/communication/channel/protocol.rs:94:24
[INFO] [stderr]    |
[INFO] [stderr] 94 |             ParseError(serde_json::Error),
[INFO] [stderr]    |             ---------- ^^^^^^^^^^^^^^^^^
[INFO] [stderr]    |             |
[INFO] [stderr]    |             field in this variant
[INFO] [stderr]    |
[INFO] [stderr]    = note: `EncodingError` has a derived impl for the trait `Debug`, but this is intentionally ignored during dead code analysis
[INFO] [stderr] help: consider changing the field to be of unit type to suppress this warning while preserving the field numbering, or remove the field
[INFO] [stderr]    |
[INFO] [stderr] 94 |             ParseError(()),
[INFO] [stderr]    |                        ~~
[INFO] [stderr] 
[INFO] [stderr] warning: constant `WELL_KNOWN_MODULE_PATH_ASSEMBLER` is never used
[INFO] [stderr]   --> libosbuild/src/module/mod.rs:79:7
[INFO] [stderr]    |
[INFO] [stderr] 79 | const WELL_KNOWN_MODULE_PATH_ASSEMBLER: &str = "/usr/lib/osbuild/assemblers";
[INFO] [stderr]    |       ^^^^^^^^^^^^^^^^^^^^^^^^^^^^^^^^
[INFO] [stderr] 
[INFO] [stderr] warning: constant `WELL_KNOWN_MODULE_PATH_DEVICE` is never used
[INFO] [stderr]   --> libosbuild/src/module/mod.rs:80:7
[INFO] [stderr]    |
[INFO] [stderr] 80 | const WELL_KNOWN_MODULE_PATH_DEVICE: &str = "/usr/lib/osbuild/devices";
[INFO] [stderr]    |       ^^^^^^^^^^^^^^^^^^^^^^^^^^^^^
[INFO] [stderr] 
[INFO] [stderr] warning: constant `WELL_KNOWN_MODULE_PATH_INPUT` is never used
[INFO] [stderr]   --> libosbuild/src/module/mod.rs:81:7
[INFO] [stderr]    |
[INFO] [stderr] 81 | const WELL_KNOWN_MODULE_PATH_INPUT: &str = "/usr/lib/osbuild/inputs";
[INFO] [stderr]    |       ^^^^^^^^^^^^^^^^^^^^^^^^^^^^
[INFO] [stderr] 
[INFO] [stderr] warning: constant `WELL_KNOWN_MODULE_PATH_MOUNT` is never used
[INFO] [stderr]   --> libosbuild/src/module/mod.rs:82:7
[INFO] [stderr]    |
[INFO] [stderr] 82 | const WELL_KNOWN_MODULE_PATH_MOUNT: &str = "/usr/lib/osbuild/mounts";
[INFO] [stderr]    |       ^^^^^^^^^^^^^^^^^^^^^^^^^^^^
[INFO] [stderr] 
[INFO] [stderr] warning: constant `WELL_KNOWN_MODULE_PATH_RUNNER` is never used
[INFO] [stderr]   --> libosbuild/src/module/mod.rs:83:7
[INFO] [stderr]    |
[INFO] [stderr] 83 | const WELL_KNOWN_MODULE_PATH_RUNNER: &str = "/usr/lib/osbuild/runners";
[INFO] [stderr]    |       ^^^^^^^^^^^^^^^^^^^^^^^^^^^^^
[INFO] [stderr] 
[INFO] [stderr] warning: constant `WELL_KNOWN_MODULE_PATH_SOURCE` is never used
[INFO] [stderr]   --> libosbuild/src/module/mod.rs:84:7
[INFO] [stderr]    |
[INFO] [stderr] 84 | const WELL_KNOWN_MODULE_PATH_SOURCE: &str = "/usr/lib/osbuild/sources";
[INFO] [stderr]    |       ^^^^^^^^^^^^^^^^^^^^^^^^^^^^^
[INFO] [stderr] 
[INFO] [stderr] warning: constant `WELL_KNOWN_MODULE_PATH_STAGE` is never used
[INFO] [stderr]   --> libosbuild/src/module/mod.rs:85:7
[INFO] [stderr]    |
[INFO] [stderr] 85 | const WELL_KNOWN_MODULE_PATH_STAGE: &str = "/usr/lib/osbuild/stages";
[INFO] [stderr]    |       ^^^^^^^^^^^^^^^^^^^^^^^^^^^^
[INFO] [stderr] 
[INFO] [stderr] warning: fields `path` and `schema` are never read
[INFO] [stderr]    --> libosbuild/src/module/mod.rs:120:5
[INFO] [stderr]     |
[INFO] [stderr] 115 | pub struct Module<'a> {
[INFO] [stderr]     |            ------ fields in this struct
[INFO] [stderr] ...
[INFO] [stderr] 120 |     path: &'a str,
[INFO] [stderr]     |     ^^^^
[INFO] [stderr] ...
[INFO] [stderr] 127 |     schema: Option<String>,
[INFO] [stderr]     |     ^^^^^^
[INFO] [stderr] 
[INFO] [stderr] warning: associated items `new` and `get_schema` are never used
[INFO] [stderr]    --> libosbuild/src/module/mod.rs:131:8
[INFO] [stderr]     |
[INFO] [stderr] 130 | impl Module<'_> {
[INFO] [stderr]     | --------------- associated items in this implementation
[INFO] [stderr] 131 |     fn new<'a>(kind: Kind, path: &'a str) -> Result<Module<'a>, ModuleError> {
[INFO] [stderr]     |        ^^^
[INFO] [stderr] ...
[INFO] [stderr] 150 |     fn get_schema(&self) -> Result<String, ModuleError> {
[INFO] [stderr]     |        ^^^^^^^^^^
[INFO] [stderr] 
[INFO] [stderr] warning: associated items `new_default`, `open`, `send_and_recv`, `recv`, and `close` are never used
[INFO] [stderr]   --> libosbuild/src/sandbox/communication/channel/mod.rs:50:8
[INFO] [stderr]    |
[INFO] [stderr] 48 | pub trait Channel {
[INFO] [stderr]    |           ------- associated items in this trait
[INFO] [stderr] 49 |     /// Prepare a channel with new_default settings as proposed by the `osbuild` version.
[INFO] [stderr] 50 |     fn new_default() -> Result<Self, ChannelError>
[INFO] [stderr]    |        ^^^^^^^^^^^
[INFO] [stderr] ...
[INFO] [stderr] 56 |     fn open(&mut self, dst: &str) -> Result<(), ChannelError>;
[INFO] [stderr]    |        ^^^^
[INFO] [stderr] ...
[INFO] [stderr] 63 |     fn send_and_recv<T0: Message + Serialize, T1: Message + DeserializeOwned>(
[INFO] [stderr]    |        ^^^^^^^^^^^^^
[INFO] [stderr] ...
[INFO] [stderr] 70 |     fn recv<T: Message + DeserializeOwned>(&mut self) -> Result<T, ChannelError>;
[INFO] [stderr]    |        ^^^^
[INFO] [stderr] 71 |
[INFO] [stderr] 72 |     fn close(&mut self) -> Result<(), ChannelError>;
[INFO] [stderr]    |        ^^^^^
[INFO] [stderr] 
[INFO] [stderr] warning: `libosbuild` (lib) generated 18 warnings
[INFO] [stderr] warning: `libosbuild` (lib test) generated 16 warnings (15 duplicates)
[INFO] [stderr] warning: unused `std::result::Result` that must be used
[INFO] [stderr]   --> osbuild/src/main.rs:25:5
[INFO] [stderr]    |
[INFO] [stderr] 25 |     registry.add_well_known();
[INFO] [stderr]    |     ^^^^^^^^^^^^^^^^^^^^^^^^^
[INFO] [stderr]    |
[INFO] [stderr]    = note: this `Result` may be an `Err` variant, which should be handled
[INFO] [stderr]    = note: `#[warn(unused_must_use)]` on by default
[INFO] [stderr] help: use `let _ = ...` to ignore the resulting value
[INFO] [stderr]    |
[INFO] [stderr] 25 |     let _ = registry.add_well_known();
[INFO] [stderr]    |     +++++++
[INFO] [stderr] 
[INFO] [stderr] warning: `osbuild` (bin "osbuild" test) generated 1 warning
[INFO] [stderr]     Finished `test` profile [unoptimized + debuginfo] target(s) in 0.20s
[INFO] [stderr]      Running unittests src/lib.rs (/opt/rustwide/target/debug/deps/libosbuild-187dc229abba6777)
[INFO] [stdout] 
[INFO] [stdout] running 30 tests
[INFO] [stdout] test manifest::description::v1::test::dummy ... ok
[INFO] [stdout] test dependency::test::dummy ... ok
[INFO] [stdout] test manifest::description::test::dummy ... ok
[INFO] [stdout] test manifest::description::v2::test::dummy ... ok
[INFO] [stdout] test manifest::description::validation::test::validation_result_error_invalid ... ok
[INFO] [stdout] test manifest::description::validation::test::validation_result_no_error_valid ... ok
[INFO] [stdout] test manifest::path::test::fmt_path ... ok
[INFO] [stdout] test manifest::path::test::fmt_path_double_index ... ok
[INFO] [stdout] test manifest::test::dummy ... ok
[INFO] [stdout] test manifest::path::test::fmt_path_quoted ... ok
[INFO] [stdout] test module::test::module_get_schema_unparseable_path ... ok
[INFO] [stdout] test module::test::registry_by_kind ... ok
[INFO] [stdout] test module::test::registry_by_kind_no_result ... ok
[INFO] [stdout] test module::test::registry_by_kind_multiple_result ... ok
[INFO] [stdout] test module::test::registry_by_name ... ok
[INFO] [stdout] test module::test::registry_by_name_no_result ... ok
[INFO] [stdout] test preprocessor::test::dummy ... ok
[INFO] [stdout] test manifest::description::validation::test::schema_without_data_is_invalid ... ok
[INFO] [stdout] test sandbox::communication::channel::protocol::message::encoding::test::test_encode_method ... ok
[INFO] [stdout] test sandbox::communication::channel::protocol::message::encoding::test::test_encode_reply ... ok
[INFO] [stdout] test module::test::module_get_schema ... ok
[INFO] [stdout] test sandbox::communication::channel::protocol::message::encoding::test::test_encode_exception ... ok
[INFO] [stdout] test sandbox::communication::channel::protocol::message::encoding::test::test_encode_signal ... ok
[INFO] [stdout] test manifest::description::validation::test::schema_with_data_is_valid ... ok
[INFO] [stdout] test sandbox::communication::channel::transport::test::unixstreamsocket_non_existent_path ... ok
[INFO] [stdout] test sandbox::communication::channel::transport::test::unixdgramsocket_non_existent_path ... ok
[INFO] [stdout] test sandbox::communication::channel::test::command_channel_send ... ok
[INFO] [stdout] test sandbox::communication::channel::transport::test::unixdgramsocket_send_all ... FAILED
[INFO] [stdout] test sandbox::communication::channel::transport::test::unixdgramsocket_exists ... FAILED
[INFO] [stdout] test sandbox::communication::channel::transport::test::unixdgramsocket_send ... FAILED
[INFO] [stdout] 
[INFO] [stdout] failures:
[INFO] [stdout] 
[INFO] [stdout] ---- sandbox::communication::channel::transport::test::unixdgramsocket_send_all stdout ----
[INFO] [stdout] thread 'sandbox::communication::channel::transport::test::unixdgramsocket_send_all' panicked at libosbuild/src/sandbox/communication/channel/transport.rs:175:49:
[INFO] [stdout] called `Result::unwrap()` on an `Err` value: Os { code: 30, kind: ReadOnlyFilesystem, message: "Read-only file system" }
[INFO] [stdout] stack backtrace:
[INFO] [stdout]    0:     0x641dbdbc0eaa - std::backtrace_rs::backtrace::libunwind::trace::h8810477743020387
[INFO] [stdout]                                at /rustc/202008a1b8de96d2e5b6bc02d379db03a877d34d/library/std/src/../../backtrace/src/backtrace/libunwind.rs:116:5
[INFO] [stdout]    1:     0x641dbdbc0eaa - std::backtrace_rs::backtrace::trace_unsynchronized::h3aa55355dd6c54a6
[INFO] [stdout]                                at /rustc/202008a1b8de96d2e5b6bc02d379db03a877d34d/library/std/src/../../backtrace/src/backtrace/mod.rs:66:5
[INFO] [stdout]    2:     0x641dbdbc0eaa - std::sys::backtrace::_print_fmt::h8588b0f62410823f
[INFO] [stdout]                                at /rustc/202008a1b8de96d2e5b6bc02d379db03a877d34d/library/std/src/sys/backtrace.rs:66:9
[INFO] [stdout]    3:     0x641dbdbc0eaa - <std::sys::backtrace::BacktraceLock::print::DisplayBacktrace as core::fmt::Display>::fmt::h98c26ac25ffe89bb
[INFO] [stdout]                                at /rustc/202008a1b8de96d2e5b6bc02d379db03a877d34d/library/std/src/sys/backtrace.rs:39:26
[INFO] [stdout]    4:     0x641dbdbe6ba3 - core::fmt::rt::Argument::fmt::hf95377f4aebd453b
[INFO] [stdout]                                at /rustc/202008a1b8de96d2e5b6bc02d379db03a877d34d/library/core/src/fmt/rt.rs:177:76
[INFO] [stdout]    5:     0x641dbdbe6ba3 - core::fmt::write::h0dd5f6e2238c7982
[INFO] [stdout]                                at /rustc/202008a1b8de96d2e5b6bc02d379db03a877d34d/library/core/src/fmt/mod.rs:1189:21
[INFO] [stdout]    6:     0x641dbdbbdc53 - std::io::Write::write_fmt::h03bb0ca26e6faf8c
[INFO] [stdout]                                at /rustc/202008a1b8de96d2e5b6bc02d379db03a877d34d/library/std/src/io/mod.rs:1884:15
[INFO] [stdout]    7:     0x641dbdbc0cf2 - std::sys::backtrace::BacktraceLock::print::h5c19c1c038ee186d
[INFO] [stdout]                                at /rustc/202008a1b8de96d2e5b6bc02d379db03a877d34d/library/std/src/sys/backtrace.rs:42:9
[INFO] [stdout]    8:     0x641dbdbc232d - std::panicking::default_hook::{{closure}}::h77172f079a1fcb13
[INFO] [stdout]                                at /rustc/202008a1b8de96d2e5b6bc02d379db03a877d34d/library/std/src/panicking.rs:268:22
[INFO] [stdout]    9:     0x641dbdbc2137 - std::panicking::default_hook::he5f8e3b203ccddba
[INFO] [stdout]                                at /rustc/202008a1b8de96d2e5b6bc02d379db03a877d34d/library/std/src/panicking.rs:292:9
[INFO] [stdout]   10:     0x641dbdb50137 - <alloc::boxed::Box<F,A> as core::ops::function::Fn<Args>>::call::h7a3c7b4a1ae77f2f
[INFO] [stdout]                                at /rustc/202008a1b8de96d2e5b6bc02d379db03a877d34d/library/alloc/src/boxed.rs:1986:9
[INFO] [stdout]   11:     0x641dbdb50137 - test::test_main::{{closure}}::hf0d3b69ae9b353d1
[INFO] [stdout]                                at /rustc/202008a1b8de96d2e5b6bc02d379db03a877d34d/library/test/src/lib.rs:134:21
[INFO] [stdout]   12:     0x641dbdbc29d8 - <alloc::boxed::Box<F,A> as core::ops::function::Fn<Args>>::call::h6332e82e7b189abd
[INFO] [stdout]                                at /rustc/202008a1b8de96d2e5b6bc02d379db03a877d34d/library/alloc/src/boxed.rs:1986:9
[INFO] [stdout]   13:     0x641dbdbc29d8 - std::panicking::rust_panic_with_hook::h53863d4e9018df39
[INFO] [stdout]                                at /rustc/202008a1b8de96d2e5b6bc02d379db03a877d34d/library/std/src/panicking.rs:809:13
[INFO] [stdout]   14:     0x641dbdbc279a - std::panicking::begin_panic_handler::{{closure}}::h67280e6fa0757873
[INFO] [stdout]                                at /rustc/202008a1b8de96d2e5b6bc02d379db03a877d34d/library/std/src/panicking.rs:674:13
[INFO] [stdout]   15:     0x641dbdbc1389 - std::sys::backtrace::__rust_end_short_backtrace::h1dac3f54d6fbbeb2
[INFO] [stdout]                                at /rustc/202008a1b8de96d2e5b6bc02d379db03a877d34d/library/std/src/sys/backtrace.rs:170:18
[INFO] [stdout]   16:     0x641dbdbc242c - rust_begin_unwind
[INFO] [stdout]                                at /rustc/202008a1b8de96d2e5b6bc02d379db03a877d34d/library/std/src/panicking.rs:665:5
[INFO] [stdout]   17:     0x641dbdad90e0 - core::panicking::panic_fmt::h6792bd1b2bf01041
[INFO] [stdout]                                at /rustc/202008a1b8de96d2e5b6bc02d379db03a877d34d/library/core/src/panicking.rs:76:14
[INFO] [stdout]   18:     0x641dbdad9526 - core::result::unwrap_failed::h05e0602ed34287c5
[INFO] [stdout]                                at /rustc/202008a1b8de96d2e5b6bc02d379db03a877d34d/library/core/src/result.rs:1699:5
[INFO] [stdout]   19:     0x641dbdb02360 - core::result::Result<T,E>::unwrap::h09a0621f43273e24
[INFO] [stdout]                                at /rustc/202008a1b8de96d2e5b6bc02d379db03a877d34d/library/core/src/result.rs:1104:23
[INFO] [stdout]   20:     0x641dbdb02360 - libosbuild::sandbox::communication::channel::transport::test::unixdgramsocket_send_all::{{closure}}::hdba3a2326ddc6f5c
[INFO] [stdout]                                at /opt/rustwide/workdir/libosbuild/src/sandbox/communication/channel/transport.rs:175:24
[INFO] [stdout]   21:     0x641dbdb00eed - libosbuild::sandbox::communication::channel::transport::test::with_path::{{closure}}::h8ce61aca603e4ca6
[INFO] [stdout]                                at /opt/rustwide/workdir/libosbuild/src/sandbox/communication/channel/transport.rs:132:45
[INFO] [stdout]   22:     0x641dbdae7a90 - std::panicking::try::do_call::h6ee323d48d7c2eab
[INFO] [stdout]                                at /rustc/202008a1b8de96d2e5b6bc02d379db03a877d34d/library/std/src/panicking.rs:557:40
[INFO] [stdout]   23:     0x641dbdafc6bb - __rust_try
[INFO] [stdout]   24:     0x641dbdaf7e4a - std::panicking::try::h7ea30edcc1c8c0e9
[INFO] [stdout]                                at /rustc/202008a1b8de96d2e5b6bc02d379db03a877d34d/library/std/src/panicking.rs:520:19
[INFO] [stdout]   25:     0x641dbdaf7e4a - std::panic::catch_unwind::h811eac3ccfb2ffa8
[INFO] [stdout]                                at /rustc/202008a1b8de96d2e5b6bc02d379db03a877d34d/library/std/src/panic.rs:358:14
[INFO] [stdout]   26:     0x641dbdb007b4 - libosbuild::sandbox::communication::channel::transport::test::with_path::h88812b952ac436b9
[INFO] [stdout]                                at /opt/rustwide/workdir/libosbuild/src/sandbox/communication/channel/transport.rs:132:22
[INFO] [stdout]   27:     0x641dbdb022d6 - libosbuild::sandbox::communication::channel::transport::test::unixdgramsocket_send_all::ha52f777c4ae0cf18
[INFO] [stdout]                                at /opt/rustwide/workdir/libosbuild/src/sandbox/communication/channel/transport.rs:174:9
[INFO] [stdout]   28:     0x641dbdb022b7 - libosbuild::sandbox::communication::channel::transport::test::unixdgramsocket_send_all::{{closure}}::he62694a4938945c5
[INFO] [stdout]                                at /opt/rustwide/workdir/libosbuild/src/sandbox/communication/channel/transport.rs:173:34
[INFO] [stdout]   29:     0x641dbdaf83a6 - core::ops::function::FnOnce::call_once::h74c02cc6af60433b
[INFO] [stdout]                                at /rustc/202008a1b8de96d2e5b6bc02d379db03a877d34d/library/core/src/ops/function.rs:250:5
[INFO] [stdout]   30:     0x641dbdb54c5b - core::ops::function::FnOnce::call_once::h871bf86719ec9aa4
[INFO] [stdout]                                at /rustc/202008a1b8de96d2e5b6bc02d379db03a877d34d/library/core/src/ops/function.rs:250:5
[INFO] [stdout]   31:     0x641dbdb54c5b - test::__rust_begin_short_backtrace::h2167df1e2b7d76fd
[INFO] [stdout]                                at /rustc/202008a1b8de96d2e5b6bc02d379db03a877d34d/library/test/src/lib.rs:632:18
[INFO] [stdout]   32:     0x641dbdb54648 - test::run_test_in_process::{{closure}}::h15d92f75a3adfb79
[INFO] [stdout]                                at /rustc/202008a1b8de96d2e5b6bc02d379db03a877d34d/library/test/src/lib.rs:655:60
[INFO] [stdout]   33:     0x641dbdb54648 - <core::panic::unwind_safe::AssertUnwindSafe<F> as core::ops::function::FnOnce<()>>::call_once::hb6c8955835a8dbbb
[INFO] [stdout]                                at /rustc/202008a1b8de96d2e5b6bc02d379db03a877d34d/library/core/src/panic/unwind_safe.rs:272:9
[INFO] [stdout]   34:     0x641dbdb54648 - std::panicking::try::do_call::hc79d0fc888a0bd30
[INFO] [stdout]                                at /rustc/202008a1b8de96d2e5b6bc02d379db03a877d34d/library/std/src/panicking.rs:557:40
[INFO] [stdout]   35:     0x641dbdb54648 - std::panicking::try::hb8a7878e3a8589d6
[INFO] [stdout]                                at /rustc/202008a1b8de96d2e5b6bc02d379db03a877d34d/library/std/src/panicking.rs:520:19
[INFO] [stdout]   36:     0x641dbdb54648 - std::panic::catch_unwind::hb8e4600ff0ff5cfa
[INFO] [stdout]                                at /rustc/202008a1b8de96d2e5b6bc02d379db03a877d34d/library/std/src/panic.rs:358:14
[INFO] [stdout]   37:     0x641dbdb54648 - test::run_test_in_process::hc2900b0b18688dd6
[INFO] [stdout]                                at /rustc/202008a1b8de96d2e5b6bc02d379db03a877d34d/library/test/src/lib.rs:655:27
[INFO] [stdout]   38:     0x641dbdb54648 - test::run_test::{{closure}}::hac2a9cb07be3d48d
[INFO] [stdout]                                at /rustc/202008a1b8de96d2e5b6bc02d379db03a877d34d/library/test/src/lib.rs:576:43
[INFO] [stdout]   39:     0x641dbdb180ea - test::run_test::{{closure}}::h4a5b729e66a38cd8
[INFO] [stdout]                                at /rustc/202008a1b8de96d2e5b6bc02d379db03a877d34d/library/test/src/lib.rs:606:41
[INFO] [stdout]   40:     0x641dbdb180ea - std::sys::backtrace::__rust_begin_short_backtrace::h0496fb742492f573
[INFO] [stdout]                                at /rustc/202008a1b8de96d2e5b6bc02d379db03a877d34d/library/std/src/sys/backtrace.rs:154:18
[INFO] [stdout]   41:     0x641dbdb1ba64 - std::thread::Builder::spawn_unchecked_::{{closure}}::{{closure}}::hbb6d257c550a54bd
[INFO] [stdout]                                at /rustc/202008a1b8de96d2e5b6bc02d379db03a877d34d/library/std/src/thread/mod.rs:561:17
[INFO] [stdout]   42:     0x641dbdb1ba64 - <core::panic::unwind_safe::AssertUnwindSafe<F> as core::ops::function::FnOnce<()>>::call_once::h46696fe4a6832328
[INFO] [stdout]                                at /rustc/202008a1b8de96d2e5b6bc02d379db03a877d34d/library/core/src/panic/unwind_safe.rs:272:9
[INFO] [stdout]   43:     0x641dbdb1ba64 - std::panicking::try::do_call::h2625a51b667bfb64
[INFO] [stdout]                                at /rustc/202008a1b8de96d2e5b6bc02d379db03a877d34d/library/std/src/panicking.rs:557:40
[INFO] [stdout]   44:     0x641dbdb1ba64 - std::panicking::try::hb956a59a1973aa4c
[INFO] [stdout]                                at /rustc/202008a1b8de96d2e5b6bc02d379db03a877d34d/library/std/src/panicking.rs:520:19
[INFO] [stdout]   45:     0x641dbdb1ba64 - std::panic::catch_unwind::h64f3b9d1067ef6a0
[INFO] [stdout]                                at /rustc/202008a1b8de96d2e5b6bc02d379db03a877d34d/library/std/src/panic.rs:358:14
[INFO] [stdout]   46:     0x641dbdb1ba64 - std::thread::Builder::spawn_unchecked_::{{closure}}::h42b2841295b6c0b2
[INFO] [stdout]                                at /rustc/202008a1b8de96d2e5b6bc02d379db03a877d34d/library/std/src/thread/mod.rs:559:30
[INFO] [stdout]   47:     0x641dbdb1ba64 - core::ops::function::FnOnce::call_once{{vtable.shim}}::h6127de71b8124639
[INFO] [stdout]                                at /rustc/202008a1b8de96d2e5b6bc02d379db03a877d34d/library/core/src/ops/function.rs:250:5
[INFO] [stdout]   48:     0x641dbdbc6b4b - <alloc::boxed::Box<F,A> as core::ops::function::FnOnce<Args>>::call_once::h42f0ba71002a1b2c
[INFO] [stdout]                                at /rustc/202008a1b8de96d2e5b6bc02d379db03a877d34d/library/alloc/src/boxed.rs:1972:9
[INFO] [stdout]   49:     0x641dbdbc6b4b - <alloc::boxed::Box<F,A> as core::ops::function::FnOnce<Args>>::call_once::had9e47d7a3dcecb8
[INFO] [stdout]                                at /rustc/202008a1b8de96d2e5b6bc02d379db03a877d34d/library/alloc/src/boxed.rs:1972:9
[INFO] [stdout]   50:     0x641dbdbc6b4b - std::sys::pal::unix::thread::Thread::new::thread_start::h48cf765408f6f5f2
[INFO] [stdout]                                at /rustc/202008a1b8de96d2e5b6bc02d379db03a877d34d/library/std/src/sys/pal/unix/thread.rs:105:17
[INFO] [stdout]   51:     0x7993dd33aac3 - <unknown>
[INFO] [stdout]   52:     0x7993dd3cba04 - clone
[INFO] [stdout]   53:                0x0 - <unknown>
[INFO] [stdout] thread 'sandbox::communication::channel::transport::test::unixdgramsocket_send_all' panicked at libosbuild/src/sandbox/communication/channel/transport.rs:139:9:
[INFO] [stdout] assertion failed: result.is_ok()
[INFO] [stdout] stack backtrace:
[INFO] [stdout]    0:     0x641dbdbc0eaa - std::backtrace_rs::backtrace::libunwind::trace::h8810477743020387
[INFO] [stdout]                                at /rustc/202008a1b8de96d2e5b6bc02d379db03a877d34d/library/std/src/../../backtrace/src/backtrace/libunwind.rs:116:5
[INFO] [stdout]    1:     0x641dbdbc0eaa - std::backtrace_rs::backtrace::trace_unsynchronized::h3aa55355dd6c54a6
[INFO] [stdout]                                at /rustc/202008a1b8de96d2e5b6bc02d379db03a877d34d/library/std/src/../../backtrace/src/backtrace/mod.rs:66:5
[INFO] [stdout]    2:     0x641dbdbc0eaa - std::sys::backtrace::_print_fmt::h8588b0f62410823f
[INFO] [stdout]                                at /rustc/202008a1b8de96d2e5b6bc02d379db03a877d34d/library/std/src/sys/backtrace.rs:66:9
[INFO] [stdout]    3:     0x641dbdbc0eaa - <std::sys::backtrace::BacktraceLock::print::DisplayBacktrace as core::fmt::Display>::fmt::h98c26ac25ffe89bb
[INFO] [stdout]                                at /rustc/202008a1b8de96d2e5b6bc02d379db03a877d34d/library/std/src/sys/backtrace.rs:39:26
[INFO] [stdout]    4:     0x641dbdbe6ba3 - core::fmt::rt::Argument::fmt::hf95377f4aebd453b
[INFO] [stdout]                                at /rustc/202008a1b8de96d2e5b6bc02d379db03a877d34d/library/core/src/fmt/rt.rs:177:76
[INFO] [stdout]    5:     0x641dbdbe6ba3 - core::fmt::write::h0dd5f6e2238c7982
[INFO] [stdout]                                at /rustc/202008a1b8de96d2e5b6bc02d379db03a877d34d/library/core/src/fmt/mod.rs:1189:21
[INFO] [stdout]    6:     0x641dbdbbdc53 - std::io::Write::write_fmt::h03bb0ca26e6faf8c
[INFO] [stdout]                                at /rustc/202008a1b8de96d2e5b6bc02d379db03a877d34d/library/std/src/io/mod.rs:1884:15
[INFO] [stdout]    7:     0x641dbdbc0cf2 - std::sys::backtrace::BacktraceLock::print::h5c19c1c038ee186d
[INFO] [stdout]                                at /rustc/202008a1b8de96d2e5b6bc02d379db03a877d34d/library/std/src/sys/backtrace.rs:42:9
[INFO] [stdout]    8:     0x641dbdbc232d - std::panicking::default_hook::{{closure}}::h77172f079a1fcb13
[INFO] [stdout]                                at /rustc/202008a1b8de96d2e5b6bc02d379db03a877d34d/library/std/src/panicking.rs:268:22
[INFO] [stdout]    9:     0x641dbdbc2137 - std::panicking::default_hook::he5f8e3b203ccddba
[INFO] [stdout]                                at /rustc/202008a1b8de96d2e5b6bc02d379db03a877d34d/library/std/src/panicking.rs:292:9
[INFO] [stdout]   10:     0x641dbdb50137 - <alloc::boxed::Box<F,A> as core::ops::function::Fn<Args>>::call::h7a3c7b4a1ae77f2f
[INFO] [stdout]                                at /rustc/202008a1b8de96d2e5b6bc02d379db03a877d34d/library/alloc/src/boxed.rs:1986:9
[INFO] [stdout]   11:     0x641dbdb50137 - test::test_main::{{closure}}::hf0d3b69ae9b353d1
[INFO] [stdout]                                at /rustc/202008a1b8de96d2e5b6bc02d379db03a877d34d/library/test/src/lib.rs:134:21
[INFO] [stdout]   12:     0x641dbdbc29d8 - <alloc::boxed::Box<F,A> as core::ops::function::Fn<Args>>::call::h6332e82e7b189abd
[INFO] [stdout]                                at /rustc/202008a1b8de96d2e5b6bc02d379db03a877d34d/library/alloc/src/boxed.rs:1986:9
[INFO] [stdout]   13:     0x641dbdbc29d8 - std::panicking::rust_panic_with_hook::h53863d4e9018df39
[INFO] [stdout]                                at /rustc/202008a1b8de96d2e5b6bc02d379db03a877d34d/library/std/src/panicking.rs:809:13
[INFO] [stdout]   14:     0x641dbdbc2766 - std::panicking::begin_panic_handler::{{closure}}::h67280e6fa0757873
[INFO] [stdout]                                at /rustc/202008a1b8de96d2e5b6bc02d379db03a877d34d/library/std/src/panicking.rs:667:13
[INFO] [stdout]   15:     0x641dbdbc1389 - std::sys::backtrace::__rust_end_short_backtrace::h1dac3f54d6fbbeb2
[INFO] [stdout]                                at /rustc/202008a1b8de96d2e5b6bc02d379db03a877d34d/library/std/src/sys/backtrace.rs:170:18
[INFO] [stdout]   16:     0x641dbdbc242c - rust_begin_unwind
[INFO] [stdout]                                at /rustc/202008a1b8de96d2e5b6bc02d379db03a877d34d/library/std/src/panicking.rs:665:5
[INFO] [stdout]   17:     0x641dbdad90e0 - core::panicking::panic_fmt::h6792bd1b2bf01041
[INFO] [stdout]                                at /rustc/202008a1b8de96d2e5b6bc02d379db03a877d34d/library/core/src/panicking.rs:76:14
[INFO] [stdout]   18:     0x641dbdad916c - core::panicking::panic::hbb5c236a846c507c
[INFO] [stdout]                                at /rustc/202008a1b8de96d2e5b6bc02d379db03a877d34d/library/core/src/panicking.rs:148:5
[INFO] [stdout]   19:     0x641dbdb008e9 - libosbuild::sandbox::communication::channel::transport::test::with_path::h88812b952ac436b9
[INFO] [stdout]                                at /opt/rustwide/workdir/libosbuild/src/sandbox/communication/channel/transport.rs:139:9
[INFO] [stdout]   20:     0x641dbdb022d6 - libosbuild::sandbox::communication::channel::transport::test::unixdgramsocket_send_all::ha52f777c4ae0cf18
[INFO] [stdout]                                at /opt/rustwide/workdir/libosbuild/src/sandbox/communication/channel/transport.rs:174:9
[INFO] [stdout]   21:     0x641dbdb022b7 - libosbuild::sandbox::communication::channel::transport::test::unixdgramsocket_send_all::{{closure}}::he62694a4938945c5
[INFO] [stdout]                                at /opt/rustwide/workdir/libosbuild/src/sandbox/communication/channel/transport.rs:173:34
[INFO] [stdout]   22:     0x641dbdaf83a6 - core::ops::function::FnOnce::call_once::h74c02cc6af60433b
[INFO] [stdout]                                at /rustc/202008a1b8de96d2e5b6bc02d379db03a877d34d/library/core/src/ops/function.rs:250:5
[INFO] [stdout]   23:     0x641dbdb54c5b - core::ops::function::FnOnce::call_once::h871bf86719ec9aa4
[INFO] [stdout]                                at /rustc/202008a1b8de96d2e5b6bc02d379db03a877d34d/library/core/src/ops/function.rs:250:5
[INFO] [stdout]   24:     0x641dbdb54c5b - test::__rust_begin_short_backtrace::h2167df1e2b7d76fd
[INFO] [stdout]                                at /rustc/202008a1b8de96d2e5b6bc02d379db03a877d34d/library/test/src/lib.rs:632:18
[INFO] [stdout]   25:     0x641dbdb54648 - test::run_test_in_process::{{closure}}::h15d92f75a3adfb79
[INFO] [stdout]                                at /rustc/202008a1b8de96d2e5b6bc02d379db03a877d34d/library/test/src/lib.rs:655:60
[INFO] [stdout]   26:     0x641dbdb54648 - <core::panic::unwind_safe::AssertUnwindSafe<F> as core::ops::function::FnOnce<()>>::call_once::hb6c8955835a8dbbb
[INFO] [stdout]                                at /rustc/202008a1b8de96d2e5b6bc02d379db03a877d34d/library/core/src/panic/unwind_safe.rs:272:9
[INFO] [stdout]   27:     0x641dbdb54648 - std::panicking::try::do_call::hc79d0fc888a0bd30
[INFO] [stdout]                                at /rustc/202008a1b8de96d2e5b6bc02d379db03a877d34d/library/std/src/panicking.rs:557:40
[INFO] [stdout]   28:     0x641dbdb54648 - std::panicking::try::hb8a7878e3a8589d6
[INFO] [stdout]                                at /rustc/202008a1b8de96d2e5b6bc02d379db03a877d34d/library/std/src/panicking.rs:520:19
[INFO] [stdout]   29:     0x641dbdb54648 - std::panic::catch_unwind::hb8e4600ff0ff5cfa
[INFO] [stdout]                                at /rustc/202008a1b8de96d2e5b6bc02d379db03a877d34d/library/std/src/panic.rs:358:14
[INFO] [stdout]   30:     0x641dbdb54648 - test::run_test_in_process::hc2900b0b18688dd6
[INFO] [stdout]                                at /rustc/202008a1b8de96d2e5b6bc02d379db03a877d34d/library/test/src/lib.rs:655:27
[INFO] [stdout]   31:     0x641dbdb54648 - test::run_test::{{closure}}::hac2a9cb07be3d48d
[INFO] [stdout]                                at /rustc/202008a1b8de96d2e5b6bc02d379db03a877d34d/library/test/src/lib.rs:576:43
[INFO] [stdout]   32:     0x641dbdb180ea - test::run_test::{{closure}}::h4a5b729e66a38cd8
[INFO] [stdout]                                at /rustc/202008a1b8de96d2e5b6bc02d379db03a877d34d/library/test/src/lib.rs:606:41
[INFO] [stdout]   33:     0x641dbdb180ea - std::sys::backtrace::__rust_begin_short_backtrace::h0496fb742492f573
[INFO] [stdout]                                at /rustc/202008a1b8de96d2e5b6bc02d379db03a877d34d/library/std/src/sys/backtrace.rs:154:18
[INFO] [stdout]   34:     0x641dbdb1ba64 - std::thread::Builder::spawn_unchecked_::{{closure}}::{{closure}}::hbb6d257c550a54bd
[INFO] [stdout]                                at /rustc/202008a1b8de96d2e5b6bc02d379db03a877d34d/library/std/src/thread/mod.rs:561:17
[INFO] [stdout]   35:     0x641dbdb1ba64 - <core::panic::unwind_safe::AssertUnwindSafe<F> as core::ops::function::FnOnce<()>>::call_once::h46696fe4a6832328
[INFO] [stdout]                                at /rustc/202008a1b8de96d2e5b6bc02d379db03a877d34d/library/core/src/panic/unwind_safe.rs:272:9
[INFO] [stdout]   36:     0x641dbdb1ba64 - std::panicking::try::do_call::h2625a51b667bfb64
[INFO] [stdout]                                at /rustc/202008a1b8de96d2e5b6bc02d379db03a877d34d/library/std/src/panicking.rs:557:40
[INFO] [stdout]   37:     0x641dbdb1ba64 - std::panicking::try::hb956a59a1973aa4c
[INFO] [stdout]                                at /rustc/202008a1b8de96d2e5b6bc02d379db03a877d34d/library/std/src/panicking.rs:520:19
[INFO] [stdout]   38:     0x641dbdb1ba64 - std::panic::catch_unwind::h64f3b9d1067ef6a0
[INFO] [stdout]                                at /rustc/202008a1b8de96d2e5b6bc02d379db03a877d34d/library/std/src/panic.rs:358:14
[INFO] [stdout]   39:     0x641dbdb1ba64 - std::thread::Builder::spawn_unchecked_::{{closure}}::h42b2841295b6c0b2
[INFO] [stdout]                                at /rustc/202008a1b8de96d2e5b6bc02d379db03a877d34d/library/std/src/thread/mod.rs:559:30
[INFO] [stdout]   40:     0x641dbdb1ba64 - core::ops::function::FnOnce::call_once{{vtable.shim}}::h6127de71b8124639
[INFO] [stdout]                                at /rustc/202008a1b8de96d2e5b6bc02d379db03a877d34d/library/core/src/ops/function.rs:250:5
[INFO] [stdout]   41:     0x641dbdbc6b4b - <alloc::boxed::Box<F,A> as core::ops::function::FnOnce<Args>>::call_once::h42f0ba71002a1b2c
[INFO] [stdout]                                at /rustc/202008a1b8de96d2e5b6bc02d379db03a877d34d/library/alloc/src/boxed.rs:1972:9
[INFO] [stdout]   42:     0x641dbdbc6b4b - <alloc::boxed::Box<F,A> as core::ops::function::FnOnce<Args>>::call_once::had9e47d7a3dcecb8
[INFO] [stdout]                                at /rustc/202008a1b8de96d2e5b6bc02d379db03a877d34d/library/alloc/src/boxed.rs:1972:9
[INFO] [stdout]   43:     0x641dbdbc6b4b - std::sys::pal::unix::thread::Thread::new::thread_start::h48cf765408f6f5f2
[INFO] [stdout]                                at /rustc/202008a1b8de96d2e5b6bc02d379db03a877d34d/library/std/src/sys/pal/unix/thread.rs:105:17
[INFO] [stdout]   44:     0x7993dd33aac3 - <unknown>
[INFO] [stdout]   45:     0x7993dd3cba04 - clone
[INFO] [stdout]   46:                0x0 - <unknown>
[INFO] [stdout] 
[INFO] [stdout] ---- sandbox::communication::channel::transport::test::unixdgramsocket_exists stdout ----
[INFO] [stdout] thread 'sandbox::communication::channel::transport::test::unixdgramsocket_exists' panicked at libosbuild/src/sandbox/communication/channel/transport.rs:152:50:
[INFO] [stdout] called `Result::unwrap()` on an `Err` value: Os { code: 30, kind: ReadOnlyFilesystem, message: "Read-only file system" }
[INFO] [stdout] stack backtrace:
[INFO] [stdout]    0:     0x641dbdbc0eaa - std::backtrace_rs::backtrace::libunwind::trace::h8810477743020387
[INFO] [stdout]                                at /rustc/202008a1b8de96d2e5b6bc02d379db03a877d34d/library/std/src/../../backtrace/src/backtrace/libunwind.rs:116:5
[INFO] [stdout]    1:     0x641dbdbc0eaa - std::backtrace_rs::backtrace::trace_unsynchronized::h3aa55355dd6c54a6
[INFO] [stdout]                                at /rustc/202008a1b8de96d2e5b6bc02d379db03a877d34d/library/std/src/../../backtrace/src/backtrace/mod.rs:66:5
[INFO] [stdout]    2:     0x641dbdbc0eaa - std::sys::backtrace::_print_fmt::h8588b0f62410823f
[INFO] [stdout]                                at /rustc/202008a1b8de96d2e5b6bc02d379db03a877d34d/library/std/src/sys/backtrace.rs:66:9
[INFO] [stdout]    3:     0x641dbdbc0eaa - <std::sys::backtrace::BacktraceLock::print::DisplayBacktrace as core::fmt::Display>::fmt::h98c26ac25ffe89bb
[INFO] [stdout]                                at /rustc/202008a1b8de96d2e5b6bc02d379db03a877d34d/library/std/src/sys/backtrace.rs:39:26
[INFO] [stdout]    4:     0x641dbdbe6ba3 - core::fmt::rt::Argument::fmt::hf95377f4aebd453b
[INFO] [stdout]                                at /rustc/202008a1b8de96d2e5b6bc02d379db03a877d34d/library/core/src/fmt/rt.rs:177:76
[INFO] [stdout]    5:     0x641dbdbe6ba3 - core::fmt::write::h0dd5f6e2238c7982
[INFO] [stdout]                                at /rustc/202008a1b8de96d2e5b6bc02d379db03a877d34d/library/core/src/fmt/mod.rs:1189:21
[INFO] [stdout]    6:     0x641dbdbbdc53 - std::io::Write::write_fmt::h03bb0ca26e6faf8c
[INFO] [stdout]                                at /rustc/202008a1b8de96d2e5b6bc02d379db03a877d34d/library/std/src/io/mod.rs:1884:15
[INFO] [stdout]    7:     0x641dbdbc0cf2 - std::sys::backtrace::BacktraceLock::print::h5c19c1c038ee186d
[INFO] [stdout]                                at /rustc/202008a1b8de96d2e5b6bc02d379db03a877d34d/library/std/src/sys/backtrace.rs:42:9
[INFO] [stdout]    8:     0x641dbdbc232d - std::panicking::default_hook::{{closure}}::h77172f079a1fcb13
[INFO] [stdout]                                at /rustc/202008a1b8de96d2e5b6bc02d379db03a877d34d/library/std/src/panicking.rs:268:22
[INFO] [stdout]    9:     0x641dbdbc2137 - std::panicking::default_hook::he5f8e3b203ccddba
[INFO] [stdout]                                at /rustc/202008a1b8de96d2e5b6bc02d379db03a877d34d/library/std/src/panicking.rs:292:9
[INFO] [stdout]   10:     0x641dbdb50137 - <alloc::boxed::Box<F,A> as core::ops::function::Fn<Args>>::call::h7a3c7b4a1ae77f2f
[INFO] [stdout]                                at /rustc/202008a1b8de96d2e5b6bc02d379db03a877d34d/library/alloc/src/boxed.rs:1986:9
[INFO] [stdout]   11:     0x641dbdb50137 - test::test_main::{{closure}}::hf0d3b69ae9b353d1
[INFO] [stdout]                                at /rustc/202008a1b8de96d2e5b6bc02d379db03a877d34d/library/test/src/lib.rs:134:21
[INFO] [stdout]   12:     0x641dbdbc29d8 - <alloc::boxed::Box<F,A> as core::ops::function::Fn<Args>>::call::h6332e82e7b189abd
[INFO] [stdout]                                at /rustc/202008a1b8de96d2e5b6bc02d379db03a877d34d/library/alloc/src/boxed.rs:1986:9
[INFO] [stdout]   13:     0x641dbdbc29d8 - std::panicking::rust_panic_with_hook::h53863d4e9018df39
[INFO] [stdout]                                at /rustc/202008a1b8de96d2e5b6bc02d379db03a877d34d/library/std/src/panicking.rs:809:13
[INFO] [stdout]   14:     0x641dbdbc279a - std::panicking::begin_panic_handler::{{closure}}::h67280e6fa0757873
[INFO] [stdout]                                at /rustc/202008a1b8de96d2e5b6bc02d379db03a877d34d/library/std/src/panicking.rs:674:13
[INFO] [stdout]   15:     0x641dbdbc1389 - std::sys::backtrace::__rust_end_short_backtrace::h1dac3f54d6fbbeb2
[INFO] [stdout]                                at /rustc/202008a1b8de96d2e5b6bc02d379db03a877d34d/library/std/src/sys/backtrace.rs:170:18
[INFO] [stdout]   16:     0x641dbdbc242c - rust_begin_unwind
[INFO] [stdout]                                at /rustc/202008a1b8de96d2e5b6bc02d379db03a877d34d/library/std/src/panicking.rs:665:5
[INFO] [stdout]   17:     0x641dbdad90e0 - core::panicking::panic_fmt::h6792bd1b2bf01041
[INFO] [stdout]                                at /rustc/202008a1b8de96d2e5b6bc02d379db03a877d34d/library/core/src/panicking.rs:76:14
[INFO] [stdout]   18:     0x641dbdad9526 - core::result::unwrap_failed::h05e0602ed34287c5
[INFO] [stdout]                                at /rustc/202008a1b8de96d2e5b6bc02d379db03a877d34d/library/core/src/result.rs:1699:5
[INFO] [stdout]   19:     0x641dbdb01ba3 - core::result::Result<T,E>::unwrap::h09a0621f43273e24
[INFO] [stdout]                                at /rustc/202008a1b8de96d2e5b6bc02d379db03a877d34d/library/core/src/result.rs:1104:23
[INFO] [stdout]   20:     0x641dbdb01ba3 - libosbuild::sandbox::communication::channel::transport::test::unixdgramsocket_exists::{{closure}}::h95d5f272c4edca55
[INFO] [stdout]                                at /opt/rustwide/workdir/libosbuild/src/sandbox/communication/channel/transport.rs:152:25
[INFO] [stdout]   21:     0x641dbdb00f4d - libosbuild::sandbox::communication::channel::transport::test::with_path::{{closure}}::hfb06a6722bdac0df
[INFO] [stdout]                                at /opt/rustwide/workdir/libosbuild/src/sandbox/communication/channel/transport.rs:132:45
[INFO] [stdout]   22:     0x641dbdae79d0 - std::panicking::try::do_call::h0ccc09d43ce51271
[INFO] [stdout]                                at /rustc/202008a1b8de96d2e5b6bc02d379db03a877d34d/library/std/src/panicking.rs:557:40
[INFO] [stdout]   23:     0x641dbdafc6bb - __rust_try
[INFO] [stdout]   24:     0x641dbdaf7dca - std::panicking::try::hbf16923fb4138698
[INFO] [stdout]                                at /rustc/202008a1b8de96d2e5b6bc02d379db03a877d34d/library/std/src/panicking.rs:520:19
[INFO] [stdout]   25:     0x641dbdaf7dca - std::panic::catch_unwind::h33ed75f3e3970905
[INFO] [stdout]                                at /rustc/202008a1b8de96d2e5b6bc02d379db03a877d34d/library/std/src/panic.rs:358:14
[INFO] [stdout]   26:     0x641dbdb00274 - libosbuild::sandbox::communication::channel::transport::test::with_path::h32505b5015e8a757
[INFO] [stdout]                                at /opt/rustwide/workdir/libosbuild/src/sandbox/communication/channel/transport.rs:132:22
[INFO] [stdout]   27:     0x641dbdb01b26 - libosbuild::sandbox::communication::channel::transport::test::unixdgramsocket_exists::h24de785239f8971a
[INFO] [stdout]                                at /opt/rustwide/workdir/libosbuild/src/sandbox/communication/channel/transport.rs:151:9
[INFO] [stdout]   28:     0x641dbdb01b07 - libosbuild::sandbox::communication::channel::transport::test::unixdgramsocket_exists::{{closure}}::hbeac5066a2adea7e
[INFO] [stdout]                                at /opt/rustwide/workdir/libosbuild/src/sandbox/communication/channel/transport.rs:150:32
[INFO] [stdout]   29:     0x641dbdaf8676 - core::ops::function::FnOnce::call_once::hce3cfbfa5c2897b7
[INFO] [stdout]                                at /rustc/202008a1b8de96d2e5b6bc02d379db03a877d34d/library/core/src/ops/function.rs:250:5
[INFO] [stdout]   30:     0x641dbdb54c5b - core::ops::function::FnOnce::call_once::h871bf86719ec9aa4
[INFO] [stdout]                                at /rustc/202008a1b8de96d2e5b6bc02d379db03a877d34d/library/core/src/ops/function.rs:250:5
[INFO] [stdout]   31:     0x641dbdb54c5b - test::__rust_begin_short_backtrace::h2167df1e2b7d76fd
[INFO] [stdout]                                at /rustc/202008a1b8de96d2e5b6bc02d379db03a877d34d/library/test/src/lib.rs:632:18
[INFO] [stdout]   32:     0x641dbdb54648 - test::run_test_in_process::{{closure}}::h15d92f75a3adfb79
[INFO] [stdout]                                at /rustc/202008a1b8de96d2e5b6bc02d379db03a877d34d/library/test/src/lib.rs:655:60
[INFO] [stdout]   33:     0x641dbdb54648 - <core::panic::unwind_safe::AssertUnwindSafe<F> as core::ops::function::FnOnce<()>>::call_once::hb6c8955835a8dbbb
[INFO] [stdout]                                at /rustc/202008a1b8de96d2e5b6bc02d379db03a877d34d/library/core/src/panic/unwind_safe.rs:272:9
[INFO] [stdout]   34:     0x641dbdb54648 - std::panicking::try::do_call::hc79d0fc888a0bd30
[INFO] [stdout]                                at /rustc/202008a1b8de96d2e5b6bc02d379db03a877d34d/library/std/src/panicking.rs:557:40
[INFO] [stdout]   35:     0x641dbdb54648 - std::panicking::try::hb8a7878e3a8589d6
[INFO] [stdout]                                at /rustc/202008a1b8de96d2e5b6bc02d379db03a877d34d/library/std/src/panicking.rs:520:19
[INFO] [stdout]   36:     0x641dbdb54648 - std::panic::catch_unwind::hb8e4600ff0ff5cfa
[INFO] [stdout]                                at /rustc/202008a1b8de96d2e5b6bc02d379db03a877d34d/library/std/src/panic.rs:358:14
[INFO] [stdout]   37:     0x641dbdb54648 - test::run_test_in_process::hc2900b0b18688dd6
[INFO] [stdout]                                at /rustc/202008a1b8de96d2e5b6bc02d379db03a877d34d/library/test/src/lib.rs:655:27
[INFO] [stdout]   38:     0x641dbdb54648 - test::run_test::{{closure}}::hac2a9cb07be3d48d
[INFO] [stdout]                                at /rustc/202008a1b8de96d2e5b6bc02d379db03a877d34d/library/test/src/lib.rs:576:43
[INFO] [stdout]   39:     0x641dbdb180ea - test::run_test::{{closure}}::h4a5b729e66a38cd8
[INFO] [stdout]                                at /rustc/202008a1b8de96d2e5b6bc02d379db03a877d34d/library/test/src/lib.rs:606:41
[INFO] [stdout]   40:     0x641dbdb180ea - std::sys::backtrace::__rust_begin_short_backtrace::h0496fb742492f573
[INFO] [stdout]                                at /rustc/202008a1b8de96d2e5b6bc02d379db03a877d34d/library/std/src/sys/backtrace.rs:154:18
[INFO] [stdout]   41:     0x641dbdb1ba64 - std::thread::Builder::spawn_unchecked_::{{closure}}::{{closure}}::hbb6d257c550a54bd
[INFO] [stdout]                                at /rustc/202008a1b8de96d2e5b6bc02d379db03a877d34d/library/std/src/thread/mod.rs:561:17
[INFO] [stdout]   42:     0x641dbdb1ba64 - <core::panic::unwind_safe::AssertUnwindSafe<F> as core::ops::function::FnOnce<()>>::call_once::h46696fe4a6832328
[INFO] [stdout]                                at /rustc/202008a1b8de96d2e5b6bc02d379db03a877d34d/library/core/src/panic/unwind_safe.rs:272:9
[INFO] [stdout]   43:     0x641dbdb1ba64 - std::panicking::try::do_call::h2625a51b667bfb64
[INFO] [stdout]                                at /rustc/202008a1b8de96d2e5b6bc02d379db03a877d34d/library/std/src/panicking.rs:557:40
[INFO] [stdout]   44:     0x641dbdb1ba64 - std::panicking::try::hb956a59a1973aa4c
[INFO] [stdout]                                at /rustc/202008a1b8de96d2e5b6bc02d379db03a877d34d/library/std/src/panicking.rs:520:19
[INFO] [stdout]   45:     0x641dbdb1ba64 - std::panic::catch_unwind::h64f3b9d1067ef6a0
[INFO] [stdout]                                at /rustc/202008a1b8de96d2e5b6bc02d379db03a877d34d/library/std/src/panic.rs:358:14
[INFO] [stdout]   46:     0x641dbdb1ba64 - std::thread::Builder::spawn_unchecked_::{{closure}}::h42b2841295b6c0b2
[INFO] [stdout]                                at /rustc/202008a1b8de96d2e5b6bc02d379db03a877d34d/library/std/src/thread/mod.rs:559:30
[INFO] [stdout]   47:     0x641dbdb1ba64 - core::ops::function::FnOnce::call_once{{vtable.shim}}::h6127de71b8124639
[INFO] [stdout]                                at /rustc/202008a1b8de96d2e5b6bc02d379db03a877d34d/library/core/src/ops/function.rs:250:5
[INFO] [stdout]   48:     0x641dbdbc6b4b - <alloc::boxed::Box<F,A> as core::ops::function::FnOnce<Args>>::call_once::h42f0ba71002a1b2c
[INFO] [stdout]                                at /rustc/202008a1b8de96d2e5b6bc02d379db03a877d34d/library/alloc/src/boxed.rs:1972:9
[INFO] [stdout]   49:     0x641dbdbc6b4b - <alloc::boxed::Box<F,A> as core::ops::function::FnOnce<Args>>::call_once::had9e47d7a3dcecb8
[INFO] [stdout]                                at /rustc/202008a1b8de96d2e5b6bc02d379db03a877d34d/library/alloc/src/boxed.rs:1972:9
[INFO] [stdout]   50:     0x641dbdbc6b4b - std::sys::pal::unix::thread::Thread::new::thread_start::h48cf765408f6f5f2
[INFO] [stdout]                                at /rustc/202008a1b8de96d2e5b6bc02d379db03a877d34d/library/std/src/sys/pal/unix/thread.rs:105:17
[INFO] [stdout]   51:     0x7993dd33aac3 - <unknown>
[INFO] [stdout]   52:     0x7993dd3cba04 - clone
[INFO] [stdout]   53:                0x0 - <unknown>
[INFO] [stdout] thread 'sandbox::communication::channel::transport::test::unixdgramsocket_exists' panicked at libosbuild/src/sandbox/communication/channel/transport.rs:139:9:
[INFO] [stdout] assertion failed: result.is_ok()
[INFO] [stdout] stack backtrace:
[INFO] [stdout]    0:     0x641dbdbc0eaa - std::backtrace_rs::backtrace::libunwind::trace::h8810477743020387
[INFO] [stdout]                                at /rustc/202008a1b8de96d2e5b6bc02d379db03a877d34d/library/std/src/../../backtrace/src/backtrace/libunwind.rs:116:5
[INFO] [stdout]    1:     0x641dbdbc0eaa - std::backtrace_rs::backtrace::trace_unsynchronized::h3aa55355dd6c54a6
[INFO] [stdout]                                at /rustc/202008a1b8de96d2e5b6bc02d379db03a877d34d/library/std/src/../../backtrace/src/backtrace/mod.rs:66:5
[INFO] [stdout]    2:     0x641dbdbc0eaa - std::sys::backtrace::_print_fmt::h8588b0f62410823f
[INFO] [stdout]                                at /rustc/202008a1b8de96d2e5b6bc02d379db03a877d34d/library/std/src/sys/backtrace.rs:66:9
[INFO] [stdout]    3:     0x641dbdbc0eaa - <std::sys::backtrace::BacktraceLock::print::DisplayBacktrace as core::fmt::Display>::fmt::h98c26ac25ffe89bb
[INFO] [stdout]                                at /rustc/202008a1b8de96d2e5b6bc02d379db03a877d34d/library/std/src/sys/backtrace.rs:39:26
[INFO] [stdout]    4:     0x641dbdbe6ba3 - core::fmt::rt::Argument::fmt::hf95377f4aebd453b
[INFO] [stdout]                                at /rustc/202008a1b8de96d2e5b6bc02d379db03a877d34d/library/core/src/fmt/rt.rs:177:76
[INFO] [stdout]    5:     0x641dbdbe6ba3 - core::fmt::write::h0dd5f6e2238c7982
[INFO] [stdout]                                at /rustc/202008a1b8de96d2e5b6bc02d379db03a877d34d/library/core/src/fmt/mod.rs:1189:21
[INFO] [stdout]    6:     0x641dbdbbdc53 - std::io::Write::write_fmt::h03bb0ca26e6faf8c
[INFO] [stdout]                                at /rustc/202008a1b8de96d2e5b6bc02d379db03a877d34d/library/std/src/io/mod.rs:1884:15
[INFO] [stdout]    7:     0x641dbdbc0cf2 - std::sys::backtrace::BacktraceLock::print::h5c19c1c038ee186d
[INFO] [stdout]                                at /rustc/202008a1b8de96d2e5b6bc02d379db03a877d34d/library/std/src/sys/backtrace.rs:42:9
[INFO] [stdout]    8:     0x641dbdbc232d - std::panicking::default_hook::{{closure}}::h77172f079a1fcb13
[INFO] [stdout]                                at /rustc/202008a1b8de96d2e5b6bc02d379db03a877d34d/library/std/src/panicking.rs:268:22
[INFO] [stdout]    9:     0x641dbdbc2137 - std::panicking::default_hook::he5f8e3b203ccddba
[INFO] [stdout]                                at /rustc/202008a1b8de96d2e5b6bc02d379db03a877d34d/library/std/src/panicking.rs:292:9
[INFO] [stdout]   10:     0x641dbdb50137 - <alloc::boxed::Box<F,A> as core::ops::function::Fn<Args>>::call::h7a3c7b4a1ae77f2f
[INFO] [stdout]                                at /rustc/202008a1b8de96d2e5b6bc02d379db03a877d34d/library/alloc/src/boxed.rs:1986:9
[INFO] [stdout]   11:     0x641dbdb50137 - test::test_main::{{closure}}::hf0d3b69ae9b353d1
[INFO] [stdout]                                at /rustc/202008a1b8de96d2e5b6bc02d379db03a877d34d/library/test/src/lib.rs:134:21
[INFO] [stdout]   12:     0x641dbdbc29d8 - <alloc::boxed::Box<F,A> as core::ops::function::Fn<Args>>::call::h6332e82e7b189abd
[INFO] [stdout]                                at /rustc/202008a1b8de96d2e5b6bc02d379db03a877d34d/library/alloc/src/boxed.rs:1986:9
[INFO] [stdout]   13:     0x641dbdbc29d8 - std::panicking::rust_panic_with_hook::h53863d4e9018df39
[INFO] [stdout]                                at /rustc/202008a1b8de96d2e5b6bc02d379db03a877d34d/library/std/src/panicking.rs:809:13
[INFO] [stdout]   14:     0x641dbdbc2766 - std::panicking::begin_panic_handler::{{closure}}::h67280e6fa0757873
[INFO] [stdout]                                at /rustc/202008a1b8de96d2e5b6bc02d379db03a877d34d/library/std/src/panicking.rs:667:13
[INFO] [stdout]   15:     0x641dbdbc1389 - std::sys::backtrace::__rust_end_short_backtrace::h1dac3f54d6fbbeb2
[INFO] [stdout]                                at /rustc/202008a1b8de96d2e5b6bc02d379db03a877d34d/library/std/src/sys/backtrace.rs:170:18
[INFO] [stdout]   16:     0x641dbdbc242c - rust_begin_unwind
[INFO] [stdout]                                at /rustc/202008a1b8de96d2e5b6bc02d379db03a877d34d/library/std/src/panicking.rs:665:5
[INFO] [stdout]   17:     0x641dbdad90e0 - core::panicking::panic_fmt::h6792bd1b2bf01041
[INFO] [stdout]                                at /rustc/202008a1b8de96d2e5b6bc02d379db03a877d34d/library/core/src/panicking.rs:76:14
[INFO] [stdout]   18:     0x641dbdad916c - core::panicking::panic::hbb5c236a846c507c
[INFO] [stdout]                                at /rustc/202008a1b8de96d2e5b6bc02d379db03a877d34d/library/core/src/panicking.rs:148:5
[INFO] [stdout]   19:     0x641dbdb003a9 - libosbuild::sandbox::communication::channel::transport::test::with_path::h32505b5015e8a757
[INFO] [stdout]                                at /opt/rustwide/workdir/libosbuild/src/sandbox/communication/channel/transport.rs:139:9
[INFO] [stdout]   20:     0x641dbdb01b26 - libosbuild::sandbox::communication::channel::transport::test::unixdgramsocket_exists::h24de785239f8971a
[INFO] [stdout]                                at /opt/rustwide/workdir/libosbuild/src/sandbox/communication/channel/transport.rs:151:9
[INFO] [stdout]   21:     0x641dbdb01b07 - libosbuild::sandbox::communication::channel::transport::test::unixdgramsocket_exists::{{closure}}::hbeac5066a2adea7e
[INFO] [stdout]                                at /opt/rustwide/workdir/libosbuild/src/sandbox/communication/channel/transport.rs:150:32
[INFO] [stdout]   22:     0x641dbdaf8676 - core::ops::function::FnOnce::call_once::hce3cfbfa5c2897b7
[INFO] [stdout]                                at /rustc/202008a1b8de96d2e5b6bc02d379db03a877d34d/library/core/src/ops/function.rs:250:5
[INFO] [stdout]   23:     0x641dbdb54c5b - core::ops::function::FnOnce::call_once::h871bf86719ec9aa4
[INFO] [stdout]                                at /rustc/202008a1b8de96d2e5b6bc02d379db03a877d34d/library/core/src/ops/function.rs:250:5
[INFO] [stdout]   24:     0x641dbdb54c5b - test::__rust_begin_short_backtrace::h2167df1e2b7d76fd
[INFO] [stdout]                                at /rustc/202008a1b8de96d2e5b6bc02d379db03a877d34d/library/test/src/lib.rs:632:18
[INFO] [stdout]   25:     0x641dbdb54648 - test::run_test_in_process::{{closure}}::h15d92f75a3adfb79
[INFO] [stdout]                                at /rustc/202008a1b8de96d2e5b6bc02d379db03a877d34d/library/test/src/lib.rs:655:60
[INFO] [stdout]   26:     0x641dbdb54648 - <core::panic::unwind_safe::AssertUnwindSafe<F> as core::ops::function::FnOnce<()>>::call_once::hb6c8955835a8dbbb
[INFO] [stdout]                                at /rustc/202008a1b8de96d2e5b6bc02d379db03a877d34d/library/core/src/panic/unwind_safe.rs:272:9
[INFO] [stdout]   27:     0x641dbdb54648 - std::panicking::try::do_call::hc79d0fc888a0bd30
[INFO] [stdout]                                at /rustc/202008a1b8de96d2e5b6bc02d379db03a877d34d/library/std/src/panicking.rs:557:40
[INFO] [stdout]   28:     0x641dbdb54648 - std::panicking::try::hb8a7878e3a8589d6
[INFO] [stdout]                                at /rustc/202008a1b8de96d2e5b6bc02d379db03a877d34d/library/std/src/panicking.rs:520:19
[INFO] [stdout]   29:     0x641dbdb54648 - std::panic::catch_unwind::hb8e4600ff0ff5cfa
[INFO] [stdout]                                at /rustc/202008a1b8de96d2e5b6bc02d379db03a877d34d/library/std/src/panic.rs:358:14
[INFO] [stdout]   30:     0x641dbdb54648 - test::run_test_in_process::hc2900b0b18688dd6
[INFO] [stdout]                                at /rustc/202008a1b8de96d2e5b6bc02d379db03a877d34d/library/test/src/lib.rs:655:27
[INFO] [stdout]   31:     0x641dbdb54648 - test::run_test::{{closure}}::hac2a9cb07be3d48d
[INFO] [stdout]                                at /rustc/202008a1b8de96d2e5b6bc02d379db03a877d34d/library/test/src/lib.rs:576:43
[INFO] [stdout]   32:     0x641dbdb180ea - test::run_test::{{closure}}::h4a5b729e66a38cd8
[INFO] [stdout]                                at /rustc/202008a1b8de96d2e5b6bc02d379db03a877d34d/library/test/src/lib.rs:606:41
[INFO] [stdout]   33:     0x641dbdb180ea - std::sys::backtrace::__rust_begin_short_backtrace::h0496fb742492f573
[INFO] [stdout]                                at /rustc/202008a1b8de96d2e5b6bc02d379db03a877d34d/library/std/src/sys/backtrace.rs:154:18
[INFO] [stdout]   34:     0x641dbdb1ba64 - std::thread::Builder::spawn_unchecked_::{{closure}}::{{closure}}::hbb6d257c550a54bd
[INFO] [stdout]                                at /rustc/202008a1b8de96d2e5b6bc02d379db03a877d34d/library/std/src/thread/mod.rs:561:17
[INFO] [stdout]   35:     0x641dbdb1ba64 - <core::panic::unwind_safe::AssertUnwindSafe<F> as core::ops::function::FnOnce<()>>::call_once::h46696fe4a6832328
[INFO] [stdout]                                at /rustc/202008a1b8de96d2e5b6bc02d379db03a877d34d/library/core/src/panic/unwind_safe.rs:272:9
[INFO] [stdout]   36:     0x641dbdb1ba64 - std::panicking::try::do_call::h2625a51b667bfb64
[INFO] [stdout]                                at /rustc/202008a1b8de96d2e5b6bc02d379db03a877d34d/library/std/src/panicking.rs:557:40
[INFO] [stdout]   37:     0x641dbdb1ba64 - std::panicking::try::hb956a59a1973aa4c
[INFO] [stdout]                                at /rustc/202008a1b8de96d2e5b6bc02d379db03a877d34d/library/std/src/panicking.rs:520:19
[INFO] [stdout]   38:     0x641dbdb1ba64 - std::panic::catch_unwind::h64f3b9d1067ef6a0
[INFO] [stdout]                                at /rustc/202008a1b8de96d2e5b6bc02d379db03a877d34d/library/std/src/panic.rs:358:14
[INFO] [stdout]   39:     0x641dbdb1ba64 - std::thread::Builder::spawn_unchecked_::{{closure}}::h42b2841295b6c0b2
[INFO] [stdout]                                at /rustc/202008a1b8de96d2e5b6bc02d379db03a877d34d/library/std/src/thread/mod.rs:559:30
[INFO] [stdout]   40:     0x641dbdb1ba64 - core::ops::function::FnOnce::call_once{{vtable.shim}}::h6127de71b8124639
[INFO] [stdout]                                at /rustc/202008a1b8de96d2e5b6bc02d379db03a877d34d/library/core/src/ops/function.rs:250:5
[INFO] [stdout]   41:     0x641dbdbc6b4b - <alloc::boxed::Box<F,A> as core::ops::function::FnOnce<Args>>::call_once::h42f0ba71002a1b2c
[INFO] [stdout]                                at /rustc/202008a1b8de96d2e5b6bc02d379db03a877d34d/library/alloc/src/boxed.rs:1972:9
[INFO] [stdout]   42:     0x641dbdbc6b4b - <alloc::boxed::Box<F,A> as core::ops::function::FnOnce<Args>>::call_once::had9e47d7a3dcecb8
[INFO] [stdout]                                at /rustc/202008a1b8de96d2e5b6bc02d379db03a877d34d/library/alloc/src/boxed.rs:1972:9
[INFO] [stdout]   43:     0x641dbdbc6b4b - std::sys::pal::unix::thread::Thread::new::thread_start::h48cf765408f6f5f2
[INFO] [stdout]                                at /rustc/202008a1b8de96d2e5b6bc02d379db03a877d34d/library/std/src/sys/pal/unix/thread.rs:105:17
[INFO] [stdout]   44:     0x7993dd33aac3 - <unknown>
[INFO] [stdout]   45:     0x7993dd3cba04 - clone
[INFO] [stdout]   46:                0x0 - <unknown>
[INFO] [stdout] 
[INFO] [stdout] ---- sandbox::communication::channel::transport::test::unixdgramsocket_send stdout ----
[INFO] [stdout] thread 'sandbox::communication::channel::transport::test::unixdgramsocket_send' panicked at libosbuild/src/sandbox/communication/channel/transport.rs:160:49:
[INFO] [stdout] called `Result::unwrap()` on an `Err` value: Os { code: 30, kind: ReadOnlyFilesystem, message: "Read-only file system" }
[INFO] [stdout] stack backtrace:
[INFO] [stdout]    0:     0x641dbdbc0eaa - std::backtrace_rs::backtrace::libunwind::trace::h8810477743020387
[INFO] [stdout]                                at /rustc/202008a1b8de96d2e5b6bc02d379db03a877d34d/library/std/src/../../backtrace/src/backtrace/libunwind.rs:116:5
[INFO] [stdout]    1:     0x641dbdbc0eaa - std::backtrace_rs::backtrace::trace_unsynchronized::h3aa55355dd6c54a6
[INFO] [stdout]                                at /rustc/202008a1b8de96d2e5b6bc02d379db03a877d34d/library/std/src/../../backtrace/src/backtrace/mod.rs:66:5
[INFO] [stdout]    2:     0x641dbdbc0eaa - std::sys::backtrace::_print_fmt::h8588b0f62410823f
[INFO] [stdout]                                at /rustc/202008a1b8de96d2e5b6bc02d379db03a877d34d/library/std/src/sys/backtrace.rs:66:9
[INFO] [stdout]    3:     0x641dbdbc0eaa - <std::sys::backtrace::BacktraceLock::print::DisplayBacktrace as core::fmt::Display>::fmt::h98c26ac25ffe89bb
[INFO] [stdout]                                at /rustc/202008a1b8de96d2e5b6bc02d379db03a877d34d/library/std/src/sys/backtrace.rs:39:26
[INFO] [stdout]    4:     0x641dbdbe6ba3 - core::fmt::rt::Argument::fmt::hf95377f4aebd453b
[INFO] [stdout]                                at /rustc/202008a1b8de96d2e5b6bc02d379db03a877d34d/library/core/src/fmt/rt.rs:177:76
[INFO] [stdout]    5:     0x641dbdbe6ba3 - core::fmt::write::h0dd5f6e2238c7982
[INFO] [stdout]                                at /rustc/202008a1b8de96d2e5b6bc02d379db03a877d34d/library/core/src/fmt/mod.rs:1189:21
[INFO] [stdout]    6:     0x641dbdbbdc53 - std::io::Write::write_fmt::h03bb0ca26e6faf8c
[INFO] [stdout]                                at /rustc/202008a1b8de96d2e5b6bc02d379db03a877d34d/library/std/src/io/mod.rs:1884:15
[INFO] [stdout]    7:     0x641dbdbc0cf2 - std::sys::backtrace::BacktraceLock::print::h5c19c1c038ee186d
[INFO] [stdout]                                at /rustc/202008a1b8de96d2e5b6bc02d379db03a877d34d/library/std/src/sys/backtrace.rs:42:9
[INFO] [stdout]    8:     0x641dbdbc232d - std::panicking::default_hook::{{closure}}::h77172f079a1fcb13
[INFO] [stdout]                                at /rustc/202008a1b8de96d2e5b6bc02d379db03a877d34d/library/std/src/panicking.rs:268:22
[INFO] [stdout]    9:     0x641dbdbc2137 - std::panicking::default_hook::he5f8e3b203ccddba
[INFO] [stdout]                                at /rustc/202008a1b8de96d2e5b6bc02d379db03a877d34d/library/std/src/panicking.rs:292:9
[INFO] [stdout]   10:     0x641dbdb50137 - <alloc::boxed::Box<F,A> as core::ops::function::Fn<Args>>::call::h7a3c7b4a1ae77f2f
[INFO] [stdout]                                at /rustc/202008a1b8de96d2e5b6bc02d379db03a877d34d/library/alloc/src/boxed.rs:1986:9
[INFO] [stdout]   11:     0x641dbdb50137 - test::test_main::{{closure}}::hf0d3b69ae9b353d1
[INFO] [stdout]                                at /rustc/202008a1b8de96d2e5b6bc02d379db03a877d34d/library/test/src/lib.rs:134:21
[INFO] [stdout]   12:     0x641dbdbc29d8 - <alloc::boxed::Box<F,A> as core::ops::function::Fn<Args>>::call::h6332e82e7b189abd
[INFO] [stdout]                                at /rustc/202008a1b8de96d2e5b6bc02d379db03a877d34d/library/alloc/src/boxed.rs:1986:9
[INFO] [stdout]   13:     0x641dbdbc29d8 - std::panicking::rust_panic_with_hook::h53863d4e9018df39
[INFO] [stdout]                                at /rustc/202008a1b8de96d2e5b6bc02d379db03a877d34d/library/std/src/panicking.rs:809:13
[INFO] [stdout]   14:     0x641dbdbc279a - std::panicking::begin_panic_handler::{{closure}}::h67280e6fa0757873
[INFO] [stdout]                                at /rustc/202008a1b8de96d2e5b6bc02d379db03a877d34d/library/std/src/panicking.rs:674:13
[INFO] [stdout]   15:     0x641dbdbc1389 - std::sys::backtrace::__rust_end_short_backtrace::h1dac3f54d6fbbeb2
[INFO] [stdout]                                at /rustc/202008a1b8de96d2e5b6bc02d379db03a877d34d/library/std/src/sys/backtrace.rs:170:18
[INFO] [stdout]   16:     0x641dbdbc242c - rust_begin_unwind
[INFO] [stdout]                                at /rustc/202008a1b8de96d2e5b6bc02d379db03a877d34d/library/std/src/panicking.rs:665:5
[INFO] [stdout]   17:     0x641dbdad90e0 - core::panicking::panic_fmt::h6792bd1b2bf01041
[INFO] [stdout]                                at /rustc/202008a1b8de96d2e5b6bc02d379db03a877d34d/library/core/src/panicking.rs:76:14
[INFO] [stdout]   18:     0x641dbdad9526 - core::result::unwrap_failed::h05e0602ed34287c5
[INFO] [stdout]                                at /rustc/202008a1b8de96d2e5b6bc02d379db03a877d34d/library/core/src/result.rs:1699:5
[INFO] [stdout]   19:     0x641dbdb01dc0 - core::result::Result<T,E>::unwrap::h09a0621f43273e24
[INFO] [stdout]                                at /rustc/202008a1b8de96d2e5b6bc02d379db03a877d34d/library/core/src/result.rs:1104:23
[INFO] [stdout]   20:     0x641dbdb01dc0 - libosbuild::sandbox::communication::channel::transport::test::unixdgramsocket_send::{{closure}}::hd353250d18a5e35e
[INFO] [stdout]                                at /opt/rustwide/workdir/libosbuild/src/sandbox/communication/channel/transport.rs:160:24
[INFO] [stdout]   21:     0x641dbdb00f1d - libosbuild::sandbox::communication::channel::transport::test::with_path::{{closure}}::hbad98808d45baa53
[INFO] [stdout]                                at /opt/rustwide/workdir/libosbuild/src/sandbox/communication/channel/transport.rs:132:45
[INFO] [stdout]   22:     0x641dbdae7a50 - std::panicking::try::do_call::h2682e3e4c11af6c3
[INFO] [stdout]                                at /rustc/202008a1b8de96d2e5b6bc02d379db03a877d34d/library/std/src/panicking.rs:557:40
[INFO] [stdout]   23:     0x641dbdafc6bb - __rust_try
[INFO] [stdout]   24:     0x641dbdaf7eca - std::panicking::try::h1343c04801c029a6
[INFO] [stdout]                                at /rustc/202008a1b8de96d2e5b6bc02d379db03a877d34d/library/std/src/panicking.rs:520:19
[INFO] [stdout]   25:     0x641dbdaf7eca - std::panic::catch_unwind::h8e4c80668131be8c
[INFO] [stdout]                                at /rustc/202008a1b8de96d2e5b6bc02d379db03a877d34d/library/std/src/panic.rs:358:14
[INFO] [stdout]   26:     0x641dbdb00a54 - libosbuild::sandbox::communication::channel::transport::test::with_path::ha27a6d63b3496daa
[INFO] [stdout]                                at /opt/rustwide/workdir/libosbuild/src/sandbox/communication/channel/transport.rs:132:22
[INFO] [stdout]   27:     0x641dbdb01d36 - libosbuild::sandbox::communication::channel::transport::test::unixdgramsocket_send::h5e88ea46ad85d260
[INFO] [stdout]                                at /opt/rustwide/workdir/libosbuild/src/sandbox/communication/channel/transport.rs:159:9
[INFO] [stdout]   28:     0x641dbdb01d17 - libosbuild::sandbox::communication::channel::transport::test::unixdgramsocket_send::{{closure}}::hb76e57ed3159dd90
[INFO] [stdout]                                at /opt/rustwide/workdir/libosbuild/src/sandbox/communication/channel/transport.rs:158:30
[INFO] [stdout]   29:     0x641dbdaf87f6 - core::ops::function::FnOnce::call_once::he9ea589fbb46780c
[INFO] [stdout]                                at /rustc/202008a1b8de96d2e5b6bc02d379db03a877d34d/library/core/src/ops/function.rs:250:5
[INFO] [stdout]   30:     0x641dbdb54c5b - core::ops::function::FnOnce::call_once::h871bf86719ec9aa4
[INFO] [stdout]                                at /rustc/202008a1b8de96d2e5b6bc02d379db03a877d34d/library/core/src/ops/function.rs:250:5
[INFO] [stdout]   31:     0x641dbdb54c5b - test::__rust_begin_short_backtrace::h2167df1e2b7d76fd
[INFO] [stdout]                                at /rustc/202008a1b8de96d2e5b6bc02d379db03a877d34d/library/test/src/lib.rs:632:18
[INFO] [stdout]   32:     0x641dbdb54648 - test::run_test_in_process::{{closure}}::h15d92f75a3adfb79
[INFO] [stdout]                                at /rustc/202008a1b8de96d2e5b6bc02d379db03a877d34d/library/test/src/lib.rs:655:60
[INFO] [stdout]   33:     0x641dbdb54648 - <core::panic::unwind_safe::AssertUnwindSafe<F> as core::ops::function::FnOnce<()>>::call_once::hb6c8955835a8dbbb
[INFO] [stdout]                                at /rustc/202008a1b8de96d2e5b6bc02d379db03a877d34d/library/core/src/panic/unwind_safe.rs:272:9
[INFO] [stdout]   34:     0x641dbdb54648 - std::panicking::try::do_call::hc79d0fc888a0bd30
[INFO] [stdout]                                at /rustc/202008a1b8de96d2e5b6bc02d379db03a877d34d/library/std/src/panicking.rs:557:40
[INFO] [stdout]   35:     0x641dbdb54648 - std::panicking::try::hb8a7878e3a8589d6
[INFO] [stdout]                                at /rustc/202008a1b8de96d2e5b6bc02d379db03a877d34d/library/std/src/panicking.rs:520:19
[INFO] [stdout]   36:     0x641dbdb54648 - std::panic::catch_unwind::hb8e4600ff0ff5cfa
[INFO] [stdout]                                at /rustc/202008a1b8de96d2e5b6bc02d379db03a877d34d/library/std/src/panic.rs:358:14
[INFO] [stdout]   37:     0x641dbdb54648 - test::run_test_in_process::hc2900b0b18688dd6
[INFO] [stdout]                                at /rustc/202008a1b8de96d2e5b6bc02d379db03a877d34d/library/test/src/lib.rs:655:27
[INFO] [stdout]   38:     0x641dbdb54648 - test::run_test::{{closure}}::hac2a9cb07be3d48d
[INFO] [stdout]                                at /rustc/202008a1b8de96d2e5b6bc02d379db03a877d34d/library/test/src/lib.rs:576:43
[INFO] [stdout]   39:     0x641dbdb180ea - test::run_test::{{closure}}::h4a5b729e66a38cd8
[INFO] [stdout]                                at /rustc/202008a1b8de96d2e5b6bc02d379db03a877d34d/library/test/src/lib.rs:606:41
[INFO] [stdout]   40:     0x641dbdb180ea - std::sys::backtrace::__rust_begin_short_backtrace::h0496fb742492f573
[INFO] [stdout]                                at /rustc/202008a1b8de96d2e5b6bc02d379db03a877d34d/library/std/src/sys/backtrace.rs:154:18
[INFO] [stdout]   41:     0x641dbdb1ba64 - std::thread::Builder::spawn_unchecked_::{{closure}}::{{closure}}::hbb6d257c550a54bd
[INFO] [stdout]                                at /rustc/202008a1b8de96d2e5b6bc02d379db03a877d34d/library/std/src/thread/mod.rs:561:17
[INFO] [stdout]   42:     0x641dbdb1ba64 - <core::panic::unwind_safe::AssertUnwindSafe<F> as core::ops::function::FnOnce<()>>::call_once::h46696fe4a6832328
[INFO] [stdout]                                at /rustc/202008a1b8de96d2e5b6bc02d379db03a877d34d/library/core/src/panic/unwind_safe.rs:272:9
[INFO] [stdout]   43:     0x641dbdb1ba64 - std::panicking::try::do_call::h2625a51b667bfb64
[INFO] [stdout]                                at /rustc/202008a1b8de96d2e5b6bc02d379db03a877d34d/library/std/src/panicking.rs:557:40
[INFO] [stdout]   44:     0x641dbdb1ba64 - std::panicking::try::hb956a59a1973aa4c
[INFO] [stdout]                                at /rustc/202008a1b8de96d2e5b6bc02d379db03a877d34d/library/std/src/panicking.rs:520:19
[INFO] [stdout]   45:     0x641dbdb1ba64 - std::panic::catch_unwind::h64f3b9d1067ef6a0
[INFO] [stdout]                                at /rustc/202008a1b8de96d2e5b6bc02d379db03a877d34d/library/std/src/panic.rs:358:14
[INFO] [stdout]   46:     0x641dbdb1ba64 - std::thread::Builder::spawn_unchecked_::{{closure}}::h42b2841295b6c0b2
[INFO] [stdout]                                at /rustc/202008a1b8de96d2e5b6bc02d379db03a877d34d/library/std/src/thread/mod.rs:559:30
[INFO] [stdout]   47:     0x641dbdb1ba64 - core::ops::function::FnOnce::call_once{{vtable.shim}}::h6127de71b8124639
[INFO] [stdout]                                at /rustc/202008a1b8de96d2e5b6bc02d379db03a877d34d/library/core/src/ops/function.rs:250:5
[INFO] [stdout]   48:     0x641dbdbc6b4b - <alloc::boxed::Box<F,A> as core::ops::function::FnOnce<Args>>::call_once::h42f0ba71002a1b2c
[INFO] [stdout]                                at /rustc/202008a1b8de96d2e5b6bc02d379db03a877d34d/library/alloc/src/boxed.rs:1972:9
[INFO] [stdout]   49:     0x641dbdbc6b4b - <alloc::boxed::Box<F,A> as core::ops::function::FnOnce<Args>>::call_once::had9e47d7a3dcecb8
[INFO] [stdout]                                at /rustc/202008a1b8de96d2e5b6bc02d379db03a877d34d/library/alloc/src/boxed.rs:1972:9
[INFO] [stdout]   50:     0x641dbdbc6b4b - std::sys::pal::unix::thread::Thread::new::thread_start::h48cf765408f6f5f2
[INFO] [stdout]                                at /rustc/202008a1b8de96d2e5b6bc02d379db03a877d34d/library/std/src/sys/pal/unix/thread.rs:105:17
[INFO] [stdout]   51:     0x7993dd33aac3 - <unknown>
[INFO] [stdout]   52:     0x7993dd3cba04 - clone
[INFO] [stdout]   53:                0x0 - <unknown>
[INFO] [stdout] thread 'sandbox::communication::channel::transport::test::unixdgramsocket_send' panicked at libosbuild/src/sandbox/communication/channel/transport.rs:139:9:
[INFO] [stdout] assertion failed: result.is_ok()
[INFO] [stdout] stack backtrace:
[INFO] [stdout]    0:     0x641dbdbc0eaa - std::backtrace_rs::backtrace::libunwind::trace::h8810477743020387
[INFO] [stdout]                                at /rustc/202008a1b8de96d2e5b6bc02d379db03a877d34d/library/std/src/../../backtrace/src/backtrace/libunwind.rs:116:5
[INFO] [stdout]    1:     0x641dbdbc0eaa - std::backtrace_rs::backtrace::trace_unsynchronized::h3aa55355dd6c54a6
[INFO] [stdout]                                at /rustc/202008a1b8de96d2e5b6bc02d379db03a877d34d/library/std/src/../../backtrace/src/backtrace/mod.rs:66:5
[INFO] [stdout]    2:     0x641dbdbc0eaa - std::sys::backtrace::_print_fmt::h8588b0f62410823f
[INFO] [stdout]                                at /rustc/202008a1b8de96d2e5b6bc02d379db03a877d34d/library/std/src/sys/backtrace.rs:66:9
[INFO] [stdout]    3:     0x641dbdbc0eaa - <std::sys::backtrace::BacktraceLock::print::DisplayBacktrace as core::fmt::Display>::fmt::h98c26ac25ffe89bb
[INFO] [stdout]                                at /rustc/202008a1b8de96d2e5b6bc02d379db03a877d34d/library/std/src/sys/backtrace.rs:39:26
[INFO] [stdout]    4:     0x641dbdbe6ba3 - core::fmt::rt::Argument::fmt::hf95377f4aebd453b
[INFO] [stdout]                                at /rustc/202008a1b8de96d2e5b6bc02d379db03a877d34d/library/core/src/fmt/rt.rs:177:76
[INFO] [stdout]    5:     0x641dbdbe6ba3 - core::fmt::write::h0dd5f6e2238c7982
[INFO] [stdout]                                at /rustc/202008a1b8de96d2e5b6bc02d379db03a877d34d/library/core/src/fmt/mod.rs:1189:21
[INFO] [stdout]    6:     0x641dbdbbdc53 - std::io::Write::write_fmt::h03bb0ca26e6faf8c
[INFO] [stdout]                                at /rustc/202008a1b8de96d2e5b6bc02d379db03a877d34d/library/std/src/io/mod.rs:1884:15
[INFO] [stdout]    7:     0x641dbdbc0cf2 - std::sys::backtrace::BacktraceLock::print::h5c19c1c038ee186d
[INFO] [stdout]                                at /rustc/202008a1b8de96d2e5b6bc02d379db03a877d34d/library/std/src/sys/backtrace.rs:42:9
[INFO] [stdout]    8:     0x641dbdbc232d - std::panicking::default_hook::{{closure}}::h77172f079a1fcb13
[INFO] [stdout]                                at /rustc/202008a1b8de96d2e5b6bc02d379db03a877d34d/library/std/src/panicking.rs:268:22
[INFO] [stdout]    9:     0x641dbdbc2137 - std::panicking::default_hook::he5f8e3b203ccddba
[INFO] [stdout]                                at /rustc/202008a1b8de96d2e5b6bc02d379db03a877d34d/library/std/src/panicking.rs:292:9
[INFO] [stdout]   10:     0x641dbdb50137 - <alloc::boxed::Box<F,A> as core::ops::function::Fn<Args>>::call::h7a3c7b4a1ae77f2f
[INFO] [stdout]                                at /rustc/202008a1b8de96d2e5b6bc02d379db03a877d34d/library/alloc/src/boxed.rs:1986:9
[INFO] [stdout]   11:     0x641dbdb50137 - test::test_main::{{closure}}::hf0d3b69ae9b353d1
[INFO] [stdout]                                at /rustc/202008a1b8de96d2e5b6bc02d379db03a877d34d/library/test/src/lib.rs:134:21
[INFO] [stdout]   12:     0x641dbdbc29d8 - <alloc::boxed::Box<F,A> as core::ops::function::Fn<Args>>::call::h6332e82e7b189abd
[INFO] [stdout]                                at /rustc/202008a1b8de96d2e5b6bc02d379db03a877d34d/library/alloc/src/boxed.rs:1986:9
[INFO] [stdout]   13:     0x641dbdbc29d8 - std::panicking::rust_panic_with_hook::h53863d4e9018df39
[INFO] [stdout]                                at /rustc/202008a1b8de96d2e5b6bc02d379db03a877d34d/library/std/src/panicking.rs:809:13
[INFO] [stdout]   14:     0x641dbdbc2766 - std::panicking::begin_panic_handler::{{closure}}::h67280e6fa0757873
[INFO] [stdout]                                at /rustc/202008a1b8de96d2e5b6bc02d379db03a877d34d/library/std/src/panicking.rs:667:13
[INFO] [stdout]   15:     0x641dbdbc1389 - std::sys::backtrace::__rust_end_short_backtrace::h1dac3f54d6fbbeb2
[INFO] [stdout]                                at /rustc/202008a1b8de96d2e5b6bc02d379db03a877d34d/library/std/src/sys/backtrace.rs:170:18
[INFO] [stdout]   16:     0x641dbdbc242c - rust_begin_unwind
[INFO] [stdout]                                at /rustc/202008a1b8de96d2e5b6bc02d379db03a877d34d/library/std/src/panicking.rs:665:5
[INFO] [stdout]   17:     0x641dbdad90e0 - core::panicking::panic_fmt::h6792bd1b2bf01041
[INFO] [stdout]                                at /rustc/202008a1b8de96d2e5b6bc02d379db03a877d34d/library/core/src/panicking.rs:76:14
[INFO] [stdout]   18:     0x641dbdad916c - core::panicking::panic::hbb5c236a846c507c
[INFO] [stdout]                                at /rustc/202008a1b8de96d2e5b6bc02d379db03a877d34d/library/core/src/panicking.rs:148:5
[INFO] [stdout]   19:     0x641dbdb00b89 - libosbuild::sandbox::communication::channel::transport::test::with_path::ha27a6d63b3496daa
[INFO] [stdout]                                at /opt/rustwide/workdir/libosbuild/src/sandbox/communication/channel/transport.rs:139:9
[INFO] [stdout]   20:     0x641dbdb01d36 - libosbuild::sandbox::communication::channel::transport::test::unixdgramsocket_send::h5e88ea46ad85d260
[INFO] [stdout]                                at /opt/rustwide/workdir/libosbuild/src/sandbox/communication/channel/transport.rs:159:9
[INFO] [stdout]   21:     0x641dbdb01d17 - libosbuild::sandbox::communication::channel::transport::test::unixdgramsocket_send::{{closure}}::hb76e57ed3159dd90
[INFO] [stdout]                                at /opt/rustwide/workdir/libosbuild/src/sandbox/communication/channel/transport.rs:158:30
[INFO] [stdout]   22:     0x641dbdaf87f6 - core::ops::function::FnOnce::call_once::he9ea589fbb46780c
[INFO] [stdout]                                at /rustc/202008a1b8de96d2e5b6bc02d379db03a877d34d/library/core/src/ops/function.rs:250:5
[INFO] [stdout]   23:     0x641dbdb54c5b - core::ops::function::FnOnce::call_once::h871bf86719ec9aa4
[INFO] [stdout]                                at /rustc/202008a1b8de96d2e5b6bc02d379db03a877d34d/library/core/src/ops/function.rs:250:5
[INFO] [stdout]   24:     0x641dbdb54c5b - test::__rust_begin_short_backtrace::h2167df1e2b7d76fd
[INFO] [stdout]                                at /rustc/202008a1b8de96d2e5b6bc02d379db03a877d34d/library/test/src/lib.rs:632:18
[INFO] [stdout]   25:     0x641dbdb54648 - test::run_test_in_process::{{closure}}::h15d92f75a3adfb79
[INFO] [stdout]                                at /rustc/202008a1b8de96d2e5b6bc02d379db03a877d34d/library/test/src/lib.rs:655:60
[INFO] [stdout]   26:     0x641dbdb54648 - <core::panic::unwind_safe::AssertUnwindSafe<F> as core::ops::function::FnOnce<()>>::call_once::hb6c8955835a8dbbb
[INFO] [stdout]                                at /rustc/202008a1b8de96d2e5b6bc02d379db03a877d34d/library/core/src/panic/unwind_safe.rs:272:9
[INFO] [stdout]   27:     0x641dbdb54648 - std::panicking::try::do_call::hc79d0fc888a0bd30
[INFO] [stdout]                                at /rustc/202008a1b8de96d2e5b6bc02d379db03a877d34d/library/std/src/panicking.rs:557:40
[INFO] [stdout]   28:     0x641dbdb54648 - std::panicking::try::hb8a7878e3a8589d6
[INFO] [stdout]                                at /rustc/202008a1b8de96d2e5b6bc02d379db03a877d34d/library/std/src/panicking.rs:520:19
[INFO] [stdout]   29:     0x641dbdb54648 - std::panic::catch_unwind::hb8e4600ff0ff5cfa
[INFO] [stdout]                                at /rustc/202008a1b8de96d2e5b6bc02d379db03a877d34d/library/std/src/panic.rs:358:14
[INFO] [stdout]   30:     0x641dbdb54648 - test::run_test_in_process::hc2900b0b18688dd6
[INFO] [stdout]                                at /rustc/202008a1b8de96d2e5b6bc02d379db03a877d34d/library/test/src/lib.rs:655:27
[INFO] [stdout]   31:     0x641dbdb54648 - test::run_test::{{closure}}::hac2a9cb07be3d48d
[INFO] [stdout]                                at /rustc/202008a1b8de96d2e5b6bc02d379db03a877d34d/library/test/src/lib.rs:576:43
[INFO] [stdout]   32:     0x641dbdb180ea - test::run_test::{{closure}}::h4a5b729e66a38cd8
[INFO] [stdout]                                at /rustc/202008a1b8de96d2e5b6bc02d379db03a877d34d/library/test/src/lib.rs:606:41
[INFO] [stdout]   33:     0x641dbdb180ea - std::sys::backtrace::__rust_begin_short_backtrace::h0496fb742492f573
[INFO] [stdout]                                at /rustc/202008a1b8de96d2e5b6bc02d379db03a877d34d/library/std/src/sys/backtrace.rs:154:18
[INFO] [stdout]   34:     0x641dbdb1ba64 - std::thread::Builder::spawn_unchecked_::{{closure}}::{{closure}}::hbb6d257c550a54bd
[INFO] [stdout]                                at /rustc/202008a1b8de96d2e5b6bc02d379db03a877d34d/library/std/src/thread/mod.rs:561:17
[INFO] [stdout]   35:     0x641dbdb1ba64 - <core::panic::unwind_safe::AssertUnwindSafe<F> as core::ops::function::FnOnce<()>>::call_once::h46696fe4a6832328
[INFO] [stdout]                                at /rustc/202008a1b8de96d2e5b6bc02d379db03a877d34d/library/core/src/panic/unwind_safe.rs:272:9
[INFO] [stdout]   36:     0x641dbdb1ba64 - std::panicking::try::do_call::h2625a51b667bfb64
[INFO] [stdout]                                at /rustc/202008a1b8de96d2e5b6bc02d379db03a877d34d/library/std/src/panicking.rs:557:40
[INFO] [stdout]   37:     0x641dbdb1ba64 - std::panicking::try::hb956a59a1973aa4c
[INFO] [stdout]                                at /rustc/202008a1b8de96d2e5b6bc02d379db03a877d34d/library/std/src/panicking.rs:520:19
[INFO] [stdout]   38:     0x641dbdb1ba64 - std::panic::catch_unwind::h64f3b9d1067ef6a0
[INFO] [stdout]                                at /rustc/202008a1b8de96d2e5b6bc02d379db03a877d34d/library/std/src/panic.rs:358:14
[INFO] [stdout]   39:     0x641dbdb1ba64 - std::thread::Builder::spawn_unchecked_::{{closure}}::h42b2841295b6c0b2
[INFO] [stdout]                                at /rustc/202008a1b8de96d2e5b6bc02d379db03a877d34d/library/std/src/thread/mod.rs:559:30
[INFO] [stdout]   40:     0x641dbdb1ba64 - core::ops::function::FnOnce::call_once{{vtable.shim}}::h6127de71b8124639
[INFO] [stdout]                                at /rustc/202008a1b8de96d2e5b6bc02d379db03a877d34d/library/core/src/ops/function.rs:250:5
[INFO] [stdout]   41:     0x641dbdbc6b4b - <alloc::boxed::Box<F,A> as core::ops::function::FnOnce<Args>>::call_once::h42f0ba71002a1b2c
[INFO] [stdout]                                at /rustc/202008a1b8de96d2e5b6bc02d379db03a877d34d/library/alloc/src/boxed.rs:1972:9
[INFO] [stdout]   42:     0x641dbdbc6b4b - <alloc::boxed::Box<F,A> as core::ops::function::FnOnce<Args>>::call_once::had9e47d7a3dcecb8
[INFO] [stdout]                                at /rustc/202008a1b8de96d2e5b6bc02d379db03a877d34d/library/alloc/src/boxed.rs:1972:9
[INFO] [stdout]   43:     0x641dbdbc6b4b - std::sys::pal::unix::thread::Thread::new::thread_start::h48cf765408f6f5f2
[INFO] [stdout]                                at /rustc/202008a1b8de96d2e5b6bc02d379db03a877d34d/library/std/src/sys/pal/unix/thread.rs:105:17
[INFO] [stdout]   44:     0x7993dd33aac3 - <unknown>
[INFO] [stdout]   45:     0x7993dd3cba04 - clone
[INFO] [stdout]   46:                0x0 - <unknown>
[INFO] [stdout] 
[INFO] [stdout] 
[INFO] [stdout] failures:
[INFO] [stdout]     sandbox::communication::channel::transport::test::unixdgramsocket_exists
[INFO] [stdout]     sandbox::communication::channel::transport::test::unixdgramsocket_send
[INFO] [stdout]     sandbox::communication::channel::transport::test::unixdgramsocket_send_all
[INFO] [stdout] 
[INFO] [stdout] test result: FAILED. 27 passed; 3 failed; 0 ignored; 0 measured; 0 filtered out; finished in 0.08s
[INFO] [stdout] 
[INFO] [stderr] error: test failed, to rerun pass `-p libosbuild --lib`
[INFO] running `Command { std: "docker" "inspect" "7060510066d4f945f6479593f401d49d77f1ca7827a9af4cee20823ac45ed9d5", kill_on_drop: false }`
[INFO] running `Command { std: "docker" "rm" "-f" "7060510066d4f945f6479593f401d49d77f1ca7827a9af4cee20823ac45ed9d5", kill_on_drop: false }`
[INFO] [stdout] 7060510066d4f945f6479593f401d49d77f1ca7827a9af4cee20823ac45ed9d5
