[INFO] cloning repository https://github.com/sumoduduk/tdm
[INFO] running `Command { std: "git" "-c" "credential.helper=" "-c" "credential.helper=/workspace/cargo-home/bin/git-credential-null" "clone" "--bare" "https://github.com/sumoduduk/tdm" "/workspace/cache/git-repos/https%3A%2F%2Fgithub.com%2Fsumoduduk%2Ftdm", kill_on_drop: false }`
[INFO] [stderr] Cloning into bare repository '/workspace/cache/git-repos/https%3A%2F%2Fgithub.com%2Fsumoduduk%2Ftdm'...
[INFO] running `Command { std: "git" "rev-parse" "HEAD", kill_on_drop: false }`
[INFO] [stdout] 682aebac908f494e12ff898577f7deab4b196b65
[INFO] testing sumoduduk/tdm against beta-2024-12-08 for beta-1.84.0-4-retry
[INFO] running `Command { std: "git" "clone" "/workspace/cache/git-repos/https%3A%2F%2Fgithub.com%2Fsumoduduk%2Ftdm" "/workspace/builds/worker-3-tc2/source", kill_on_drop: false }`
[INFO] [stderr] Cloning into '/workspace/builds/worker-3-tc2/source'...
[INFO] [stderr] done.
[INFO] validating manifest of git repo https://github.com/sumoduduk/tdm on toolchain beta-2024-12-08
[INFO] running `Command { std: CARGO_HOME="/workspace/cargo-home" RUSTUP_HOME="/workspace/rustup-home" "/workspace/cargo-home/bin/cargo" "+beta-2024-12-08" "metadata" "--manifest-path" "Cargo.toml" "--no-deps", kill_on_drop: false }`
[INFO] started tweaking git repo https://github.com/sumoduduk/tdm
[INFO] finished tweaking git repo https://github.com/sumoduduk/tdm
[INFO] tweaked toml for git repo https://github.com/sumoduduk/tdm written to /workspace/builds/worker-3-tc2/source/Cargo.toml
[INFO] crate git repo https://github.com/sumoduduk/tdm already has a lockfile, it will not be regenerated
[INFO] running `Command { std: CARGO_HOME="/workspace/cargo-home" RUSTUP_HOME="/workspace/rustup-home" "/workspace/cargo-home/bin/cargo" "+beta-2024-12-08" "fetch" "--manifest-path" "Cargo.toml", kill_on_drop: false }`
[INFO] running `Command { std: "docker" "create" "-v" "/var/lib/crater-agent-workspace/builds/worker-3-tc2/target:/opt/rustwide/target:rw,Z" "-v" "/var/lib/crater-agent-workspace/builds/worker-3-tc2/source:/opt/rustwide/workdir:ro,Z" "-v" "/var/lib/crater-agent-workspace/cargo-home:/opt/rustwide/cargo-home:ro,Z" "-v" "/var/lib/crater-agent-workspace/rustup-home:/opt/rustwide/rustup-home:ro,Z" "-e" "SOURCE_DIR=/opt/rustwide/workdir" "-e" "CARGO_TARGET_DIR=/opt/rustwide/target" "-e" "CARGO_HOME=/opt/rustwide/cargo-home" "-e" "RUSTUP_HOME=/opt/rustwide/rustup-home" "-w" "/opt/rustwide/workdir" "-m" "1610612736" "--user" "0:0" "--network" "none" "ghcr.io/rust-lang/crates-build-env/linux@sha256:f3a9d4ad9d972b27faf3965f35b62e55ba32bbce8f20bc8fe909558a86702fde" "/opt/rustwide/cargo-home/bin/cargo" "+beta-2024-12-08" "metadata" "--no-deps" "--format-version=1", kill_on_drop: false }`
[INFO] [stdout] 66c23d795f5280ce8f2d9b1791ba72c80ce6cfcfb873a44b7b8cda2f34dce8f9
[INFO] running `Command { std: "docker" "start" "-a" "66c23d795f5280ce8f2d9b1791ba72c80ce6cfcfb873a44b7b8cda2f34dce8f9", kill_on_drop: false }`
[INFO] running `Command { std: "docker" "inspect" "66c23d795f5280ce8f2d9b1791ba72c80ce6cfcfb873a44b7b8cda2f34dce8f9", kill_on_drop: false }`
[INFO] running `Command { std: "docker" "rm" "-f" "66c23d795f5280ce8f2d9b1791ba72c80ce6cfcfb873a44b7b8cda2f34dce8f9", kill_on_drop: false }`
[INFO] [stdout] 66c23d795f5280ce8f2d9b1791ba72c80ce6cfcfb873a44b7b8cda2f34dce8f9
[INFO] running `Command { std: "docker" "create" "-v" "/var/lib/crater-agent-workspace/builds/worker-3-tc2/target:/opt/rustwide/target:rw,Z" "-v" "/var/lib/crater-agent-workspace/builds/worker-3-tc2/source:/opt/rustwide/workdir:ro,Z" "-v" "/var/lib/crater-agent-workspace/cargo-home:/opt/rustwide/cargo-home:ro,Z" "-v" "/var/lib/crater-agent-workspace/rustup-home:/opt/rustwide/rustup-home:ro,Z" "-e" "SOURCE_DIR=/opt/rustwide/workdir" "-e" "CARGO_TARGET_DIR=/opt/rustwide/target" "-e" "CARGO_INCREMENTAL=0" "-e" "RUST_BACKTRACE=full" "-e" "RUSTFLAGS=--cap-lints=warn" "-e" "RUSTDOCFLAGS=--cap-lints=warn" "-e" "CARGO_HOME=/opt/rustwide/cargo-home" "-e" "RUSTUP_HOME=/opt/rustwide/rustup-home" "-w" "/opt/rustwide/workdir" "-m" "1610612736" "--user" "0:0" "--network" "none" "ghcr.io/rust-lang/crates-build-env/linux@sha256:f3a9d4ad9d972b27faf3965f35b62e55ba32bbce8f20bc8fe909558a86702fde" "/opt/rustwide/cargo-home/bin/cargo" "+beta-2024-12-08" "build" "--frozen" "--message-format=json", kill_on_drop: false }`
[INFO] [stdout] 2772ad96e41026072ef3a1f8f33dfb121afb9520644ab20c26cff8b983a114d0
[INFO] running `Command { std: "docker" "start" "-a" "2772ad96e41026072ef3a1f8f33dfb121afb9520644ab20c26cff8b983a114d0", kill_on_drop: false }`
[INFO] [stderr]    Compiling proc-macro2 v1.0.86
[INFO] [stderr]    Compiling unicode-ident v1.0.12
[INFO] [stderr]    Compiling libc v0.2.155
[INFO] [stderr]    Compiling cfg-if v1.0.0
[INFO] [stderr]    Compiling autocfg v1.3.0
[INFO] [stderr]    Compiling version_check v0.9.5
[INFO] [stderr]    Compiling serde v1.0.207
[INFO] [stderr]    Compiling once_cell v1.19.0
[INFO] [stderr]    Compiling parking_lot_core v0.9.10
[INFO] [stderr]    Compiling byteorder v1.5.0
[INFO] [stderr]    Compiling smallvec v1.13.2
[INFO] [stderr]    Compiling scopeguard v1.2.0
[INFO] [stderr]    Compiling pin-project-lite v0.2.14
[INFO] [stderr]    Compiling itoa v1.0.11
[INFO] [stderr]    Compiling log v0.4.22
[INFO] [stderr]    Compiling pkg-config v0.3.30
[INFO] [stderr]    Compiling vcpkg v0.2.15
[INFO] [stderr]    Compiling cc v1.1.10
[INFO] [stderr]    Compiling futures-sink v0.3.30
[INFO] [stderr]    Compiling futures-core v0.3.30
[INFO] [stderr]    Compiling bytes v1.7.1
[INFO] [stderr]    Compiling pin-utils v0.1.0
[INFO] [stderr]    Compiling memchr v2.7.4
[INFO] [stderr]    Compiling allocator-api2 v0.2.18
[INFO] [stderr]    Compiling futures-channel v0.3.30
[INFO] [stderr]    Compiling futures-io v0.3.30
[INFO] [stderr]    Compiling futures-task v0.3.30
[INFO] [stderr]    Compiling either v1.13.0
[INFO] [stderr]    Compiling fnv v1.0.7
[INFO] [stderr]    Compiling openssl v0.10.66
[INFO] [stderr]    Compiling ryu v1.0.18
[INFO] [stderr]    Compiling foreign-types-shared v0.1.1
[INFO] [stderr]    Compiling lock_api v0.4.12
[INFO] [stderr]    Compiling slab v0.4.9
[INFO] [stderr]    Compiling rustversion v1.0.17
[INFO] [stderr]    Compiling ahash v0.8.11
[INFO] [stderr]    Compiling unicase v2.7.0
[INFO] [stderr]    Compiling foreign-types v0.3.2
[INFO] [stderr]    Compiling http v0.2.12
[INFO] [stderr]    Compiling tracing-core v0.1.32
[INFO] [stderr]    Compiling equivalent v1.0.1
[INFO] [stderr]    Compiling httparse v1.9.4
[INFO] [stderr]    Compiling signal-hook v0.3.17
[INFO] [stderr]    Compiling tinyvec_macros v0.1.1
[INFO] [stderr]    Compiling native-tls v0.2.12
[INFO] [stderr]    Compiling tinyvec v1.8.0
[INFO] [stderr]    Compiling openssl-probe v0.1.5
[INFO] [stderr]    Compiling thiserror v1.0.63
[INFO] [stderr]    Compiling try-lock v0.2.5
[INFO] [stderr]    Compiling unicode-width v0.1.13
[INFO] [stderr]    Compiling percent-encoding v2.3.1
[INFO] [stderr]    Compiling want v0.3.1
[INFO] [stderr]    Compiling signal-hook-registry v1.4.2
[INFO] [stderr]    Compiling mio v1.0.2
[INFO] [stderr]    Compiling socket2 v0.5.7
[INFO] [stderr]    Compiling getrandom v0.2.15
[INFO] [stderr]    Compiling quote v1.0.36
[INFO] [stderr]    Compiling parking_lot v0.12.3
[INFO] [stderr]    Compiling rand_core v0.6.4
[INFO] [stderr]    Compiling mime_guess v2.0.5
[INFO] [stderr]    Compiling syn v2.0.74
[INFO] [stderr]    Compiling http-body v0.4.6
[INFO] [stderr]    Compiling form_urlencoded v1.2.1
[INFO] [stderr]    Compiling mio v0.8.11
[INFO] [stderr]    Compiling num-traits v0.2.19
[INFO] [stderr]    Compiling serde_json v1.0.124
[INFO] [stderr]    Compiling anyhow v1.0.86
[INFO] [stderr]    Compiling unicode-bidi v0.3.15
[INFO] [stderr]    Compiling tower-service v0.3.2
[INFO] [stderr]    Compiling base64 v0.21.7
[INFO] [stderr]    Compiling httpdate v1.0.3
[INFO] [stderr]    Compiling mime v0.3.17
[INFO] [stderr]    Compiling heck v0.5.0
[INFO] [stderr]    Compiling paste v1.0.15
[INFO] [stderr]    Compiling powerfmt v0.2.0
[INFO] [stderr]    Compiling rustls-pemfile v1.0.4
[INFO] [stderr]    Compiling castaway v0.2.3
[INFO] [stderr]    Compiling deranged v0.3.11
[INFO] [stderr]    Compiling itertools v0.13.0
[INFO] [stderr]    Compiling encoding_rs v0.8.34
[INFO] [stderr]    Compiling unicode-normalization v0.1.23
[INFO] [stderr]    Compiling ipnet v2.9.0
[INFO] [stderr]    Compiling num_threads v0.1.7
[INFO] [stderr]    Compiling signal-hook-mio v0.2.4
[INFO] [stderr]    Compiling static_assertions v1.1.0
[INFO] [stderr]    Compiling sync_wrapper v0.1.2
[INFO] [stderr]    Compiling num-conv v0.1.0
[INFO] [stderr]    Compiling time-core v0.1.2
[INFO] [stderr]    Compiling portable-atomic v1.7.0
[INFO] [stderr]    Compiling iana-time-zone v0.1.60
[INFO] [stderr]    Compiling unicode-segmentation v1.11.0
[INFO] [stderr]    Compiling compact_str v0.7.1
[INFO] [stderr]    Compiling idna v0.5.0
[INFO] [stderr]    Compiling itertools v0.12.1
[INFO] [stderr]    Compiling time v0.3.36
[INFO] [stderr]    Compiling task-local-extensions v0.1.4
[INFO] [stderr]    Compiling openssl-sys v0.9.103
[INFO] [stderr]    Compiling cassowary v0.3.0
[INFO] [stderr]    Compiling lazy_static v1.5.0
[INFO] [stderr]    Compiling eyre v0.6.12
[INFO] [stderr]    Compiling option-ext v0.2.0
[INFO] [stderr]    Compiling console v0.15.8
[INFO] [stderr]    Compiling dirs-sys v0.4.1
[INFO] [stderr]    Compiling number_prefix v0.4.0
[INFO] [stderr]    Compiling chrono v0.4.38
[INFO] [stderr]    Compiling unicode-truncate v1.1.0
[INFO] [stderr]    Compiling indenter v0.3.3
[INFO] [stderr]    Compiling url v2.5.2
[INFO] [stderr]    Compiling dirs v5.0.1
[INFO] [stderr]    Compiling indicatif v0.17.8
[INFO] [stderr]    Compiling serde_derive v1.0.207
[INFO] [stderr]    Compiling zerocopy-derive v0.7.35
[INFO] [stderr]    Compiling tokio-macros v2.4.0
[INFO] [stderr]    Compiling futures-macro v0.3.30
[INFO] [stderr]    Compiling openssl-macros v0.1.1
[INFO] [stderr]    Compiling tracing-attributes v0.1.27
[INFO] [stderr]    Compiling thiserror-impl v1.0.63
[INFO] [stderr]    Compiling strum_macros v0.26.4
[INFO] [stderr]    Compiling stability v0.2.1
[INFO] [stderr]    Compiling async-trait v0.1.81
[INFO] [stderr]    Compiling zerocopy v0.7.35
[INFO] [stderr]    Compiling tokio v1.39.2
[INFO] [stderr]    Compiling futures-util v0.3.30
[INFO] [stderr]    Compiling ppv-lite86 v0.2.20
[INFO] [stderr]    Compiling tracing v0.1.40
[INFO] [stderr]    Compiling hashbrown v0.14.5
[INFO] [stderr]    Compiling rand_chacha v0.3.1
[INFO] [stderr]    Compiling strum v0.26.3
[INFO] [stderr]    Compiling rand v0.8.5
[INFO] [stderr]    Compiling lru v0.12.4
[INFO] [stderr]    Compiling retry-policies v0.2.1
[INFO] [stderr]    Compiling futures-executor v0.3.30
[INFO] [stderr]    Compiling futures v0.3.30
[INFO] [stderr]    Compiling tokio-util v0.7.11
[INFO] [stderr]    Compiling tokio-socks v0.5.2
[INFO] [stderr]    Compiling bitflags v2.6.0
[INFO] [stderr]    Compiling indexmap v2.3.0
[INFO] [stderr]    Compiling serde_urlencoded v0.7.1
[INFO] [stderr]    Compiling crossterm v0.27.0
[INFO] [stderr]    Compiling ron v0.8.1
[INFO] [stderr]    Compiling h2 v0.3.26
[INFO] [stderr]    Compiling ratatui v0.26.3
[INFO] [stderr]    Compiling tui-input v0.8.0
[INFO] [stderr]    Compiling throbber-widgets-tui v0.5.0
[INFO] [stderr]    Compiling tokio-native-tls v0.3.1
[INFO] [stderr]    Compiling hyper v0.14.30
[INFO] [stderr]    Compiling hyper-tls v0.5.0
[INFO] [stderr]    Compiling reqwest v0.11.27
[INFO] [stderr]    Compiling reqwest-middleware v0.2.5
[INFO] [stderr]    Compiling reqwest-retry v0.3.0
[INFO] [stderr]    Compiling terminusdm v1.0.2 (/opt/rustwide/workdir)
[INFO] [stdout] warning: variant `Internal` is never constructed
[INFO] [stdout]   --> src/begin_download/trauma.rs:15:5
[INFO] [stdout]    |
[INFO] [stdout] 12 | pub enum Error {
[INFO] [stdout]    |          ----- variant in this enum
[INFO] [stdout] ...
[INFO] [stdout] 15 |     Internal(String),
[INFO] [stdout]    |     ^^^^^^^^
[INFO] [stdout]    |
[INFO] [stdout]    = note: `Error` has a derived impl for the trait `Debug`, but this is intentionally ignored during dead code analysis
[INFO] [stdout]    = note: `#[warn(dead_code)]` on by default
[INFO] [stdout] 
[INFO] [stdout] 
[INFO] [stdout] warning: fields `download`, `statuscode`, `size`, and `status` are never read
[INFO] [stdout]    --> src/begin_download/trauma/download.rs:144:5
[INFO] [stdout]     |
[INFO] [stdout] 142 | pub struct Summary {
[INFO] [stdout]     |            ------- fields in this struct
[INFO] [stdout] 143 |     /// Downloaded items.
[INFO] [stdout] 144 |     download: Download,
[INFO] [stdout]     |     ^^^^^^^^
[INFO] [stdout] 145 |     /// HTTP status code.
[INFO] [stdout] 146 |     statuscode: StatusCode,
[INFO] [stdout]     |     ^^^^^^^^^^
[INFO] [stdout] 147 |     /// Download size in bytes.
[INFO] [stdout] 148 |     size: u64,
[INFO] [stdout]     |     ^^^^
[INFO] [stdout] 149 |     /// Status.
[INFO] [stdout] 150 |     status: Status,
[INFO] [stdout]     |     ^^^^^^
[INFO] [stdout]     |
[INFO] [stdout]     = note: `Summary` has derived impls for the traits `Clone` and `Debug`, but these are intentionally ignored during dead code analysis
[INFO] [stdout] 
[INFO] [stdout] 
[INFO] [stdout] warning: methods `statuscode`, `size`, `download`, `status`, and `resumable` are never used
[INFO] [stdout]    --> src/begin_download/trauma/download.rs:173:12
[INFO] [stdout]     |
[INFO] [stdout] 155 | impl Summary {
[INFO] [stdout]     | ------------ methods in this implementation
[INFO] [stdout] ...
[INFO] [stdout] 173 |     pub fn statuscode(&self) -> StatusCode {
[INFO] [stdout]     |            ^^^^^^^^^^
[INFO] [stdout] ...
[INFO] [stdout] 178 |     pub fn size(&self) -> u64 {
[INFO] [stdout]     |            ^^^^
[INFO] [stdout] ...
[INFO] [stdout] 183 |     pub fn download(&self) -> &Download {
[INFO] [stdout]     |            ^^^^^^^^
[INFO] [stdout] ...
[INFO] [stdout] 188 |     pub fn status(&self) -> &Status {
[INFO] [stdout]     |            ^^^^^^
[INFO] [stdout] ...
[INFO] [stdout] 206 |     pub fn resumable(&self) -> bool {
[INFO] [stdout]     |            ^^^^^^^^^
[INFO] [stdout] 
[INFO] [stdout] 
[INFO] [stdout] warning: method `download_with_proxy` is never used
[INFO] [stdout]   --> src/begin_download/trauma/downloader.rs:56:18
[INFO] [stdout]    |
[INFO] [stdout] 46 | impl Downloader {
[INFO] [stdout]    | --------------- method in this implementation
[INFO] [stdout] ...
[INFO] [stdout] 56 |     pub async fn download_with_proxy(
[INFO] [stdout]    |                  ^^^^^^^^^^^^^^^^^^^
[INFO] [stdout] 
[INFO] [stdout] 
[INFO] [stdout] warning: associated items `hidden`, `retries`, `style_options`, `new_header`, `headers`, and `header` are never used
[INFO] [stdout]    --> src/begin_download/trauma/downloader.rs:330:12
[INFO] [stdout]     |
[INFO] [stdout] 323 | impl DownloaderBuilder {
[INFO] [stdout]     | ---------------------- associated items in this implementation
[INFO] [stdout] ...
[INFO] [stdout] 330 |     pub fn hidden() -> Self {
[INFO] [stdout]     |            ^^^^^^
[INFO] [stdout] ...
[INFO] [stdout] 345 |     pub fn retries(mut self, retries: u32) -> Self {
[INFO] [stdout]     |            ^^^^^^^
[INFO] [stdout] ...
[INFO] [stdout] 357 |     pub fn style_options(mut self, style_options: StyleOptions) -> Self {
[INFO] [stdout]     |            ^^^^^^^^^^^^^
[INFO] [stdout] ...
[INFO] [stdout] 362 |     fn new_header(&self) -> HeaderMap {
[INFO] [stdout]     |        ^^^^^^^^^^
[INFO] [stdout] ...
[INFO] [stdout] 392 |     pub fn headers(mut self, headers: HeaderMap) -> Self {
[INFO] [stdout]     |            ^^^^^^^
[INFO] [stdout] ...
[INFO] [stdout] 426 |     pub fn header<K: IntoHeaderName>(mut self, name: K, value: HeaderValue) -> Self {
[INFO] [stdout]     |            ^^^^^^
[INFO] [stdout] 
[INFO] [stdout] 
[INFO] [stdout] warning: associated items `new`, `set_main`, and `set_child` are never used
[INFO] [stdout]    --> src/begin_download/trauma/downloader.rs:489:12
[INFO] [stdout]     |
[INFO] [stdout] 487 | impl StyleOptions {
[INFO] [stdout]     | ----------------- associated items in this implementation
[INFO] [stdout] 488 |     /// Create new [`Downloader`] [`StyleOptions`].
[INFO] [stdout] 489 |     pub fn new(main: ProgressBarOpts, child: ProgressBarOpts) -> Self {
[INFO] [stdout]     |            ^^^
[INFO] [stdout] ...
[INFO] [stdout] 494 |     pub fn set_main(&mut self, main: ProgressBarOpts) {
[INFO] [stdout]     |            ^^^^^^^^
[INFO] [stdout] ...
[INFO] [stdout] 499 |     pub fn set_child(&mut self, child: ProgressBarOpts) {
[INFO] [stdout]     |            ^^^^^^^^^
[INFO] [stdout] 
[INFO] [stdout] 
[INFO] [stdout] warning: multiple associated items are never used
[INFO] [stdout]    --> src/begin_download/trauma/downloader.rs:548:15
[INFO] [stdout]     |
[INFO] [stdout] 536 | impl ProgressBarOpts {
[INFO] [stdout]     | -------------------- associated items in this implementation
[INFO] [stdout] ...
[INFO] [stdout] 548 |     pub const CHARS_BLOCKY: &'static str = "█▛▌▖  ";
[INFO] [stdout]     |               ^^^^^^^^^^^^
[INFO] [stdout] 549 |     /// Use fade-in blocks as progress characters: `"█▓▒░  "`.
[INFO] [stdout] 550 |     pub const CHARS_FADE_IN: &'static str = "█▓▒░  ";
[INFO] [stdout]     |               ^^^^^^^^^^^^^
[INFO] [stdout] ...
[INFO] [stdout] 556 |     pub const CHARS_ROUGH: &'static str = "█  ";
[INFO] [stdout]     |               ^^^^^^^^^^^
[INFO] [stdout] 557 |     /// Use increasing height blocks as progress characters: `"█▇▆▅▄▃▂▁  "`.
[INFO] [stdout] 558 |     pub const CHARS_VERTICAL: &'static str = "█▇▆▅▄▃▂▁  ";
[INFO] [stdout]     |               ^^^^^^^^^^^^^^
[INFO] [stdout] ...
[INFO] [stdout] 561 |     pub fn new(
[INFO] [stdout]     |            ^^^
[INFO] [stdout] ...
[INFO] [stdout] 610 |     pub fn set_clear(&mut self, clear: bool) {
[INFO] [stdout]     |            ^^^^^^^^^
[INFO] [stdout] ...
[INFO] [stdout] 615 |     pub fn hidden() -> Self {
[INFO] [stdout]     |            ^^^^^^
[INFO] [stdout] 
[INFO] [stdout] 
[INFO] [stdout] warning: method `get_url` is never used
[INFO] [stdout]   --> src/req_lib.rs:74:12
[INFO] [stdout]    |
[INFO] [stdout] 12 | impl HeaderObject {
[INFO] [stdout]    | ----------------- method in this implementation
[INFO] [stdout] ...
[INFO] [stdout] 74 |     pub fn get_url(&self) -> &Url {
[INFO] [stdout]    |            ^^^^^^^
[INFO] [stdout] 
[INFO] [stdout] 
[INFO] [stdout] warning: function `string_to_vec` is never used
[INFO] [stdout]  --> src/utils/to_vec.rs:1:8
[INFO] [stdout]   |
[INFO] [stdout] 1 | pub fn string_to_vec(input: &str) -> Vec<String> {
[INFO] [stdout]   |        ^^^^^^^^^^^^^
[INFO] [stdout] 
[INFO] [stdout] 
[INFO] [stderr]     Finished `dev` profile [unoptimized + debuginfo] target(s) in 57.46s
[INFO] running `Command { std: "docker" "inspect" "2772ad96e41026072ef3a1f8f33dfb121afb9520644ab20c26cff8b983a114d0", kill_on_drop: false }`
[INFO] running `Command { std: "docker" "rm" "-f" "2772ad96e41026072ef3a1f8f33dfb121afb9520644ab20c26cff8b983a114d0", kill_on_drop: false }`
[INFO] [stdout] 2772ad96e41026072ef3a1f8f33dfb121afb9520644ab20c26cff8b983a114d0
[INFO] running `Command { std: "docker" "create" "-v" "/var/lib/crater-agent-workspace/builds/worker-3-tc2/target:/opt/rustwide/target:rw,Z" "-v" "/var/lib/crater-agent-workspace/builds/worker-3-tc2/source:/opt/rustwide/workdir:ro,Z" "-v" "/var/lib/crater-agent-workspace/cargo-home:/opt/rustwide/cargo-home:ro,Z" "-v" "/var/lib/crater-agent-workspace/rustup-home:/opt/rustwide/rustup-home:ro,Z" "-e" "SOURCE_DIR=/opt/rustwide/workdir" "-e" "CARGO_TARGET_DIR=/opt/rustwide/target" "-e" "CARGO_INCREMENTAL=0" "-e" "RUST_BACKTRACE=full" "-e" "RUSTFLAGS=--cap-lints=warn" "-e" "RUSTDOCFLAGS=--cap-lints=warn" "-e" "CARGO_HOME=/opt/rustwide/cargo-home" "-e" "RUSTUP_HOME=/opt/rustwide/rustup-home" "-w" "/opt/rustwide/workdir" "-m" "1610612736" "--user" "0:0" "--network" "none" "ghcr.io/rust-lang/crates-build-env/linux@sha256:f3a9d4ad9d972b27faf3965f35b62e55ba32bbce8f20bc8fe909558a86702fde" "/opt/rustwide/cargo-home/bin/cargo" "+beta-2024-12-08" "test" "--frozen" "--no-run" "--message-format=json", kill_on_drop: false }`
[INFO] [stdout] 6d546d1579192ded7b9417f6c2f5bc34885df53a3039154a993eb2240574425b
[INFO] running `Command { std: "docker" "start" "-a" "6d546d1579192ded7b9417f6c2f5bc34885df53a3039154a993eb2240574425b", kill_on_drop: false }`
[INFO] [stdout] warning: variant `Internal` is never constructed
[INFO] [stdout]   --> src/begin_download/trauma.rs:15:5
[INFO] [stdout]    |
[INFO] [stdout] 12 | pub enum Error {
[INFO] [stdout]    |          ----- variant in this enum
[INFO] [stdout] ...
[INFO] [stdout] 15 |     Internal(String),
[INFO] [stdout]    |     ^^^^^^^^
[INFO] [stdout]    |
[INFO] [stdout]    = note: `Error` has a derived impl for the trait `Debug`, but this is intentionally ignored during dead code analysis
[INFO] [stdout]    = note: `#[warn(dead_code)]` on by default
[INFO] [stdout] 
[INFO] [stdout] 
[INFO] [stdout] warning: fields `download`, `statuscode`, `size`, and `status` are never read
[INFO] [stdout]    --> src/begin_download/trauma/download.rs:144:5
[INFO] [stdout]     |
[INFO] [stdout] 142 | pub struct Summary {
[INFO] [stdout]     |            ------- fields in this struct
[INFO] [stdout] 143 |     /// Downloaded items.
[INFO] [stdout] 144 |     download: Download,
[INFO] [stdout]     |     ^^^^^^^^
[INFO] [stdout] 145 |     /// HTTP status code.
[INFO] [stdout] 146 |     statuscode: StatusCode,
[INFO] [stdout]     |     ^^^^^^^^^^
[INFO] [stdout] 147 |     /// Download size in bytes.
[INFO] [stdout] 148 |     size: u64,
[INFO] [stdout]     |     ^^^^
[INFO] [stdout] 149 |     /// Status.
[INFO] [stdout] 150 |     status: Status,
[INFO] [stdout]     |     ^^^^^^
[INFO] [stdout]     |
[INFO] [stdout]     = note: `Summary` has derived impls for the traits `Clone` and `Debug`, but these are intentionally ignored during dead code analysis
[INFO] [stdout] 
[INFO] [stdout] 
[INFO] [stdout] warning: methods `statuscode`, `size`, `download`, `status`, and `resumable` are never used
[INFO] [stdout]    --> src/begin_download/trauma/download.rs:173:12
[INFO] [stdout]     |
[INFO] [stdout] 155 | impl Summary {
[INFO] [stdout]     | ------------ methods in this implementation
[INFO] [stdout] ...
[INFO] [stdout] 173 |     pub fn statuscode(&self) -> StatusCode {
[INFO] [stdout]     |            ^^^^^^^^^^
[INFO] [stdout] ...
[INFO] [stdout] 178 |     pub fn size(&self) -> u64 {
[INFO] [stdout]     |            ^^^^
[INFO] [stdout] ...
[INFO] [stdout] 183 |     pub fn download(&self) -> &Download {
[INFO] [stdout]     |            ^^^^^^^^
[INFO] [stdout] ...
[INFO] [stdout] 188 |     pub fn status(&self) -> &Status {
[INFO] [stdout]     |            ^^^^^^
[INFO] [stdout] ...
[INFO] [stdout] 206 |     pub fn resumable(&self) -> bool {
[INFO] [stdout]     |            ^^^^^^^^^
[INFO] [stdout] 
[INFO] [stdout] 
[INFO] [stdout] warning: method `download_with_proxy` is never used
[INFO] [stdout]   --> src/begin_download/trauma/downloader.rs:56:18
[INFO] [stdout]    |
[INFO] [stdout] 46 | impl Downloader {
[INFO] [stdout]    | --------------- method in this implementation
[INFO] [stdout] ...
[INFO] [stdout] 56 |     pub async fn download_with_proxy(
[INFO] [stdout]    |                  ^^^^^^^^^^^^^^^^^^^
[INFO] [stdout] 
[INFO] [stdout] 
[INFO] [stdout] warning: associated items `hidden`, `retries`, `style_options`, `new_header`, `headers`, and `header` are never used
[INFO] [stdout]    --> src/begin_download/trauma/downloader.rs:330:12
[INFO] [stdout]     |
[INFO] [stdout] 323 | impl DownloaderBuilder {
[INFO] [stdout]     | ---------------------- associated items in this implementation
[INFO] [stdout] ...
[INFO] [stdout] 330 |     pub fn hidden() -> Self {
[INFO] [stdout]     |            ^^^^^^
[INFO] [stdout] ...
[INFO] [stdout] 345 |     pub fn retries(mut self, retries: u32) -> Self {
[INFO] [stdout]     |            ^^^^^^^
[INFO] [stdout] ...
[INFO] [stdout] 357 |     pub fn style_options(mut self, style_options: StyleOptions) -> Self {
[INFO] [stdout]     |            ^^^^^^^^^^^^^
[INFO] [stdout] ...
[INFO] [stdout] 362 |     fn new_header(&self) -> HeaderMap {
[INFO] [stdout]     |        ^^^^^^^^^^
[INFO] [stdout] ...
[INFO] [stdout] 392 |     pub fn headers(mut self, headers: HeaderMap) -> Self {
[INFO] [stdout]     |            ^^^^^^^
[INFO] [stdout] ...
[INFO] [stdout] 426 |     pub fn header<K: IntoHeaderName>(mut self, name: K, value: HeaderValue) -> Self {
[INFO] [stdout]     |            ^^^^^^
[INFO] [stdout] 
[INFO] [stdout] 
[INFO] [stdout] warning: associated items `new`, `set_main`, and `set_child` are never used
[INFO] [stdout]    --> src/begin_download/trauma/downloader.rs:489:12
[INFO] [stdout]     |
[INFO] [stdout] 487 | impl StyleOptions {
[INFO] [stdout]     | ----------------- associated items in this implementation
[INFO] [stdout] 488 |     /// Create new [`Downloader`] [`StyleOptions`].
[INFO] [stdout] 489 |     pub fn new(main: ProgressBarOpts, child: ProgressBarOpts) -> Self {
[INFO] [stdout]     |            ^^^
[INFO] [stdout] ...
[INFO] [stdout] 494 |     pub fn set_main(&mut self, main: ProgressBarOpts) {
[INFO] [stdout]     |            ^^^^^^^^
[INFO] [stdout] ...
[INFO] [stdout] 499 |     pub fn set_child(&mut self, child: ProgressBarOpts) {
[INFO] [stdout]     |            ^^^^^^^^^
[INFO] [stdout] 
[INFO] [stdout] 
[INFO] [stdout] warning: multiple associated items are never used
[INFO] [stdout]    --> src/begin_download/trauma/downloader.rs:548:15
[INFO] [stdout]     |
[INFO] [stdout] 536 | impl ProgressBarOpts {
[INFO] [stdout]     | -------------------- associated items in this implementation
[INFO] [stdout] ...
[INFO] [stdout] 548 |     pub const CHARS_BLOCKY: &'static str = "█▛▌▖  ";
[INFO] [stdout]     |               ^^^^^^^^^^^^
[INFO] [stdout] 549 |     /// Use fade-in blocks as progress characters: `"█▓▒░  "`.
[INFO] [stdout] 550 |     pub const CHARS_FADE_IN: &'static str = "█▓▒░  ";
[INFO] [stdout]     |               ^^^^^^^^^^^^^
[INFO] [stdout] ...
[INFO] [stdout] 556 |     pub const CHARS_ROUGH: &'static str = "█  ";
[INFO] [stdout]     |               ^^^^^^^^^^^
[INFO] [stdout] 557 |     /// Use increasing height blocks as progress characters: `"█▇▆▅▄▃▂▁  "`.
[INFO] [stdout] 558 |     pub const CHARS_VERTICAL: &'static str = "█▇▆▅▄▃▂▁  ";
[INFO] [stdout]     |               ^^^^^^^^^^^^^^
[INFO] [stdout] ...
[INFO] [stdout] 561 |     pub fn new(
[INFO] [stdout]     |            ^^^
[INFO] [stdout] ...
[INFO] [stdout] 610 |     pub fn set_clear(&mut self, clear: bool) {
[INFO] [stdout]     |            ^^^^^^^^^
[INFO] [stdout] ...
[INFO] [stdout] 615 |     pub fn hidden() -> Self {
[INFO] [stdout]     |            ^^^^^^
[INFO] [stdout] 
[INFO] [stdout] 
[INFO] [stderr]    Compiling terminusdm v1.0.2 (/opt/rustwide/workdir)
[INFO] [stdout] warning: method `get_url` is never used
[INFO] [stdout]   --> src/req_lib.rs:74:12
[INFO] [stdout]    |
[INFO] [stdout] 12 | impl HeaderObject {
[INFO] [stdout]    | ----------------- method in this implementation
[INFO] [stdout] ...
[INFO] [stdout] 74 |     pub fn get_url(&self) -> &Url {
[INFO] [stdout]    |            ^^^^^^^
[INFO] [stdout] 
[INFO] [stdout] 
[INFO] [stdout] warning: function `string_to_vec` is never used
[INFO] [stdout]  --> src/utils/to_vec.rs:1:8
[INFO] [stdout]   |
[INFO] [stdout] 1 | pub fn string_to_vec(input: &str) -> Vec<String> {
[INFO] [stdout]   |        ^^^^^^^^^^^^^
[INFO] [stdout] 
[INFO] [stdout] 
[INFO] [stdout] warning: unused import: `crate::begin_download::trauma::download::Download`
[INFO] [stdout]   --> src/req_lib.rs:81:9
[INFO] [stdout]    |
[INFO] [stdout] 81 |     use crate::begin_download::trauma::download::Download;
[INFO] [stdout]    |         ^^^^^^^^^^^^^^^^^^^^^^^^^^^^^^^^^^^^^^^^^^^^^^^^^
[INFO] [stdout]    |
[INFO] [stdout]    = note: `#[warn(unused_imports)]` on by default
[INFO] [stdout] 
[INFO] [stdout] 
[INFO] [stdout] warning: variant `Internal` is never constructed
[INFO] [stdout]   --> src/begin_download/trauma.rs:15:5
[INFO] [stdout]    |
[INFO] [stdout] 12 | pub enum Error {
[INFO] [stdout]    |          ----- variant in this enum
[INFO] [stdout] ...
[INFO] [stdout] 15 |     Internal(String),
[INFO] [stdout]    |     ^^^^^^^^
[INFO] [stdout]    |
[INFO] [stdout]    = note: `Error` has a derived impl for the trait `Debug`, but this is intentionally ignored during dead code analysis
[INFO] [stdout]    = note: `#[warn(dead_code)]` on by default
[INFO] [stdout] 
[INFO] [stdout] 
[INFO] [stdout] warning: fields `download`, `statuscode`, `size`, and `status` are never read
[INFO] [stdout]    --> src/begin_download/trauma/download.rs:144:5
[INFO] [stdout]     |
[INFO] [stdout] 142 | pub struct Summary {
[INFO] [stdout]     |            ------- fields in this struct
[INFO] [stdout] 143 |     /// Downloaded items.
[INFO] [stdout] 144 |     download: Download,
[INFO] [stdout]     |     ^^^^^^^^
[INFO] [stdout] 145 |     /// HTTP status code.
[INFO] [stdout] 146 |     statuscode: StatusCode,
[INFO] [stdout]     |     ^^^^^^^^^^
[INFO] [stdout] 147 |     /// Download size in bytes.
[INFO] [stdout] 148 |     size: u64,
[INFO] [stdout]     |     ^^^^
[INFO] [stdout] 149 |     /// Status.
[INFO] [stdout] 150 |     status: Status,
[INFO] [stdout]     |     ^^^^^^
[INFO] [stdout]     |
[INFO] [stdout]     = note: `Summary` has derived impls for the traits `Clone` and `Debug`, but these are intentionally ignored during dead code analysis
[INFO] [stdout] 
[INFO] [stdout] 
[INFO] [stdout] warning: methods `statuscode`, `size`, `download`, `status`, and `resumable` are never used
[INFO] [stdout]    --> src/begin_download/trauma/download.rs:173:12
[INFO] [stdout]     |
[INFO] [stdout] 155 | impl Summary {
[INFO] [stdout]     | ------------ methods in this implementation
[INFO] [stdout] ...
[INFO] [stdout] 173 |     pub fn statuscode(&self) -> StatusCode {
[INFO] [stdout]     |            ^^^^^^^^^^
[INFO] [stdout] ...
[INFO] [stdout] 178 |     pub fn size(&self) -> u64 {
[INFO] [stdout]     |            ^^^^
[INFO] [stdout] ...
[INFO] [stdout] 183 |     pub fn download(&self) -> &Download {
[INFO] [stdout]     |            ^^^^^^^^
[INFO] [stdout] ...
[INFO] [stdout] 188 |     pub fn status(&self) -> &Status {
[INFO] [stdout]     |            ^^^^^^
[INFO] [stdout] ...
[INFO] [stdout] 206 |     pub fn resumable(&self) -> bool {
[INFO] [stdout]     |            ^^^^^^^^^
[INFO] [stdout] 
[INFO] [stdout] 
[INFO] [stdout] warning: method `download_with_proxy` is never used
[INFO] [stdout]   --> src/begin_download/trauma/downloader.rs:56:18
[INFO] [stdout]    |
[INFO] [stdout] 46 | impl Downloader {
[INFO] [stdout]    | --------------- method in this implementation
[INFO] [stdout] ...
[INFO] [stdout] 56 |     pub async fn download_with_proxy(
[INFO] [stdout]    |                  ^^^^^^^^^^^^^^^^^^^
[INFO] [stdout] 
[INFO] [stdout] 
[INFO] [stdout] warning: associated items `hidden`, `retries`, `style_options`, `new_header`, `headers`, and `header` are never used
[INFO] [stdout]    --> src/begin_download/trauma/downloader.rs:330:12
[INFO] [stdout]     |
[INFO] [stdout] 323 | impl DownloaderBuilder {
[INFO] [stdout]     | ---------------------- associated items in this implementation
[INFO] [stdout] ...
[INFO] [stdout] 330 |     pub fn hidden() -> Self {
[INFO] [stdout]     |            ^^^^^^
[INFO] [stdout] ...
[INFO] [stdout] 345 |     pub fn retries(mut self, retries: u32) -> Self {
[INFO] [stdout]     |            ^^^^^^^
[INFO] [stdout] ...
[INFO] [stdout] 357 |     pub fn style_options(mut self, style_options: StyleOptions) -> Self {
[INFO] [stdout]     |            ^^^^^^^^^^^^^
[INFO] [stdout] ...
[INFO] [stdout] 362 |     fn new_header(&self) -> HeaderMap {
[INFO] [stdout]     |        ^^^^^^^^^^
[INFO] [stdout] ...
[INFO] [stdout] 392 |     pub fn headers(mut self, headers: HeaderMap) -> Self {
[INFO] [stdout]     |            ^^^^^^^
[INFO] [stdout] ...
[INFO] [stdout] 426 |     pub fn header<K: IntoHeaderName>(mut self, name: K, value: HeaderValue) -> Self {
[INFO] [stdout]     |            ^^^^^^
[INFO] [stdout] 
[INFO] [stdout] 
[INFO] [stdout] warning: associated items `new`, `set_main`, and `set_child` are never used
[INFO] [stdout]    --> src/begin_download/trauma/downloader.rs:489:12
[INFO] [stdout]     |
[INFO] [stdout] 487 | impl StyleOptions {
[INFO] [stdout]     | ----------------- associated items in this implementation
[INFO] [stdout] 488 |     /// Create new [`Downloader`] [`StyleOptions`].
[INFO] [stdout] 489 |     pub fn new(main: ProgressBarOpts, child: ProgressBarOpts) -> Self {
[INFO] [stdout]     |            ^^^
[INFO] [stdout] ...
[INFO] [stdout] 494 |     pub fn set_main(&mut self, main: ProgressBarOpts) {
[INFO] [stdout]     |            ^^^^^^^^
[INFO] [stdout] ...
[INFO] [stdout] 499 |     pub fn set_child(&mut self, child: ProgressBarOpts) {
[INFO] [stdout]     |            ^^^^^^^^^
[INFO] [stdout] 
[INFO] [stdout] 
[INFO] [stdout] warning: multiple associated items are never used
[INFO] [stdout]    --> src/begin_download/trauma/downloader.rs:548:15
[INFO] [stdout]     |
[INFO] [stdout] 536 | impl ProgressBarOpts {
[INFO] [stdout]     | -------------------- associated items in this implementation
[INFO] [stdout] ...
[INFO] [stdout] 548 |     pub const CHARS_BLOCKY: &'static str = "█▛▌▖  ";
[INFO] [stdout]     |               ^^^^^^^^^^^^
[INFO] [stdout] 549 |     /// Use fade-in blocks as progress characters: `"█▓▒░  "`.
[INFO] [stdout] 550 |     pub const CHARS_FADE_IN: &'static str = "█▓▒░  ";
[INFO] [stdout]     |               ^^^^^^^^^^^^^
[INFO] [stdout] ...
[INFO] [stdout] 556 |     pub const CHARS_ROUGH: &'static str = "█  ";
[INFO] [stdout]     |               ^^^^^^^^^^^
[INFO] [stdout] 557 |     /// Use increasing height blocks as progress characters: `"█▇▆▅▄▃▂▁  "`.
[INFO] [stdout] 558 |     pub const CHARS_VERTICAL: &'static str = "█▇▆▅▄▃▂▁  ";
[INFO] [stdout]     |               ^^^^^^^^^^^^^^
[INFO] [stdout] ...
[INFO] [stdout] 561 |     pub fn new(
[INFO] [stdout]     |            ^^^
[INFO] [stdout] ...
[INFO] [stdout] 610 |     pub fn set_clear(&mut self, clear: bool) {
[INFO] [stdout]     |            ^^^^^^^^^
[INFO] [stdout] ...
[INFO] [stdout] 615 |     pub fn hidden() -> Self {
[INFO] [stdout]     |            ^^^^^^
[INFO] [stdout] 
[INFO] [stdout] 
[INFO] [stderr]     Finished `test` profile [unoptimized + debuginfo] target(s) in 6.35s
[INFO] running `Command { std: "docker" "inspect" "6d546d1579192ded7b9417f6c2f5bc34885df53a3039154a993eb2240574425b", kill_on_drop: false }`
[INFO] running `Command { std: "docker" "rm" "-f" "6d546d1579192ded7b9417f6c2f5bc34885df53a3039154a993eb2240574425b", kill_on_drop: false }`
[INFO] [stdout] 6d546d1579192ded7b9417f6c2f5bc34885df53a3039154a993eb2240574425b
[INFO] running `Command { std: "docker" "create" "-v" "/var/lib/crater-agent-workspace/builds/worker-3-tc2/target:/opt/rustwide/target:rw,Z" "-v" "/var/lib/crater-agent-workspace/builds/worker-3-tc2/source:/opt/rustwide/workdir:ro,Z" "-v" "/var/lib/crater-agent-workspace/cargo-home:/opt/rustwide/cargo-home:ro,Z" "-v" "/var/lib/crater-agent-workspace/rustup-home:/opt/rustwide/rustup-home:ro,Z" "-e" "SOURCE_DIR=/opt/rustwide/workdir" "-e" "CARGO_TARGET_DIR=/opt/rustwide/target" "-e" "CARGO_INCREMENTAL=0" "-e" "RUST_BACKTRACE=full" "-e" "RUSTFLAGS=--cap-lints=warn" "-e" "RUSTDOCFLAGS=--cap-lints=warn" "-e" "CARGO_HOME=/opt/rustwide/cargo-home" "-e" "RUSTUP_HOME=/opt/rustwide/rustup-home" "-w" "/opt/rustwide/workdir" "-m" "1610612736" "--user" "0:0" "--network" "none" "ghcr.io/rust-lang/crates-build-env/linux@sha256:f3a9d4ad9d972b27faf3965f35b62e55ba32bbce8f20bc8fe909558a86702fde" "/opt/rustwide/cargo-home/bin/cargo" "+beta-2024-12-08" "test" "--frozen", kill_on_drop: false }`
[INFO] [stdout] 5996671c2f5a710743e46f1c27476672c837fd641eb5179a81e5f97502c3ddca
[INFO] running `Command { std: "docker" "start" "-a" "5996671c2f5a710743e46f1c27476672c837fd641eb5179a81e5f97502c3ddca", kill_on_drop: false }`
[INFO] [stderr] warning: variant `Internal` is never constructed
[INFO] [stderr]   --> src/begin_download/trauma.rs:15:5
[INFO] [stderr]    |
[INFO] [stderr] 12 | pub enum Error {
[INFO] [stderr]    |          ----- variant in this enum
[INFO] [stderr] ...
[INFO] [stderr] 15 |     Internal(String),
[INFO] [stderr]    |     ^^^^^^^^
[INFO] [stderr]    |
[INFO] [stderr]    = note: `Error` has a derived impl for the trait `Debug`, but this is intentionally ignored during dead code analysis
[INFO] [stderr]    = note: `#[warn(dead_code)]` on by default
[INFO] [stderr] 
[INFO] [stderr] warning: fields `download`, `statuscode`, `size`, and `status` are never read
[INFO] [stderr]    --> src/begin_download/trauma/download.rs:144:5
[INFO] [stderr]     |
[INFO] [stderr] 142 | pub struct Summary {
[INFO] [stderr]     |            ------- fields in this struct
[INFO] [stderr] 143 |     /// Downloaded items.
[INFO] [stderr] 144 |     download: Download,
[INFO] [stderr]     |     ^^^^^^^^
[INFO] [stderr] 145 |     /// HTTP status code.
[INFO] [stderr] 146 |     statuscode: StatusCode,
[INFO] [stderr]     |     ^^^^^^^^^^
[INFO] [stderr] 147 |     /// Download size in bytes.
[INFO] [stderr] 148 |     size: u64,
[INFO] [stderr]     |     ^^^^
[INFO] [stderr] 149 |     /// Status.
[INFO] [stderr] 150 |     status: Status,
[INFO] [stderr]     |     ^^^^^^
[INFO] [stderr]     |
[INFO] [stderr]     = note: `Summary` has derived impls for the traits `Clone` and `Debug`, but these are intentionally ignored during dead code analysis
[INFO] [stderr] 
[INFO] [stderr] warning: methods `statuscode`, `size`, `download`, `status`, and `resumable` are never used
[INFO] [stderr]    --> src/begin_download/trauma/download.rs:173:12
[INFO] [stderr]     |
[INFO] [stderr] 155 | impl Summary {
[INFO] [stderr]     | ------------ methods in this implementation
[INFO] [stderr] ...
[INFO] [stderr] 173 |     pub fn statuscode(&self) -> StatusCode {
[INFO] [stderr]     |            ^^^^^^^^^^
[INFO] [stderr] ...
[INFO] [stderr] 178 |     pub fn size(&self) -> u64 {
[INFO] [stderr]     |            ^^^^
[INFO] [stderr] ...
[INFO] [stderr] 183 |     pub fn download(&self) -> &Download {
[INFO] [stderr]     |            ^^^^^^^^
[INFO] [stderr] ...
[INFO] [stderr] 188 |     pub fn status(&self) -> &Status {
[INFO] [stderr]     |            ^^^^^^
[INFO] [stderr] ...
[INFO] [stderr] 206 |     pub fn resumable(&self) -> bool {
[INFO] [stderr]     |            ^^^^^^^^^
[INFO] [stderr] 
[INFO] [stderr] warning: method `download_with_proxy` is never used
[INFO] [stderr]   --> src/begin_download/trauma/downloader.rs:56:18
[INFO] [stderr]    |
[INFO] [stderr] 46 | impl Downloader {
[INFO] [stderr]    | --------------- method in this implementation
[INFO] [stderr] ...
[INFO] [stderr] 56 |     pub async fn download_with_proxy(
[INFO] [stderr]    |                  ^^^^^^^^^^^^^^^^^^^
[INFO] [stderr] 
[INFO] [stderr] warning: associated items `hidden`, `retries`, `style_options`, `new_header`, `headers`, and `header` are never used
[INFO] [stderr]    --> src/begin_download/trauma/downloader.rs:330:12
[INFO] [stderr]     |
[INFO] [stderr] 323 | impl DownloaderBuilder {
[INFO] [stderr]     | ---------------------- associated items in this implementation
[INFO] [stderr] ...
[INFO] [stderr] 330 |     pub fn hidden() -> Self {
[INFO] [stderr]     |            ^^^^^^
[INFO] [stderr] ...
[INFO] [stderr] 345 |     pub fn retries(mut self, retries: u32) -> Self {
[INFO] [stderr]     |            ^^^^^^^
[INFO] [stderr] ...
[INFO] [stderr] 357 |     pub fn style_options(mut self, style_options: StyleOptions) -> Self {
[INFO] [stderr]     |            ^^^^^^^^^^^^^
[INFO] [stderr] ...
[INFO] [stderr] 362 |     fn new_header(&self) -> HeaderMap {
[INFO] [stderr]     |        ^^^^^^^^^^
[INFO] [stderr] ...
[INFO] [stderr] 392 |     pub fn headers(mut self, headers: HeaderMap) -> Self {
[INFO] [stderr]     |            ^^^^^^^
[INFO] [stderr] ...
[INFO] [stderr] 426 |     pub fn header<K: IntoHeaderName>(mut self, name: K, value: HeaderValue) -> Self {
[INFO] [stderr]     |            ^^^^^^
[INFO] [stderr] 
[INFO] [stderr] warning: associated items `new`, `set_main`, and `set_child` are never used
[INFO] [stderr]    --> src/begin_download/trauma/downloader.rs:489:12
[INFO] [stderr]     |
[INFO] [stderr] 487 | impl StyleOptions {
[INFO] [stderr]     | ----------------- associated items in this implementation
[INFO] [stderr] 488 |     /// Create new [`Downloader`] [`StyleOptions`].
[INFO] [stderr] 489 |     pub fn new(main: ProgressBarOpts, child: ProgressBarOpts) -> Self {
[INFO] [stderr]     |            ^^^
[INFO] [stderr] ...
[INFO] [stderr] 494 |     pub fn set_main(&mut self, main: ProgressBarOpts) {
[INFO] [stderr]     |            ^^^^^^^^
[INFO] [stderr] ...
[INFO] [stderr] 499 |     pub fn set_child(&mut self, child: ProgressBarOpts) {
[INFO] [stderr]     |            ^^^^^^^^^
[INFO] [stderr] 
[INFO] [stderr] warning: multiple associated items are never used
[INFO] [stderr]    --> src/begin_download/trauma/downloader.rs:548:15
[INFO] [stderr]     |
[INFO] [stderr] 536 | impl ProgressBarOpts {
[INFO] [stderr]     | -------------------- associated items in this implementation
[INFO] [stderr] ...
[INFO] [stderr] 548 |     pub const CHARS_BLOCKY: &'static str = "█▛▌▖  ";
[INFO] [stderr]     |               ^^^^^^^^^^^^
[INFO] [stderr] 549 |     /// Use fade-in blocks as progress characters: `"█▓▒░  "`.
[INFO] [stderr] 550 |     pub const CHARS_FADE_IN: &'static str = "█▓▒░  ";
[INFO] [stderr]     |               ^^^^^^^^^^^^^
[INFO] [stderr] ...
[INFO] [stderr] 556 |     pub const CHARS_ROUGH: &'static str = "█  ";
[INFO] [stderr]     |               ^^^^^^^^^^^
[INFO] [stderr] 557 |     /// Use increasing height blocks as progress characters: `"█▇▆▅▄▃▂▁  "`.
[INFO] [stderr] 558 |     pub const CHARS_VERTICAL: &'static str = "█▇▆▅▄▃▂▁  ";
[INFO] [stderr]     |               ^^^^^^^^^^^^^^
[INFO] [stderr] ...
[INFO] [stderr] 561 |     pub fn new(
[INFO] [stderr]     |            ^^^
[INFO] [stderr] ...
[INFO] [stderr] 610 |     pub fn set_clear(&mut self, clear: bool) {
[INFO] [stderr]     |            ^^^^^^^^^
[INFO] [stderr] ...
[INFO] [stderr] 615 |     pub fn hidden() -> Self {
[INFO] [stderr]     |            ^^^^^^
[INFO] [stderr] 
[INFO] [stderr] warning: method `get_url` is never used
[INFO] [stderr]   --> src/req_lib.rs:74:12
[INFO] [stderr]    |
[INFO] [stderr] 12 | impl HeaderObject {
[INFO] [stderr]    | ----------------- method in this implementation
[INFO] [stderr] ...
[INFO] [stderr] 74 |     pub fn get_url(&self) -> &Url {
[INFO] [stderr]    |            ^^^^^^^
[INFO] [stderr] 
[INFO] [stderr] warning: function `string_to_vec` is never used
[INFO] [stderr]  --> src/utils/to_vec.rs:1:8
[INFO] [stderr]   |
[INFO] [stderr] 1 | pub fn string_to_vec(input: &str) -> Vec<String> {
[INFO] [stderr]   |        ^^^^^^^^^^^^^
[INFO] [stderr] 
[INFO] [stderr] warning: unused import: `crate::begin_download::trauma::download::Download`
[INFO] [stderr]   --> src/req_lib.rs:81:9
[INFO] [stderr]    |
[INFO] [stderr] 81 |     use crate::begin_download::trauma::download::Download;
[INFO] [stderr]    |         ^^^^^^^^^^^^^^^^^^^^^^^^^^^^^^^^^^^^^^^^^^^^^^^^^
[INFO] [stderr]    |
[INFO] [stderr]    = note: `#[warn(unused_imports)]` on by default
[INFO] [stderr] 
[INFO] [stderr] warning: `terminusdm` (lib) generated 9 warnings
[INFO] [stderr] warning: `terminusdm` (lib test) generated 8 warnings (7 duplicates) (run `cargo fix --lib -p terminusdm --tests` to apply 1 suggestion)
[INFO] [stderr]     Finished `test` profile [unoptimized + debuginfo] target(s) in 0.20s
[INFO] [stderr]      Running unittests src/lib.rs (/opt/rustwide/target/debug/deps/terminusdm-32177bb9344bf570)
[INFO] [stdout] 
[INFO] [stdout] running 23 tests
[INFO] [stdout] test begin_download::tests::test_dirs ... ok
[INFO] [stdout] test begin_download::trauma::download::test::test_try_from_url ... ok
[INFO] [stdout] test begin_download::trauma::download::test::test_try_from_string ... ok
[INFO] [stdout] test utils::tests::test_create_range_normal_1 ... ok
[INFO] [stdout] test config::tests::test_config_new ... ok
[INFO] [stdout] test utils::fs_utils::tests::test_avail_3 ... ok
[INFO] [stdout] test utils::tests::test_create_range_normal ... ok
[INFO] [stdout] test utils::tests::test_create_range_normal_7 ... ok
[INFO] [stdout] test utils::to_vec::tests::test_vec_str ... ok
[INFO] [stdout] test utils::tests::test_create_range_normal_2 ... ok
[INFO] [stdout] test begin_download::trauma::downloader::test::test_builder_defaults ... ok
[INFO] [stdout] test utils::tests::test_create_range_normal_3 ... ok
[INFO] [stdout] test utils::tests::test_create_range_normal_4 ... ok
[INFO] [stdout] test utils::tests::test_create_range_normal_5 ... ok
[INFO] [stdout] test utils::tests::test_create_range_normal_6 ... ok
[INFO] [stdout] test utils::fs_utils::tests::test_avail ... FAILED
[INFO] [stdout] test merge_file::tests::test_merge ... FAILED
[INFO] [stdout] test utils::fs_utils::tests::test_avail_2 ... FAILED
[INFO] [stdout] test merge_file::tests::test_bin_merge ... FAILED
[INFO] [stdout] test req_lib::tests::test_get_filename_2 ... FAILED
[INFO] [stdout] test req_lib::tests::test_get_filename_1 ... FAILED
[INFO] [stdout] test begin_download::tests::test_concurent_donwload ... FAILED
[INFO] [stdout] test begin_download::tests::test_single_download ... FAILED
[INFO] [stdout] 
[INFO] [stdout] failures:
[INFO] [stdout] 
[INFO] [stdout] ---- utils::fs_utils::tests::test_avail stdout ----
[INFO] [stdout] thread 'utils::fs_utils::tests::test_avail' panicked at src/utils/fs_utils.rs:44:9:
[INFO] [stdout] assertion `left == right` failed
[INFO] [stdout]   left: "test/test(1).txt"
[INFO] [stdout]  right: "test/test.txt"
[INFO] [stdout] stack backtrace:
[INFO] [stdout]    0:     0x5dd2d503925a - std::backtrace_rs::backtrace::libunwind::trace::h8810477743020387
[INFO] [stdout]                                at /rustc/202008a1b8de96d2e5b6bc02d379db03a877d34d/library/std/src/../../backtrace/src/backtrace/libunwind.rs:116:5
[INFO] [stdout]    1:     0x5dd2d503925a - std::backtrace_rs::backtrace::trace_unsynchronized::h3aa55355dd6c54a6
[INFO] [stdout]                                at /rustc/202008a1b8de96d2e5b6bc02d379db03a877d34d/library/std/src/../../backtrace/src/backtrace/mod.rs:66:5
[INFO] [stdout]    2:     0x5dd2d503925a - std::sys::backtrace::_print_fmt::h8588b0f62410823f
[INFO] [stdout]                                at /rustc/202008a1b8de96d2e5b6bc02d379db03a877d34d/library/std/src/sys/backtrace.rs:66:9
[INFO] [stdout]    3:     0x5dd2d503925a - <std::sys::backtrace::BacktraceLock::print::DisplayBacktrace as core::fmt::Display>::fmt::h98c26ac25ffe89bb
[INFO] [stdout]                                at /rustc/202008a1b8de96d2e5b6bc02d379db03a877d34d/library/std/src/sys/backtrace.rs:39:26
[INFO] [stdout]    4:     0x5dd2d5064613 - core::fmt::rt::Argument::fmt::hf95377f4aebd453b
[INFO] [stdout]                                at /rustc/202008a1b8de96d2e5b6bc02d379db03a877d34d/library/core/src/fmt/rt.rs:177:76
[INFO] [stdout]    5:     0x5dd2d5064613 - core::fmt::write::h0dd5f6e2238c7982
[INFO] [stdout]                                at /rustc/202008a1b8de96d2e5b6bc02d379db03a877d34d/library/core/src/fmt/mod.rs:1189:21
[INFO] [stdout]    6:     0x5dd2d50351e3 - std::io::Write::write_fmt::h03bb0ca26e6faf8c
[INFO] [stdout]                                at /rustc/202008a1b8de96d2e5b6bc02d379db03a877d34d/library/std/src/io/mod.rs:1884:15
[INFO] [stdout]    7:     0x5dd2d50390a2 - std::sys::backtrace::BacktraceLock::print::h5c19c1c038ee186d
[INFO] [stdout]                                at /rustc/202008a1b8de96d2e5b6bc02d379db03a877d34d/library/std/src/sys/backtrace.rs:42:9
[INFO] [stdout]    8:     0x5dd2d503a6dd - std::panicking::default_hook::{{closure}}::h77172f079a1fcb13
[INFO] [stdout]                                at /rustc/202008a1b8de96d2e5b6bc02d379db03a877d34d/library/std/src/panicking.rs:268:22
[INFO] [stdout]    9:     0x5dd2d503a4e7 - std::panicking::default_hook::he5f8e3b203ccddba
[INFO] [stdout]                                at /rustc/202008a1b8de96d2e5b6bc02d379db03a877d34d/library/std/src/panicking.rs:292:9
[INFO] [stdout]   10:     0x5dd2d4b47557 - <alloc::boxed::Box<F,A> as core::ops::function::Fn<Args>>::call::h7a3c7b4a1ae77f2f
[INFO] [stdout]                                at /rustc/202008a1b8de96d2e5b6bc02d379db03a877d34d/library/alloc/src/boxed.rs:1986:9
[INFO] [stdout]   11:     0x5dd2d4b47557 - test::test_main::{{closure}}::hf0d3b69ae9b353d1
[INFO] [stdout]                                at /rustc/202008a1b8de96d2e5b6bc02d379db03a877d34d/library/test/src/lib.rs:134:21
[INFO] [stdout]   12:     0x5dd2d503ad88 - <alloc::boxed::Box<F,A> as core::ops::function::Fn<Args>>::call::h6332e82e7b189abd
[INFO] [stdout]                                at /rustc/202008a1b8de96d2e5b6bc02d379db03a877d34d/library/alloc/src/boxed.rs:1986:9
[INFO] [stdout]   13:     0x5dd2d503ad88 - std::panicking::rust_panic_with_hook::h53863d4e9018df39
[INFO] [stdout]                                at /rustc/202008a1b8de96d2e5b6bc02d379db03a877d34d/library/std/src/panicking.rs:809:13
[INFO] [stdout]   14:     0x5dd2d503ab4a - std::panicking::begin_panic_handler::{{closure}}::h67280e6fa0757873
[INFO] [stdout]                                at /rustc/202008a1b8de96d2e5b6bc02d379db03a877d34d/library/std/src/panicking.rs:674:13
[INFO] [stdout]   15:     0x5dd2d5039739 - std::sys::backtrace::__rust_end_short_backtrace::h1dac3f54d6fbbeb2
[INFO] [stdout]                                at /rustc/202008a1b8de96d2e5b6bc02d379db03a877d34d/library/std/src/sys/backtrace.rs:170:18
[INFO] [stdout]   16:     0x5dd2d503a7dc - rust_begin_unwind
[INFO] [stdout]                                at /rustc/202008a1b8de96d2e5b6bc02d379db03a877d34d/library/std/src/panicking.rs:665:5
[INFO] [stdout]   17:     0x5dd2d4a803f0 - core::panicking::panic_fmt::h6792bd1b2bf01041
[INFO] [stdout]                                at /rustc/202008a1b8de96d2e5b6bc02d379db03a877d34d/library/core/src/panicking.rs:76:14
[INFO] [stdout]   18:     0x5dd2d4a80855 - core::panicking::assert_failed_inner::hf2c17e6d30928787
[INFO] [stdout]   19:     0x5dd2d4aa346f - core::panicking::assert_failed::h8b6e1e6da44749de
[INFO] [stdout]                                at /rustc/202008a1b8de96d2e5b6bc02d379db03a877d34d/library/core/src/panicking.rs:373:5
[INFO] [stdout]   20:     0x5dd2d4a8fea5 - terminusdm::utils::fs_utils::tests::test_avail::habeed999c5dff2ec
[INFO] [stdout]                                at /opt/rustwide/workdir/src/utils/fs_utils.rs:44:9
[INFO] [stdout]   21:     0x5dd2d4a8fd97 - terminusdm::utils::fs_utils::tests::test_avail::{{closure}}::h45fc24a05bae1368
[INFO] [stdout]                                at /opt/rustwide/workdir/src/utils/fs_utils.rs:38:20
[INFO] [stdout]   22:     0x5dd2d4ae8b86 - core::ops::function::FnOnce::call_once::h60ae598b24bc16b3
[INFO] [stdout]                                at /rustc/202008a1b8de96d2e5b6bc02d379db03a877d34d/library/core/src/ops/function.rs:250:5
[INFO] [stdout]   23:     0x5dd2d4b4c07b - core::ops::function::FnOnce::call_once::h871bf86719ec9aa4
[INFO] [stdout]                                at /rustc/202008a1b8de96d2e5b6bc02d379db03a877d34d/library/core/src/ops/function.rs:250:5
[INFO] [stdout]   24:     0x5dd2d4b4c07b - test::__rust_begin_short_backtrace::h2167df1e2b7d76fd
[INFO] [stdout]                                at /rustc/202008a1b8de96d2e5b6bc02d379db03a877d34d/library/test/src/lib.rs:632:18
[INFO] [stdout]   25:     0x5dd2d4b4ba68 - test::run_test_in_process::{{closure}}::h15d92f75a3adfb79
[INFO] [stdout]                                at /rustc/202008a1b8de96d2e5b6bc02d379db03a877d34d/library/test/src/lib.rs:655:60
[INFO] [stdout]   26:     0x5dd2d4b4ba68 - <core::panic::unwind_safe::AssertUnwindSafe<F> as core::ops::function::FnOnce<()>>::call_once::hb6c8955835a8dbbb
[INFO] [stdout]                                at /rustc/202008a1b8de96d2e5b6bc02d379db03a877d34d/library/core/src/panic/unwind_safe.rs:272:9
[INFO] [stdout]   27:     0x5dd2d4b4ba68 - std::panicking::try::do_call::hc79d0fc888a0bd30
[INFO] [stdout]                                at /rustc/202008a1b8de96d2e5b6bc02d379db03a877d34d/library/std/src/panicking.rs:557:40
[INFO] [stdout]   28:     0x5dd2d4b4ba68 - std::panicking::try::hb8a7878e3a8589d6
[INFO] [stdout]                                at /rustc/202008a1b8de96d2e5b6bc02d379db03a877d34d/library/std/src/panicking.rs:520:19
[INFO] [stdout]   29:     0x5dd2d4b4ba68 - std::panic::catch_unwind::hb8e4600ff0ff5cfa
[INFO] [stdout]                                at /rustc/202008a1b8de96d2e5b6bc02d379db03a877d34d/library/std/src/panic.rs:358:14
[INFO] [stdout]   30:     0x5dd2d4b4ba68 - test::run_test_in_process::hc2900b0b18688dd6
[INFO] [stdout]                                at /rustc/202008a1b8de96d2e5b6bc02d379db03a877d34d/library/test/src/lib.rs:655:27
[INFO] [stdout]   31:     0x5dd2d4b4ba68 - test::run_test::{{closure}}::hac2a9cb07be3d48d
[INFO] [stdout]                                at /rustc/202008a1b8de96d2e5b6bc02d379db03a877d34d/library/test/src/lib.rs:576:43
[INFO] [stdout]   32:     0x5dd2d4b0f50a - test::run_test::{{closure}}::h4a5b729e66a38cd8
[INFO] [stdout]                                at /rustc/202008a1b8de96d2e5b6bc02d379db03a877d34d/library/test/src/lib.rs:606:41
[INFO] [stdout]   33:     0x5dd2d4b0f50a - std::sys::backtrace::__rust_begin_short_backtrace::h0496fb742492f573
[INFO] [stdout]                                at /rustc/202008a1b8de96d2e5b6bc02d379db03a877d34d/library/std/src/sys/backtrace.rs:154:18
[INFO] [stdout]   34:     0x5dd2d4b12e84 - std::thread::Builder::spawn_unchecked_::{{closure}}::{{closure}}::hbb6d257c550a54bd
[INFO] [stdout]                                at /rustc/202008a1b8de96d2e5b6bc02d379db03a877d34d/library/std/src/thread/mod.rs:561:17
[INFO] [stdout]   35:     0x5dd2d4b12e84 - <core::panic::unwind_safe::AssertUnwindSafe<F> as core::ops::function::FnOnce<()>>::call_once::h46696fe4a6832328
[INFO] [stdout]                                at /rustc/202008a1b8de96d2e5b6bc02d379db03a877d34d/library/core/src/panic/unwind_safe.rs:272:9
[INFO] [stdout]   36:     0x5dd2d4b12e84 - std::panicking::try::do_call::h2625a51b667bfb64
[INFO] [stdout]                                at /rustc/202008a1b8de96d2e5b6bc02d379db03a877d34d/library/std/src/panicking.rs:557:40
[INFO] [stdout]   37:     0x5dd2d4b12e84 - std::panicking::try::hb956a59a1973aa4c
[INFO] [stdout]                                at /rustc/202008a1b8de96d2e5b6bc02d379db03a877d34d/library/std/src/panicking.rs:520:19
[INFO] [stdout]   38:     0x5dd2d4b12e84 - std::panic::catch_unwind::h64f3b9d1067ef6a0
[INFO] [stdout]                                at /rustc/202008a1b8de96d2e5b6bc02d379db03a877d34d/library/std/src/panic.rs:358:14
[INFO] [stdout]   39:     0x5dd2d4b12e84 - std::thread::Builder::spawn_unchecked_::{{closure}}::h42b2841295b6c0b2
[INFO] [stdout]                                at /rustc/202008a1b8de96d2e5b6bc02d379db03a877d34d/library/std/src/thread/mod.rs:559:30
[INFO] [stdout]   40:     0x5dd2d4b12e84 - core::ops::function::FnOnce::call_once{{vtable.shim}}::h6127de71b8124639
[INFO] [stdout]                                at /rustc/202008a1b8de96d2e5b6bc02d379db03a877d34d/library/core/src/ops/function.rs:250:5
[INFO] [stdout]   41:     0x5dd2d503ffdb - <alloc::boxed::Box<F,A> as core::ops::function::FnOnce<Args>>::call_once::h42f0ba71002a1b2c
[INFO] [stdout]                                at /rustc/202008a1b8de96d2e5b6bc02d379db03a877d34d/library/alloc/src/boxed.rs:1972:9
[INFO] [stdout]   42:     0x5dd2d503ffdb - <alloc::boxed::Box<F,A> as core::ops::function::FnOnce<Args>>::call_once::had9e47d7a3dcecb8
[INFO] [stdout]                                at /rustc/202008a1b8de96d2e5b6bc02d379db03a877d34d/library/alloc/src/boxed.rs:1972:9
[INFO] [stdout]   43:     0x5dd2d503ffdb - std::sys::pal::unix::thread::Thread::new::thread_start::h48cf765408f6f5f2
[INFO] [stdout]                                at /rustc/202008a1b8de96d2e5b6bc02d379db03a877d34d/library/std/src/sys/pal/unix/thread.rs:105:17
[INFO] [stdout]   44:     0x7870f18e7ac3 - <unknown>
[INFO] [stdout]   45:     0x7870f1978a04 - clone
[INFO] [stdout]   46:                0x0 - <unknown>
[INFO] [stdout] 
[INFO] [stdout] ---- merge_file::tests::test_merge stdout ----
[INFO] [stdout] INFO: Start Merging
[INFO] [stdout] [src/merge_file.rs:52:9] &res = Err(
[INFO] [stdout]     Os {
[INFO] [stdout]         code: 2,
[INFO] [stdout]         kind: NotFound,
[INFO] [stdout]         message: "No such file or directory",
[INFO] [stdout]     },
[INFO] [stdout] )
[INFO] [stdout] thread 'merge_file::tests::test_merge' panicked at src/merge_file.rs:54:9:
[INFO] [stdout] assertion failed: res.is_ok()
[INFO] [stdout] stack backtrace:
[INFO] [stdout]    0:     0x5dd2d503925a - std::backtrace_rs::backtrace::libunwind::trace::h8810477743020387
[INFO] [stdout]                                at /rustc/202008a1b8de96d2e5b6bc02d379db03a877d34d/library/std/src/../../backtrace/src/backtrace/libunwind.rs:116:5
[INFO] [stdout]    1:     0x5dd2d503925a - std::backtrace_rs::backtrace::trace_unsynchronized::h3aa55355dd6c54a6
[INFO] [stdout]                                at /rustc/202008a1b8de96d2e5b6bc02d379db03a877d34d/library/std/src/../../backtrace/src/backtrace/mod.rs:66:5
[INFO] [stdout]    2:     0x5dd2d503925a - std::sys::backtrace::_print_fmt::h8588b0f62410823f
[INFO] [stdout]                                at /rustc/202008a1b8de96d2e5b6bc02d379db03a877d34d/library/std/src/sys/backtrace.rs:66:9
[INFO] [stdout]    3:     0x5dd2d503925a - <std::sys::backtrace::BacktraceLock::print::DisplayBacktrace as core::fmt::Display>::fmt::h98c26ac25ffe89bb
[INFO] [stdout]                                at /rustc/202008a1b8de96d2e5b6bc02d379db03a877d34d/library/std/src/sys/backtrace.rs:39:26
[INFO] [stdout]    4:     0x5dd2d5064613 - core::fmt::rt::Argument::fmt::hf95377f4aebd453b
[INFO] [stdout]                                at /rustc/202008a1b8de96d2e5b6bc02d379db03a877d34d/library/core/src/fmt/rt.rs:177:76
[INFO] [stdout]    5:     0x5dd2d5064613 - core::fmt::write::h0dd5f6e2238c7982
[INFO] [stdout]                                at /rustc/202008a1b8de96d2e5b6bc02d379db03a877d34d/library/core/src/fmt/mod.rs:1189:21
[INFO] [stdout]    6:     0x5dd2d50351e3 - std::io::Write::write_fmt::h03bb0ca26e6faf8c
[INFO] [stdout]                                at /rustc/202008a1b8de96d2e5b6bc02d379db03a877d34d/library/std/src/io/mod.rs:1884:15
[INFO] [stdout]    7:     0x5dd2d50390a2 - std::sys::backtrace::BacktraceLock::print::h5c19c1c038ee186d
[INFO] [stdout]                                at /rustc/202008a1b8de96d2e5b6bc02d379db03a877d34d/library/std/src/sys/backtrace.rs:42:9
[INFO] [stdout]    8:     0x5dd2d503a6dd - std::panicking::default_hook::{{closure}}::h77172f079a1fcb13
[INFO] [stdout]                                at /rustc/202008a1b8de96d2e5b6bc02d379db03a877d34d/library/std/src/panicking.rs:268:22
[INFO] [stdout]    9:     0x5dd2d503a4e7 - std::panicking::default_hook::he5f8e3b203ccddba
[INFO] [stdout]                                at /rustc/202008a1b8de96d2e5b6bc02d379db03a877d34d/library/std/src/panicking.rs:292:9
[INFO] [stdout]   10:     0x5dd2d4b47557 - <alloc::boxed::Box<F,A> as core::ops::function::Fn<Args>>::call::h7a3c7b4a1ae77f2f
[INFO] [stdout]                                at /rustc/202008a1b8de96d2e5b6bc02d379db03a877d34d/library/alloc/src/boxed.rs:1986:9
[INFO] [stdout]   11:     0x5dd2d4b47557 - test::test_main::{{closure}}::hf0d3b69ae9b353d1
[INFO] [stdout]                                at /rustc/202008a1b8de96d2e5b6bc02d379db03a877d34d/library/test/src/lib.rs:134:21
[INFO] [stdout]   12:     0x5dd2d503ad88 - <alloc::boxed::Box<F,A> as core::ops::function::Fn<Args>>::call::h6332e82e7b189abd
[INFO] [stdout]                                at /rustc/202008a1b8de96d2e5b6bc02d379db03a877d34d/library/alloc/src/boxed.rs:1986:9
[INFO] [stdout]   13:     0x5dd2d503ad88 - std::panicking::rust_panic_with_hook::h53863d4e9018df39
[INFO] [stdout]                                at /rustc/202008a1b8de96d2e5b6bc02d379db03a877d34d/library/std/src/panicking.rs:809:13
[INFO] [stdout]   14:     0x5dd2d503ab16 - std::panicking::begin_panic_handler::{{closure}}::h67280e6fa0757873
[INFO] [stdout]                                at /rustc/202008a1b8de96d2e5b6bc02d379db03a877d34d/library/std/src/panicking.rs:667:13
[INFO] [stdout]   15:     0x5dd2d5039739 - std::sys::backtrace::__rust_end_short_backtrace::h1dac3f54d6fbbeb2
[INFO] [stdout]                                at /rustc/202008a1b8de96d2e5b6bc02d379db03a877d34d/library/std/src/sys/backtrace.rs:170:18
[INFO] [stdout]   16:     0x5dd2d503a7dc - rust_begin_unwind
[INFO] [stdout]                                at /rustc/202008a1b8de96d2e5b6bc02d379db03a877d34d/library/std/src/panicking.rs:665:5
[INFO] [stdout]   17:     0x5dd2d4a803f0 - core::panicking::panic_fmt::h6792bd1b2bf01041
[INFO] [stdout]                                at /rustc/202008a1b8de96d2e5b6bc02d379db03a877d34d/library/core/src/panicking.rs:76:14
[INFO] [stdout]   18:     0x5dd2d4a8047c - core::panicking::panic::hbb5c236a846c507c
[INFO] [stdout]                                at /rustc/202008a1b8de96d2e5b6bc02d379db03a877d34d/library/core/src/panicking.rs:148:5
[INFO] [stdout]   19:     0x5dd2d4ad0576 - terminusdm::merge_file::tests::test_merge::{{closure}}::h999b4634877c9d78
[INFO] [stdout]                                at /opt/rustwide/workdir/src/merge_file.rs:54:9
[INFO] [stdout]   20:     0x5dd2d4ae0352 - <core::pin::Pin<P> as core::future::future::Future>::poll::h3f383add6a91e724
[INFO] [stdout]                                at /rustc/202008a1b8de96d2e5b6bc02d379db03a877d34d/library/core/src/future/future.rs:124:9
[INFO] [stdout]   21:     0x5dd2d4ae030d - <core::pin::Pin<P> as core::future::future::Future>::poll::h3526ee48bd8aa3cd
[INFO] [stdout]                                at /rustc/202008a1b8de96d2e5b6bc02d379db03a877d34d/library/core/src/future/future.rs:124:9
[INFO] [stdout]   22:     0x5dd2d4a8fb7f - tokio::runtime::scheduler::current_thread::CoreGuard::block_on::{{closure}}::{{closure}}::{{closure}}::he72b17d3994d53df
[INFO] [stdout]                                at /opt/rustwide/cargo-home/registry/src/index.crates.io-6f17d22bba15001f/tokio-1.39.2/src/runtime/scheduler/current_thread/mod.rs:673:57
[INFO] [stdout]   23:     0x5dd2d4a8f485 - tokio::runtime::coop::with_budget::ha8201867556b523d
[INFO] [stdout]                                at /opt/rustwide/cargo-home/registry/src/index.crates.io-6f17d22bba15001f/tokio-1.39.2/src/runtime/coop.rs:107:5
[INFO] [stdout]   24:     0x5dd2d4a8f485 - tokio::runtime::coop::budget::hcfe10a6b524b3df3
[INFO] [stdout]                                at /opt/rustwide/cargo-home/registry/src/index.crates.io-6f17d22bba15001f/tokio-1.39.2/src/runtime/coop.rs:73:5
[INFO] [stdout]   25:     0x5dd2d4a8f485 - tokio::runtime::scheduler::current_thread::CoreGuard::block_on::{{closure}}::{{closure}}::h1334d92cae255be3
[INFO] [stdout]                                at /opt/rustwide/cargo-home/registry/src/index.crates.io-6f17d22bba15001f/tokio-1.39.2/src/runtime/scheduler/current_thread/mod.rs:673:25
[INFO] [stdout]   26:     0x5dd2d4a8a890 - tokio::runtime::scheduler::current_thread::Context::enter::h73615b5c7ee990bf
[INFO] [stdout]                                at /opt/rustwide/cargo-home/registry/src/index.crates.io-6f17d22bba15001f/tokio-1.39.2/src/runtime/scheduler/current_thread/mod.rs:412:19
[INFO] [stdout]   27:     0x5dd2d4a8ecee - tokio::runtime::scheduler::current_thread::CoreGuard::block_on::{{closure}}::hf504e97fe65b0666
[INFO] [stdout]                                at /opt/rustwide/cargo-home/registry/src/index.crates.io-6f17d22bba15001f/tokio-1.39.2/src/runtime/scheduler/current_thread/mod.rs:672:36
[INFO] [stdout]   28:     0x5dd2d4a8ce34 - tokio::runtime::scheduler::current_thread::CoreGuard::enter::{{closure}}::h972051b9de854cd1
[INFO] [stdout]                                at /opt/rustwide/cargo-home/registry/src/index.crates.io-6f17d22bba15001f/tokio-1.39.2/src/runtime/scheduler/current_thread/mod.rs:751:68
[INFO] [stdout]   29:     0x5dd2d4a9723b - tokio::runtime::context::scoped::Scoped<T>::set::h9d74bd0a0298608c
[INFO] [stdout]                                at /opt/rustwide/cargo-home/registry/src/index.crates.io-6f17d22bba15001f/tokio-1.39.2/src/runtime/context/scoped.rs:40:9
[INFO] [stdout]   30:     0x5dd2d4ad31d9 - tokio::runtime::context::set_scheduler::{{closure}}::h38502c0825f89271
[INFO] [stdout]                                at /opt/rustwide/cargo-home/registry/src/index.crates.io-6f17d22bba15001f/tokio-1.39.2/src/runtime/context.rs:180:26
[INFO] [stdout]   31:     0x5dd2d4af095d - std::thread::local::LocalKey<T>::try_with::hdd02f503db9fb0f6
[INFO] [stdout]                                at /rustc/202008a1b8de96d2e5b6bc02d379db03a877d34d/library/std/src/thread/local.rs:283:12
[INFO] [stdout]   32:     0x5dd2d4aeee5a - std::thread::local::LocalKey<T>::with::hce888946394cd83b
[INFO] [stdout]                                at /rustc/202008a1b8de96d2e5b6bc02d379db03a877d34d/library/std/src/thread/local.rs:260:9
[INFO] [stdout]   33:     0x5dd2d4ad306d - tokio::runtime::context::set_scheduler::h374700a927589e20
[INFO] [stdout]                                at /opt/rustwide/cargo-home/registry/src/index.crates.io-6f17d22bba15001f/tokio-1.39.2/src/runtime/context.rs:180:9
[INFO] [stdout]   34:     0x5dd2d4a8c740 - tokio::runtime::scheduler::current_thread::CoreGuard::enter::ha53a9363eac65126
[INFO] [stdout]                                at /opt/rustwide/cargo-home/registry/src/index.crates.io-6f17d22bba15001f/tokio-1.39.2/src/runtime/scheduler/current_thread/mod.rs:751:27
[INFO] [stdout]   35:     0x5dd2d4a8cfc3 - tokio::runtime::scheduler::current_thread::CoreGuard::block_on::h8d3d7114f3fa5ccd
[INFO] [stdout]                                at /opt/rustwide/cargo-home/registry/src/index.crates.io-6f17d22bba15001f/tokio-1.39.2/src/runtime/scheduler/current_thread/mod.rs:660:19
[INFO] [stdout]   36:     0x5dd2d4a884bf - tokio::runtime::scheduler::current_thread::CurrentThread::block_on::{{closure}}::h521033f1d526f437
[INFO] [stdout]                                at /opt/rustwide/cargo-home/registry/src/index.crates.io-6f17d22bba15001f/tokio-1.39.2/src/runtime/scheduler/current_thread/mod.rs:180:28
[INFO] [stdout]   37:     0x5dd2d4a974e6 - tokio::runtime::context::runtime::enter_runtime::h2196fd44583569f8
[INFO] [stdout]                                at /opt/rustwide/cargo-home/registry/src/index.crates.io-6f17d22bba15001f/tokio-1.39.2/src/runtime/context/runtime.rs:65:16
[INFO] [stdout]   38:     0x5dd2d4a88101 - tokio::runtime::scheduler::current_thread::CurrentThread::block_on::hbf5a592946d9a5e0
[INFO] [stdout]                                at /opt/rustwide/cargo-home/registry/src/index.crates.io-6f17d22bba15001f/tokio-1.39.2/src/runtime/scheduler/current_thread/mod.rs:168:9
[INFO] [stdout]   39:     0x5dd2d4a994dd - tokio::runtime::runtime::Runtime::block_on_inner::h65241a9d7a911a4e
[INFO] [stdout]                                at /opt/rustwide/cargo-home/registry/src/index.crates.io-6f17d22bba15001f/tokio-1.39.2/src/runtime/runtime.rs:361:47
[INFO] [stdout]   40:     0x5dd2d4a995f5 - tokio::runtime::runtime::Runtime::block_on::h7203831186c3d7b4
[INFO] [stdout]                                at /opt/rustwide/cargo-home/registry/src/index.crates.io-6f17d22bba15001f/tokio-1.39.2/src/runtime/runtime.rs:335:13
[INFO] [stdout]   41:     0x5dd2d4ad0081 - terminusdm::merge_file::tests::test_merge::h3381e69fd7273fae
[INFO] [stdout]                                at /opt/rustwide/workdir/src/merge_file.rs:54:9
[INFO] [stdout]   42:     0x5dd2d4acff27 - terminusdm::merge_file::tests::test_merge::{{closure}}::h596c83246458d854
[INFO] [stdout]                                at /opt/rustwide/workdir/src/merge_file.rs:47:26
[INFO] [stdout]   43:     0x5dd2d4ae87d6 - core::ops::function::FnOnce::call_once::h2ddd60547eb17820
[INFO] [stdout]                                at /rustc/202008a1b8de96d2e5b6bc02d379db03a877d34d/library/core/src/ops/function.rs:250:5
[INFO] [stdout]   44:     0x5dd2d4b4c07b - core::ops::function::FnOnce::call_once::h871bf86719ec9aa4
[INFO] [stdout]                                at /rustc/202008a1b8de96d2e5b6bc02d379db03a877d34d/library/core/src/ops/function.rs:250:5
[INFO] [stdout]   45:     0x5dd2d4b4c07b - test::__rust_begin_short_backtrace::h2167df1e2b7d76fd
[INFO] [stdout]                                at /rustc/202008a1b8de96d2e5b6bc02d379db03a877d34d/library/test/src/lib.rs:632:18
[INFO] [stdout]   46:     0x5dd2d4b4ba68 - test::run_test_in_process::{{closure}}::h15d92f75a3adfb79
[INFO] [stdout]                                at /rustc/202008a1b8de96d2e5b6bc02d379db03a877d34d/library/test/src/lib.rs:655:60
[INFO] [stdout]   47:     0x5dd2d4b4ba68 - <core::panic::unwind_safe::AssertUnwindSafe<F> as core::ops::function::FnOnce<()>>::call_once::hb6c8955835a8dbbb
[INFO] [stdout]                                at /rustc/202008a1b8de96d2e5b6bc02d379db03a877d34d/library/core/src/panic/unwind_safe.rs:272:9
[INFO] [stdout]   48:     0x5dd2d4b4ba68 - std::panicking::try::do_call::hc79d0fc888a0bd30
[INFO] [stdout]                                at /rustc/202008a1b8de96d2e5b6bc02d379db03a877d34d/library/std/src/panicking.rs:557:40
[INFO] [stdout]   49:     0x5dd2d4b4ba68 - std::panicking::try::hb8a7878e3a8589d6
[INFO] [stdout]                                at /rustc/202008a1b8de96d2e5b6bc02d379db03a877d34d/library/std/src/panicking.rs:520:19
[INFO] [stdout]   50:     0x5dd2d4b4ba68 - std::panic::catch_unwind::hb8e4600ff0ff5cfa
[INFO] [stdout]                                at /rustc/202008a1b8de96d2e5b6bc02d379db03a877d34d/library/std/src/panic.rs:358:14
[INFO] [stdout]   51:     0x5dd2d4b4ba68 - test::run_test_in_process::hc2900b0b18688dd6
[INFO] [stdout]                                at /rustc/202008a1b8de96d2e5b6bc02d379db03a877d34d/library/test/src/lib.rs:655:27
[INFO] [stdout]   52:     0x5dd2d4b4ba68 - test::run_test::{{closure}}::hac2a9cb07be3d48d
[INFO] [stdout]                                at /rustc/202008a1b8de96d2e5b6bc02d379db03a877d34d/library/test/src/lib.rs:576:43
[INFO] [stdout]   53:     0x5dd2d4b0f50a - test::run_test::{{closure}}::h4a5b729e66a38cd8
[INFO] [stdout]                                at /rustc/202008a1b8de96d2e5b6bc02d379db03a877d34d/library/test/src/lib.rs:606:41
[INFO] [stdout]   54:     0x5dd2d4b0f50a - std::sys::backtrace::__rust_begin_short_backtrace::h0496fb742492f573
[INFO] [stdout]                                at /rustc/202008a1b8de96d2e5b6bc02d379db03a877d34d/library/std/src/sys/backtrace.rs:154:18
[INFO] [stdout]   55:     0x5dd2d4b12e84 - std::thread::Builder::spawn_unchecked_::{{closure}}::{{closure}}::hbb6d257c550a54bd
[INFO] [stdout]                                at /rustc/202008a1b8de96d2e5b6bc02d379db03a877d34d/library/std/src/thread/mod.rs:561:17
[INFO] [stdout]   56:     0x5dd2d4b12e84 - <core::panic::unwind_safe::AssertUnwindSafe<F> as core::ops::function::FnOnce<()>>::call_once::h46696fe4a6832328
[INFO] [stdout]                                at /rustc/202008a1b8de96d2e5b6bc02d379db03a877d34d/library/core/src/panic/unwind_safe.rs:272:9
[INFO] [stdout]   57:     0x5dd2d4b12e84 - std::panicking::try::do_call::h2625a51b667bfb64
[INFO] [stdout]                                at /rustc/202008a1b8de96d2e5b6bc02d379db03a877d34d/library/std/src/panicking.rs:557:40
[INFO] [stdout]   58:     0x5dd2d4b12e84 - std::panicking::try::hb956a59a1973aa4c
[INFO] [stdout]                                at /rustc/202008a1b8de96d2e5b6bc02d379db03a877d34d/library/std/src/panicking.rs:520:19
[INFO] [stdout]   59:     0x5dd2d4b12e84 - std::panic::catch_unwind::h64f3b9d1067ef6a0
[INFO] [stdout]                                at /rustc/202008a1b8de96d2e5b6bc02d379db03a877d34d/library/std/src/panic.rs:358:14
[INFO] [stdout]   60:     0x5dd2d4b12e84 - std::thread::Builder::spawn_unchecked_::{{closure}}::h42b2841295b6c0b2
[INFO] [stdout]                                at /rustc/202008a1b8de96d2e5b6bc02d379db03a877d34d/library/std/src/thread/mod.rs:559:30
[INFO] [stdout]   61:     0x5dd2d4b12e84 - core::ops::function::FnOnce::call_once{{vtable.shim}}::h6127de71b8124639
[INFO] [stdout]                                at /rustc/202008a1b8de96d2e5b6bc02d379db03a877d34d/library/core/src/ops/function.rs:250:5
[INFO] [stdout]   62:     0x5dd2d503ffdb - <alloc::boxed::Box<F,A> as core::ops::function::FnOnce<Args>>::call_once::h42f0ba71002a1b2c
[INFO] [stdout]                                at /rustc/202008a1b8de96d2e5b6bc02d379db03a877d34d/library/alloc/src/boxed.rs:1972:9
[INFO] [stdout]   63:     0x5dd2d503ffdb - <alloc::boxed::Box<F,A> as core::ops::function::FnOnce<Args>>::call_once::had9e47d7a3dcecb8
[INFO] [stdout]                                at /rustc/202008a1b8de96d2e5b6bc02d379db03a877d34d/library/alloc/src/boxed.rs:1972:9
[INFO] [stdout]   64:     0x5dd2d503ffdb - std::sys::pal::unix::thread::Thread::new::thread_start::h48cf765408f6f5f2
[INFO] [stdout]                                at /rustc/202008a1b8de96d2e5b6bc02d379db03a877d34d/library/std/src/sys/pal/unix/thread.rs:105:17
[INFO] [stdout]   65:     0x7870f18e7ac3 - <unknown>
[INFO] [stdout]   66:     0x7870f1978a04 - clone
[INFO] [stdout]   67:                0x0 - <unknown>
[INFO] [stdout] 
[INFO] [stdout] ---- utils::fs_utils::tests::test_avail_2 stdout ----
[INFO] [stdout] thread 'utils::fs_utils::tests::test_avail_2' panicked at src/utils/fs_utils.rs:54:9:
[INFO] [stdout] assertion `left == right` failed
[INFO] [stdout]   left: "test/file(4).txt"
[INFO] [stdout]  right: "test/file.txt"
[INFO] [stdout] stack backtrace:
[INFO] [stdout]    0:     0x5dd2d503925a - std::backtrace_rs::backtrace::libunwind::trace::h8810477743020387
[INFO] [stdout]                                at /rustc/202008a1b8de96d2e5b6bc02d379db03a877d34d/library/std/src/../../backtrace/src/backtrace/libunwind.rs:116:5
[INFO] [stdout]    1:     0x5dd2d503925a - std::backtrace_rs::backtrace::trace_unsynchronized::h3aa55355dd6c54a6
[INFO] [stdout]                                at /rustc/202008a1b8de96d2e5b6bc02d379db03a877d34d/library/std/src/../../backtrace/src/backtrace/mod.rs:66:5
[INFO] [stdout]    2:     0x5dd2d503925a - std::sys::backtrace::_print_fmt::h8588b0f62410823f
[INFO] [stdout]                                at /rustc/202008a1b8de96d2e5b6bc02d379db03a877d34d/library/std/src/sys/backtrace.rs:66:9
[INFO] [stdout]    3:     0x5dd2d503925a - <std::sys::backtrace::BacktraceLock::print::DisplayBacktrace as core::fmt::Display>::fmt::h98c26ac25ffe89bb
[INFO] [stdout]                                at /rustc/202008a1b8de96d2e5b6bc02d379db03a877d34d/library/std/src/sys/backtrace.rs:39:26
[INFO] [stdout]    4:     0x5dd2d5064613 - core::fmt::rt::Argument::fmt::hf95377f4aebd453b
[INFO] [stdout]                                at /rustc/202008a1b8de96d2e5b6bc02d379db03a877d34d/library/core/src/fmt/rt.rs:177:76
[INFO] [stdout]    5:     0x5dd2d5064613 - core::fmt::write::h0dd5f6e2238c7982
[INFO] [stdout]                                at /rustc/202008a1b8de96d2e5b6bc02d379db03a877d34d/library/core/src/fmt/mod.rs:1189:21
[INFO] [stdout]    6:     0x5dd2d50351e3 - std::io::Write::write_fmt::h03bb0ca26e6faf8c
[INFO] [stdout]                                at /rustc/202008a1b8de96d2e5b6bc02d379db03a877d34d/library/std/src/io/mod.rs:1884:15
[INFO] [stdout]    7:     0x5dd2d50390a2 - std::sys::backtrace::BacktraceLock::print::h5c19c1c038ee186d
[INFO] [stdout]                                at /rustc/202008a1b8de96d2e5b6bc02d379db03a877d34d/library/std/src/sys/backtrace.rs:42:9
[INFO] [stdout]    8:     0x5dd2d503a6dd - std::panicking::default_hook::{{closure}}::h77172f079a1fcb13
[INFO] [stdout]                                at /rustc/202008a1b8de96d2e5b6bc02d379db03a877d34d/library/std/src/panicking.rs:268:22
[INFO] [stdout]    9:     0x5dd2d503a4e7 - std::panicking::default_hook::he5f8e3b203ccddba
[INFO] [stdout]                                at /rustc/202008a1b8de96d2e5b6bc02d379db03a877d34d/library/std/src/panicking.rs:292:9
[INFO] [stdout]   10:     0x5dd2d4b47557 - <alloc::boxed::Box<F,A> as core::ops::function::Fn<Args>>::call::h7a3c7b4a1ae77f2f
[INFO] [stdout]                                at /rustc/202008a1b8de96d2e5b6bc02d379db03a877d34d/library/alloc/src/boxed.rs:1986:9
[INFO] [stdout]   11:     0x5dd2d4b47557 - test::test_main::{{closure}}::hf0d3b69ae9b353d1
[INFO] [stdout]                                at /rustc/202008a1b8de96d2e5b6bc02d379db03a877d34d/library/test/src/lib.rs:134:21
[INFO] [stdout]   12:     0x5dd2d503ad88 - <alloc::boxed::Box<F,A> as core::ops::function::Fn<Args>>::call::h6332e82e7b189abd
[INFO] [stdout]                                at /rustc/202008a1b8de96d2e5b6bc02d379db03a877d34d/library/alloc/src/boxed.rs:1986:9
[INFO] [stdout]   13:     0x5dd2d503ad88 - std::panicking::rust_panic_with_hook::h53863d4e9018df39
[INFO] [stdout]                                at /rustc/202008a1b8de96d2e5b6bc02d379db03a877d34d/library/std/src/panicking.rs:809:13
[INFO] [stdout]   14:     0x5dd2d503ab4a - std::panicking::begin_panic_handler::{{closure}}::h67280e6fa0757873
[INFO] [stdout]                                at /rustc/202008a1b8de96d2e5b6bc02d379db03a877d34d/library/std/src/panicking.rs:674:13
[INFO] [stdout]   15:     0x5dd2d5039739 - std::sys::backtrace::__rust_end_short_backtrace::h1dac3f54d6fbbeb2
[INFO] [stdout]                                at /rustc/202008a1b8de96d2e5b6bc02d379db03a877d34d/library/std/src/sys/backtrace.rs:170:18
[INFO] [stdout]   16:     0x5dd2d503a7dc - rust_begin_unwind
[INFO] [stdout]                                at /rustc/202008a1b8de96d2e5b6bc02d379db03a877d34d/library/std/src/panicking.rs:665:5
[INFO] [stdout]   17:     0x5dd2d4a803f0 - core::panicking::panic_fmt::h6792bd1b2bf01041
[INFO] [stdout]                                at /rustc/202008a1b8de96d2e5b6bc02d379db03a877d34d/library/core/src/panicking.rs:76:14
[INFO] [stdout]   18:     0x5dd2d4a80855 - core::panicking::assert_failed_inner::hf2c17e6d30928787
[INFO] [stdout]   19:     0x5dd2d4aa346f - core::panicking::assert_failed::h8b6e1e6da44749de
[INFO] [stdout]                                at /rustc/202008a1b8de96d2e5b6bc02d379db03a877d34d/library/core/src/panicking.rs:373:5
[INFO] [stdout]   20:     0x5dd2d4a90015 - terminusdm::utils::fs_utils::tests::test_avail_2::hee9b8cded226b996
[INFO] [stdout]                                at /opt/rustwide/workdir/src/utils/fs_utils.rs:54:9
[INFO] [stdout]   21:     0x5dd2d4a8ff07 - terminusdm::utils::fs_utils::tests::test_avail_2::{{closure}}::h6cfc6b6f5ca64b26
[INFO] [stdout]                                at /opt/rustwide/workdir/src/utils/fs_utils.rs:48:22
[INFO] [stdout]   22:     0x5dd2d4ae8fe6 - core::ops::function::FnOnce::call_once::hb0493556faed25b1
[INFO] [stdout]                                at /rustc/202008a1b8de96d2e5b6bc02d379db03a877d34d/library/core/src/ops/function.rs:250:5
[INFO] [stdout]   23:     0x5dd2d4b4c07b - core::ops::function::FnOnce::call_once::h871bf86719ec9aa4
[INFO] [stdout]                                at /rustc/202008a1b8de96d2e5b6bc02d379db03a877d34d/library/core/src/ops/function.rs:250:5
[INFO] [stdout]   24:     0x5dd2d4b4c07b - test::__rust_begin_short_backtrace::h2167df1e2b7d76fd
[INFO] [stdout]                                at /rustc/202008a1b8de96d2e5b6bc02d379db03a877d34d/library/test/src/lib.rs:632:18
[INFO] [stdout]   25:     0x5dd2d4b4ba68 - test::run_test_in_process::{{closure}}::h15d92f75a3adfb79
[INFO] [stdout]                                at /rustc/202008a1b8de96d2e5b6bc02d379db03a877d34d/library/test/src/lib.rs:655:60
[INFO] [stdout]   26:     0x5dd2d4b4ba68 - <core::panic::unwind_safe::AssertUnwindSafe<F> as core::ops::function::FnOnce<()>>::call_once::hb6c8955835a8dbbb
[INFO] [stdout]                                at /rustc/202008a1b8de96d2e5b6bc02d379db03a877d34d/library/core/src/panic/unwind_safe.rs:272:9
[INFO] [stdout]   27:     0x5dd2d4b4ba68 - std::panicking::try::do_call::hc79d0fc888a0bd30
[INFO] [stdout]                                at /rustc/202008a1b8de96d2e5b6bc02d379db03a877d34d/library/std/src/panicking.rs:557:40
[INFO] [stdout]   28:     0x5dd2d4b4ba68 - std::panicking::try::hb8a7878e3a8589d6
[INFO] [stdout]                                at /rustc/202008a1b8de96d2e5b6bc02d379db03a877d34d/library/std/src/panicking.rs:520:19
[INFO] [stdout]   29:     0x5dd2d4b4ba68 - std::panic::catch_unwind::hb8e4600ff0ff5cfa
[INFO] [stdout]                                at /rustc/202008a1b8de96d2e5b6bc02d379db03a877d34d/library/std/src/panic.rs:358:14
[INFO] [stdout]   30:     0x5dd2d4b4ba68 - test::run_test_in_process::hc2900b0b18688dd6
[INFO] [stdout]                                at /rustc/202008a1b8de96d2e5b6bc02d379db03a877d34d/library/test/src/lib.rs:655:27
[INFO] [stdout]   31:     0x5dd2d4b4ba68 - test::run_test::{{closure}}::hac2a9cb07be3d48d
[INFO] [stdout]                                at /rustc/202008a1b8de96d2e5b6bc02d379db03a877d34d/library/test/src/lib.rs:576:43
[INFO] [stdout]   32:     0x5dd2d4b0f50a - test::run_test::{{closure}}::h4a5b729e66a38cd8
[INFO] [stdout]                                at /rustc/202008a1b8de96d2e5b6bc02d379db03a877d34d/library/test/src/lib.rs:606:41
[INFO] [stdout]   33:     0x5dd2d4b0f50a - std::sys::backtrace::__rust_begin_short_backtrace::h0496fb742492f573
[INFO] [stdout]                                at /rustc/202008a1b8de96d2e5b6bc02d379db03a877d34d/library/std/src/sys/backtrace.rs:154:18
[INFO] [stdout]   34:     0x5dd2d4b12e84 - std::thread::Builder::spawn_unchecked_::{{closure}}::{{closure}}::hbb6d257c550a54bd
[INFO] [stdout]                                at /rustc/202008a1b8de96d2e5b6bc02d379db03a877d34d/library/std/src/thread/mod.rs:561:17
[INFO] [stdout]   35:     0x5dd2d4b12e84 - <core::panic::unwind_safe::AssertUnwindSafe<F> as core::ops::function::FnOnce<()>>::call_once::h46696fe4a6832328
[INFO] [stdout]                                at /rustc/202008a1b8de96d2e5b6bc02d379db03a877d34d/library/core/src/panic/unwind_safe.rs:272:9
[INFO] [stdout]   36:     0x5dd2d4b12e84 - std::panicking::try::do_call::h2625a51b667bfb64
[INFO] [stdout]                                at /rustc/202008a1b8de96d2e5b6bc02d379db03a877d34d/library/std/src/panicking.rs:557:40
[INFO] [stdout]   37:     0x5dd2d4b12e84 - std::panicking::try::hb956a59a1973aa4c
[INFO] [stdout]                                at /rustc/202008a1b8de96d2e5b6bc02d379db03a877d34d/library/std/src/panicking.rs:520:19
[INFO] [stdout]   38:     0x5dd2d4b12e84 - std::panic::catch_unwind::h64f3b9d1067ef6a0
[INFO] [stdout]                                at /rustc/202008a1b8de96d2e5b6bc02d379db03a877d34d/library/std/src/panic.rs:358:14
[INFO] [stdout]   39:     0x5dd2d4b12e84 - std::thread::Builder::spawn_unchecked_::{{closure}}::h42b2841295b6c0b2
[INFO] [stdout]                                at /rustc/202008a1b8de96d2e5b6bc02d379db03a877d34d/library/std/src/thread/mod.rs:559:30
[INFO] [stdout]   40:     0x5dd2d4b12e84 - core::ops::function::FnOnce::call_once{{vtable.shim}}::h6127de71b8124639
[INFO] [stdout]                                at /rustc/202008a1b8de96d2e5b6bc02d379db03a877d34d/library/core/src/ops/function.rs:250:5
[INFO] [stdout]   41:     0x5dd2d503ffdb - <alloc::boxed::Box<F,A> as core::ops::function::FnOnce<Args>>::call_once::h42f0ba71002a1b2c
[INFO] [stdout]                                at /rustc/202008a1b8de96d2e5b6bc02d379db03a877d34d/library/alloc/src/boxed.rs:1972:9
[INFO] [stdout]   42:     0x5dd2d503ffdb - <alloc::boxed::Box<F,A> as core::ops::function::FnOnce<Args>>::call_once::had9e47d7a3dcecb8
[INFO] [stdout]                                at /rustc/202008a1b8de96d2e5b6bc02d379db03a877d34d/library/alloc/src/boxed.rs:1972:9
[INFO] [stdout]   43:     0x5dd2d503ffdb - std::sys::pal::unix::thread::Thread::new::thread_start::h48cf765408f6f5f2
[INFO] [stdout]                                at /rustc/202008a1b8de96d2e5b6bc02d379db03a877d34d/library/std/src/sys/pal/unix/thread.rs:105:17
[INFO] [stdout]   44:     0x7870f18e7ac3 - <unknown>
[INFO] [stdout]   45:     0x7870f1978a04 - clone
[INFO] [stdout]   46:                0x0 - <unknown>
[INFO] [stdout] 
[INFO] [stdout] ---- merge_file::tests::test_bin_merge stdout ----
[INFO] [stdout] INFO: Start Merging
[INFO] [stdout] [src/merge_file.rs:64:9] &res = Err(
[INFO] [stdout]     Os {
[INFO] [stdout]         code: 2,
[INFO] [stdout]         kind: NotFound,
[INFO] [stdout]         message: "No such file or directory",
[INFO] [stdout]     },
[INFO] [stdout] )
[INFO] [stdout] thread 'merge_file::tests::test_bin_merge' panicked at src/merge_file.rs:66:9:
[INFO] [stdout] assertion failed: res.is_ok()
[INFO] [stdout] stack backtrace:
[INFO] [stdout]    0:     0x5dd2d503925a - std::backtrace_rs::backtrace::libunwind::trace::h8810477743020387
[INFO] [stdout]                                at /rustc/202008a1b8de96d2e5b6bc02d379db03a877d34d/library/std/src/../../backtrace/src/backtrace/libunwind.rs:116:5
[INFO] [stdout]    1:     0x5dd2d503925a - std::backtrace_rs::backtrace::trace_unsynchronized::h3aa55355dd6c54a6
[INFO] [stdout]                                at /rustc/202008a1b8de96d2e5b6bc02d379db03a877d34d/library/std/src/../../backtrace/src/backtrace/mod.rs:66:5
[INFO] [stdout]    2:     0x5dd2d503925a - std::sys::backtrace::_print_fmt::h8588b0f62410823f
[INFO] [stdout]                                at /rustc/202008a1b8de96d2e5b6bc02d379db03a877d34d/library/std/src/sys/backtrace.rs:66:9
[INFO] [stdout]    3:     0x5dd2d503925a - <std::sys::backtrace::BacktraceLock::print::DisplayBacktrace as core::fmt::Display>::fmt::h98c26ac25ffe89bb
[INFO] [stdout]                                at /rustc/202008a1b8de96d2e5b6bc02d379db03a877d34d/library/std/src/sys/backtrace.rs:39:26
[INFO] [stdout]    4:     0x5dd2d5064613 - core::fmt::rt::Argument::fmt::hf95377f4aebd453b
[INFO] [stdout]                                at /rustc/202008a1b8de96d2e5b6bc02d379db03a877d34d/library/core/src/fmt/rt.rs:177:76
[INFO] [stdout]    5:     0x5dd2d5064613 - core::fmt::write::h0dd5f6e2238c7982
[INFO] [stdout]                                at /rustc/202008a1b8de96d2e5b6bc02d379db03a877d34d/library/core/src/fmt/mod.rs:1189:21
[INFO] [stdout]    6:     0x5dd2d50351e3 - std::io::Write::write_fmt::h03bb0ca26e6faf8c
[INFO] [stdout]                                at /rustc/202008a1b8de96d2e5b6bc02d379db03a877d34d/library/std/src/io/mod.rs:1884:15
[INFO] [stdout]    7:     0x5dd2d50390a2 - std::sys::backtrace::BacktraceLock::print::h5c19c1c038ee186d
[INFO] [stdout]                                at /rustc/202008a1b8de96d2e5b6bc02d379db03a877d34d/library/std/src/sys/backtrace.rs:42:9
[INFO] [stdout]    8:     0x5dd2d503a6dd - std::panicking::default_hook::{{closure}}::h77172f079a1fcb13
[INFO] [stdout]                                at /rustc/202008a1b8de96d2e5b6bc02d379db03a877d34d/library/std/src/panicking.rs:268:22
[INFO] [stdout]    9:     0x5dd2d503a4e7 - std::panicking::default_hook::he5f8e3b203ccddba
[INFO] [stdout]                                at /rustc/202008a1b8de96d2e5b6bc02d379db03a877d34d/library/std/src/panicking.rs:292:9
[INFO] [stdout]   10:     0x5dd2d4b47557 - <alloc::boxed::Box<F,A> as core::ops::function::Fn<Args>>::call::h7a3c7b4a1ae77f2f
[INFO] [stdout]                                at /rustc/202008a1b8de96d2e5b6bc02d379db03a877d34d/library/alloc/src/boxed.rs:1986:9
[INFO] [stdout]   11:     0x5dd2d4b47557 - test::test_main::{{closure}}::hf0d3b69ae9b353d1
[INFO] [stdout]                                at /rustc/202008a1b8de96d2e5b6bc02d379db03a877d34d/library/test/src/lib.rs:134:21
[INFO] [stdout]   12:     0x5dd2d503ad88 - <alloc::boxed::Box<F,A> as core::ops::function::Fn<Args>>::call::h6332e82e7b189abd
[INFO] [stdout]                                at /rustc/202008a1b8de96d2e5b6bc02d379db03a877d34d/library/alloc/src/boxed.rs:1986:9
[INFO] [stdout]   13:     0x5dd2d503ad88 - std::panicking::rust_panic_with_hook::h53863d4e9018df39
[INFO] [stdout]                                at /rustc/202008a1b8de96d2e5b6bc02d379db03a877d34d/library/std/src/panicking.rs:809:13
[INFO] [stdout]   14:     0x5dd2d503ab16 - std::panicking::begin_panic_handler::{{closure}}::h67280e6fa0757873
[INFO] [stdout]                                at /rustc/202008a1b8de96d2e5b6bc02d379db03a877d34d/library/std/src/panicking.rs:667:13
[INFO] [stdout]   15:     0x5dd2d5039739 - std::sys::backtrace::__rust_end_short_backtrace::h1dac3f54d6fbbeb2
[INFO] [stdout]                                at /rustc/202008a1b8de96d2e5b6bc02d379db03a877d34d/library/std/src/sys/backtrace.rs:170:18
[INFO] [stdout]   16:     0x5dd2d503a7dc - rust_begin_unwind
[INFO] [stdout]                                at /rustc/202008a1b8de96d2e5b6bc02d379db03a877d34d/library/std/src/panicking.rs:665:5
[INFO] [stdout]   17:     0x5dd2d4a803f0 - core::panicking::panic_fmt::h6792bd1b2bf01041
[INFO] [stdout]                                at /rustc/202008a1b8de96d2e5b6bc02d379db03a877d34d/library/core/src/panicking.rs:76:14
[INFO] [stdout]   18:     0x5dd2d4a8047c - core::panicking::panic::hbb5c236a846c507c
[INFO] [stdout]                                at /rustc/202008a1b8de96d2e5b6bc02d379db03a877d34d/library/core/src/panicking.rs:148:5
[INFO] [stdout]   19:     0x5dd2d4ad0da4 - terminusdm::merge_file::tests::test_bin_merge::{{closure}}::ha3805a8aa9438d5c
[INFO] [stdout]                                at /opt/rustwide/workdir/src/merge_file.rs:66:9
[INFO] [stdout]   20:     0x5dd2d4ae0352 - <core::pin::Pin<P> as core::future::future::Future>::poll::h3f383add6a91e724
[INFO] [stdout]                                at /rustc/202008a1b8de96d2e5b6bc02d379db03a877d34d/library/core/src/future/future.rs:124:9
[INFO] [stdout]   21:     0x5dd2d4ae030d - <core::pin::Pin<P> as core::future::future::Future>::poll::h3526ee48bd8aa3cd
[INFO] [stdout]                                at /rustc/202008a1b8de96d2e5b6bc02d379db03a877d34d/library/core/src/future/future.rs:124:9
[INFO] [stdout]   22:     0x5dd2d4a8fb7f - tokio::runtime::scheduler::current_thread::CoreGuard::block_on::{{closure}}::{{closure}}::{{closure}}::he72b17d3994d53df
[INFO] [stdout]                                at /opt/rustwide/cargo-home/registry/src/index.crates.io-6f17d22bba15001f/tokio-1.39.2/src/runtime/scheduler/current_thread/mod.rs:673:57
[INFO] [stdout]   23:     0x5dd2d4a8f485 - tokio::runtime::coop::with_budget::ha8201867556b523d
[INFO] [stdout]                                at /opt/rustwide/cargo-home/registry/src/index.crates.io-6f17d22bba15001f/tokio-1.39.2/src/runtime/coop.rs:107:5
[INFO] [stdout]   24:     0x5dd2d4a8f485 - tokio::runtime::coop::budget::hcfe10a6b524b3df3
[INFO] [stdout]                                at /opt/rustwide/cargo-home/registry/src/index.crates.io-6f17d22bba15001f/tokio-1.39.2/src/runtime/coop.rs:73:5
[INFO] [stdout]   25:     0x5dd2d4a8f485 - tokio::runtime::scheduler::current_thread::CoreGuard::block_on::{{closure}}::{{closure}}::h1334d92cae255be3
[INFO] [stdout]                                at /opt/rustwide/cargo-home/registry/src/index.crates.io-6f17d22bba15001f/tokio-1.39.2/src/runtime/scheduler/current_thread/mod.rs:673:25
[INFO] [stdout]   26:     0x5dd2d4a8a890 - tokio::runtime::scheduler::current_thread::Context::enter::h73615b5c7ee990bf
[INFO] [stdout]                                at /opt/rustwide/cargo-home/registry/src/index.crates.io-6f17d22bba15001f/tokio-1.39.2/src/runtime/scheduler/current_thread/mod.rs:412:19
[INFO] [stdout]   27:     0x5dd2d4a8ecee - tokio::runtime::scheduler::current_thread::CoreGuard::block_on::{{closure}}::hf504e97fe65b0666
[INFO] [stdout]                                at /opt/rustwide/cargo-home/registry/src/index.crates.io-6f17d22bba15001f/tokio-1.39.2/src/runtime/scheduler/current_thread/mod.rs:672:36
[INFO] [stdout]   28:     0x5dd2d4a8ce34 - tokio::runtime::scheduler::current_thread::CoreGuard::enter::{{closure}}::h972051b9de854cd1
[INFO] [stdout]                                at /opt/rustwide/cargo-home/registry/src/index.crates.io-6f17d22bba15001f/tokio-1.39.2/src/runtime/scheduler/current_thread/mod.rs:751:68
[INFO] [stdout]   29:     0x5dd2d4a9723b - tokio::runtime::context::scoped::Scoped<T>::set::h9d74bd0a0298608c
[INFO] [stdout]                                at /opt/rustwide/cargo-home/registry/src/index.crates.io-6f17d22bba15001f/tokio-1.39.2/src/runtime/context/scoped.rs:40:9
[INFO] [stdout]   30:     0x5dd2d4ad31d9 - tokio::runtime::context::set_scheduler::{{closure}}::h38502c0825f89271
[INFO] [stdout]                                at /opt/rustwide/cargo-home/registry/src/index.crates.io-6f17d22bba15001f/tokio-1.39.2/src/runtime/context.rs:180:26
[INFO] [stdout]   31:     0x5dd2d4af095d - std::thread::local::LocalKey<T>::try_with::hdd02f503db9fb0f6
[INFO] [stdout]                                at /rustc/202008a1b8de96d2e5b6bc02d379db03a877d34d/library/std/src/thread/local.rs:283:12
[INFO] [stdout]   32:     0x5dd2d4aeee5a - std::thread::local::LocalKey<T>::with::hce888946394cd83b
[INFO] [stdout]                                at /rustc/202008a1b8de96d2e5b6bc02d379db03a877d34d/library/std/src/thread/local.rs:260:9
[INFO] [stdout]   33:     0x5dd2d4ad306d - tokio::runtime::context::set_scheduler::h374700a927589e20
[INFO] [stdout]                                at /opt/rustwide/cargo-home/registry/src/index.crates.io-6f17d22bba15001f/tokio-1.39.2/src/runtime/context.rs:180:9
[INFO] [stdout]   34:     0x5dd2d4a8c740 - tokio::runtime::scheduler::current_thread::CoreGuard::enter::ha53a9363eac65126
[INFO] [stdout]                                at /opt/rustwide/cargo-home/registry/src/index.crates.io-6f17d22bba15001f/tokio-1.39.2/src/runtime/scheduler/current_thread/mod.rs:751:27
[INFO] [stdout]   35:     0x5dd2d4a8cfc3 - tokio::runtime::scheduler::current_thread::CoreGuard::block_on::h8d3d7114f3fa5ccd
[INFO] [stdout]                                at /opt/rustwide/cargo-home/registry/src/index.crates.io-6f17d22bba15001f/tokio-1.39.2/src/runtime/scheduler/current_thread/mod.rs:660:19
[INFO] [stdout]   36:     0x5dd2d4a884bf - tokio::runtime::scheduler::current_thread::CurrentThread::block_on::{{closure}}::h521033f1d526f437
[INFO] [stdout]                                at /opt/rustwide/cargo-home/registry/src/index.crates.io-6f17d22bba15001f/tokio-1.39.2/src/runtime/scheduler/current_thread/mod.rs:180:28
[INFO] [stdout]   37:     0x5dd2d4a974e6 - tokio::runtime::context::runtime::enter_runtime::h2196fd44583569f8
[INFO] [stdout]                                at /opt/rustwide/cargo-home/registry/src/index.crates.io-6f17d22bba15001f/tokio-1.39.2/src/runtime/context/runtime.rs:65:16
[INFO] [stdout]   38:     0x5dd2d4a88101 - tokio::runtime::scheduler::current_thread::CurrentThread::block_on::hbf5a592946d9a5e0
[INFO] [stdout]                                at /opt/rustwide/cargo-home/registry/src/index.crates.io-6f17d22bba15001f/tokio-1.39.2/src/runtime/scheduler/current_thread/mod.rs:168:9
[INFO] [stdout]   39:     0x5dd2d4a994dd - tokio::runtime::runtime::Runtime::block_on_inner::h65241a9d7a911a4e
[INFO] [stdout]                                at /opt/rustwide/cargo-home/registry/src/index.crates.io-6f17d22bba15001f/tokio-1.39.2/src/runtime/runtime.rs:361:47
[INFO] [stdout]   40:     0x5dd2d4a995f5 - tokio::runtime::runtime::Runtime::block_on::h7203831186c3d7b4
[INFO] [stdout]                                at /opt/rustwide/cargo-home/registry/src/index.crates.io-6f17d22bba15001f/tokio-1.39.2/src/runtime/runtime.rs:335:13
[INFO] [stdout]   41:     0x5dd2d4ad0721 - terminusdm::merge_file::tests::test_bin_merge::hdb70c1957a40eb4f
[INFO] [stdout]                                at /opt/rustwide/workdir/src/merge_file.rs:66:9
[INFO] [stdout]   42:     0x5dd2d4ad05c7 - terminusdm::merge_file::tests::test_bin_merge::{{closure}}::hdad1fd8c6e26a161
[INFO] [stdout]                                at /opt/rustwide/workdir/src/merge_file.rs:58:30
[INFO] [stdout]   43:     0x5dd2d4ae8916 - core::ops::function::FnOnce::call_once::h37de2b4a5ccb00d4
[INFO] [stdout]                                at /rustc/202008a1b8de96d2e5b6bc02d379db03a877d34d/library/core/src/ops/function.rs:250:5
[INFO] [stdout]   44:     0x5dd2d4b4c07b - core::ops::function::FnOnce::call_once::h871bf86719ec9aa4
[INFO] [stdout]                                at /rustc/202008a1b8de96d2e5b6bc02d379db03a877d34d/library/core/src/ops/function.rs:250:5
[INFO] [stdout]   45:     0x5dd2d4b4c07b - test::__rust_begin_short_backtrace::h2167df1e2b7d76fd
[INFO] [stdout]                                at /rustc/202008a1b8de96d2e5b6bc02d379db03a877d34d/library/test/src/lib.rs:632:18
[INFO] [stdout]   46:     0x5dd2d4b4ba68 - test::run_test_in_process::{{closure}}::h15d92f75a3adfb79
[INFO] [stdout]                                at /rustc/202008a1b8de96d2e5b6bc02d379db03a877d34d/library/test/src/lib.rs:655:60
[INFO] [stdout]   47:     0x5dd2d4b4ba68 - <core::panic::unwind_safe::AssertUnwindSafe<F> as core::ops::function::FnOnce<()>>::call_once::hb6c8955835a8dbbb
[INFO] [stdout]                                at /rustc/202008a1b8de96d2e5b6bc02d379db03a877d34d/library/core/src/panic/unwind_safe.rs:272:9
[INFO] [stdout]   48:     0x5dd2d4b4ba68 - std::panicking::try::do_call::hc79d0fc888a0bd30
[INFO] [stdout]                                at /rustc/202008a1b8de96d2e5b6bc02d379db03a877d34d/library/std/src/panicking.rs:557:40
[INFO] [stdout]   49:     0x5dd2d4b4ba68 - std::panicking::try::hb8a7878e3a8589d6
[INFO] [stdout]                                at /rustc/202008a1b8de96d2e5b6bc02d379db03a877d34d/library/std/src/panicking.rs:520:19
[INFO] [stdout]   50:     0x5dd2d4b4ba68 - std::panic::catch_unwind::hb8e4600ff0ff5cfa
[INFO] [stdout]                                at /rustc/202008a1b8de96d2e5b6bc02d379db03a877d34d/library/std/src/panic.rs:358:14
[INFO] [stdout]   51:     0x5dd2d4b4ba68 - test::run_test_in_process::hc2900b0b18688dd6
[INFO] [stdout]                                at /rustc/202008a1b8de96d2e5b6bc02d379db03a877d34d/library/test/src/lib.rs:655:27
[INFO] [stdout]   52:     0x5dd2d4b4ba68 - test::run_test::{{closure}}::hac2a9cb07be3d48d
[INFO] [stdout]                                at /rustc/202008a1b8de96d2e5b6bc02d379db03a877d34d/library/test/src/lib.rs:576:43
[INFO] [stdout]   53:     0x5dd2d4b0f50a - test::run_test::{{closure}}::h4a5b729e66a38cd8
[INFO] [stdout]                                at /rustc/202008a1b8de96d2e5b6bc02d379db03a877d34d/library/test/src/lib.rs:606:41
[INFO] [stdout]   54:     0x5dd2d4b0f50a - std::sys::backtrace::__rust_begin_short_backtrace::h0496fb742492f573
[INFO] [stdout]                                at /rustc/202008a1b8de96d2e5b6bc02d379db03a877d34d/library/std/src/sys/backtrace.rs:154:18
[INFO] [stdout]   55:     0x5dd2d4b12e84 - std::thread::Builder::spawn_unchecked_::{{closure}}::{{closure}}::hbb6d257c550a54bd
[INFO] [stdout]                                at /rustc/202008a1b8de96d2e5b6bc02d379db03a877d34d/library/std/src/thread/mod.rs:561:17
[INFO] [stdout]   56:     0x5dd2d4b12e84 - <core::panic::unwind_safe::AssertUnwindSafe<F> as core::ops::function::FnOnce<()>>::call_once::h46696fe4a6832328
[INFO] [stdout]                                at /rustc/202008a1b8de96d2e5b6bc02d379db03a877d34d/library/core/src/panic/unwind_safe.rs:272:9
[INFO] [stdout]   57:     0x5dd2d4b12e84 - std::panicking::try::do_call::h2625a51b667bfb64
[INFO] [stdout]                                at /rustc/202008a1b8de96d2e5b6bc02d379db03a877d34d/library/std/src/panicking.rs:557:40
[INFO] [stdout]   58:     0x5dd2d4b12e84 - std::panicking::try::hb956a59a1973aa4c
[INFO] [stdout]                                at /rustc/202008a1b8de96d2e5b6bc02d379db03a877d34d/library/std/src/panicking.rs:520:19
[INFO] [stdout]   59:     0x5dd2d4b12e84 - std::panic::catch_unwind::h64f3b9d1067ef6a0
[INFO] [stdout]                                at /rustc/202008a1b8de96d2e5b6bc02d379db03a877d34d/library/std/src/panic.rs:358:14
[INFO] [stdout]   60:     0x5dd2d4b12e84 - std::thread::Builder::spawn_unchecked_::{{closure}}::h42b2841295b6c0b2
[INFO] [stdout]                                at /rustc/202008a1b8de96d2e5b6bc02d379db03a877d34d/library/std/src/thread/mod.rs:559:30
[INFO] [stdout]   61:     0x5dd2d4b12e84 - core::ops::function::FnOnce::call_once{{vtable.shim}}::h6127de71b8124639
[INFO] [stdout]                                at /rustc/202008a1b8de96d2e5b6bc02d379db03a877d34d/library/core/src/ops/function.rs:250:5
[INFO] [stdout]   62:     0x5dd2d503ffdb - <alloc::boxed::Box<F,A> as core::ops::function::FnOnce<Args>>::call_once::h42f0ba71002a1b2c
[INFO] [stdout]                                at /rustc/202008a1b8de96d2e5b6bc02d379db03a877d34d/library/alloc/src/boxed.rs:1972:9
[INFO] [stdout]   63:     0x5dd2d503ffdb - <alloc::boxed::Box<F,A> as core::ops::function::FnOnce<Args>>::call_once::had9e47d7a3dcecb8
[INFO] [stdout]                                at /rustc/202008a1b8de96d2e5b6bc02d379db03a877d34d/library/alloc/src/boxed.rs:1972:9
[INFO] [stdout]   64:     0x5dd2d503ffdb - std::sys::pal::unix::thread::Thread::new::thread_start::h48cf765408f6f5f2
[INFO] [stdout]                                at /rustc/202008a1b8de96d2e5b6bc02d379db03a877d34d/library/std/src/sys/pal/unix/thread.rs:105:17
[INFO] [stdout]   65:     0x7870f18e7ac3 - <unknown>
[INFO] [stdout]   66:     0x7870f1978a04 - clone
[INFO] [stdout]   67:                0x0 - <unknown>
[INFO] [stdout] 
[INFO] [stdout] ---- req_lib::tests::test_get_filename_2 stdout ----
[INFO] [stdout] Error: error sending request for url (https://github.com/sumoduduk/terminusdm/archive/refs/heads/main.zip): error trying to connect: dns error: failed to lookup address information: Temporary failure in name resolution
[INFO] [stdout] 
[INFO] [stdout] Caused by:
[INFO] [stdout]    0: error trying to connect: dns error: failed to lookup address information: Temporary failure in name resolution
[INFO] [stdout]    1: dns error: failed to lookup address information: Temporary failure in name resolution
[INFO] [stdout]    2: failed to lookup address information: Temporary failure in name resolution
[INFO] [stdout] 
[INFO] [stdout] Location:
[INFO] [stdout]     src/req_lib.rs:89:19
[INFO] [stdout] 
[INFO] [stdout] ---- req_lib::tests::test_get_filename_1 stdout ----
[INFO] [stdout] Error: error sending request for url (https://huggingface.co/datasets/ym0v0my/Time_series_dataset/resolve/main/all_six_datasets.zip?download=true): error trying to connect: dns error: failed to lookup address information: Temporary failure in name resolution
[INFO] [stdout] 
[INFO] [stdout] Caused by:
[INFO] [stdout]    0: error trying to connect: dns error: failed to lookup address information: Temporary failure in name resolution
[INFO] [stdout]    1: dns error: failed to lookup address information: Temporary failure in name resolution
[INFO] [stdout]    2: failed to lookup address information: Temporary failure in name resolution
[INFO] [stdout] 
[INFO] [stdout] Location:
[INFO] [stdout]     src/req_lib.rs:89:19
[INFO] [stdout] 
[INFO] [stdout] ---- begin_download::tests::test_concurent_donwload stdout ----
[INFO] [stdout] Error: error sending request for url (https://huggingface.co/datasets/ym0v0my/Time_series_dataset/resolve/main/all_six_datasets.zip?download=true): error trying to connect: dns error: failed to lookup address information: Temporary failure in name resolution
[INFO] [stdout] 
[INFO] [stdout] Caused by:
[INFO] [stdout]    0: error trying to connect: dns error: failed to lookup address information: Temporary failure in name resolution
[INFO] [stdout]    1: dns error: failed to lookup address information: Temporary failure in name resolution
[INFO] [stdout]    2: failed to lookup address information: Temporary failure in name resolution
[INFO] [stdout] 
[INFO] [stdout] Location:
[INFO] [stdout]     src/begin_download.rs:78:19
[INFO] [stdout] 
[INFO] [stdout] ---- begin_download::tests::test_single_download stdout ----
[INFO] [stdout] [src/begin_download.rs:129:9] arr = [
[INFO] [stdout]     Summary {
[INFO] [stdout]         download: Download {
[INFO] [stdout]             url: Url {
[INFO] [stdout]                 scheme: "https",
[INFO] [stdout]                 cannot_be_a_base: false,
[INFO] [stdout]                 username: "",
[INFO] [stdout]                 password: None,
[INFO] [stdout]                 host: Some(
[INFO] [stdout]                     Domain(
[INFO] [stdout]                         "image.civitai.com",
[INFO] [stdout]                     ),
[INFO] [stdout]                 ),
[INFO] [stdout]                 port: None,
[INFO] [stdout]                 path: "/xG1nkqKTMzGDvpLrqFT7WA/dcf6f112-d385-4fea-8c08-1aa8457ffec4/transcode=true,width=450/AD_00010.webm",
[INFO] [stdout]                 query: None,
[INFO] [stdout]                 fragment: None,
[INFO] [stdout]             },
[INFO] [stdout]             filename: "AD_00010.webm",
[INFO] [stdout]             range_header: None,
[INFO] [stdout]         },
[INFO] [stdout]         statuscode: 400,
[INFO] [stdout]         size: 0,
[INFO] [stdout]         status: Fail(
[INFO] [stdout]             "Request error: error sending request for url (https://image.civitai.com/xG1nkqKTMzGDvpLrqFT7WA/dcf6f112-d385-4fea-8c08-1aa8457ffec4/transcode=true,width=450/AD_00010.webm): error trying to connect: dns error: failed to lookup address information: Temporary failure in name resolution",
[INFO] [stdout]         ),
[INFO] [stdout]         resumable: false,
[INFO] [stdout]     },
[INFO] [stdout] ]
[INFO] [stdout] thread 'begin_download::tests::test_single_download' panicked at src/begin_download.rs:131:9:
[INFO] [stdout] assertion `left == right` failed
[INFO] [stdout]   left: false
[INFO] [stdout]  right: true
[INFO] [stdout] stack backtrace:
[INFO] [stdout]    0:     0x5dd2d503925a - std::backtrace_rs::backtrace::libunwind::trace::h8810477743020387
[INFO] [stdout]                                at /rustc/202008a1b8de96d2e5b6bc02d379db03a877d34d/library/std/src/../../backtrace/src/backtrace/libunwind.rs:116:5
[INFO] [stdout]    1:     0x5dd2d503925a - std::backtrace_rs::backtrace::trace_unsynchronized::h3aa55355dd6c54a6
[INFO] [stdout]                                at /rustc/202008a1b8de96d2e5b6bc02d379db03a877d34d/library/std/src/../../backtrace/src/backtrace/mod.rs:66:5
[INFO] [stdout]    2:     0x5dd2d503925a - std::sys::backtrace::_print_fmt::h8588b0f62410823f
[INFO] [stdout]                                at /rustc/202008a1b8de96d2e5b6bc02d379db03a877d34d/library/std/src/sys/backtrace.rs:66:9
[INFO] [stdout]    3:     0x5dd2d503925a - <std::sys::backtrace::BacktraceLock::print::DisplayBacktrace as core::fmt::Display>::fmt::h98c26ac25ffe89bb
[INFO] [stdout]                                at /rustc/202008a1b8de96d2e5b6bc02d379db03a877d34d/library/std/src/sys/backtrace.rs:39:26
[INFO] [stdout]    4:     0x5dd2d5064613 - core::fmt::rt::Argument::fmt::hf95377f4aebd453b
[INFO] [stdout]                                at /rustc/202008a1b8de96d2e5b6bc02d379db03a877d34d/library/core/src/fmt/rt.rs:177:76
[INFO] [stdout]    5:     0x5dd2d5064613 - core::fmt::write::h0dd5f6e2238c7982
[INFO] [stdout]                                at /rustc/202008a1b8de96d2e5b6bc02d379db03a877d34d/library/core/src/fmt/mod.rs:1189:21
[INFO] [stdout]    6:     0x5dd2d50351e3 - std::io::Write::write_fmt::h03bb0ca26e6faf8c
[INFO] [stdout]                                at /rustc/202008a1b8de96d2e5b6bc02d379db03a877d34d/library/std/src/io/mod.rs:1884:15
[INFO] [stdout]    7:     0x5dd2d50390a2 - std::sys::backtrace::BacktraceLock::print::h5c19c1c038ee186d
[INFO] [stdout]                                at /rustc/202008a1b8de96d2e5b6bc02d379db03a877d34d/library/std/src/sys/backtrace.rs:42:9
[INFO] [stdout]    8:     0x5dd2d503a6dd - std::panicking::default_hook::{{closure}}::h77172f079a1fcb13
[INFO] [stdout]                                at /rustc/202008a1b8de96d2e5b6bc02d379db03a877d34d/library/std/src/panicking.rs:268:22
[INFO] [stdout]    9:     0x5dd2d503a4e7 - std::panicking::default_hook::he5f8e3b203ccddba
[INFO] [stdout]                                at /rustc/202008a1b8de96d2e5b6bc02d379db03a877d34d/library/std/src/panicking.rs:292:9
[INFO] [stdout]   10:     0x5dd2d4b47557 - <alloc::boxed::Box<F,A> as core::ops::function::Fn<Args>>::call::h7a3c7b4a1ae77f2f
[INFO] [stdout]                                at /rustc/202008a1b8de96d2e5b6bc02d379db03a877d34d/library/alloc/src/boxed.rs:1986:9
[INFO] [stdout]   11:     0x5dd2d4b47557 - test::test_main::{{closure}}::hf0d3b69ae9b353d1
[INFO] [stdout]                                at /rustc/202008a1b8de96d2e5b6bc02d379db03a877d34d/library/test/src/lib.rs:134:21
[INFO] [stdout]   12:     0x5dd2d503ad88 - <alloc::boxed::Box<F,A> as core::ops::function::Fn<Args>>::call::h6332e82e7b189abd
[INFO] [stdout]                                at /rustc/202008a1b8de96d2e5b6bc02d379db03a877d34d/library/alloc/src/boxed.rs:1986:9
[INFO] [stdout]   13:     0x5dd2d503ad88 - std::panicking::rust_panic_with_hook::h53863d4e9018df39
[INFO] [stdout]                                at /rustc/202008a1b8de96d2e5b6bc02d379db03a877d34d/library/std/src/panicking.rs:809:13
[INFO] [stdout]   14:     0x5dd2d503ab4a - std::panicking::begin_panic_handler::{{closure}}::h67280e6fa0757873
[INFO] [stdout]                                at /rustc/202008a1b8de96d2e5b6bc02d379db03a877d34d/library/std/src/panicking.rs:674:13
[INFO] [stdout]   15:     0x5dd2d5039739 - std::sys::backtrace::__rust_end_short_backtrace::h1dac3f54d6fbbeb2
[INFO] [stdout]                                at /rustc/202008a1b8de96d2e5b6bc02d379db03a877d34d/library/std/src/sys/backtrace.rs:170:18
[INFO] [stdout]   16:     0x5dd2d503a7dc - rust_begin_unwind
[INFO] [stdout]                                at /rustc/202008a1b8de96d2e5b6bc02d379db03a877d34d/library/std/src/panicking.rs:665:5
[INFO] [stdout]   17:     0x5dd2d4a803f0 - core::panicking::panic_fmt::h6792bd1b2bf01041
[INFO] [stdout]                                at /rustc/202008a1b8de96d2e5b6bc02d379db03a877d34d/library/core/src/panicking.rs:76:14
[INFO] [stdout]   18:     0x5dd2d4a80855 - core::panicking::assert_failed_inner::hf2c17e6d30928787
[INFO] [stdout]   19:     0x5dd2d4be5c86 - core::panicking::assert_failed::h6fc2cfb8d2e7edbd
[INFO] [stdout]                                at /rustc/202008a1b8de96d2e5b6bc02d379db03a877d34d/library/core/src/panicking.rs:373:5
[INFO] [stdout]   20:     0x5dd2d4acfe7b - terminusdm::begin_download::tests::test_single_download::{{closure}}::hf90e6236d22c81b5
[INFO] [stdout]                                at /opt/rustwide/workdir/src/begin_download.rs:131:9
[INFO] [stdout]   21:     0x5dd2d4ae0495 - <core::pin::Pin<P> as core::future::future::Future>::poll::habf83cfef3029f26
[INFO] [stdout]                                at /rustc/202008a1b8de96d2e5b6bc02d379db03a877d34d/library/core/src/future/future.rs:124:9
[INFO] [stdout]   22:     0x5dd2d4ae044d - <core::pin::Pin<P> as core::future::future::Future>::poll::ha20cbdad2f35feb4
[INFO] [stdout]                                at /rustc/202008a1b8de96d2e5b6bc02d379db03a877d34d/library/core/src/future/future.rs:124:9
[INFO] [stdout]   23:     0x5dd2d4a8fb3f - tokio::runtime::scheduler::current_thread::CoreGuard::block_on::{{closure}}::{{closure}}::{{closure}}::h910deb4baf4569ba
[INFO] [stdout]                                at /opt/rustwide/cargo-home/registry/src/index.crates.io-6f17d22bba15001f/tokio-1.39.2/src/runtime/scheduler/current_thread/mod.rs:673:57
[INFO] [stdout]   24:     0x5dd2d4a8f666 - tokio::runtime::coop::with_budget::hc2166e1318e7eb25
[INFO] [stdout]                                at /opt/rustwide/cargo-home/registry/src/index.crates.io-6f17d22bba15001f/tokio-1.39.2/src/runtime/coop.rs:107:5
[INFO] [stdout]   25:     0x5dd2d4a8f666 - tokio::runtime::coop::budget::h4a69d3e57ebd4ff7
[INFO] [stdout]                                at /opt/rustwide/cargo-home/registry/src/index.crates.io-6f17d22bba15001f/tokio-1.39.2/src/runtime/coop.rs:73:5
[INFO] [stdout]   26:     0x5dd2d4a8f666 - tokio::runtime::scheduler::current_thread::CoreGuard::block_on::{{closure}}::{{closure}}::h3b3b75230b54b073
[INFO] [stdout]                                at /opt/rustwide/cargo-home/registry/src/index.crates.io-6f17d22bba15001f/tokio-1.39.2/src/runtime/scheduler/current_thread/mod.rs:673:25
[INFO] [stdout]   27:     0x5dd2d4a8a22a - tokio::runtime::scheduler::current_thread::Context::enter::h277521f0b45484e0
[INFO] [stdout]                                at /opt/rustwide/cargo-home/registry/src/index.crates.io-6f17d22bba15001f/tokio-1.39.2/src/runtime/scheduler/current_thread/mod.rs:412:19
[INFO] [stdout]   28:     0x5dd2d4a8d23e - tokio::runtime::scheduler::current_thread::CoreGuard::block_on::{{closure}}::h4a1f8f9ca47c167f
[INFO] [stdout]                                at /opt/rustwide/cargo-home/registry/src/index.crates.io-6f17d22bba15001f/tokio-1.39.2/src/runtime/scheduler/current_thread/mod.rs:672:36
[INFO] [stdout]   29:     0x5dd2d4a8ce5b - tokio::runtime::scheduler::current_thread::CoreGuard::enter::{{closure}}::hdc2ec8d800c89f0f
[INFO] [stdout]                                at /opt/rustwide/cargo-home/registry/src/index.crates.io-6f17d22bba15001f/tokio-1.39.2/src/runtime/scheduler/current_thread/mod.rs:751:68
[INFO] [stdout]   30:     0x5dd2d4a9739a - tokio::runtime::context::scoped::Scoped<T>::set::hf8984882c9a47d81
[INFO] [stdout]                                at /opt/rustwide/cargo-home/registry/src/index.crates.io-6f17d22bba15001f/tokio-1.39.2/src/runtime/context/scoped.rs:40:9
[INFO] [stdout]   31:     0x5dd2d4ad322a - tokio::runtime::context::set_scheduler::{{closure}}::h6006639c620f4fbc
[INFO] [stdout]                                at /opt/rustwide/cargo-home/registry/src/index.crates.io-6f17d22bba15001f/tokio-1.39.2/src/runtime/context.rs:180:26
[INFO] [stdout]   32:     0x5dd2d4aefb11 - std::thread::local::LocalKey<T>::try_with::h5d9223f2750338b9
[INFO] [stdout]                                at /rustc/202008a1b8de96d2e5b6bc02d379db03a877d34d/library/std/src/thread/local.rs:283:12
[INFO] [stdout]   33:     0x5dd2d4aeedbd - std::thread::local::LocalKey<T>::with::hbd4954ce64324a90
[INFO] [stdout]                                at /rustc/202008a1b8de96d2e5b6bc02d379db03a877d34d/library/std/src/thread/local.rs:260:9
[INFO] [stdout]   34:     0x5dd2d4ad3111 - tokio::runtime::context::set_scheduler::h98ce00d33963971d
[INFO] [stdout]                                at /opt/rustwide/cargo-home/registry/src/index.crates.io-6f17d22bba15001f/tokio-1.39.2/src/runtime/context.rs:180:9
[INFO] [stdout]   35:     0x5dd2d4a8cb59 - tokio::runtime::scheduler::current_thread::CoreGuard::enter::hf7b8ccab127000e1
[INFO] [stdout]                                at /opt/rustwide/cargo-home/registry/src/index.crates.io-6f17d22bba15001f/tokio-1.39.2/src/runtime/scheduler/current_thread/mod.rs:751:27
[INFO] [stdout]   36:     0x5dd2d4a8cee3 - tokio::runtime::scheduler::current_thread::CoreGuard::block_on::h577fa6bcf172baf9
[INFO] [stdout]                                at /opt/rustwide/cargo-home/registry/src/index.crates.io-6f17d22bba15001f/tokio-1.39.2/src/runtime/scheduler/current_thread/mod.rs:660:19
[INFO] [stdout]   37:     0x5dd2d4a8935e - tokio::runtime::scheduler::current_thread::CurrentThread::block_on::{{closure}}::hd0be696760640df0
[INFO] [stdout]                                at /opt/rustwide/cargo-home/registry/src/index.crates.io-6f17d22bba15001f/tokio-1.39.2/src/runtime/scheduler/current_thread/mod.rs:180:28
[INFO] [stdout]   38:     0x5dd2d4a97fd6 - tokio::runtime::context::runtime::enter_runtime::hfb1cf956c6283771
[INFO] [stdout]                                at /opt/rustwide/cargo-home/registry/src/index.crates.io-6f17d22bba15001f/tokio-1.39.2/src/runtime/context/runtime.rs:65:16
[INFO] [stdout]   39:     0x5dd2d4a88251 - tokio::runtime::scheduler::current_thread::CurrentThread::block_on::hef4b85472fc99958
[INFO] [stdout]                                at /opt/rustwide/cargo-home/registry/src/index.crates.io-6f17d22bba15001f/tokio-1.39.2/src/runtime/scheduler/current_thread/mod.rs:168:9
[INFO] [stdout]   40:     0x5dd2d4a99149 - tokio::runtime::runtime::Runtime::block_on_inner::h02a8288c592ac3a9
[INFO] [stdout]                                at /opt/rustwide/cargo-home/registry/src/index.crates.io-6f17d22bba15001f/tokio-1.39.2/src/runtime/runtime.rs:361:47
[INFO] [stdout]   41:     0x5dd2d4a99755 - tokio::runtime::runtime::Runtime::block_on::hb43fae97e5ebfdd1
[INFO] [stdout]                                at /opt/rustwide/cargo-home/registry/src/index.crates.io-6f17d22bba15001f/tokio-1.39.2/src/runtime/runtime.rs:335:13
[INFO] [stdout]   42:     0x5dd2d4acf5f3 - terminusdm::begin_download::tests::test_single_download::h7fd07fe184461cb8
[INFO] [stdout]                                at /opt/rustwide/workdir/src/begin_download.rs:133:9
[INFO] [stdout]   43:     0x5dd2d4acf497 - terminusdm::begin_download::tests::test_single_download::{{closure}}::h6558ff90cc199f65
[INFO] [stdout]                                at /opt/rustwide/workdir/src/begin_download.rs:117:40
[INFO] [stdout]   44:     0x5dd2d4ae93d6 - core::ops::function::FnOnce::call_once::hf11ae34befd15bde
[INFO] [stdout]                                at /rustc/202008a1b8de96d2e5b6bc02d379db03a877d34d/library/core/src/ops/function.rs:250:5
[INFO] [stdout]   45:     0x5dd2d4b4c07b - core::ops::function::FnOnce::call_once::h871bf86719ec9aa4
[INFO] [stdout]                                at /rustc/202008a1b8de96d2e5b6bc02d379db03a877d34d/library/core/src/ops/function.rs:250:5
[INFO] [stdout]   46:     0x5dd2d4b4c07b - test::__rust_begin_short_backtrace::h2167df1e2b7d76fd
[INFO] [stdout]                                at /rustc/202008a1b8de96d2e5b6bc02d379db03a877d34d/library/test/src/lib.rs:632:18
[INFO] [stdout]   47:     0x5dd2d4b4ba68 - test::run_test_in_process::{{closure}}::h15d92f75a3adfb79
[INFO] [stdout]                                at /rustc/202008a1b8de96d2e5b6bc02d379db03a877d34d/library/test/src/lib.rs:655:60
[INFO] [stdout]   48:     0x5dd2d4b4ba68 - <core::panic::unwind_safe::AssertUnwindSafe<F> as core::ops::function::FnOnce<()>>::call_once::hb6c8955835a8dbbb
[INFO] [stdout]                                at /rustc/202008a1b8de96d2e5b6bc02d379db03a877d34d/library/core/src/panic/unwind_safe.rs:272:9
[INFO] [stdout]   49:     0x5dd2d4b4ba68 - std::panicking::try::do_call::hc79d0fc888a0bd30
[INFO] [stdout]                                at /rustc/202008a1b8de96d2e5b6bc02d379db03a877d34d/library/std/src/panicking.rs:557:40
[INFO] [stdout]   50:     0x5dd2d4b4ba68 - std::panicking::try::hb8a7878e3a8589d6
[INFO] [stdout]                                at /rustc/202008a1b8de96d2e5b6bc02d379db03a877d34d/library/std/src/panicking.rs:520:19
[INFO] [stdout]   51:     0x5dd2d4b4ba68 - std::panic::catch_unwind::hb8e4600ff0ff5cfa
[INFO] [stdout]                                at /rustc/202008a1b8de96d2e5b6bc02d379db03a877d34d/library/std/src/panic.rs:358:14
[INFO] [stdout]   52:     0x5dd2d4b4ba68 - test::run_test_in_process::hc2900b0b18688dd6
[INFO] [stdout]                                at /rustc/202008a1b8de96d2e5b6bc02d379db03a877d34d/library/test/src/lib.rs:655:27
[INFO] [stdout]   53:     0x5dd2d4b4ba68 - test::run_test::{{closure}}::hac2a9cb07be3d48d
[INFO] [stdout]                                at /rustc/202008a1b8de96d2e5b6bc02d379db03a877d34d/library/test/src/lib.rs:576:43
[INFO] [stdout]   54:     0x5dd2d4b0f50a - test::run_test::{{closure}}::h4a5b729e66a38cd8
[INFO] [stdout]                                at /rustc/202008a1b8de96d2e5b6bc02d379db03a877d34d/library/test/src/lib.rs:606:41
[INFO] [stdout]   55:     0x5dd2d4b0f50a - std::sys::backtrace::__rust_begin_short_backtrace::h0496fb742492f573
[INFO] [stdout]                                at /rustc/202008a1b8de96d2e5b6bc02d379db03a877d34d/library/std/src/sys/backtrace.rs:154:18
[INFO] [stdout]   56:     0x5dd2d4b12e84 - std::thread::Builder::spawn_unchecked_::{{closure}}::{{closure}}::hbb6d257c550a54bd
[INFO] [stdout]                                at /rustc/202008a1b8de96d2e5b6bc02d379db03a877d34d/library/std/src/thread/mod.rs:561:17
[INFO] [stdout]   57:     0x5dd2d4b12e84 - <core::panic::unwind_safe::AssertUnwindSafe<F> as core::ops::function::FnOnce<()>>::call_once::h46696fe4a6832328
[INFO] [stdout]                                at /rustc/202008a1b8de96d2e5b6bc02d379db03a877d34d/library/core/src/panic/unwind_safe.rs:272:9
[INFO] [stdout]   58:     0x5dd2d4b12e84 - std::panicking::try::do_call::h2625a51b667bfb64
[INFO] [stdout]                                at /rustc/202008a1b8de96d2e5b6bc02d379db03a877d34d/library/std/src/panicking.rs:557:40
[INFO] [stdout]   59:     0x5dd2d4b12e84 - std::panicking::try::hb956a59a1973aa4c
[INFO] [stdout]                                at /rustc/202008a1b8de96d2e5b6bc02d379db03a877d34d/library/std/src/panicking.rs:520:19
[INFO] [stdout]   60:     0x5dd2d4b12e84 - std::panic::catch_unwind::h64f3b9d1067ef6a0
[INFO] [stdout]                                at /rustc/202008a1b8de96d2e5b6bc02d379db03a877d34d/library/std/src/panic.rs:358:14
[INFO] [stdout]   61:     0x5dd2d4b12e84 - std::thread::Builder::spawn_unchecked_::{{closure}}::h42b2841295b6c0b2
[INFO] [stdout]                                at /rustc/202008a1b8de96d2e5b6bc02d379db03a877d34d/library/std/src/thread/mod.rs:559:30
[INFO] [stdout]   62:     0x5dd2d4b12e84 - core::ops::function::FnOnce::call_once{{vtable.shim}}::h6127de71b8124639
[INFO] [stdout]                                at /rustc/202008a1b8de96d2e5b6bc02d379db03a877d34d/library/core/src/ops/function.rs:250:5
[INFO] [stdout]   63:     0x5dd2d503ffdb - <alloc::boxed::Box<F,A> as core::ops::function::FnOnce<Args>>::call_once::h42f0ba71002a1b2c
[INFO] [stdout]                                at /rustc/202008a1b8de96d2e5b6bc02d379db03a877d34d/library/alloc/src/boxed.rs:1972:9
[INFO] [stdout]   64:     0x5dd2d503ffdb - <alloc::boxed::Box<F,A> as core::ops::function::FnOnce<Args>>::call_once::had9e47d7a3dcecb8
[INFO] [stdout]                                at /rustc/202008a1b8de96d2e5b6bc02d379db03a877d34d/library/alloc/src/boxed.rs:1972:9
[INFO] [stdout]   65:     0x5dd2d503ffdb - std::sys::pal::unix::thread::Thread::new::thread_start::h48cf765408f6f5f2
[INFO] [stdout]                                at /rustc/202008a1b8de96d2e5b6bc02d379db03a877d34d/library/std/src/sys/pal/unix/thread.rs:105:17
[INFO] [stdout]   66:     0x7870f18e7ac3 - <unknown>
[INFO] [stdout]   67:     0x7870f1978a04 - clone
[INFO] [stdout]   68:                0x0 - <unknown>
[INFO] [stdout] 
[INFO] [stdout] 
[INFO] [stdout] failures:
[INFO] [stdout]     begin_download::tests::test_concurent_donwload
[INFO] [stdout]     begin_download::tests::test_single_download
[INFO] [stdout]     merge_file::tests::test_bin_merge
[INFO] [stdout]     merge_file::tests::test_merge
[INFO] [stdout]     req_lib::tests::test_get_filename_1
[INFO] [stdout]     req_lib::tests::test_get_filename_2
[INFO] [stdout]     utils::fs_utils::tests::test_avail
[INFO] [stdout]     utils::fs_utils::tests::test_avail_2
[INFO] [stdout] 
[INFO] [stdout] test result: FAILED. 15 passed; 8 failed; 0 ignored; 0 measured; 0 filtered out; finished in 4.79s
[INFO] [stdout] 
[INFO] [stderr] error: test failed, to rerun pass `--lib`
[INFO] running `Command { std: "docker" "inspect" "5996671c2f5a710743e46f1c27476672c837fd641eb5179a81e5f97502c3ddca", kill_on_drop: false }`
[INFO] running `Command { std: "docker" "rm" "-f" "5996671c2f5a710743e46f1c27476672c837fd641eb5179a81e5f97502c3ddca", kill_on_drop: false }`
[INFO] [stdout] 5996671c2f5a710743e46f1c27476672c837fd641eb5179a81e5f97502c3ddca
