[INFO] cloning repository https://github.com/sudachen/code_test_rs
[INFO] running `Command { std: "git" "-c" "credential.helper=" "-c" "credential.helper=/workspace/cargo-home/bin/git-credential-null" "clone" "--bare" "https://github.com/sudachen/code_test_rs" "/workspace/cache/git-repos/https%3A%2F%2Fgithub.com%2Fsudachen%2Fcode_test_rs", kill_on_drop: false }`
[INFO] [stderr] Cloning into bare repository '/workspace/cache/git-repos/https%3A%2F%2Fgithub.com%2Fsudachen%2Fcode_test_rs'...
[INFO] running `Command { std: "git" "rev-parse" "HEAD", kill_on_drop: false }`
[INFO] [stdout] 3cd8e04a9bb35e6baed8e5be88f6fe732826cf1d
[INFO] testing sudachen/code_test_rs against 1.83.0 for beta-1.84.0-4-retry
[INFO] running `Command { std: "git" "clone" "/workspace/cache/git-repos/https%3A%2F%2Fgithub.com%2Fsudachen%2Fcode_test_rs" "/workspace/builds/worker-4-tc1/source", kill_on_drop: false }`
[INFO] [stderr] Cloning into '/workspace/builds/worker-4-tc1/source'...
[INFO] [stderr] done.
[INFO] validating manifest of git repo https://github.com/sudachen/code_test_rs on toolchain 1.83.0
[INFO] running `Command { std: CARGO_HOME="/workspace/cargo-home" RUSTUP_HOME="/workspace/rustup-home" "/workspace/cargo-home/bin/cargo" "+1.83.0" "metadata" "--manifest-path" "Cargo.toml" "--no-deps", kill_on_drop: false }`
[INFO] started tweaking git repo https://github.com/sudachen/code_test_rs
[INFO] removed 0 missing tests
[INFO] finished tweaking git repo https://github.com/sudachen/code_test_rs
[INFO] tweaked toml for git repo https://github.com/sudachen/code_test_rs written to /workspace/builds/worker-4-tc1/source/Cargo.toml
[INFO] crate git repo https://github.com/sudachen/code_test_rs already has a lockfile, it will not be regenerated
[INFO] running `Command { std: CARGO_HOME="/workspace/cargo-home" RUSTUP_HOME="/workspace/rustup-home" "/workspace/cargo-home/bin/cargo" "+1.83.0" "fetch" "--manifest-path" "Cargo.toml", kill_on_drop: false }`
[INFO] [stderr]     Updating crates.io index
[INFO] [stderr]  Downloading crates ...
[INFO] [stderr]   Downloaded inventory v0.3.2
[INFO] [stderr]   Downloaded peg-runtime v0.6.3
[INFO] [stderr]   Downloaded ghost v0.1.6
[INFO] [stderr]   Downloaded rust_decimal_macros v1.27.0
[INFO] [stderr]   Downloaded synthez-codegen v0.2.0
[INFO] [stderr]   Downloaded nom_locate v4.0.0
[INFO] [stderr]   Downloaded sealed v0.3.0
[INFO] [stderr]   Downloaded gherkin v0.13.0
[INFO] [stderr]   Downloaded synthez-core v0.2.0
[INFO] [stderr]   Downloaded cucumber-expressions v0.2.1
[INFO] [stderr]   Downloaded drain_filter_polyfill v0.1.2
[INFO] [stderr]   Downloaded peg v0.6.3
[INFO] [stderr]   Downloaded cucumber v0.15.3
[INFO] [stderr]   Downloaded synthez v0.2.0
[INFO] [stderr]   Downloaded peg-macros v0.6.3
[INFO] [stderr]   Downloaded cucumber-codegen v0.15.3
[INFO] [stderr]   Downloaded bson v2.4.0
[INFO] running `Command { std: "docker" "create" "-v" "/var/lib/crater-agent-workspace/builds/worker-4-tc1/target:/opt/rustwide/target:rw,Z" "-v" "/var/lib/crater-agent-workspace/builds/worker-4-tc1/source:/opt/rustwide/workdir:ro,Z" "-v" "/var/lib/crater-agent-workspace/cargo-home:/opt/rustwide/cargo-home:ro,Z" "-v" "/var/lib/crater-agent-workspace/rustup-home:/opt/rustwide/rustup-home:ro,Z" "-e" "SOURCE_DIR=/opt/rustwide/workdir" "-e" "CARGO_TARGET_DIR=/opt/rustwide/target" "-e" "CARGO_HOME=/opt/rustwide/cargo-home" "-e" "RUSTUP_HOME=/opt/rustwide/rustup-home" "-w" "/opt/rustwide/workdir" "-m" "1610612736" "--user" "0:0" "--network" "none" "ghcr.io/rust-lang/crates-build-env/linux@sha256:f3a9d4ad9d972b27faf3965f35b62e55ba32bbce8f20bc8fe909558a86702fde" "/opt/rustwide/cargo-home/bin/cargo" "+1.83.0" "metadata" "--no-deps" "--format-version=1", kill_on_drop: false }`
[INFO] [stdout] e52c3da6d505da146e59a65d9bf7889bdd3e44ee15a5c1d2202a92454277d712
[INFO] running `Command { std: "docker" "start" "-a" "e52c3da6d505da146e59a65d9bf7889bdd3e44ee15a5c1d2202a92454277d712", kill_on_drop: false }`
[INFO] running `Command { std: "docker" "inspect" "e52c3da6d505da146e59a65d9bf7889bdd3e44ee15a5c1d2202a92454277d712", kill_on_drop: false }`
[INFO] running `Command { std: "docker" "rm" "-f" "e52c3da6d505da146e59a65d9bf7889bdd3e44ee15a5c1d2202a92454277d712", kill_on_drop: false }`
[INFO] [stdout] e52c3da6d505da146e59a65d9bf7889bdd3e44ee15a5c1d2202a92454277d712
[INFO] running `Command { std: "docker" "create" "-v" "/var/lib/crater-agent-workspace/builds/worker-4-tc1/target:/opt/rustwide/target:rw,Z" "-v" "/var/lib/crater-agent-workspace/builds/worker-4-tc1/source:/opt/rustwide/workdir:ro,Z" "-v" "/var/lib/crater-agent-workspace/cargo-home:/opt/rustwide/cargo-home:ro,Z" "-v" "/var/lib/crater-agent-workspace/rustup-home:/opt/rustwide/rustup-home:ro,Z" "-e" "SOURCE_DIR=/opt/rustwide/workdir" "-e" "CARGO_TARGET_DIR=/opt/rustwide/target" "-e" "CARGO_INCREMENTAL=0" "-e" "RUST_BACKTRACE=full" "-e" "RUSTFLAGS=--cap-lints=warn" "-e" "RUSTDOCFLAGS=--cap-lints=warn" "-e" "CARGO_HOME=/opt/rustwide/cargo-home" "-e" "RUSTUP_HOME=/opt/rustwide/rustup-home" "-w" "/opt/rustwide/workdir" "-m" "1610612736" "--user" "0:0" "--network" "none" "ghcr.io/rust-lang/crates-build-env/linux@sha256:f3a9d4ad9d972b27faf3965f35b62e55ba32bbce8f20bc8fe909558a86702fde" "/opt/rustwide/cargo-home/bin/cargo" "+1.83.0" "build" "--frozen" "--message-format=json", kill_on_drop: false }`
[INFO] [stdout] c12579b47b3e0712bff282247985b9a8b1cf6f8746b07a0d895114add7788139
[INFO] running `Command { std: "docker" "start" "-a" "c12579b47b3e0712bff282247985b9a8b1cf6f8746b07a0d895114add7788139", kill_on_drop: false }`
[INFO] [stderr]    Compiling proc-macro2 v1.0.47
[INFO] [stderr]    Compiling quote v1.0.21
[INFO] [stderr]    Compiling unicode-ident v1.0.5
[INFO] [stderr]    Compiling syn v1.0.105
[INFO] [stderr]    Compiling autocfg v1.1.0
[INFO] [stderr]    Compiling cfg-if v1.0.0
[INFO] [stderr]    Compiling memchr v2.5.0
[INFO] [stderr]    Compiling libc v0.2.138
[INFO] [stderr]    Compiling version_check v0.9.4
[INFO] [stderr]    Compiling serde_derive v1.0.149
[INFO] [stderr]    Compiling serde v1.0.149
[INFO] [stderr]    Compiling regex-syntax v0.6.28
[INFO] [stderr]    Compiling crossbeam-utils v0.8.14
[INFO] [stderr]    Compiling unicode-segmentation v1.10.0
[INFO] [stderr]    Compiling itoa v1.0.4
[INFO] [stderr]    Compiling ryu v1.0.11
[INFO] [stderr]    Compiling once_cell v1.16.0
[INFO] [stderr]    Compiling lazy_static v1.4.0
[INFO] [stderr]    Compiling heck v0.3.3
[INFO] [stderr]    Compiling futures-core v0.3.25
[INFO] [stderr]    Compiling log v0.4.17
[INFO] [stderr]    Compiling io-lifetimes v1.0.3
[INFO] [stderr]    Compiling bitflags v1.3.2
[INFO] [stderr]    Compiling futures-channel v0.3.25
[INFO] [stderr]    Compiling heck v0.4.0
[INFO] [stderr]    Compiling scopeguard v1.1.0
[INFO] [stderr]    Compiling rustix v0.36.5
[INFO] [stderr]    Compiling futures-task v0.3.25
[INFO] [stderr]    Compiling ahash v0.7.6
[INFO] [stderr]    Compiling proc-macro-error-attr v1.0.4
[INFO] [stderr]    Compiling serde_json v1.0.89
[INFO] [stderr]    Compiling slab v0.4.7
[INFO] [stderr]    Compiling memoffset v0.7.1
[INFO] [stderr]    Compiling regex-automata v0.1.10
[INFO] [stderr]    Compiling aho-corasick v0.7.20
[INFO] [stderr]    Compiling crossbeam-epoch v0.9.13
[INFO] [stderr]    Compiling num-traits v0.2.15
[INFO] [stderr]    Compiling indexmap v1.9.2
[INFO] [stderr]    Compiling proc-macro-error v1.0.4
[INFO] [stderr]    Compiling minimal-lexical v0.2.1
[INFO] [stderr]    Compiling futures-util v0.3.25
[INFO] [stderr]    Compiling linux-raw-sys v0.1.3
[INFO] [stderr]    Compiling futures-sink v0.3.25
[INFO] [stderr]    Compiling lock_api v0.4.9
[INFO] [stderr]    Compiling hashbrown v0.12.3
[INFO] [stderr]    Compiling peg-runtime v0.6.3
[INFO] [stderr]    Compiling nom v7.1.1
[INFO] [stderr]    Compiling bytecount v0.6.3
[INFO] [stderr]    Compiling futures-io v0.3.25
[INFO] [stderr]    Compiling getrandom v0.2.8
[INFO] [stderr]    Compiling same-file v1.0.6
[INFO] [stderr]    Compiling unicode-width v0.1.10
[INFO] [stderr]    Compiling either v1.8.0
[INFO] [stderr]    Compiling thiserror v1.0.37
[INFO] [stderr]    Compiling fnv v1.0.7
[INFO] [stderr]    Compiling pin-project-lite v0.2.9
[INFO] [stderr]    Compiling parking_lot_core v0.8.5
[INFO] [stderr]    Compiling walkdir v2.3.2
[INFO] [stderr]    Compiling peg-macros v0.6.3
[INFO] [stderr]    Compiling thread_local v1.1.4
[INFO] [stderr]    Compiling instant v0.1.12
[INFO] [stderr]    Compiling crossbeam-queue v0.3.8
[INFO] [stderr]    Compiling smallvec v1.10.0
[INFO] [stderr]    Compiling os_str_bytes v6.4.1
[INFO] [stderr]    Compiling anyhow v1.0.66
[INFO] [stderr]    Compiling async-trait v0.1.59
[INFO] [stderr]    Compiling ppv-lite86 v0.2.17
[INFO] [stderr]    Compiling smawk v0.3.1
[INFO] [stderr]    Compiling rust_decimal v1.27.0
[INFO] [stderr]    Compiling crc32fast v1.3.2
[INFO] [stderr]    Compiling time-core v0.1.0
[INFO] [stderr]    Compiling clap_lex v0.3.0
[INFO] [stderr]    Compiling regex v1.7.0
[INFO] [stderr]    Compiling time-macros v0.2.6
[INFO] [stderr]    Compiling itertools v0.10.5
[INFO] [stderr]    Compiling termcolor v1.1.3
[INFO] [stderr]    Compiling strsim v0.10.0
[INFO] [stderr]    Compiling byteorder v1.4.3
[INFO] [stderr]    Compiling inflections v1.1.1
[INFO] [stderr]    Compiling arrayvec v0.7.2
[INFO] [stderr]    Compiling terminal_size v0.1.17
[INFO] [stderr]    Compiling rand_core v0.6.4
[INFO] [stderr]    Compiling console v0.15.2
[INFO] [stderr]    Compiling nom_locate v4.0.0
[INFO] [stderr]    Compiling fxhash v0.2.1
[INFO] [stderr]    Compiling parking_lot v0.11.2
[INFO] [stderr]    Compiling fs2 v0.4.3
[INFO] [stderr]    Compiling atty v0.2.14
[INFO] [stderr]    Compiling rand_chacha v0.3.1
[INFO] [stderr]    Compiling crossbeam-deque v0.8.2
[INFO] [stderr]    Compiling crossbeam-channel v0.5.6
[INFO] [stderr]    Compiling csv-core v0.1.10
[INFO] [stderr]    Compiling itoa v0.4.8
[INFO] [stderr]    Compiling time v0.3.17
[INFO] [stderr]    Compiling rand v0.8.5
[INFO] [stderr]    Compiling hex v0.4.3
[INFO] [stderr]    Compiling peg v0.6.3
[INFO] [stderr]    Compiling humantime v2.1.0
[INFO] [stderr]    Compiling drain_filter_polyfill v0.1.2
[INFO] [stderr]    Compiling base64 v0.13.1
[INFO] [stderr]    Compiling linked-hash-map v0.5.6
[INFO] [stderr]    Compiling crossbeam v0.8.2
[INFO] [stderr]    Compiling sled v0.34.7
[INFO] [stderr]    Compiling rust_decimal_macros v1.27.0
[INFO] [stderr]    Compiling terminal_size v0.2.3
[INFO] [stderr]    Compiling is-terminal v0.4.1
[INFO] [stderr]    Compiling unicode-linebreak v0.1.4
[INFO] [stderr]    Compiling sealed v0.3.0
[INFO] [stderr]    Compiling futures-macro v0.3.25
[INFO] [stderr]    Compiling thiserror-impl v1.0.37
[INFO] [stderr]    Compiling derive_more v0.99.17
[INFO] [stderr]    Compiling ghost v0.1.6
[INFO] [stderr]    Compiling typed-builder v0.10.0
[INFO] [stderr]    Compiling clap_derive v4.0.21
[INFO] [stderr]    Compiling ctor v0.1.26
[INFO] [stderr]    Compiling sealed v0.4.0
[INFO] [stderr]    Compiling synthez-core v0.2.0
[INFO] [stderr]    Compiling inventory v0.3.2
[INFO] [stderr]    Compiling textwrap v0.16.0
[INFO] [stderr]    Compiling synthez-codegen v0.2.0
[INFO] [stderr]    Compiling synthez v0.2.0
[INFO] [stderr]    Compiling clap v4.0.29
[INFO] [stderr]    Compiling cucumber-expressions v0.2.1
[INFO] [stderr]    Compiling cucumber-codegen v0.15.3
[INFO] [stderr]    Compiling futures-executor v0.3.25
[INFO] [stderr]    Compiling futures v0.3.25
[INFO] [stderr]    Compiling bstr v0.2.17
[INFO] [stderr]    Compiling serde_bytes v0.11.7
[INFO] [stderr]    Compiling uuid v1.2.2
[INFO] [stderr]    Compiling globset v0.4.9
[INFO] [stderr]    Compiling csv v1.1.6
[INFO] [stderr]    Compiling ignore v0.4.18
[INFO] [stderr]    Compiling bson v2.4.0
[INFO] [stderr]    Compiling gherkin v0.13.0
[INFO] [stderr]    Compiling globwalk v0.8.1
[INFO] [stderr]    Compiling cucumber v0.15.3
[INFO] [stderr]    Compiling toybank v0.1.0 (/opt/rustwide/workdir)
[INFO] [stderr]     Finished `dev` profile [unoptimized + debuginfo] target(s) in 42.88s
[INFO] running `Command { std: "docker" "inspect" "c12579b47b3e0712bff282247985b9a8b1cf6f8746b07a0d895114add7788139", kill_on_drop: false }`
[INFO] running `Command { std: "docker" "rm" "-f" "c12579b47b3e0712bff282247985b9a8b1cf6f8746b07a0d895114add7788139", kill_on_drop: false }`
[INFO] [stdout] c12579b47b3e0712bff282247985b9a8b1cf6f8746b07a0d895114add7788139
[INFO] running `Command { std: "docker" "create" "-v" "/var/lib/crater-agent-workspace/builds/worker-4-tc1/target:/opt/rustwide/target:rw,Z" "-v" "/var/lib/crater-agent-workspace/builds/worker-4-tc1/source:/opt/rustwide/workdir:ro,Z" "-v" "/var/lib/crater-agent-workspace/cargo-home:/opt/rustwide/cargo-home:ro,Z" "-v" "/var/lib/crater-agent-workspace/rustup-home:/opt/rustwide/rustup-home:ro,Z" "-e" "SOURCE_DIR=/opt/rustwide/workdir" "-e" "CARGO_TARGET_DIR=/opt/rustwide/target" "-e" "CARGO_INCREMENTAL=0" "-e" "RUST_BACKTRACE=full" "-e" "RUSTFLAGS=--cap-lints=warn" "-e" "RUSTDOCFLAGS=--cap-lints=warn" "-e" "CARGO_HOME=/opt/rustwide/cargo-home" "-e" "RUSTUP_HOME=/opt/rustwide/rustup-home" "-w" "/opt/rustwide/workdir" "-m" "1610612736" "--user" "0:0" "--network" "none" "ghcr.io/rust-lang/crates-build-env/linux@sha256:f3a9d4ad9d972b27faf3965f35b62e55ba32bbce8f20bc8fe909558a86702fde" "/opt/rustwide/cargo-home/bin/cargo" "+1.83.0" "test" "--frozen" "--no-run" "--message-format=json", kill_on_drop: false }`
[INFO] [stdout] 0d1f551a7307d4e7b3f16d453da99a9ea14f25a2fa980cdd30001855a205bf3e
[INFO] running `Command { std: "docker" "start" "-a" "0d1f551a7307d4e7b3f16d453da99a9ea14f25a2fa980cdd30001855a205bf3e", kill_on_drop: false }`
[INFO] [stderr]    Compiling toybank v0.1.0 (/opt/rustwide/workdir)
[INFO] [stderr]     Finished `test` profile [unoptimized + debuginfo] target(s) in 7.83s
[INFO] running `Command { std: "docker" "inspect" "0d1f551a7307d4e7b3f16d453da99a9ea14f25a2fa980cdd30001855a205bf3e", kill_on_drop: false }`
[INFO] running `Command { std: "docker" "rm" "-f" "0d1f551a7307d4e7b3f16d453da99a9ea14f25a2fa980cdd30001855a205bf3e", kill_on_drop: false }`
[INFO] [stdout] 0d1f551a7307d4e7b3f16d453da99a9ea14f25a2fa980cdd30001855a205bf3e
[INFO] running `Command { std: "docker" "create" "-v" "/var/lib/crater-agent-workspace/builds/worker-4-tc1/target:/opt/rustwide/target:rw,Z" "-v" "/var/lib/crater-agent-workspace/builds/worker-4-tc1/source:/opt/rustwide/workdir:ro,Z" "-v" "/var/lib/crater-agent-workspace/cargo-home:/opt/rustwide/cargo-home:ro,Z" "-v" "/var/lib/crater-agent-workspace/rustup-home:/opt/rustwide/rustup-home:ro,Z" "-e" "SOURCE_DIR=/opt/rustwide/workdir" "-e" "CARGO_TARGET_DIR=/opt/rustwide/target" "-e" "CARGO_INCREMENTAL=0" "-e" "RUST_BACKTRACE=full" "-e" "RUSTFLAGS=--cap-lints=warn" "-e" "RUSTDOCFLAGS=--cap-lints=warn" "-e" "CARGO_HOME=/opt/rustwide/cargo-home" "-e" "RUSTUP_HOME=/opt/rustwide/rustup-home" "-w" "/opt/rustwide/workdir" "-m" "1610612736" "--user" "0:0" "--network" "none" "ghcr.io/rust-lang/crates-build-env/linux@sha256:f3a9d4ad9d972b27faf3965f35b62e55ba32bbce8f20bc8fe909558a86702fde" "/opt/rustwide/cargo-home/bin/cargo" "+1.83.0" "test" "--frozen", kill_on_drop: false }`
[INFO] [stdout] 4bb6f1bb551de595e6da7136a3c4d3587fd5e6bdbbe25e055363744c2012ac85
[INFO] running `Command { std: "docker" "start" "-a" "4bb6f1bb551de595e6da7136a3c4d3587fd5e6bdbbe25e055363744c2012ac85", kill_on_drop: false }`
[INFO] [stderr]     Finished `test` profile [unoptimized + debuginfo] target(s) in 0.26s
[INFO] [stderr]      Running unittests src/lib.rs (/opt/rustwide/target/debug/deps/toybank-1437c9c4881666b4)
[INFO] [stdout] 
[INFO] [stdout] running 3 tests
[INFO] [stdout] test basic::test_csv_processing ... ok
[INFO] [stdout] client,available,held,total,locked
[INFO] [stdout] 3,3,0,3,false
[INFO] [stdout] 1,1,0,1,false
[INFO] [stdout] 2,3.0000,0,3.0000,true
[INFO] [stdout] test advanced::test_concurrent_csv_processing_2 ... ok
[INFO] [stdout] client,available,held,total,locked
[INFO] [stdout] 1,1,0,1,false
[INFO] [stdout] 2,3.0000,0,3.0000,true
[INFO] [stdout] 3,3,0,3,false
[INFO] [stdout] test advanced::test_concurrent_csv_processing_1 ... ok
[INFO] [stdout] 
[INFO] [stdout] test result: ok. 3 passed; 0 failed; 0 ignored; 0 measured; 0 filtered out; finished in 0.12s
[INFO] [stdout] 
[INFO] [stderr]      Running unittests src/bin/execute.rs (/opt/rustwide/target/debug/deps/execute-9b17698cef862194)
[INFO] [stdout] 
[INFO] [stdout] running 0 tests
[INFO] [stdout] 
[INFO] [stdout] test result: ok. 0 passed; 0 failed; 0 ignored; 0 measured; 0 filtered out; finished in 0.00s
[INFO] [stdout] 
[INFO] [stderr]      Running tests/test_basic.rs (/opt/rustwide/target/debug/deps/test_basic-10b3934283f8dbdf)
[INFO] [stdout] 
[INFO] [stdout] running 1 test
[INFO] [stdout] Feature: Csv Processing
[INFO] [stdout]   Rule: allow negative balance for dispute
[INFO] [stdout]     Scenario: dispute with insufficient balance
[INFO] [stdout]      ✔  Given new ledger
[INFO] [stdout]      ✔  When execute csv
[INFO] [stdout]      ✔  Then validate accounts
[INFO] [stdout]   Rule: default
[INFO] [stdout]     Scenario: predefined test
[INFO] [stdout]      ✔  Given new ledger
[INFO] [stdout]      ✔  When execute csv
[INFO] [stdout]      ✔  Then validate accounts
[INFO] [stdout]     Scenario: a little more complex flow
[INFO] [stdout]      ✔  Given new ledger
[INFO] [stdout]      ✔  When execute csv
[INFO] [stdout]      ✔  Then validate accounts
[INFO] [stdout] Feature: General Cases
[INFO] [stdout]   Scenario: Try to deposit funds
[INFO] [stdout]    ✔  Given new ledger
[INFO] [stdout]    ✔  When tx 1 deposit 10.1 to 1
[INFO] [stdout]    ✔  Then account 1 has total 10.1 available 10.1 held 0
[INFO] [stdout]    ✔  When tx 2 deposit 1.03 to 1
[INFO] [stdout]    ✔  Then account 1 has total 11.13 available 11.13 held 0
[INFO] [stdout]   Scenario: Dispute and Resolve
[INFO] [stdout]    ✔  Given new ledger
[INFO] [stdout]    ✔  When tx 1 deposit 1.1 to 1
[INFO] [stdout]    ✔  And dispute 1 for 1
[INFO] [stdout]    ✔  Then account 1 has total 1.1 available 0 held 1.1
[INFO] [stdout]    ✔  When resolve 1 for 1
[INFO] [stdout]    ✔  Then account 1 has total 1.1 available 1.1 held=0
[INFO] [stdout]   Scenario: Dispute and Chargeback
[INFO] [stdout]    ✔  Given new ledger
[INFO] [stdout]    ✔  When tx 1 deposit 1.1 to 1
[INFO] [stdout]    ✔  And dispute 1 for 1
[INFO] [stdout]    ✔  Then account 1 has total 1.1 available 0 held 1.1
[INFO] [stdout]    ✔  When chargeback 1 for 1
[INFO] [stdout]    ✔  Then account 1 has total 0 available 0 held=0
[INFO] [stdout]    ✔  And account 1 is locked
[INFO] [stdout]   Scenario: Double deposit
[INFO] [stdout]    ✔  Given new ledger
[INFO] [stdout]    ✔  When tx 1 deposit 1.1 to 1
[INFO] [stdout]    ✔  And tx 1 deposit 15 to 1 ignored
[INFO] [stdout]    ✔  Then account 1 has total 1.1 available 1.1 held 0
[INFO] [stdout]   Scenario: Double withdrawal
[INFO] [stdout]    ✔  Given new ledger
[INFO] [stdout]    ✔  When tx 1 deposit 1.1 to 1
[INFO] [stdout]    ✔  And tx 2 withdrawal 1 from 1
[INFO] [stdout]    ✔  And tx 2 withdrawal 1 from 1 ignored
[INFO] [stdout]    ✔  Then account 1 has total 0.1 available 0.1 held 0
[INFO] [stdout]   Scenario: Dispute/resolve/chargeback a withdrawal transaction
[INFO] [stdout]    ✔  Given new ledger
[INFO] [stdout]    ✔  When tx 1 deposit 1.1 to 1
[INFO] [stdout]    ✔  And tx 2 withdrawal 0.1 from 1
[INFO] [stdout]    ✔  And dispute 2 for 1 rejected
[INFO] [stdout]    ✔  And resolve 2 for 1 rejected
[INFO] [stdout]    ✔  And chargeback 2 for 1 rejected
[INFO] [stdout]    ✔  Then account 1 has total 1 available 1 held 0
[INFO] [stdout]   Scenario: Double dispute
[INFO] [stdout]    ✔  Given new ledger
[INFO] [stdout]    ✔  When tx 1 deposit 1.1 to 1
[INFO] [stdout]    ✔  And dispute 1 for 1
[INFO] [stdout]    ✔  And dispute 1 for 1 ignored
[INFO] [stdout]    ✔  Then account 1 has total 1.1 available 0 held 1.1
[INFO] [stdout] [Summary]
[INFO] [stdout] 2 features
[INFO] [stdout] 2 rules
[INFO] [stdout] 10 scenarios (10 passed)
[INFO] [stdout] 48 steps (48 passed)
[INFO] [stdout] test test ... ok
[INFO] [stdout] 
[INFO] [stdout] test result: ok. 1 passed; 0 failed; 0 ignored; 0 measured; 0 filtered out; finished in 0.07s
[INFO] [stdout] 
[INFO] [stderr]      Running tests/test_with_file.rs (/opt/rustwide/target/debug/deps/test_with_file-109e3cb228245b3a)
[INFO] [stdout] 
[INFO] [stdout] running 1 test
[INFO] [stdout] Feature: Csv Processing
[INFO] [stdout]   Rule: allow negative balance for dispute
[INFO] [stdout]     Scenario: dispute with insufficient balance
[INFO] [stdout]      ✔  Given new ledger
[INFO] [stdout]      ✔  When execute csv
[INFO] [stdout]      ✔  Then validate accounts
[INFO] [stdout]   Rule: default
[INFO] [stdout]     Scenario: predefined test
[INFO] [stdout]      ✔  Given new ledger
[INFO] [stdout]      ✔  When execute csv
[INFO] [stdout]      ✔  Then validate accounts
[INFO] [stdout]     Scenario: a little more complex flow
[INFO] [stdout]      ✔  Given new ledger
[INFO] [stdout]      ✔  When execute csv
[INFO] [stdout]      ✔  Then validate accounts
[INFO] [stdout] Feature: General Cases
[INFO] [stdout]   Scenario: Try to deposit funds
[INFO] [stdout]    ✔  Given new ledger
[INFO] [stdout]    ✔  When tx 1 deposit 10.1 to 1
[INFO] [stdout]    ✔  Then account 1 has total 10.1 available 10.1 held 0
[INFO] [stdout]    ✔  When tx 2 deposit 1.03 to 1
[INFO] [stdout]    ✔  Then account 1 has total 11.13 available 11.13 held 0
[INFO] [stdout]   Scenario: Dispute and Resolve
[INFO] [stdout]    ✔  Given new ledger
[INFO] [stdout]    ✔  When tx 1 deposit 1.1 to 1
[INFO] [stdout]    ✔  And dispute 1 for 1
[INFO] [stdout]    ✔  Then account 1 has total 1.1 available 0 held 1.1
[INFO] [stdout]    ✔  When resolve 1 for 1
[INFO] [stdout]    ✔  Then account 1 has total 1.1 available 1.1 held=0
[INFO] [stdout]   Scenario: Dispute and Chargeback
[INFO] [stdout]    ✔  Given new ledger
[INFO] [stdout]    ✔  When tx 1 deposit 1.1 to 1
[INFO] [stdout]    ✔  And dispute 1 for 1
[INFO] [stdout]    ✔  Then account 1 has total 1.1 available 0 held 1.1
[INFO] [stdout]    ✔  When chargeback 1 for 1
[INFO] [stdout]    ✔  Then account 1 has total 0 available 0 held=0
[INFO] [stdout]    ✔  And account 1 is locked
[INFO] [stdout]   Scenario: Double deposit
[INFO] [stdout]    ✔  Given new ledger
[INFO] [stdout]    ✔  When tx 1 deposit 1.1 to 1
[INFO] [stdout]    ✔  And tx 1 deposit 15 to 1 ignored
[INFO] [stdout]    ✔  Then account 1 has total 1.1 available 1.1 held 0
[INFO] [stdout]   Scenario: Double withdrawal
[INFO] [stdout]    ✔  Given new ledger
[INFO] [stdout]    ✔  When tx 1 deposit 1.1 to 1
[INFO] [stdout]    ✔  And tx 2 withdrawal 1 from 1
[INFO] [stdout]    ✔  And tx 2 withdrawal 1 from 1 ignored
[INFO] [stdout]    ✔  Then account 1 has total 0.1 available 0.1 held 0
[INFO] [stdout]   Scenario: Dispute/resolve/chargeback a withdrawal transaction
[INFO] [stdout]    ✔  Given new ledger
[INFO] [stdout]    ✔  When tx 1 deposit 1.1 to 1
[INFO] [stdout]    ✔  And tx 2 withdrawal 0.1 from 1
[INFO] [stdout]    ✔  And dispute 2 for 1 rejected
[INFO] [stdout]    ✔  And resolve 2 for 1 rejected
[INFO] [stdout]    ✔  And chargeback 2 for 1 rejected
[INFO] [stdout]    ✔  Then account 1 has total 1 available 1 held 0
[INFO] [stdout]   Scenario: Double dispute
[INFO] [stdout]    ✔  Given new ledger
[INFO] [stdout]    ✔  When tx 1 deposit 1.1 to 1
[INFO] [stdout]    ✔  And dispute 1 for 1
[INFO] [stdout]    ✔  And dispute 1 for 1 ignored
[INFO] [stdout]    ✔  Then account 1 has total 1.1 available 0 held 1.1
[INFO] [stdout] [Summary]
[INFO] [stdout] 2 features
[INFO] [stdout] 2 rules
[INFO] [stdout] 10 scenarios (10 passed)
[INFO] [stdout] 48 steps (48 passed)
[INFO] [stdout] Feature: Advanced Csv Processing
[INFO] [stdout]   Scenario: a little more complex flow
[INFO] [stdout]    ✘  Given new ledger tests/test.ledger
[INFO] [stdout]       Step failed:
[INFO] [stdout]       Defined: tests/features/advanced/csv.feature:3:5
[INFO] [stdout]       Matched: tests/suite/mod.rs:99:1
[INFO] [stdout]       Step panicked. Captured output: called `Result::unwrap()` on an `Err` value: Io(Os { code: 30, kind: ReadOnlyFilesystem, message: "Read-only file system" })
[INFO] [stdout]   Scenario: reuse ledger
[INFO] [stdout]    ✘  Given existing ledger tests/test.ledger
[INFO] [stdout]       Step failed:
[INFO] [stdout]       Defined: tests/features/advanced/csv.feature:45:5
[INFO] [stdout]       Matched: tests/suite/mod.rs:107:1
[INFO] [stdout]       Step panicked. Captured output: called `Result::unwrap()` on an `Err` value: Io(Os { code: 30, kind: ReadOnlyFilesystem, message: "Read-only file system" })
[INFO] [stdout] [Summary]
[INFO] [stdout] 1 feature
[INFO] [stdout] 2 scenarios (2 failed)
[INFO] [stdout] 2 steps (2 failed)
[INFO] [stdout] test test ... FAILED
[INFO] [stdout] 
[INFO] [stdout] failures:
[INFO] [stdout] 
[INFO] [stdout] ---- test stdout ----
[INFO] [stdout] thread 'test' panicked at tests/suite/mod.rs:228:5:
[INFO] [stdout] assertion `left == right` failed: 2 failed scenarios
[INFO] [stdout]   left: 2
[INFO] [stdout]  right: 0
[INFO] [stdout] stack backtrace:
[INFO] [stdout]    0:     0x59313edfb11a - std::backtrace_rs::backtrace::libunwind::trace::h5a5b8284f2d0c266
[INFO] [stdout]                                at /rustc/90b35a6239c3d8bdabc530a6a0816f7ff89a0aaf/library/std/src/../../backtrace/src/backtrace/libunwind.rs:116:5
[INFO] [stdout]    1:     0x59313edfb11a - std::backtrace_rs::backtrace::trace_unsynchronized::h76d4f1c9b0b875e3
[INFO] [stdout]                                at /rustc/90b35a6239c3d8bdabc530a6a0816f7ff89a0aaf/library/std/src/../../backtrace/src/backtrace/mod.rs:66:5
[INFO] [stdout]    2:     0x59313edfb11a - std::sys::backtrace::_print_fmt::hc4546b8364a537c6
[INFO] [stdout]                                at /rustc/90b35a6239c3d8bdabc530a6a0816f7ff89a0aaf/library/std/src/sys/backtrace.rs:66:9
[INFO] [stdout]    3:     0x59313edfb11a - <std::sys::backtrace::BacktraceLock::print::DisplayBacktrace as core::fmt::Display>::fmt::h5b6bd5631a6d1f6b
[INFO] [stdout]                                at /rustc/90b35a6239c3d8bdabc530a6a0816f7ff89a0aaf/library/std/src/sys/backtrace.rs:39:26
[INFO] [stdout]    4:     0x59313ee23c13 - core::fmt::rt::Argument::fmt::h270f6602a2b96f62
[INFO] [stdout]                                at /rustc/90b35a6239c3d8bdabc530a6a0816f7ff89a0aaf/library/core/src/fmt/rt.rs:177:76
[INFO] [stdout]    5:     0x59313ee23c13 - core::fmt::write::h7550c97b06c86515
[INFO] [stdout]                                at /rustc/90b35a6239c3d8bdabc530a6a0816f7ff89a0aaf/library/core/src/fmt/mod.rs:1186:21
[INFO] [stdout]    6:     0x59313edf7ab3 - std::io::Write::write_fmt::h509ff860e5956e5e
[INFO] [stdout]                                at /rustc/90b35a6239c3d8bdabc530a6a0816f7ff89a0aaf/library/std/src/io/mod.rs:1839:15
[INFO] [stdout]    7:     0x59313edfaf62 - std::sys::backtrace::BacktraceLock::print::h2395ccd2c84ba3aa
[INFO] [stdout]                                at /rustc/90b35a6239c3d8bdabc530a6a0816f7ff89a0aaf/library/std/src/sys/backtrace.rs:42:9
[INFO] [stdout]    8:     0x59313edfc57a - std::panicking::default_hook::{{closure}}::he19d4c7230e07961
[INFO] [stdout]                                at /rustc/90b35a6239c3d8bdabc530a6a0816f7ff89a0aaf/library/std/src/panicking.rs:268:22
[INFO] [stdout]    9:     0x59313edfc384 - std::panicking::default_hook::hf614597d3c67bbdb
[INFO] [stdout]                                at /rustc/90b35a6239c3d8bdabc530a6a0816f7ff89a0aaf/library/std/src/panicking.rs:292:9
[INFO] [stdout]   10:     0x59313e711df9 - <alloc::boxed::Box<F,A> as core::ops::function::Fn<Args>>::call::h39b51ce4599c23d1
[INFO] [stdout]                                at /rustc/90b35a6239c3d8bdabc530a6a0816f7ff89a0aaf/library/alloc/src/boxed.rs:2468:9
[INFO] [stdout]   11:     0x59313e711df9 - test::test_main::{{closure}}::he977ae839a582784
[INFO] [stdout]                                at /rustc/90b35a6239c3d8bdabc530a6a0816f7ff89a0aaf/library/test/src/lib.rs:133:21
[INFO] [stdout]   12:     0x59313edfcc18 - <alloc::boxed::Box<F,A> as core::ops::function::Fn<Args>>::call::h9455091b6b06f9fb
[INFO] [stdout]                                at /rustc/90b35a6239c3d8bdabc530a6a0816f7ff89a0aaf/library/alloc/src/boxed.rs:2468:9
[INFO] [stdout]   13:     0x59313edfcc18 - std::panicking::rust_panic_with_hook::h8942133a8b252070
[INFO] [stdout]                                at /rustc/90b35a6239c3d8bdabc530a6a0816f7ff89a0aaf/library/std/src/panicking.rs:809:13
[INFO] [stdout]   14:     0x59313edfc9da - std::panicking::begin_panic_handler::{{closure}}::hb5f5963570096b29
[INFO] [stdout]                                at /rustc/90b35a6239c3d8bdabc530a6a0816f7ff89a0aaf/library/std/src/panicking.rs:674:13
[INFO] [stdout]   15:     0x59313edfb5f9 - std::sys::backtrace::__rust_end_short_backtrace::h6208cedc1922feda
[INFO] [stdout]                                at /rustc/90b35a6239c3d8bdabc530a6a0816f7ff89a0aaf/library/std/src/sys/backtrace.rs:170:18
[INFO] [stdout]   16:     0x59313edfc66c - rust_begin_unwind
[INFO] [stdout]                                at /rustc/90b35a6239c3d8bdabc530a6a0816f7ff89a0aaf/library/std/src/panicking.rs:665:5
[INFO] [stdout]   17:     0x59313e5d7370 - core::panicking::panic_fmt::h0c3082644d1bf418
[INFO] [stdout]                                at /rustc/90b35a6239c3d8bdabc530a6a0816f7ff89a0aaf/library/core/src/panicking.rs:74:14
[INFO] [stdout]   18:     0x59313e5d7774 - core::panicking::assert_failed_inner::h2ddf1fcc067fa858
[INFO] [stdout]   19:     0x59313eafa503 - core::panicking::assert_failed::h0089b953b420d4cb
[INFO] [stdout]                                at /rustc/90b35a6239c3d8bdabc530a6a0816f7ff89a0aaf/library/core/src/panicking.rs:367:5
[INFO] [stdout]   20:     0x59313e5fb65e - test_with_file::suite::succeeded_with::h65f5b322d57757f3
[INFO] [stdout]                                at /opt/rustwide/workdir/tests/suite/mod.rs:228:5
[INFO] [stdout]   21:     0x59313e69e7a3 - test_with_file::test::h20788b28eef0e1c1
[INFO] [stdout]                                at /opt/rustwide/workdir/tests/test_with_file.rs:18:5
[INFO] [stdout]   22:     0x59313e69e767 - test_with_file::test::{{closure}}::hc84668b8abf20fba
[INFO] [stdout]                                at /opt/rustwide/workdir/tests/test_with_file.rs:16:10
[INFO] [stdout]   23:     0x59313e63e196 - core::ops::function::FnOnce::call_once::h620e4b024624da2a
[INFO] [stdout]                                at /rustc/90b35a6239c3d8bdabc530a6a0816f7ff89a0aaf/library/core/src/ops/function.rs:250:5
[INFO] [stdout]   24:     0x59313e7167bb - core::ops::function::FnOnce::call_once::h109cf8051a59b34e
[INFO] [stdout]                                at /rustc/90b35a6239c3d8bdabc530a6a0816f7ff89a0aaf/library/core/src/ops/function.rs:250:5
[INFO] [stdout]   25:     0x59313e7167bb - test::__rust_begin_short_backtrace::hf4fff89d377446ba
[INFO] [stdout]                                at /rustc/90b35a6239c3d8bdabc530a6a0816f7ff89a0aaf/library/test/src/lib.rs:621:18
[INFO] [stdout]   26:     0x59313e715ff7 - test::run_test_in_process::{{closure}}::h0e39181dd7ee5a43
[INFO] [stdout]                                at /rustc/90b35a6239c3d8bdabc530a6a0816f7ff89a0aaf/library/test/src/lib.rs:644:60
[INFO] [stdout]   27:     0x59313e715ff7 - <core::panic::unwind_safe::AssertUnwindSafe<F> as core::ops::function::FnOnce<()>>::call_once::hc5a66a30f0bdfd1f
[INFO] [stdout]                                at /rustc/90b35a6239c3d8bdabc530a6a0816f7ff89a0aaf/library/core/src/panic/unwind_safe.rs:272:9
[INFO] [stdout]   28:     0x59313e715ff7 - std::panicking::try::do_call::h873b7cf639554a5e
[INFO] [stdout]                                at /rustc/90b35a6239c3d8bdabc530a6a0816f7ff89a0aaf/library/std/src/panicking.rs:557:40
[INFO] [stdout]   29:     0x59313e715ff7 - std::panicking::try::hdb19862fad9c8bd1
[INFO] [stdout]                                at /rustc/90b35a6239c3d8bdabc530a6a0816f7ff89a0aaf/library/std/src/panicking.rs:520:19
[INFO] [stdout]   30:     0x59313e715ff7 - std::panic::catch_unwind::h281fe732d236d260
[INFO] [stdout]                                at /rustc/90b35a6239c3d8bdabc530a6a0816f7ff89a0aaf/library/std/src/panic.rs:358:14
[INFO] [stdout]   31:     0x59313e715ff7 - test::run_test_in_process::h949b6df8457ed338
[INFO] [stdout]                                at /rustc/90b35a6239c3d8bdabc530a6a0816f7ff89a0aaf/library/test/src/lib.rs:644:27
[INFO] [stdout]   32:     0x59313e715ff7 - test::run_test::{{closure}}::h52c556a6d4740e10
[INFO] [stdout]                                at /rustc/90b35a6239c3d8bdabc530a6a0816f7ff89a0aaf/library/test/src/lib.rs:565:43
[INFO] [stdout]   33:     0x59313e6db2d4 - test::run_test::{{closure}}::h4237f6381c45ccb9
[INFO] [stdout]                                at /rustc/90b35a6239c3d8bdabc530a6a0816f7ff89a0aaf/library/test/src/lib.rs:595:41
[INFO] [stdout]   34:     0x59313e6db2d4 - std::sys::backtrace::__rust_begin_short_backtrace::h505c97a579eca628
[INFO] [stdout]                                at /rustc/90b35a6239c3d8bdabc530a6a0816f7ff89a0aaf/library/std/src/sys/backtrace.rs:154:18
[INFO] [stdout]   35:     0x59313e6de99e - std::thread::Builder::spawn_unchecked_::{{closure}}::{{closure}}::h9e86b2e2bc107ea3
[INFO] [stdout]                                at /rustc/90b35a6239c3d8bdabc530a6a0816f7ff89a0aaf/library/std/src/thread/mod.rs:538:17
[INFO] [stdout]   36:     0x59313e6de99e - <core::panic::unwind_safe::AssertUnwindSafe<F> as core::ops::function::FnOnce<()>>::call_once::h8b06ddb275ff4a25
[INFO] [stdout]                                at /rustc/90b35a6239c3d8bdabc530a6a0816f7ff89a0aaf/library/core/src/panic/unwind_safe.rs:272:9
[INFO] [stdout]   37:     0x59313e6de99e - std::panicking::try::do_call::hb26ecd7cd9a9355d
[INFO] [stdout]                                at /rustc/90b35a6239c3d8bdabc530a6a0816f7ff89a0aaf/library/std/src/panicking.rs:557:40
[INFO] [stdout]   38:     0x59313e6de99e - std::panicking::try::h8ddeca9d705f9069
[INFO] [stdout]                                at /rustc/90b35a6239c3d8bdabc530a6a0816f7ff89a0aaf/library/std/src/panicking.rs:520:19
[INFO] [stdout]   39:     0x59313e6de99e - std::panic::catch_unwind::h49e1c33078844c46
[INFO] [stdout]                                at /rustc/90b35a6239c3d8bdabc530a6a0816f7ff89a0aaf/library/std/src/panic.rs:358:14
[INFO] [stdout]   40:     0x59313e6de99e - std::thread::Builder::spawn_unchecked_::{{closure}}::h6073db6ff56ad35d
[INFO] [stdout]                                at /rustc/90b35a6239c3d8bdabc530a6a0816f7ff89a0aaf/library/std/src/thread/mod.rs:537:30
[INFO] [stdout]   41:     0x59313e6de99e - core::ops::function::FnOnce::call_once{{vtable.shim}}::h2c5a5f3779c774f1
[INFO] [stdout]                                at /rustc/90b35a6239c3d8bdabc530a6a0816f7ff89a0aaf/library/core/src/ops/function.rs:250:5
[INFO] [stdout]   42:     0x59313ee01ecb - <alloc::boxed::Box<F,A> as core::ops::function::FnOnce<Args>>::call_once::hf75717d9f28faebf
[INFO] [stdout]                                at /rustc/90b35a6239c3d8bdabc530a6a0816f7ff89a0aaf/library/alloc/src/boxed.rs:2454:9
[INFO] [stdout]   43:     0x59313ee01ecb - <alloc::boxed::Box<F,A> as core::ops::function::FnOnce<Args>>::call_once::h7bd883a5f3c5f3c1
[INFO] [stdout]                                at /rustc/90b35a6239c3d8bdabc530a6a0816f7ff89a0aaf/library/alloc/src/boxed.rs:2454:9
[INFO] [stdout]   44:     0x59313ee01ecb - std::sys::pal::unix::thread::Thread::new::thread_start::hcc78f3943333fa94
[INFO] [stdout]                                at /rustc/90b35a6239c3d8bdabc530a6a0816f7ff89a0aaf/library/std/src/sys/pal/unix/thread.rs:105:17
[INFO] [stdout]   45:     0x777c0da58ac3 - <unknown>
[INFO] [stdout]   46:     0x777c0dae9a04 - clone
[INFO] [stdout]   47:                0x0 - <unknown>
[INFO] [stdout] 
[INFO] [stdout] 
[INFO] [stdout] failures:
[INFO] [stdout]     test
[INFO] [stdout] 
[INFO] [stdout] test result: FAILED. 0 passed; 1 failed; 0 ignored; 0 measured; 0 filtered out; finished in 0.24s
[INFO] [stdout] 
[INFO] [stderr] error: test failed, to rerun pass `--test test_with_file`
[INFO] running `Command { std: "docker" "inspect" "4bb6f1bb551de595e6da7136a3c4d3587fd5e6bdbbe25e055363744c2012ac85", kill_on_drop: false }`
[INFO] running `Command { std: "docker" "rm" "-f" "4bb6f1bb551de595e6da7136a3c4d3587fd5e6bdbbe25e055363744c2012ac85", kill_on_drop: false }`
[INFO] [stdout] 4bb6f1bb551de595e6da7136a3c4d3587fd5e6bdbbe25e055363744c2012ac85
