[INFO] cloning repository https://github.com/suarvid/sandsim-rs
[INFO] running `Command { std: "git" "-c" "credential.helper=" "-c" "credential.helper=/workspace/cargo-home/bin/git-credential-null" "clone" "--bare" "https://github.com/suarvid/sandsim-rs" "/workspace/cache/git-repos/https%3A%2F%2Fgithub.com%2Fsuarvid%2Fsandsim-rs", kill_on_drop: false }`
[INFO] [stderr] Cloning into bare repository '/workspace/cache/git-repos/https%3A%2F%2Fgithub.com%2Fsuarvid%2Fsandsim-rs'...
[INFO] running `Command { std: "git" "rev-parse" "HEAD", kill_on_drop: false }`
[INFO] [stdout] 59bba8043b09ee61e0bef543c232116119f7436a
[INFO] testing suarvid/sandsim-rs against beta-2024-12-08 for beta-1.84.0-4-retry
[INFO] running `Command { std: "git" "clone" "/workspace/cache/git-repos/https%3A%2F%2Fgithub.com%2Fsuarvid%2Fsandsim-rs" "/workspace/builds/worker-4-tc2/source", kill_on_drop: false }`
[INFO] [stderr] Cloning into '/workspace/builds/worker-4-tc2/source'...
[INFO] [stderr] done.
[INFO] validating manifest of git repo https://github.com/suarvid/sandsim-rs on toolchain beta-2024-12-08
[INFO] running `Command { std: CARGO_HOME="/workspace/cargo-home" RUSTUP_HOME="/workspace/rustup-home" "/workspace/cargo-home/bin/cargo" "+beta-2024-12-08" "metadata" "--manifest-path" "Cargo.toml" "--no-deps", kill_on_drop: false }`
[INFO] started tweaking git repo https://github.com/suarvid/sandsim-rs
[INFO] finished tweaking git repo https://github.com/suarvid/sandsim-rs
[INFO] tweaked toml for git repo https://github.com/suarvid/sandsim-rs written to /workspace/builds/worker-4-tc2/source/Cargo.toml
[INFO] crate git repo https://github.com/suarvid/sandsim-rs already has a lockfile, it will not be regenerated
[INFO] running `Command { std: CARGO_HOME="/workspace/cargo-home" RUSTUP_HOME="/workspace/rustup-home" "/workspace/cargo-home/bin/cargo" "+beta-2024-12-08" "fetch" "--manifest-path" "Cargo.toml", kill_on_drop: false }`
[INFO] running `Command { std: "docker" "create" "-v" "/var/lib/crater-agent-workspace/builds/worker-4-tc2/target:/opt/rustwide/target:rw,Z" "-v" "/var/lib/crater-agent-workspace/builds/worker-4-tc2/source:/opt/rustwide/workdir:ro,Z" "-v" "/var/lib/crater-agent-workspace/cargo-home:/opt/rustwide/cargo-home:ro,Z" "-v" "/var/lib/crater-agent-workspace/rustup-home:/opt/rustwide/rustup-home:ro,Z" "-e" "SOURCE_DIR=/opt/rustwide/workdir" "-e" "CARGO_TARGET_DIR=/opt/rustwide/target" "-e" "CARGO_HOME=/opt/rustwide/cargo-home" "-e" "RUSTUP_HOME=/opt/rustwide/rustup-home" "-w" "/opt/rustwide/workdir" "-m" "1610612736" "--user" "0:0" "--network" "none" "ghcr.io/rust-lang/crates-build-env/linux@sha256:f3a9d4ad9d972b27faf3965f35b62e55ba32bbce8f20bc8fe909558a86702fde" "/opt/rustwide/cargo-home/bin/cargo" "+beta-2024-12-08" "metadata" "--no-deps" "--format-version=1", kill_on_drop: false }`
[INFO] [stdout] 5ca3bf0cc0480b70532df72348b04fa3aada195d5ec504596a39b88ac8f18ce9
[INFO] running `Command { std: "docker" "start" "-a" "5ca3bf0cc0480b70532df72348b04fa3aada195d5ec504596a39b88ac8f18ce9", kill_on_drop: false }`
[INFO] running `Command { std: "docker" "inspect" "5ca3bf0cc0480b70532df72348b04fa3aada195d5ec504596a39b88ac8f18ce9", kill_on_drop: false }`
[INFO] running `Command { std: "docker" "rm" "-f" "5ca3bf0cc0480b70532df72348b04fa3aada195d5ec504596a39b88ac8f18ce9", kill_on_drop: false }`
[INFO] [stdout] 5ca3bf0cc0480b70532df72348b04fa3aada195d5ec504596a39b88ac8f18ce9
[INFO] running `Command { std: "docker" "create" "-v" "/var/lib/crater-agent-workspace/builds/worker-4-tc2/target:/opt/rustwide/target:rw,Z" "-v" "/var/lib/crater-agent-workspace/builds/worker-4-tc2/source:/opt/rustwide/workdir:ro,Z" "-v" "/var/lib/crater-agent-workspace/cargo-home:/opt/rustwide/cargo-home:ro,Z" "-v" "/var/lib/crater-agent-workspace/rustup-home:/opt/rustwide/rustup-home:ro,Z" "-e" "SOURCE_DIR=/opt/rustwide/workdir" "-e" "CARGO_TARGET_DIR=/opt/rustwide/target" "-e" "CARGO_INCREMENTAL=0" "-e" "RUST_BACKTRACE=full" "-e" "RUSTFLAGS=--cap-lints=warn" "-e" "RUSTDOCFLAGS=--cap-lints=warn" "-e" "CARGO_HOME=/opt/rustwide/cargo-home" "-e" "RUSTUP_HOME=/opt/rustwide/rustup-home" "-w" "/opt/rustwide/workdir" "-m" "1610612736" "--user" "0:0" "--network" "none" "ghcr.io/rust-lang/crates-build-env/linux@sha256:f3a9d4ad9d972b27faf3965f35b62e55ba32bbce8f20bc8fe909558a86702fde" "/opt/rustwide/cargo-home/bin/cargo" "+beta-2024-12-08" "build" "--frozen" "--message-format=json", kill_on_drop: false }`
[INFO] [stdout] c2d692ecfe30c57ee204c412ef03ef59f124d54321e21a560975e2f9d03f3416
[INFO] running `Command { std: "docker" "start" "-a" "c2d692ecfe30c57ee204c412ef03ef59f124d54321e21a560975e2f9d03f3416", kill_on_drop: false }`
[INFO] [stderr]    Compiling libc v0.2.147
[INFO] [stderr]    Compiling fs_extra v1.3.0
[INFO] [stderr]    Compiling lazy_static v1.4.0
[INFO] [stderr]    Compiling cfg-if v1.0.0
[INFO] [stderr]    Compiling cc v1.0.83
[INFO] [stderr]    Compiling cmake v0.1.50
[INFO] [stderr]    Compiling raylib-sys v3.7.0
[INFO] [stderr]    Compiling raylib v3.7.0
[INFO] [stderr]    Compiling sandsim-rs v0.1.0 (/opt/rustwide/workdir)
[INFO] [stdout] warning: fields `color`, `density`, `move_speed`, `flammability`, and `move_func` are never read
[INFO] [stdout]  --> src/world.rs:4:5
[INFO] [stdout]   |
[INFO] [stdout] 3 | pub struct Cell {
[INFO] [stdout]   |            ---- fields in this struct
[INFO] [stdout] 4 |     color: Color,
[INFO] [stdout]   |     ^^^^^
[INFO] [stdout] 5 |     density: usize,
[INFO] [stdout]   |     ^^^^^^^
[INFO] [stdout] 6 |     move_speed: usize,
[INFO] [stdout]   |     ^^^^^^^^^^
[INFO] [stdout] 7 |     flammability: i32, // Negative -> puts out fire
[INFO] [stdout]   |     ^^^^^^^^^^^^
[INFO] [stdout] 8 |     move_func: fn(World, usize, usize) -> Coordinates,
[INFO] [stdout]   |     ^^^^^^^^^
[INFO] [stdout]   |
[INFO] [stdout]   = note: `#[warn(dead_code)]` on by default
[INFO] [stdout] 
[INFO] [stdout] 
[INFO] [stderr]     Finished `dev` profile [unoptimized + debuginfo] target(s) in 46.99s
[INFO] running `Command { std: "docker" "inspect" "c2d692ecfe30c57ee204c412ef03ef59f124d54321e21a560975e2f9d03f3416", kill_on_drop: false }`
[INFO] running `Command { std: "docker" "rm" "-f" "c2d692ecfe30c57ee204c412ef03ef59f124d54321e21a560975e2f9d03f3416", kill_on_drop: false }`
[INFO] [stdout] c2d692ecfe30c57ee204c412ef03ef59f124d54321e21a560975e2f9d03f3416
[INFO] running `Command { std: "docker" "create" "-v" "/var/lib/crater-agent-workspace/builds/worker-4-tc2/target:/opt/rustwide/target:rw,Z" "-v" "/var/lib/crater-agent-workspace/builds/worker-4-tc2/source:/opt/rustwide/workdir:ro,Z" "-v" "/var/lib/crater-agent-workspace/cargo-home:/opt/rustwide/cargo-home:ro,Z" "-v" "/var/lib/crater-agent-workspace/rustup-home:/opt/rustwide/rustup-home:ro,Z" "-e" "SOURCE_DIR=/opt/rustwide/workdir" "-e" "CARGO_TARGET_DIR=/opt/rustwide/target" "-e" "CARGO_INCREMENTAL=0" "-e" "RUST_BACKTRACE=full" "-e" "RUSTFLAGS=--cap-lints=warn" "-e" "RUSTDOCFLAGS=--cap-lints=warn" "-e" "CARGO_HOME=/opt/rustwide/cargo-home" "-e" "RUSTUP_HOME=/opt/rustwide/rustup-home" "-w" "/opt/rustwide/workdir" "-m" "1610612736" "--user" "0:0" "--network" "none" "ghcr.io/rust-lang/crates-build-env/linux@sha256:f3a9d4ad9d972b27faf3965f35b62e55ba32bbce8f20bc8fe909558a86702fde" "/opt/rustwide/cargo-home/bin/cargo" "+beta-2024-12-08" "test" "--frozen" "--no-run" "--message-format=json", kill_on_drop: false }`
[INFO] [stdout] 52241a727ffb7cf0dcbe0fd9a152922dfb04732084d8354abde802065a62bca4
[INFO] running `Command { std: "docker" "start" "-a" "52241a727ffb7cf0dcbe0fd9a152922dfb04732084d8354abde802065a62bca4", kill_on_drop: false }`
[INFO] [stderr]    Compiling sandsim-rs v0.1.0 (/opt/rustwide/workdir)
[INFO] [stdout] warning: fields `color`, `density`, `move_speed`, `flammability`, and `move_func` are never read
[INFO] [stdout]  --> src/world.rs:4:5
[INFO] [stdout]   |
[INFO] [stdout] 3 | pub struct Cell {
[INFO] [stdout]   |            ---- fields in this struct
[INFO] [stdout] 4 |     color: Color,
[INFO] [stdout]   |     ^^^^^
[INFO] [stdout] 5 |     density: usize,
[INFO] [stdout]   |     ^^^^^^^
[INFO] [stdout] 6 |     move_speed: usize,
[INFO] [stdout]   |     ^^^^^^^^^^
[INFO] [stdout] 7 |     flammability: i32, // Negative -> puts out fire
[INFO] [stdout]   |     ^^^^^^^^^^^^
[INFO] [stdout] 8 |     move_func: fn(World, usize, usize) -> Coordinates,
[INFO] [stdout]   |     ^^^^^^^^^
[INFO] [stdout]   |
[INFO] [stdout]   = note: `#[warn(dead_code)]` on by default
[INFO] [stdout] 
[INFO] [stdout] 
[INFO] [stderr]     Finished `test` profile [unoptimized + debuginfo] target(s) in 0.48s
[INFO] running `Command { std: "docker" "inspect" "52241a727ffb7cf0dcbe0fd9a152922dfb04732084d8354abde802065a62bca4", kill_on_drop: false }`
[INFO] running `Command { std: "docker" "rm" "-f" "52241a727ffb7cf0dcbe0fd9a152922dfb04732084d8354abde802065a62bca4", kill_on_drop: false }`
[INFO] [stdout] 52241a727ffb7cf0dcbe0fd9a152922dfb04732084d8354abde802065a62bca4
[INFO] running `Command { std: "docker" "create" "-v" "/var/lib/crater-agent-workspace/builds/worker-4-tc2/target:/opt/rustwide/target:rw,Z" "-v" "/var/lib/crater-agent-workspace/builds/worker-4-tc2/source:/opt/rustwide/workdir:ro,Z" "-v" "/var/lib/crater-agent-workspace/cargo-home:/opt/rustwide/cargo-home:ro,Z" "-v" "/var/lib/crater-agent-workspace/rustup-home:/opt/rustwide/rustup-home:ro,Z" "-e" "SOURCE_DIR=/opt/rustwide/workdir" "-e" "CARGO_TARGET_DIR=/opt/rustwide/target" "-e" "CARGO_INCREMENTAL=0" "-e" "RUST_BACKTRACE=full" "-e" "RUSTFLAGS=--cap-lints=warn" "-e" "RUSTDOCFLAGS=--cap-lints=warn" "-e" "CARGO_HOME=/opt/rustwide/cargo-home" "-e" "RUSTUP_HOME=/opt/rustwide/rustup-home" "-w" "/opt/rustwide/workdir" "-m" "1610612736" "--user" "0:0" "--network" "none" "ghcr.io/rust-lang/crates-build-env/linux@sha256:f3a9d4ad9d972b27faf3965f35b62e55ba32bbce8f20bc8fe909558a86702fde" "/opt/rustwide/cargo-home/bin/cargo" "+beta-2024-12-08" "test" "--frozen", kill_on_drop: false }`
[INFO] [stdout] 7543fe7f2e6c7b37e02d212cc79af57ad72900d699dd71b7e8d2f7cc0fe991e6
[INFO] running `Command { std: "docker" "start" "-a" "7543fe7f2e6c7b37e02d212cc79af57ad72900d699dd71b7e8d2f7cc0fe991e6", kill_on_drop: false }`
[INFO] [stderr] warning: fields `color`, `density`, `move_speed`, `flammability`, and `move_func` are never read
[INFO] [stderr]  --> src/world.rs:4:5
[INFO] [stderr]   |
[INFO] [stderr] 3 | pub struct Cell {
[INFO] [stderr]   |            ---- fields in this struct
[INFO] [stderr] 4 |     color: Color,
[INFO] [stderr]   |     ^^^^^
[INFO] [stderr] 5 |     density: usize,
[INFO] [stderr]   |     ^^^^^^^
[INFO] [stderr] 6 |     move_speed: usize,
[INFO] [stderr]   |     ^^^^^^^^^^
[INFO] [stderr] 7 |     flammability: i32, // Negative -> puts out fire
[INFO] [stderr]   |     ^^^^^^^^^^^^
[INFO] [stderr] 8 |     move_func: fn(World, usize, usize) -> Coordinates,
[INFO] [stderr]   |     ^^^^^^^^^
[INFO] [stderr]   |
[INFO] [stderr]   = note: `#[warn(dead_code)]` on by default
[INFO] [stderr] 
[INFO] [stderr] warning: `sandsim-rs` (bin "sandsim-rs" test) generated 1 warning
[INFO] [stderr]     Finished `test` profile [unoptimized + debuginfo] target(s) in 0.03s
[INFO] [stderr]      Running unittests src/main.rs (/opt/rustwide/target/debug/deps/sandsim_rs-08c3d31110a26c72)
[INFO] [stdout] 
[INFO] [stdout] running 1 test
[INFO] [stdout] test world::tests::test_init_empty_world_is_empty ... FAILED
[INFO] [stdout] 
[INFO] [stdout] failures:
[INFO] [stdout] 
[INFO] [stdout] ---- world::tests::test_init_empty_world_is_empty stdout ----
[INFO] [stdout] thread 'world::tests::test_init_empty_world_is_empty' panicked at src/world.rs:18:14:
[INFO] [stdout] index out of bounds: the len is 0 but the index is 0
[INFO] [stdout] stack backtrace:
[INFO] [stdout]    0:     0x60007bff9c6a - std::backtrace_rs::backtrace::libunwind::trace::h8810477743020387
[INFO] [stdout]                                at /rustc/202008a1b8de96d2e5b6bc02d379db03a877d34d/library/std/src/../../backtrace/src/backtrace/libunwind.rs:116:5
[INFO] [stdout]    1:     0x60007bff9c6a - std::backtrace_rs::backtrace::trace_unsynchronized::h3aa55355dd6c54a6
[INFO] [stdout]                                at /rustc/202008a1b8de96d2e5b6bc02d379db03a877d34d/library/std/src/../../backtrace/src/backtrace/mod.rs:66:5
[INFO] [stdout]    2:     0x60007bff9c6a - std::sys::backtrace::_print_fmt::h8588b0f62410823f
[INFO] [stdout]                                at /rustc/202008a1b8de96d2e5b6bc02d379db03a877d34d/library/std/src/sys/backtrace.rs:66:9
[INFO] [stdout]    3:     0x60007bff9c6a - <std::sys::backtrace::BacktraceLock::print::DisplayBacktrace as core::fmt::Display>::fmt::h98c26ac25ffe89bb
[INFO] [stdout]                                at /rustc/202008a1b8de96d2e5b6bc02d379db03a877d34d/library/std/src/sys/backtrace.rs:39:26
[INFO] [stdout]    4:     0x60007c01f6d3 - core::fmt::rt::Argument::fmt::hf95377f4aebd453b
[INFO] [stdout]                                at /rustc/202008a1b8de96d2e5b6bc02d379db03a877d34d/library/core/src/fmt/rt.rs:177:76
[INFO] [stdout]    5:     0x60007c01f6d3 - core::fmt::write::h0dd5f6e2238c7982
[INFO] [stdout]                                at /rustc/202008a1b8de96d2e5b6bc02d379db03a877d34d/library/core/src/fmt/mod.rs:1189:21
[INFO] [stdout]    6:     0x60007bff6e03 - std::io::Write::write_fmt::h03bb0ca26e6faf8c
[INFO] [stdout]                                at /rustc/202008a1b8de96d2e5b6bc02d379db03a877d34d/library/std/src/io/mod.rs:1884:15
[INFO] [stdout]    7:     0x60007bff9ab2 - std::sys::backtrace::BacktraceLock::print::h5c19c1c038ee186d
[INFO] [stderr] error: test failed, to rerun pass `--bin sandsim-rs`
[INFO] [stdout]                                at /rustc/202008a1b8de96d2e5b6bc02d379db03a877d34d/library/std/src/sys/backtrace.rs:42:9
[INFO] [stdout]    8:     0x60007bffb0ed - std::panicking::default_hook::{{closure}}::h77172f079a1fcb13
[INFO] [stdout]                                at /rustc/202008a1b8de96d2e5b6bc02d379db03a877d34d/library/std/src/panicking.rs:268:22
[INFO] [stdout]    9:     0x60007bffaef7 - std::panicking::default_hook::he5f8e3b203ccddba
[INFO] [stdout]                                at /rustc/202008a1b8de96d2e5b6bc02d379db03a877d34d/library/std/src/panicking.rs:292:9
[INFO] [stdout]   10:     0x60007bfc3ee7 - <alloc::boxed::Box<F,A> as core::ops::function::Fn<Args>>::call::h7a3c7b4a1ae77f2f
[INFO] [stdout]                                at /rustc/202008a1b8de96d2e5b6bc02d379db03a877d34d/library/alloc/src/boxed.rs:1986:9
[INFO] [stdout]   11:     0x60007bfc3ee7 - test::test_main::{{closure}}::hf0d3b69ae9b353d1
[INFO] [stdout]                                at /rustc/202008a1b8de96d2e5b6bc02d379db03a877d34d/library/test/src/lib.rs:134:21
[INFO] [stdout]   12:     0x60007bffb798 - <alloc::boxed::Box<F,A> as core::ops::function::Fn<Args>>::call::h6332e82e7b189abd
[INFO] [stdout]                                at /rustc/202008a1b8de96d2e5b6bc02d379db03a877d34d/library/alloc/src/boxed.rs:1986:9
[INFO] [stdout]   13:     0x60007bffb798 - std::panicking::rust_panic_with_hook::h53863d4e9018df39
[INFO] [stdout]                                at /rustc/202008a1b8de96d2e5b6bc02d379db03a877d34d/library/std/src/panicking.rs:809:13
[INFO] [stdout]   14:     0x60007bffb55a - std::panicking::begin_panic_handler::{{closure}}::h67280e6fa0757873
[INFO] [stdout]                                at /rustc/202008a1b8de96d2e5b6bc02d379db03a877d34d/library/std/src/panicking.rs:674:13
[INFO] [stdout]   15:     0x60007bffa149 - std::sys::backtrace::__rust_end_short_backtrace::h1dac3f54d6fbbeb2
[INFO] [stdout]                                at /rustc/202008a1b8de96d2e5b6bc02d379db03a877d34d/library/std/src/sys/backtrace.rs:170:18
[INFO] [stdout]   16:     0x60007bffb1ec - rust_begin_unwind
[INFO] [stdout]                                at /rustc/202008a1b8de96d2e5b6bc02d379db03a877d34d/library/std/src/panicking.rs:665:5
[INFO] [stdout]   17:     0x60007bf88a90 - core::panicking::panic_fmt::h6792bd1b2bf01041
[INFO] [stdout]                                at /rustc/202008a1b8de96d2e5b6bc02d379db03a877d34d/library/core/src/panicking.rs:76:14
[INFO] [stdout]   18:     0x60007bf88c11 - core::panicking::panic_bounds_check::hb2257b29f1a42aba
[INFO] [stdout]                                at /rustc/202008a1b8de96d2e5b6bc02d379db03a877d34d/library/core/src/panicking.rs:281:5
[INFO] [stdout]   19:     0x60007bf89d87 - <usize as core::slice::index::SliceIndex<[T]>>::index_mut::hb3656bb0c9ba5e24
[INFO] [stdout]                                at /rustc/202008a1b8de96d2e5b6bc02d379db03a877d34d/library/core/src/slice/index.rs:280:14
[INFO] [stdout]   20:     0x60007bf8a004 - core::slice::index::<impl core::ops::index::IndexMut<I> for [T]>::index_mut::h2afc556e257c8e9e
[INFO] [stdout]                                at /rustc/202008a1b8de96d2e5b6bc02d379db03a877d34d/library/core/src/slice/index.rs:27:9
[INFO] [stdout]   21:     0x60007bf8a004 - <alloc::vec::Vec<T,A> as core::ops::index::IndexMut<I>>::index_mut::h625555d8019cb131
[INFO] [stdout]                                at /rustc/202008a1b8de96d2e5b6bc02d379db03a877d34d/library/alloc/src/vec/mod.rs:3358:9
[INFO] [stdout]   22:     0x60007bf8a203 - sandsim_rs::world::init_empty_world::h0ddab6fff6397b22
[INFO] [stdout]                                at /opt/rustwide/workdir/src/world.rs:18:14
[INFO] [stdout]   23:     0x60007bf8a456 - sandsim_rs::world::tests::test_init_empty_world_is_empty::he80d0e5f0b1693ea
[INFO] [stdout]                                at /opt/rustwide/workdir/src/world.rs:35:21
[INFO] [stdout]   24:     0x60007bf8a407 - sandsim_rs::world::tests::test_init_empty_world_is_empty::{{closure}}::h0fb9bb1341caeb9d
[INFO] [stdout]                                at /opt/rustwide/workdir/src/world.rs:32:40
[INFO] [stdout]   25:     0x60007bf89336 - core::ops::function::FnOnce::call_once::h8b6af7ae908e2a6b
[INFO] [stdout]                                at /rustc/202008a1b8de96d2e5b6bc02d379db03a877d34d/library/core/src/ops/function.rs:250:5
[INFO] [stdout]   26:     0x60007bfc8a0b - core::ops::function::FnOnce::call_once::h871bf86719ec9aa4
[INFO] [stdout]                                at /rustc/202008a1b8de96d2e5b6bc02d379db03a877d34d/library/core/src/ops/function.rs:250:5
[INFO] [stdout]   27:     0x60007bfc8a0b - test::__rust_begin_short_backtrace::h2167df1e2b7d76fd
[INFO] [stdout]                                at /rustc/202008a1b8de96d2e5b6bc02d379db03a877d34d/library/test/src/lib.rs:632:18
[INFO] [stdout]   28:     0x60007bfc83f8 - test::run_test_in_process::{{closure}}::h15d92f75a3adfb79
[INFO] [stdout]                                at /rustc/202008a1b8de96d2e5b6bc02d379db03a877d34d/library/test/src/lib.rs:655:60
[INFO] [stdout]   29:     0x60007bfc83f8 - <core::panic::unwind_safe::AssertUnwindSafe<F> as core::ops::function::FnOnce<()>>::call_once::hb6c8955835a8dbbb
[INFO] [stdout]                                at /rustc/202008a1b8de96d2e5b6bc02d379db03a877d34d/library/core/src/panic/unwind_safe.rs:272:9
[INFO] [stdout]   30:     0x60007bfc83f8 - std::panicking::try::do_call::hc79d0fc888a0bd30
[INFO] [stdout]                                at /rustc/202008a1b8de96d2e5b6bc02d379db03a877d34d/library/std/src/panicking.rs:557:40
[INFO] [stdout]   31:     0x60007bfc83f8 - std::panicking::try::hb8a7878e3a8589d6
[INFO] [stdout]                                at /rustc/202008a1b8de96d2e5b6bc02d379db03a877d34d/library/std/src/panicking.rs:520:19
[INFO] [stdout]   32:     0x60007bfc83f8 - std::panic::catch_unwind::hb8e4600ff0ff5cfa
[INFO] [stdout]                                at /rustc/202008a1b8de96d2e5b6bc02d379db03a877d34d/library/std/src/panic.rs:358:14
[INFO] [stdout]   33:     0x60007bfc83f8 - test::run_test_in_process::hc2900b0b18688dd6
[INFO] [stdout]                                at /rustc/202008a1b8de96d2e5b6bc02d379db03a877d34d/library/test/src/lib.rs:655:27
[INFO] [stdout]   34:     0x60007bfc83f8 - test::run_test::{{closure}}::hac2a9cb07be3d48d
[INFO] [stdout]                                at /rustc/202008a1b8de96d2e5b6bc02d379db03a877d34d/library/test/src/lib.rs:576:43
[INFO] [stdout]   35:     0x60007bf8be9a - test::run_test::{{closure}}::h4a5b729e66a38cd8
[INFO] [stdout]                                at /rustc/202008a1b8de96d2e5b6bc02d379db03a877d34d/library/test/src/lib.rs:606:41
[INFO] [stdout]   36:     0x60007bf8be9a - std::sys::backtrace::__rust_begin_short_backtrace::h0496fb742492f573
[INFO] [stdout]                                at /rustc/202008a1b8de96d2e5b6bc02d379db03a877d34d/library/std/src/sys/backtrace.rs:154:18
[INFO] [stdout]   37:     0x60007bf8f814 - std::thread::Builder::spawn_unchecked_::{{closure}}::{{closure}}::hbb6d257c550a54bd
[INFO] [stdout]                                at /rustc/202008a1b8de96d2e5b6bc02d379db03a877d34d/library/std/src/thread/mod.rs:561:17
[INFO] [stdout]   38:     0x60007bf8f814 - <core::panic::unwind_safe::AssertUnwindSafe<F> as core::ops::function::FnOnce<()>>::call_once::h46696fe4a6832328
[INFO] [stdout]                                at /rustc/202008a1b8de96d2e5b6bc02d379db03a877d34d/library/core/src/panic/unwind_safe.rs:272:9
[INFO] [stdout]   39:     0x60007bf8f814 - std::panicking::try::do_call::h2625a51b667bfb64
[INFO] [stdout]                                at /rustc/202008a1b8de96d2e5b6bc02d379db03a877d34d/library/std/src/panicking.rs:557:40
[INFO] [stdout]   40:     0x60007bf8f814 - std::panicking::try::hb956a59a1973aa4c
[INFO] [stdout]                                at /rustc/202008a1b8de96d2e5b6bc02d379db03a877d34d/library/std/src/panicking.rs:520:19
[INFO] [stdout]   41:     0x60007bf8f814 - std::panic::catch_unwind::h64f3b9d1067ef6a0
[INFO] [stdout]                                at /rustc/202008a1b8de96d2e5b6bc02d379db03a877d34d/library/std/src/panic.rs:358:14
[INFO] [stdout]   42:     0x60007bf8f814 - std::thread::Builder::spawn_unchecked_::{{closure}}::h42b2841295b6c0b2
[INFO] [stdout]                                at /rustc/202008a1b8de96d2e5b6bc02d379db03a877d34d/library/std/src/thread/mod.rs:559:30
[INFO] [stdout]   43:     0x60007bf8f814 - core::ops::function::FnOnce::call_once{{vtable.shim}}::h6127de71b8124639
[INFO] [stdout]                                at /rustc/202008a1b8de96d2e5b6bc02d379db03a877d34d/library/core/src/ops/function.rs:250:5
[INFO] [stdout]   44:     0x60007bfff6db - <alloc::boxed::Box<F,A> as core::ops::function::FnOnce<Args>>::call_once::h42f0ba71002a1b2c
[INFO] [stdout]                                at /rustc/202008a1b8de96d2e5b6bc02d379db03a877d34d/library/alloc/src/boxed.rs:1972:9
[INFO] [stdout]   45:     0x60007bfff6db - <alloc::boxed::Box<F,A> as core::ops::function::FnOnce<Args>>::call_once::had9e47d7a3dcecb8
[INFO] [stdout]                                at /rustc/202008a1b8de96d2e5b6bc02d379db03a877d34d/library/alloc/src/boxed.rs:1972:9
[INFO] [stdout]   46:     0x60007bfff6db - std::sys::pal::unix::thread::Thread::new::thread_start::h48cf765408f6f5f2
[INFO] [stdout]                                at /rustc/202008a1b8de96d2e5b6bc02d379db03a877d34d/library/std/src/sys/pal/unix/thread.rs:105:17
[INFO] [stdout]   47:     0x7e1b9f4fcac3 - <unknown>
[INFO] [stdout]   48:     0x7e1b9f58da04 - clone
[INFO] [stdout]   49:                0x0 - <unknown>
[INFO] [stdout] 
[INFO] [stdout] 
[INFO] [stdout] failures:
[INFO] [stdout]     world::tests::test_init_empty_world_is_empty
[INFO] [stdout] 
[INFO] [stdout] test result: FAILED. 0 passed; 1 failed; 0 ignored; 0 measured; 0 filtered out; finished in 0.04s
[INFO] [stdout] 
[INFO] running `Command { std: "docker" "inspect" "7543fe7f2e6c7b37e02d212cc79af57ad72900d699dd71b7e8d2f7cc0fe991e6", kill_on_drop: false }`
[INFO] running `Command { std: "docker" "rm" "-f" "7543fe7f2e6c7b37e02d212cc79af57ad72900d699dd71b7e8d2f7cc0fe991e6", kill_on_drop: false }`
[INFO] [stdout] 7543fe7f2e6c7b37e02d212cc79af57ad72900d699dd71b7e8d2f7cc0fe991e6
