[INFO] cloning repository https://github.com/streamingfast/substreams-rs
[INFO] running `Command { std: "git" "-c" "credential.helper=" "-c" "credential.helper=/workspace/cargo-home/bin/git-credential-null" "clone" "--bare" "https://github.com/streamingfast/substreams-rs" "/workspace/cache/git-repos/https%3A%2F%2Fgithub.com%2Fstreamingfast%2Fsubstreams-rs", kill_on_drop: false }`
[INFO] [stderr] Cloning into bare repository '/workspace/cache/git-repos/https%3A%2F%2Fgithub.com%2Fstreamingfast%2Fsubstreams-rs'...
[INFO] running `Command { std: "git" "rev-parse" "HEAD", kill_on_drop: false }`
[INFO] [stdout] 1f7eaaa5706cfdb273d841c5b80365032b9410e8
[INFO] testing streamingfast/substreams-rs against beta-2024-12-08 for beta-1.84.0-4-retry
[INFO] running `Command { std: "git" "clone" "/workspace/cache/git-repos/https%3A%2F%2Fgithub.com%2Fstreamingfast%2Fsubstreams-rs" "/workspace/builds/worker-7-tc2/source", kill_on_drop: false }`
[INFO] [stderr] Cloning into '/workspace/builds/worker-7-tc2/source'...
[INFO] [stderr] done.
[INFO] validating manifest of git repo https://github.com/streamingfast/substreams-rs on toolchain beta-2024-12-08
[INFO] running `Command { std: CARGO_HOME="/workspace/cargo-home" RUSTUP_HOME="/workspace/rustup-home" "/workspace/cargo-home/bin/cargo" "+beta-2024-12-08" "metadata" "--manifest-path" "Cargo.toml" "--no-deps", kill_on_drop: false }`
[INFO] removed /workspace/builds/worker-7-tc2/source/.cargo/config.toml
[INFO] removed /workspace/builds/worker-7-tc2/source/rust-toolchain.toml
[INFO] started tweaking git repo https://github.com/streamingfast/substreams-rs
[INFO] finished tweaking git repo https://github.com/streamingfast/substreams-rs
[INFO] tweaked toml for git repo https://github.com/streamingfast/substreams-rs written to /workspace/builds/worker-7-tc2/source/Cargo.toml
[INFO] crate git repo https://github.com/streamingfast/substreams-rs already has a lockfile, it will not be regenerated
[INFO] running `Command { std: CARGO_HOME="/workspace/cargo-home" RUSTUP_HOME="/workspace/rustup-home" "/workspace/cargo-home/bin/cargo" "+beta-2024-12-08" "fetch" "--manifest-path" "Cargo.toml", kill_on_drop: false }`
[INFO] running `Command { std: "docker" "create" "-v" "/var/lib/crater-agent-workspace/builds/worker-7-tc2/target:/opt/rustwide/target:rw,Z" "-v" "/var/lib/crater-agent-workspace/builds/worker-7-tc2/source:/opt/rustwide/workdir:ro,Z" "-v" "/var/lib/crater-agent-workspace/cargo-home:/opt/rustwide/cargo-home:ro,Z" "-v" "/var/lib/crater-agent-workspace/rustup-home:/opt/rustwide/rustup-home:ro,Z" "-e" "SOURCE_DIR=/opt/rustwide/workdir" "-e" "CARGO_TARGET_DIR=/opt/rustwide/target" "-e" "CARGO_HOME=/opt/rustwide/cargo-home" "-e" "RUSTUP_HOME=/opt/rustwide/rustup-home" "-w" "/opt/rustwide/workdir" "-m" "1610612736" "--user" "0:0" "--network" "none" "ghcr.io/rust-lang/crates-build-env/linux@sha256:f3a9d4ad9d972b27faf3965f35b62e55ba32bbce8f20bc8fe909558a86702fde" "/opt/rustwide/cargo-home/bin/cargo" "+beta-2024-12-08" "metadata" "--no-deps" "--format-version=1", kill_on_drop: false }`
[INFO] [stdout] d0170e6f81653c2e8d984ccda0299c929a45c3ce25f66bf9a5087893dbcdd69a
[INFO] running `Command { std: "docker" "start" "-a" "d0170e6f81653c2e8d984ccda0299c929a45c3ce25f66bf9a5087893dbcdd69a", kill_on_drop: false }`
[INFO] running `Command { std: "docker" "inspect" "d0170e6f81653c2e8d984ccda0299c929a45c3ce25f66bf9a5087893dbcdd69a", kill_on_drop: false }`
[INFO] running `Command { std: "docker" "rm" "-f" "d0170e6f81653c2e8d984ccda0299c929a45c3ce25f66bf9a5087893dbcdd69a", kill_on_drop: false }`
[INFO] [stdout] d0170e6f81653c2e8d984ccda0299c929a45c3ce25f66bf9a5087893dbcdd69a
[INFO] running `Command { std: "docker" "create" "-v" "/var/lib/crater-agent-workspace/builds/worker-7-tc2/target:/opt/rustwide/target:rw,Z" "-v" "/var/lib/crater-agent-workspace/builds/worker-7-tc2/source:/opt/rustwide/workdir:ro,Z" "-v" "/var/lib/crater-agent-workspace/cargo-home:/opt/rustwide/cargo-home:ro,Z" "-v" "/var/lib/crater-agent-workspace/rustup-home:/opt/rustwide/rustup-home:ro,Z" "-e" "SOURCE_DIR=/opt/rustwide/workdir" "-e" "CARGO_TARGET_DIR=/opt/rustwide/target" "-e" "CARGO_INCREMENTAL=0" "-e" "RUST_BACKTRACE=full" "-e" "RUSTFLAGS=--cap-lints=warn" "-e" "RUSTDOCFLAGS=--cap-lints=warn" "-e" "CARGO_HOME=/opt/rustwide/cargo-home" "-e" "RUSTUP_HOME=/opt/rustwide/rustup-home" "-w" "/opt/rustwide/workdir" "-m" "1610612736" "--user" "0:0" "--network" "none" "ghcr.io/rust-lang/crates-build-env/linux@sha256:f3a9d4ad9d972b27faf3965f35b62e55ba32bbce8f20bc8fe909558a86702fde" "/opt/rustwide/cargo-home/bin/cargo" "+beta-2024-12-08" "build" "--frozen" "--message-format=json", kill_on_drop: false }`
[INFO] [stdout] 4743e580e28bfdd4a4b8c4404a39a23244b24fd58d6de73da435507b65c179dd
[INFO] running `Command { std: "docker" "start" "-a" "4743e580e28bfdd4a4b8c4404a39a23244b24fd58d6de73da435507b65c179dd", kill_on_drop: false }`
[INFO] [stderr]    Compiling proc-macro2 v1.0.82
[INFO] [stderr]    Compiling unicode-ident v1.0.12
[INFO] [stderr]    Compiling autocfg v1.1.0
[INFO] [stderr]    Compiling thiserror v1.0.60
[INFO] [stderr]    Compiling anyhow v1.0.65
[INFO] [stderr]    Compiling ucd-trie v0.1.6
[INFO] [stderr]    Compiling either v1.8.0
[INFO] [stderr]    Compiling memchr v2.7.2
[INFO] [stderr]    Compiling once_cell v1.20.2
[INFO] [stderr]    Compiling syn v1.0.100
[INFO] [stderr]    Compiling bytes v1.2.1
[INFO] [stderr]    Compiling unicode-width v0.1.10
[INFO] [stderr]    Compiling hex v0.4.3
[INFO] [stderr]    Compiling hex-literal v0.3.4
[INFO] [stderr]    Compiling pad v0.1.6
[INFO] [stderr]    Compiling itertools v0.10.4
[INFO] [stderr]    Compiling num-traits v0.2.15
[INFO] [stderr]    Compiling num-integer v0.1.45
[INFO] [stderr]    Compiling num-bigint v0.4.3
[INFO] [stderr]    Compiling quote v1.0.36
[INFO] [stderr]    Compiling syn v2.0.61
[INFO] [stderr]    Compiling bigdecimal v0.3.0
[INFO] [stderr]    Compiling thiserror-impl v1.0.60
[INFO] [stderr]    Compiling prost-derive v0.13.3
[INFO] [stderr]    Compiling pest v2.7.10
[INFO] [stderr]    Compiling substreams-macro v0.6.0 (/opt/rustwide/workdir/substreams-macro)
[INFO] [stderr]    Compiling prost v0.13.3
[INFO] [stderr]    Compiling prost-types v0.13.3
[INFO] [stderr]    Compiling pest_meta v2.7.10
[INFO] [stderr]    Compiling pest_generator v2.7.10
[INFO] [stderr]    Compiling pest_derive v2.7.10
[INFO] [stderr]    Compiling substreams v0.6.0 (/opt/rustwide/workdir/substreams)
[INFO] [stdout] warning: use of deprecated type alias `std::panic::PanicInfo`: use `PanicHookInfo` instead
[INFO] [stdout]    --> substreams/src/lib.rs:210:28
[INFO] [stdout]     |
[INFO] [stdout] 210 | fn hook(info: &std::panic::PanicInfo<'_>) {
[INFO] [stdout]     |                            ^^^^^^^^^
[INFO] [stdout]     |
[INFO] [stdout]     = note: `#[warn(deprecated)]` on by default
[INFO] [stdout] 
[INFO] [stdout] 
[INFO] [stdout] warning: use of deprecated associated function `pb::substreams::store_delta::Operation::from_i32`: Use the TryFrom<i32> implementation instead
[INFO] [stdout]     --> substreams/src/store.rs:1648:16
[INFO] [stdout]      |
[INFO] [stdout] 1648 |     Operation::from_i32(operation).unwrap_or_else(|| panic!("unhandled operation: {}", operation))
[INFO] [stdout]      |                ^^^^^^^^
[INFO] [stdout] 
[INFO] [stdout] 
[INFO] [stderr]     Finished `dev` profile [unoptimized + debuginfo] target(s) in 18.24s
[INFO] running `Command { std: "docker" "inspect" "4743e580e28bfdd4a4b8c4404a39a23244b24fd58d6de73da435507b65c179dd", kill_on_drop: false }`
[INFO] running `Command { std: "docker" "rm" "-f" "4743e580e28bfdd4a4b8c4404a39a23244b24fd58d6de73da435507b65c179dd", kill_on_drop: false }`
[INFO] [stdout] 4743e580e28bfdd4a4b8c4404a39a23244b24fd58d6de73da435507b65c179dd
[INFO] running `Command { std: "docker" "create" "-v" "/var/lib/crater-agent-workspace/builds/worker-7-tc2/target:/opt/rustwide/target:rw,Z" "-v" "/var/lib/crater-agent-workspace/builds/worker-7-tc2/source:/opt/rustwide/workdir:ro,Z" "-v" "/var/lib/crater-agent-workspace/cargo-home:/opt/rustwide/cargo-home:ro,Z" "-v" "/var/lib/crater-agent-workspace/rustup-home:/opt/rustwide/rustup-home:ro,Z" "-e" "SOURCE_DIR=/opt/rustwide/workdir" "-e" "CARGO_TARGET_DIR=/opt/rustwide/target" "-e" "CARGO_INCREMENTAL=0" "-e" "RUST_BACKTRACE=full" "-e" "RUSTFLAGS=--cap-lints=warn" "-e" "RUSTDOCFLAGS=--cap-lints=warn" "-e" "CARGO_HOME=/opt/rustwide/cargo-home" "-e" "RUSTUP_HOME=/opt/rustwide/rustup-home" "-w" "/opt/rustwide/workdir" "-m" "1610612736" "--user" "0:0" "--network" "none" "ghcr.io/rust-lang/crates-build-env/linux@sha256:f3a9d4ad9d972b27faf3965f35b62e55ba32bbce8f20bc8fe909558a86702fde" "/opt/rustwide/cargo-home/bin/cargo" "+beta-2024-12-08" "test" "--frozen" "--no-run" "--message-format=json", kill_on_drop: false }`
[INFO] [stdout] 698b4ea3c078e1e501236db70261b277973e9e11a649aa702a3b930fb8718663
[INFO] running `Command { std: "docker" "start" "-a" "698b4ea3c078e1e501236db70261b277973e9e11a649aa702a3b930fb8718663", kill_on_drop: false }`
[INFO] [stderr]    Compiling semver v1.0.23
[INFO] [stderr]    Compiling futures-sink v0.3.30
[INFO] [stderr]    Compiling futures-core v0.3.30
[INFO] [stderr]    Compiling pin-utils v0.1.0
[INFO] [stderr]    Compiling futures-io v0.3.30
[INFO] [stderr]    Compiling futures-task v0.3.30
[INFO] [stderr]    Compiling slab v0.4.9
[INFO] [stderr]    Compiling aho-corasick v1.1.3
[INFO] [stderr]    Compiling pin-project-lite v0.2.14
[INFO] [stderr]    Compiling regex-syntax v0.8.3
[INFO] [stderr]    Compiling prettyplease v0.1.25
[INFO] [stderr]    Compiling cfg-if v1.0.0
[INFO] [stderr]    Compiling futures-macro v0.3.30
[INFO] [stderr]    Compiling substreams-macro v0.6.0 (/opt/rustwide/workdir/substreams-macro)
[INFO] [stderr]    Compiling relative-path v1.9.3
[INFO] [stderr]    Compiling glob v0.3.1
[INFO] [stderr]    Compiling futures-timer v3.0.3
[INFO] [stderr]    Compiling yansi v0.5.1
[INFO] [stderr]    Compiling diff v0.1.13
[INFO] [stderr]    Compiling futures-channel v0.3.30
[INFO] [stderr]    Compiling pretty_assertions v1.4.0
[INFO] [stderr]    Compiling rustc_version v0.4.0
[INFO] [stderr]    Compiling rstest_macros v0.19.0
[INFO] [stderr]    Compiling substreams v0.6.0 (/opt/rustwide/workdir/substreams)
[INFO] [stdout] warning: use of deprecated type alias `std::panic::PanicInfo`: use `PanicHookInfo` instead
[INFO] [stdout]    --> substreams/src/lib.rs:210:28
[INFO] [stdout]     |
[INFO] [stdout] 210 | fn hook(info: &std::panic::PanicInfo<'_>) {
[INFO] [stdout]     |                            ^^^^^^^^^
[INFO] [stdout]     |
[INFO] [stdout]     = note: `#[warn(deprecated)]` on by default
[INFO] [stdout] 
[INFO] [stdout] 
[INFO] [stderr]    Compiling futures-util v0.3.30
[INFO] [stdout] warning: use of deprecated associated function `pb::substreams::store_delta::Operation::from_i32`: Use the TryFrom<i32> implementation instead
[INFO] [stdout]     --> substreams/src/store.rs:1648:16
[INFO] [stdout]      |
[INFO] [stdout] 1648 |     Operation::from_i32(operation).unwrap_or_else(|| panic!("unhandled operation: {}", operation))
[INFO] [stdout]      |                ^^^^^^^^
[INFO] [stdout] 
[INFO] [stdout] 
[INFO] [stderr]    Compiling regex-automata v0.4.6
[INFO] [stderr]    Compiling futures-executor v0.3.30
[INFO] [stderr]    Compiling futures v0.3.30
[INFO] [stderr]    Compiling regex v1.10.4
[INFO] [stderr]    Compiling rstest v0.19.0
[INFO] [stdout] warning: use of deprecated type alias `std::panic::PanicInfo`: use `PanicHookInfo` instead
[INFO] [stdout]    --> substreams/src/lib.rs:210:28
[INFO] [stdout]     |
[INFO] [stdout] 210 | fn hook(info: &std::panic::PanicInfo<'_>) {
[INFO] [stdout]     |                            ^^^^^^^^^
[INFO] [stdout]     |
[INFO] [stdout]     = note: `#[warn(deprecated)]` on by default
[INFO] [stdout] 
[INFO] [stdout] 
[INFO] [stdout] warning: use of deprecated associated function `pb::substreams::store_delta::Operation::from_i32`: Use the TryFrom<i32> implementation instead
[INFO] [stdout]     --> substreams/src/store.rs:1648:16
[INFO] [stdout]      |
[INFO] [stdout] 1648 |     Operation::from_i32(operation).unwrap_or_else(|| panic!("unhandled operation: {}", operation))
[INFO] [stdout]      |                ^^^^^^^^
[INFO] [stdout] 
[INFO] [stdout] 
[INFO] [stderr]     Finished `test` profile [unoptimized + debuginfo] target(s) in 14.30s
[INFO] running `Command { std: "docker" "inspect" "698b4ea3c078e1e501236db70261b277973e9e11a649aa702a3b930fb8718663", kill_on_drop: false }`
[INFO] running `Command { std: "docker" "rm" "-f" "698b4ea3c078e1e501236db70261b277973e9e11a649aa702a3b930fb8718663", kill_on_drop: false }`
[INFO] [stdout] 698b4ea3c078e1e501236db70261b277973e9e11a649aa702a3b930fb8718663
[INFO] running `Command { std: "docker" "create" "-v" "/var/lib/crater-agent-workspace/builds/worker-7-tc2/target:/opt/rustwide/target:rw,Z" "-v" "/var/lib/crater-agent-workspace/builds/worker-7-tc2/source:/opt/rustwide/workdir:ro,Z" "-v" "/var/lib/crater-agent-workspace/cargo-home:/opt/rustwide/cargo-home:ro,Z" "-v" "/var/lib/crater-agent-workspace/rustup-home:/opt/rustwide/rustup-home:ro,Z" "-e" "SOURCE_DIR=/opt/rustwide/workdir" "-e" "CARGO_TARGET_DIR=/opt/rustwide/target" "-e" "CARGO_INCREMENTAL=0" "-e" "RUST_BACKTRACE=full" "-e" "RUSTFLAGS=--cap-lints=warn" "-e" "RUSTDOCFLAGS=--cap-lints=warn" "-e" "CARGO_HOME=/opt/rustwide/cargo-home" "-e" "RUSTUP_HOME=/opt/rustwide/rustup-home" "-w" "/opt/rustwide/workdir" "-m" "1610612736" "--user" "0:0" "--network" "none" "ghcr.io/rust-lang/crates-build-env/linux@sha256:f3a9d4ad9d972b27faf3965f35b62e55ba32bbce8f20bc8fe909558a86702fde" "/opt/rustwide/cargo-home/bin/cargo" "+beta-2024-12-08" "test" "--frozen", kill_on_drop: false }`
[INFO] [stdout] 7dedd575733bb88b108d57326d2275df39a149c3f483f462b68b00b37c5c5c31
[INFO] running `Command { std: "docker" "start" "-a" "7dedd575733bb88b108d57326d2275df39a149c3f483f462b68b00b37c5c5c31", kill_on_drop: false }`
[INFO] [stderr] warning: use of deprecated type alias `std::panic::PanicInfo`: use `PanicHookInfo` instead
[INFO] [stderr]    --> substreams/src/lib.rs:210:28
[INFO] [stderr]     |
[INFO] [stderr] 210 | fn hook(info: &std::panic::PanicInfo<'_>) {
[INFO] [stderr]     |                            ^^^^^^^^^
[INFO] [stderr]     |
[INFO] [stderr]     = note: `#[warn(deprecated)]` on by default
[INFO] [stderr] 
[INFO] [stderr] warning: use of deprecated associated function `pb::substreams::store_delta::Operation::from_i32`: Use the TryFrom<i32> implementation instead
[INFO] [stderr]     --> substreams/src/store.rs:1648:16
[INFO] [stderr]      |
[INFO] [stderr] 1648 |     Operation::from_i32(operation).unwrap_or_else(|| panic!("unhandled operation: {}", operation))
[INFO] [stderr]      |                ^^^^^^^^
[INFO] [stderr] 
[INFO] [stderr] warning: `substreams` (lib) generated 2 warnings
[INFO] [stderr] warning: `substreams` (lib test) generated 2 warnings (2 duplicates)
[INFO] [stderr]     Finished `test` profile [unoptimized + debuginfo] target(s) in 0.08s
[INFO] [stderr]      Running unittests src/lib.rs (/opt/rustwide/target/debug/deps/substreams-8f53f4774a7f23b4)
[INFO] [stdout] 
[INFO] [stdout] running 86 tests
[INFO] [stdout] test errors::test::test_from_std_error ... ok
[INFO] [stdout] test expr_parser::tests::it_expr_matcher_matches_keys ... ok
[INFO] [stdout] test errors::test::test_from_with_context ... ok
[INFO] [stdout] test expr_parser::tests::test_matches_keys_in_parsed_expr::case_04 ... ok
[INFO] [stdout] test expr_parser::tests::test_matches_keys_in_parsed_expr::case_07 ... ok
[INFO] [stdout] test expr_parser::tests::test_matches_keys_in_parsed_expr::case_05 ... ok
[INFO] [stdout] test expr_parser::tests::test_matches_keys_in_parsed_expr::case_08 ... ok
[INFO] [stdout] test expr_parser::tests::test_matches_keys_in_parsed_expr::case_01 ... ok
[INFO] [stdout] test expr_parser::tests::test_matches_keys_in_parsed_expr::case_02 ... ok
[INFO] [stdout] test expr_parser::tests::test_matches_keys_in_parsed_expr::case_09 ... ok
[INFO] [stdout] test expr_parser::tests::test_matches_keys_in_parsed_expr::case_11 ... ok
[INFO] [stdout] test expr_parser::tests::test_matches_keys_in_parsed_expr::case_10 ... ok
[INFO] [stdout] test expr_parser::tests::test_matches_keys_in_parsed_expr::case_06 ... ok
[INFO] [stdout] test expr_parser::tests::test_matches_keys_in_parsed_expr::case_16 ... ok
[INFO] [stdout] test expr_parser::tests::test_matches_keys_in_parsed_expr::case_15 ... ok
[INFO] [stdout] test expr_parser::tests::test_matches_keys_in_parsed_expr::case_03 ... ok
[INFO] [stdout] test expr_parser::tests::test_matches_keys_in_parsed_expr::case_18 ... ok
[INFO] [stdout] test expr_parser::tests::test_matches_keys_in_parsed_expr::case_24 ... ok
[INFO] [stdout] test expr_parser::tests::test_matches_keys_in_parsed_expr::case_27 ... ok
[INFO] [stdout] test expr_parser::tests::test_matches_keys_in_parsed_expr::case_23 ... ok
[INFO] [stdout] test expr_parser::tests::test_matches_keys_in_parsed_expr::case_28 ... ok
[INFO] [stdout] test expr_parser::tests::test_matches_keys_in_parsed_expr::case_13 ... ok
[INFO] [stdout] test expr_parser::tests::test_matches_keys_in_parsed_expr::case_20 ... ok
[INFO] [stdout] test expr_parser::tests::test_matches_keys_in_parsed_expr::case_25 ... ok
[INFO] [stdout] test expr_parser::tests::test_matches_keys_in_parsed_expr::case_29 ... ok
[INFO] [stdout] test expr_parser::tests::test_matches_keys_in_parsed_expr::case_31 ... ok
[INFO] [stdout] test expr_parser::tests::test_matches_keys_in_parsed_expr::case_22 ... ok
[INFO] [stdout] test expr_parser::tests::test_matches_keys_in_parsed_expr::case_32 ... ok
[INFO] [stdout] test expr_parser::tests::test_matches_keys_in_parsed_expr::case_34 ... ok
[INFO] [stdout] test expr_parser::tests::test_matches_keys_in_parsed_expr::case_21 ... ok
[INFO] [stdout] test expr_parser::tests::test_matches_keys_in_parsed_expr::case_19 ... ok
[INFO] [stdout] test expr_parser::tests::test_matches_keys_in_parsed_expr::case_14 ... ok
[INFO] [stdout] test expr_parser::tests::test_matches_keys_in_parsed_expr::case_12 ... ok
[INFO] [stdout] test expr_parser::tests::test_matches_keys_in_parsed_expr::case_17 ... ok
[INFO] [stdout] test expr_parser::tests::test_matches_keys_in_parsed_expr::case_30 ... ok
[INFO] [stdout] test expr_parser::tests::test_matches_keys_in_parsed_expr::case_33 ... ok
[INFO] [stdout] test expr_parser::tests::test_matches_keys_in_parsed_expr::case_35 ... ok
[INFO] [stdout] test expr_parser::tests::test_matches_keys_in_parsed_expr::case_45 ... ok
[INFO] [stdout] test expr_parser::tests::test_matches_keys_in_parsed_expr::case_37 ... ok
[INFO] [stdout] test expr_parser::tests::test_matches_keys_in_parsed_expr::case_39 ... ok
[INFO] [stdout] test expr_parser::tests::test_parsing_error::case_1 ... ok
[INFO] [stdout] test expr_parser::tests::test_matches_keys_in_parsed_expr::case_42 ... ok
[INFO] [stdout] test expr_parser::tests::test_matches_keys_in_parsed_expr::case_43 ... ok
[INFO] [stdout] test expr_parser::tests::test_matches_keys_in_parsed_expr::case_40 ... ok
[INFO] [stdout] test expr_parser::tests::test_matches_keys_in_parsed_expr::case_38 ... ok
[INFO] [stdout] test expr_parser::tests::test_matches_keys_in_parsed_expr::case_26 ... ok
[INFO] [stdout] test expr_parser::tests::test_matches_keys_in_parsed_expr::case_41 ... ok
[INFO] [stdout] test expr_parser::tests::test_parsing_error::case_3 ... ok
[INFO] [stdout] test expr_parser::tests::test_parsing_error::case_4 ... ok
[INFO] [stdout] test expr_parser::tests::test_parsing_error::case_5 ... ok
[INFO] [stdout] test expr_parser::tests::test_parsing_error::case_6 ... ok
[INFO] [stdout] test hex::tests::it_decode_remove_hex_prefix_string_correctly ... ok
[INFO] [stdout] test hex::tests::it_decode_without_hex_prefix_correctly ... ok
[INFO] [stdout] test hex::tests::it_decode_without_hex_prefix_string_correctly ... ok
[INFO] [stdout] test hex::tests::it_encode_lower_hex_correctly ... ok
[INFO] [stdout] test expr_parser::tests::test_matches_keys_in_parsed_expr::case_44 ... ok
[INFO] [stdout] test hex::tests::it_decode_remove_hex_prefix_correctly ... ok
[INFO] [stdout] test scalar::tests::big_uint_minus_int_is_signed ... ok
[INFO] [stdout] test scalar::tests::bigdecimal_op_bigint ... ok
[INFO] [stdout] test scalar::tests::bigdecimal_divide_by_decimals ... ok
[INFO] [stdout] test expr_parser::tests::test_matches_keys_in_parsed_expr::case_36 ... ok
[INFO] [stdout] test expr_parser::tests::test_parsing_error::case_2 ... ok
[INFO] [stdout] test scalar::tests::bigint_bitshift ... ok
[INFO] [stdout] test scalar::tests::bigint_div_rem_by_bigint ... ok
[INFO] [stdout] test scalar::tests::bigint_divide_by_decimals ... ok
[INFO] [stdout] test scalar::tests::bigint_op_bigdecimal ... ok
[INFO] [stdout] test scalar::tests::bigint_op_float ... ok
[INFO] [stdout] test scalar::tests::bigint_op_int ... ok
[INFO] [stdout] test scalar::tests::float_op_bigint ... ok
[INFO] [stdout] test scalar::tests::int_op_bigint ... ok
[INFO] [stdout] test store::tests::delta_array_strring ... ok
[INFO] [stdout] test store::tests::no_bytes_decode_bytes_to_f64 ... ok
[INFO] [stdout] test store::tests::no_bytes_decode_bytes_to_i32 ... ok
[INFO] [stdout] test store::tests::no_bytes_decode_bytes_to_i64 ... ok
[INFO] [stdout] test store::tests::split_arrays_multiple_string_elements ... ok
[INFO] [stdout] test store::tests::split_arrays_one_string_element ... ok
[INFO] [stdout] test store::tests::split_arrays_no_elements ... ok
[INFO] [stdout] test store::tests::valid_f64_decode_bytes_to_f64 ... ok
[INFO] [stdout] test store::tests::valid_f64_max_value_decode_bytes_to_f64 ... ok
[INFO] [stdout] test store::tests::valid_int64_decode_bytes_to_i32 ... ok
[INFO] [stdout] test store::tests::valid_int64_decode_bytes_to_i64 ... ok
[INFO] [stdout] test store::tests::valid_int64_max_value_decode_bytes_to_i32 ... ok
[INFO] [stdout] test store::tests::valid_int64_max_value_decode_bytes_to_i64 ... ok
[INFO] [stdout] test store::tests::invalid_bytes_decode_bytes_to_f64 - should panic ... ok
[INFO] [stdout] test store::tests::invalid_bytes_decode_bytes_to_i64 - should panic ... ok
[INFO] [stdout] test store::tests::invalid_bytes_decode_bytes_to_i32 - should panic ... ok
[INFO] [stdout] 
[INFO] [stdout] test result: ok. 86 passed; 0 failed; 0 ignored; 0 measured; 0 filtered out; finished in 0.09s
[INFO] [stdout] 
[INFO] [stderr]      Running unittests src/lib.rs (/opt/rustwide/target/debug/deps/substreams_macro-19a5f0d44f8e1cc9)
[INFO] [stdout] 
[INFO] [stdout] running 6 tests
[INFO] [stdout] test test::test_map_mut ... ok
[INFO] [stdout] test test::test_map_option ... ok
[INFO] [stdout] test test::test_map_plain ... ok
[INFO] [stdout] test test::test_map_result ... ok
[INFO] [stdout] test test::test_store_result_option ... ok
[INFO] [stdout] test test::test_map_result_option ... ok
[INFO] [stdout] 
[INFO] [stdout] test result: ok. 6 passed; 0 failed; 0 ignored; 0 measured; 0 filtered out; finished in 0.01s
[INFO] [stdout] 
[INFO] [stderr]    Doc-tests substreams
[INFO] [stdout] 
[INFO] [stdout] running 22 tests
[INFO] [stdout] test substreams/src/handlers.rs - handlers::map (line 24) ... FAILED
[INFO] [stdout] test substreams/src/handlers.rs - handlers::map (line 71) ... FAILED
[INFO] [stdout] test substreams/src/handlers.rs - handlers::map (line 117) ... FAILED
[INFO] [stdout] test substreams/src/log.rs - log::log_info (line 20) - compile ... ok
[INFO] [stdout] test substreams/src/lib.rs - (line 76) - compile ... ok
[INFO] [stdout] test substreams/src/log.rs - log::log_debug (line 57) - compile ... ok
[INFO] [stdout] test substreams/src/lib.rs - (line 16) - compile ... ok
[INFO] [stdout] test substreams/src/lib.rs - prelude (line 138) ... ok
[INFO] [stdout] test substreams/src/handlers.rs - handlers::store (line 150) ... ok
[INFO] [stdout] test substreams/src/key.rs - key (line 26) ... ok
[INFO] [stdout] test substreams/src/handlers.rs - handlers::map (line 12) ... ok
[INFO] [stdout] test substreams/src/errors.rs - errors (line 13) ... ok
[INFO] [stdout] test substreams/src/errors.rs - errors (line 28) ... ok
[INFO] [stdout] test substreams/src/handlers.rs - handlers::map (line 59) ... ok
[INFO] [stdout] test substreams/src/hex.rs - hex::Hex (line 19) ... ok
[INFO] [stdout] test substreams/src/key.rs - key (line 10) ... ok
[INFO] [stdout] test substreams/src/handlers.rs - handlers::map (line 105) ... ok
[INFO] [stdout] test substreams/src/store.rs - store (line 30) ... ok
[INFO] [stdout] test substreams/src/store.rs - store (line 43) ... ok
[INFO] [stdout] test substreams/src/hex.rs - hex::Hex (line 8) ... ok
[INFO] [stdout] test substreams/src/store.rs - store (line 15) ... ok
[INFO] [stdout] test substreams/src/handlers.rs - handlers::store (line 170) ... ok
[INFO] [stdout] 
[INFO] [stdout] failures:
[INFO] [stdout] 
[INFO] [stdout] ---- substreams/src/handlers.rs - handlers::map (line 24) stdout ----
[INFO] [stdout] error[E0643]: method `encode_raw` has incompatible signature for trait
[INFO] [stdout]   --> substreams/src/handlers.rs:32:16
[INFO] [stdout]    |
[INFO] [stdout] 11 |  fn encode_raw<B: prost::bytes::BufMut>(&self, _: &mut B) where Self: Sized { todo!() }
[INFO] [stdout]    |                ^ expected `impl Trait`, found generic parameter
[INFO] [stdout]    |
[INFO] [stdout]   ::: /opt/rustwide/cargo-home/registry/src/index.crates.io-6f17d22bba15001f/prost-0.13.3/src/message.rs:24:36
[INFO] [stdout]    |
[INFO] [stdout] 24 |     fn encode_raw(&self, buf: &mut impl BufMut)
[INFO] [stdout]    |                                    ----------- declaration in trait here
[INFO] [stdout]    |
[INFO] [stdout] help: try removing the generic parameter and using `impl Trait` instead
[INFO] [stdout]    |
[INFO] [stdout] 11 -  fn encode_raw<B: prost::bytes::BufMut>(&self, _: &mut B) where Self: Sized { todo!() }
[INFO] [stdout] 11 +  fn encode_raw(&self, _: &mut impl prost::bytes::BufMut) where Self: Sized { todo!() }
[INFO] [stdout]    |
[INFO] [stdout] 
[INFO] [stdout] error[E0643]: method `merge_field` has incompatible signature for trait
[INFO] [stdout]   --> substreams/src/handlers.rs:33:17
[INFO] [stdout]    |
[INFO] [stdout] 12 |  fn merge_field<B: prost::bytes::Buf>(&mut self, _: u32, _: prost::encoding::WireType, _: &mut B, _: prost::encoding::DecodeContext) -> R...
[INFO] [stdout]    |                 ^ expected `impl Trait`, found generic parameter
[INFO] [stdout]    |
[INFO] [stdout]   ::: /opt/rustwide/cargo-home/registry/src/index.crates.io-6f17d22bba15001f/prost-0.13.3/src/message.rs:36:19
[INFO] [stdout]    |
[INFO] [stdout] 36 |         buf: &mut impl Buf,
[INFO] [stdout]    |                   -------- declaration in trait here
[INFO] [stdout]    |
[INFO] [stdout] help: try removing the generic parameter and using `impl Trait` instead
[INFO] [stdout]    |
[INFO] [stdout] 12 -  fn merge_field<B: prost::bytes::Buf>(&mut self, _: u32, _: prost::encoding::WireType, _: &mut B, _: prost::encoding::DecodeContext) -> Result<(), prost::DecodeError> where Self: Sized { todo!() }
[INFO] [stdout] 12 +  fn merge_field(&mut self, _: u32, _: prost::encoding::WireType, _: &mut impl prost::bytes::Buf, _: prost::encoding::DecodeContext) -> Result<(), prost::DecodeError> where Self: Sized { todo!() }
[INFO] [stdout]    |
[INFO] [stdout] 
[INFO] [stdout] error: aborting due to 2 previous errors
[INFO] [stdout] 
[INFO] [stdout] For more information about this error, try `rustc --explain E0643`.
[INFO] [stdout] Couldn't compile the test.
[INFO] [stdout] ---- substreams/src/handlers.rs - handlers::map (line 71) stdout ----
[INFO] [stdout] error[E0643]: method `encode_raw` has incompatible signature for trait
[INFO] [stdout]   --> substreams/src/handlers.rs:79:16
[INFO] [stdout]    |
[INFO] [stdout] 11 |  fn encode_raw<B: prost::bytes::BufMut>(&self, _: &mut B) where Self: Sized { todo!() }
[INFO] [stdout]    |                ^ expected `impl Trait`, found generic parameter
[INFO] [stdout]    |
[INFO] [stdout]   ::: /opt/rustwide/cargo-home/registry/src/index.crates.io-6f17d22bba15001f/prost-0.13.3/src/message.rs:24:36
[INFO] [stdout]    |
[INFO] [stdout] 24 |     fn encode_raw(&self, buf: &mut impl BufMut)
[INFO] [stdout]    |                                    ----------- declaration in trait here
[INFO] [stdout]    |
[INFO] [stdout] help: try removing the generic parameter and using `impl Trait` instead
[INFO] [stdout]    |
[INFO] [stdout] 11 -  fn encode_raw<B: prost::bytes::BufMut>(&self, _: &mut B) where Self: Sized { todo!() }
[INFO] [stdout] 11 +  fn encode_raw(&self, _: &mut impl prost::bytes::BufMut) where Self: Sized { todo!() }
[INFO] [stdout]    |
[INFO] [stdout] 
[INFO] [stdout] error[E0643]: method `merge_field` has incompatible signature for trait
[INFO] [stdout]   --> substreams/src/handlers.rs:80:17
[INFO] [stdout]    |
[INFO] [stdout] 12 |  fn merge_field<B: prost::bytes::Buf>(&mut self, _: u32, _: prost::encoding::WireType, _: &mut B, _: prost::encoding::DecodeContext) -> R...
[INFO] [stdout]    |                 ^ expected `impl Trait`, found generic parameter
[INFO] [stdout]    |
[INFO] [stdout]   ::: /opt/rustwide/cargo-home/registry/src/index.crates.io-6f17d22bba15001f/prost-0.13.3/src/message.rs:36:19
[INFO] [stdout]    |
[INFO] [stdout] 36 |         buf: &mut impl Buf,
[INFO] [stdout]    |                   -------- declaration in trait here
[INFO] [stdout]    |
[INFO] [stdout] help: try removing the generic parameter and using `impl Trait` instead
[INFO] [stdout]    |
[INFO] [stdout] 12 -  fn merge_field<B: prost::bytes::Buf>(&mut self, _: u32, _: prost::encoding::WireType, _: &mut B, _: prost::encoding::DecodeContext) -> Result<(), prost::DecodeError> where Self: Sized { todo!() }
[INFO] [stdout] 12 +  fn merge_field(&mut self, _: u32, _: prost::encoding::WireType, _: &mut impl prost::bytes::Buf, _: prost::encoding::DecodeContext) -> Result<(), prost::DecodeError> where Self: Sized { todo!() }
[INFO] [stdout]    |
[INFO] [stdout] 
[INFO] [stdout] error: aborting due to 2 previous errors
[INFO] [stdout] 
[INFO] [stdout] For more information about this error, try `rustc --explain E0643`.
[INFO] [stdout] Couldn't compile the test.
[INFO] [stdout] ---- substreams/src/handlers.rs - handlers::map (line 117) stdout ----
[INFO] [stdout] error[E0643]: method `encode_raw` has incompatible signature for trait
[INFO] [stdout]   --> substreams/src/handlers.rs:125:16
[INFO] [stdout]    |
[INFO] [stdout] 11 |  fn encode_raw<B: prost::bytes::BufMut>(&self, _: &mut B) where Self: Sized { todo!() }
[INFO] [stdout]    |                ^ expected `impl Trait`, found generic parameter
[INFO] [stdout]    |
[INFO] [stdout]   ::: /opt/rustwide/cargo-home/registry/src/index.crates.io-6f17d22bba15001f/prost-0.13.3/src/message.rs:24:36
[INFO] [stdout]    |
[INFO] [stdout] 24 |     fn encode_raw(&self, buf: &mut impl BufMut)
[INFO] [stdout]    |                                    ----------- declaration in trait here
[INFO] [stdout]    |
[INFO] [stdout] help: try removing the generic parameter and using `impl Trait` instead
[INFO] [stdout]    |
[INFO] [stdout] 11 -  fn encode_raw<B: prost::bytes::BufMut>(&self, _: &mut B) where Self: Sized { todo!() }
[INFO] [stdout] 11 +  fn encode_raw(&self, _: &mut impl prost::bytes::BufMut) where Self: Sized { todo!() }
[INFO] [stdout]    |
[INFO] [stdout] 
[INFO] [stdout] error[E0643]: method `merge_field` has incompatible signature for trait
[INFO] [stdout]   --> substreams/src/handlers.rs:126:17
[INFO] [stdout]    |
[INFO] [stdout] 12 |  fn merge_field<B: prost::bytes::Buf>(&mut self, _: u32, _: prost::encoding::WireType, _: &mut B, _: prost::encoding::DecodeContext) -> R...
[INFO] [stdout]    |                 ^ expected `impl Trait`, found generic parameter
[INFO] [stdout]    |
[INFO] [stdout]   ::: /opt/rustwide/cargo-home/registry/src/index.crates.io-6f17d22bba15001f/prost-0.13.3/src/message.rs:36:19
[INFO] [stdout]    |
[INFO] [stdout] 36 |         buf: &mut impl Buf,
[INFO] [stdout]    |                   -------- declaration in trait here
[INFO] [stdout]    |
[INFO] [stdout] help: try removing the generic parameter and using `impl Trait` instead
[INFO] [stdout]    |
[INFO] [stdout] 12 -  fn merge_field<B: prost::bytes::Buf>(&mut self, _: u32, _: prost::encoding::WireType, _: &mut B, _: prost::encoding::DecodeContext) -> Result<(), prost::DecodeError> where Self: Sized { todo!() }
[INFO] [stdout] 12 +  fn merge_field(&mut self, _: u32, _: prost::encoding::WireType, _: &mut impl prost::bytes::Buf, _: prost::encoding::DecodeContext) -> Result<(), prost::DecodeError> where Self: Sized { todo!() }
[INFO] [stdout]    |
[INFO] [stdout] 
[INFO] [stdout] error: aborting due to 2 previous errors
[INFO] [stdout] 
[INFO] [stdout] For more information about this error, try `rustc --explain E0643`.
[INFO] [stdout] Couldn't compile the test.
[INFO] [stdout] 
[INFO] [stdout] failures:
[INFO] [stdout]     substreams/src/handlers.rs - handlers::map (line 117)
[INFO] [stdout]     substreams/src/handlers.rs - handlers::map (line 24)
[INFO] [stdout]     substreams/src/handlers.rs - handlers::map (line 71)
[INFO] [stdout] 
[INFO] [stdout] test result: FAILED. 19 passed; 3 failed; 0 ignored; 0 measured; 0 filtered out; finished in 2.92s
[INFO] [stdout] 
[INFO] [stderr] error: doctest failed, to rerun pass `-p substreams --doc`
[INFO] running `Command { std: "docker" "inspect" "7dedd575733bb88b108d57326d2275df39a149c3f483f462b68b00b37c5c5c31", kill_on_drop: false }`
[INFO] running `Command { std: "docker" "rm" "-f" "7dedd575733bb88b108d57326d2275df39a149c3f483f462b68b00b37c5c5c31", kill_on_drop: false }`
[INFO] [stdout] 7dedd575733bb88b108d57326d2275df39a149c3f483f462b68b00b37c5c5c31
