[INFO] cloning repository https://github.com/str4d/rage
[INFO] running `Command { std: "git" "-c" "credential.helper=" "-c" "credential.helper=/workspace/cargo-home/bin/git-credential-null" "clone" "--bare" "https://github.com/str4d/rage" "/workspace/cache/git-repos/https%3A%2F%2Fgithub.com%2Fstr4d%2Frage", kill_on_drop: false }`
[INFO] [stderr] Cloning into bare repository '/workspace/cache/git-repos/https%3A%2F%2Fgithub.com%2Fstr4d%2Frage'...
[INFO] running `Command { std: "git" "rev-parse" "HEAD", kill_on_drop: false }`
[INFO] [stdout] 17446612f865c705e44fe392d9d41dd102fed137
[INFO] testing str4d/rage against beta-2024-12-08 for beta-1.84.0-4-retry
[INFO] running `Command { std: "git" "clone" "/workspace/cache/git-repos/https%3A%2F%2Fgithub.com%2Fstr4d%2Frage" "/workspace/builds/worker-2-tc2/source", kill_on_drop: false }`
[INFO] [stderr] Cloning into '/workspace/builds/worker-2-tc2/source'...
[INFO] [stderr] done.
[INFO] validating manifest of git repo https://github.com/str4d/rage on toolchain beta-2024-12-08
[INFO] running `Command { std: CARGO_HOME="/workspace/cargo-home" RUSTUP_HOME="/workspace/rustup-home" "/workspace/cargo-home/bin/cargo" "+beta-2024-12-08" "metadata" "--manifest-path" "Cargo.toml" "--no-deps", kill_on_drop: false }`
[INFO] removed /workspace/builds/worker-2-tc2/source/rust-toolchain.toml
[INFO] started tweaking git repo https://github.com/str4d/rage
[INFO] finished tweaking git repo https://github.com/str4d/rage
[INFO] tweaked toml for git repo https://github.com/str4d/rage written to /workspace/builds/worker-2-tc2/source/Cargo.toml
[INFO] crate git repo https://github.com/str4d/rage already has a lockfile, it will not be regenerated
[INFO] running `Command { std: CARGO_HOME="/workspace/cargo-home" RUSTUP_HOME="/workspace/rustup-home" "/workspace/cargo-home/bin/cargo" "+beta-2024-12-08" "fetch" "--manifest-path" "Cargo.toml", kill_on_drop: false }`
[INFO] [stderr]     Blocking waiting for file lock on package cache
[INFO] [stderr]     Blocking waiting for file lock on package cache
[INFO] running `Command { std: "docker" "create" "-v" "/var/lib/crater-agent-workspace/builds/worker-2-tc2/target:/opt/rustwide/target:rw,Z" "-v" "/var/lib/crater-agent-workspace/builds/worker-2-tc2/source:/opt/rustwide/workdir:ro,Z" "-v" "/var/lib/crater-agent-workspace/cargo-home:/opt/rustwide/cargo-home:ro,Z" "-v" "/var/lib/crater-agent-workspace/rustup-home:/opt/rustwide/rustup-home:ro,Z" "-e" "SOURCE_DIR=/opt/rustwide/workdir" "-e" "CARGO_TARGET_DIR=/opt/rustwide/target" "-e" "CARGO_HOME=/opt/rustwide/cargo-home" "-e" "RUSTUP_HOME=/opt/rustwide/rustup-home" "-w" "/opt/rustwide/workdir" "-m" "1610612736" "--user" "0:0" "--network" "none" "ghcr.io/rust-lang/crates-build-env/linux@sha256:f3a9d4ad9d972b27faf3965f35b62e55ba32bbce8f20bc8fe909558a86702fde" "/opt/rustwide/cargo-home/bin/cargo" "+beta-2024-12-08" "metadata" "--no-deps" "--format-version=1", kill_on_drop: false }`
[INFO] [stdout] 423440830ba44acff8562967e3fd58927a2349374cc99ee47e712fb1d07a483e
[INFO] running `Command { std: "docker" "start" "-a" "423440830ba44acff8562967e3fd58927a2349374cc99ee47e712fb1d07a483e", kill_on_drop: false }`
[INFO] running `Command { std: "docker" "inspect" "423440830ba44acff8562967e3fd58927a2349374cc99ee47e712fb1d07a483e", kill_on_drop: false }`
[INFO] running `Command { std: "docker" "rm" "-f" "423440830ba44acff8562967e3fd58927a2349374cc99ee47e712fb1d07a483e", kill_on_drop: false }`
[INFO] [stdout] 423440830ba44acff8562967e3fd58927a2349374cc99ee47e712fb1d07a483e
[INFO] running `Command { std: "docker" "create" "-v" "/var/lib/crater-agent-workspace/builds/worker-2-tc2/target:/opt/rustwide/target:rw,Z" "-v" "/var/lib/crater-agent-workspace/builds/worker-2-tc2/source:/opt/rustwide/workdir:ro,Z" "-v" "/var/lib/crater-agent-workspace/cargo-home:/opt/rustwide/cargo-home:ro,Z" "-v" "/var/lib/crater-agent-workspace/rustup-home:/opt/rustwide/rustup-home:ro,Z" "-e" "SOURCE_DIR=/opt/rustwide/workdir" "-e" "CARGO_TARGET_DIR=/opt/rustwide/target" "-e" "CARGO_INCREMENTAL=0" "-e" "RUST_BACKTRACE=full" "-e" "RUSTFLAGS=--cap-lints=warn" "-e" "RUSTDOCFLAGS=--cap-lints=warn" "-e" "CARGO_HOME=/opt/rustwide/cargo-home" "-e" "RUSTUP_HOME=/opt/rustwide/rustup-home" "-w" "/opt/rustwide/workdir" "-m" "1610612736" "--user" "0:0" "--network" "none" "ghcr.io/rust-lang/crates-build-env/linux@sha256:f3a9d4ad9d972b27faf3965f35b62e55ba32bbce8f20bc8fe909558a86702fde" "/opt/rustwide/cargo-home/bin/cargo" "+beta-2024-12-08" "build" "--frozen" "--message-format=json", kill_on_drop: false }`
[INFO] [stdout] 17985879da04259477108f9d92f4c88dfef521f8f958a18832830f97d4dadb8d
[INFO] running `Command { std: "docker" "start" "-a" "17985879da04259477108f9d92f4c88dfef521f8f958a18832830f97d4dadb8d", kill_on_drop: false }`
[INFO] [stderr]    Compiling proc-macro2 v1.0.89
[INFO] [stderr]    Compiling unicode-ident v1.0.13
[INFO] [stderr]    Compiling libc v0.2.161
[INFO] [stderr]    Compiling typenum v1.17.0
[INFO] [stderr]    Compiling autocfg v1.3.0
[INFO] [stderr]    Compiling cpufeatures v0.2.12
[INFO] [stderr]    Compiling subtle v2.6.1
[INFO] [stderr]    Compiling serde v1.0.214
[INFO] [stderr]    Compiling const-oid v0.9.6
[INFO] [stderr]    Compiling smallvec v1.13.2
[INFO] [stderr]    Compiling thiserror v1.0.64
[INFO] [stderr]    Compiling rustc-hash v1.1.0
[INFO] [stderr]    Compiling same-file v1.0.6
[INFO] [stderr]    Compiling generic-array v0.14.7
[INFO] [stderr]    Compiling byteorder v1.5.0
[INFO] [stderr]    Compiling self_cell v1.0.4
[INFO] [stderr]    Compiling parking_lot_core v0.9.10
[INFO] [stderr]    Compiling self_cell v0.10.3
[INFO] [stderr]    Compiling type-map v0.5.0
[INFO] [stderr]    Compiling walkdir v2.5.0
[INFO] [stderr]    Compiling utf8parse v0.2.2
[INFO] [stderr]    Compiling libm v0.2.8
[INFO] [stderr]    Compiling colorchoice v1.0.2
[INFO] [stderr]    Compiling anstyle-parse v0.2.1
[INFO] [stderr]    Compiling anstyle-query v1.0.0
[INFO] [stderr]    Compiling anstyle v1.0.2
[INFO] [stderr]    Compiling scopeguard v1.2.0
[INFO] [stderr]    Compiling log v0.4.22
[INFO] [stderr]    Compiling futures-sink v0.3.30
[INFO] [stderr]    Compiling rustix v0.38.38
[INFO] [stderr]    Compiling opaque-debug v0.3.1
[INFO] [stderr]    Compiling semver v1.0.23
[INFO] [stderr]    Compiling clap_lex v0.5.0
[INFO] [stderr]    Compiling futures-core v0.3.30
[INFO] [stderr]    Compiling pin-project-lite v0.2.14
[INFO] [stderr]    Compiling lock_api v0.4.12
[INFO] [stderr]    Compiling slab v0.4.9
[INFO] [stderr]    Compiling num-traits v0.2.19
[INFO] [stderr]    Compiling futures-channel v0.3.30
[INFO] [stderr]    Compiling bitflags v2.6.0
[INFO] [stderr]    Compiling futures-io v0.3.30
[INFO] [stderr]    Compiling futures-task v0.3.30
[INFO] [stderr]    Compiling pin-utils v0.1.0
[INFO] [stderr]    Compiling spin v0.9.8
[INFO] [stderr]    Compiling linux-raw-sys v0.4.14
[INFO] [stderr]    Compiling lazy_static v1.5.0
[INFO] [stderr]    Compiling crossbeam-utils v0.8.20
[INFO] [stderr]    Compiling regex-syntax v0.8.4
[INFO] [stderr]    Compiling arc-swap v1.7.1
[INFO] [stderr]    Compiling hashbrown v0.14.5
[INFO] [stderr]    Compiling minimal-lexical v0.2.1
[INFO] [stderr]    Compiling quote v1.0.37
[INFO] [stderr]    Compiling num-bigint-dig v0.8.4
[INFO] [stderr]    Compiling adler2 v2.0.0
[INFO] [stderr]    Compiling strsim v0.11.1
[INFO] [stderr]    Compiling fastrand v2.1.1
[INFO] [stderr]    Compiling miniz_oxide v0.8.0
[INFO] [stderr]    Compiling crc32fast v1.4.2
[INFO] [stderr]    Compiling io_tee v0.1.1
[INFO] [stderr]    Compiling syn v2.0.87
[INFO] [stderr]    Compiling rustc_version v0.4.1
[INFO] [stderr]    Compiling nom v7.1.3
[INFO] [stderr]    Compiling home v0.5.5
[INFO] [stderr]    Compiling roff v0.2.1
[INFO] [stderr]    Compiling proc-macro-error-attr2 v2.0.0
[INFO] [stderr]    Compiling getrandom v0.2.15
[INFO] [stderr]    Compiling is-terminal v0.4.13
[INFO] [stderr]    Compiling anstream v0.3.2
[INFO] [stderr]    Compiling base64 v0.21.7
[INFO] [stderr]    Compiling either v1.13.0
[INFO] [stderr]    Compiling rtoolbox v0.0.2
[INFO] [stderr]    Compiling rand_core v0.6.4
[INFO] [stderr]    Compiling clap_builder v4.3.24
[INFO] [stderr]    Compiling curve25519-dalek v4.1.3
[INFO] [stderr]    Compiling flate2 v1.0.34
[INFO] [stderr]    Compiling parking_lot v0.12.3
[INFO] [stderr]    Compiling dashmap v6.1.0
[INFO] [stderr]    Compiling percent-encoding v2.3.1
[INFO] [stderr]    Compiling bech32 v0.9.1
[INFO] [stderr]    Compiling rpassword v7.3.1
[INFO] [stderr]    Compiling console v0.15.8
[INFO] [stderr]    Compiling humantime v2.1.0
[INFO] [stderr]    Compiling wsl v0.1.0
[INFO] [stderr]    Compiling num-integer v0.1.46
[INFO] [stderr]    Compiling chrono v0.4.38
[INFO] [stderr]    Compiling num-iter v0.1.45
[INFO] [stderr]    Compiling crypto-common v0.1.6
[INFO] [stderr]    Compiling block-buffer v0.10.4
[INFO] [stderr]    Compiling block-padding v0.3.3
[INFO] [stderr]    Compiling universal-hash v0.5.1
[INFO] [stderr]    Compiling aead v0.5.2
[INFO] [stderr]    Compiling inout v0.1.3
[INFO] [stderr]    Compiling digest v0.10.7
[INFO] [stderr]    Compiling poly1305 v0.8.0
[INFO] [stderr]    Compiling polyval v0.6.2
[INFO] [stderr]    Compiling sha2 v0.10.8
[INFO] [stderr]    Compiling hmac v0.12.1
[INFO] [stderr]    Compiling signature v2.2.0
[INFO] [stderr]    Compiling ghash v0.5.1
[INFO] [stderr]    Compiling hkdf v0.12.4
[INFO] [stderr]    Compiling pbkdf2 v0.12.2
[INFO] [stderr]    Compiling tempfile v3.10.1
[INFO] [stderr]    Compiling which v4.4.2
[INFO] [stderr]    Compiling rust-embed-utils v8.3.0
[INFO] [stderr]    Compiling regex-automata v0.4.7
[INFO] [stderr]    Compiling regex v1.10.5
[INFO] [stderr]    Compiling proc-macro-error2 v2.0.1
[INFO] [stderr]    Compiling locale_config v0.3.0
[INFO] [stderr]    Compiling env_logger v0.10.2
[INFO] [stderr]    Compiling zeroize_derive v1.4.2
[INFO] [stderr]    Compiling displaydoc v0.2.5
[INFO] [stderr]    Compiling serde_derive v1.0.214
[INFO] [stderr]    Compiling thiserror-impl v1.0.64
[INFO] [stderr]    Compiling zerocopy-derive v0.7.35
[INFO] [stderr]    Compiling rust-embed-impl v8.3.0
[INFO] [stderr]    Compiling futures-macro v0.3.30
[INFO] [stderr]    Compiling clap_derive v4.3.12
[INFO] [stderr]    Compiling curve25519-dalek-derive v0.1.1
[INFO] [stderr]    Compiling pin-project-internal v1.1.5
[INFO] [stderr]    Compiling zerocopy v0.7.35
[INFO] [stderr]    Compiling zeroize v1.8.1
[INFO] [stderr]    Compiling rust-embed v8.3.0
[INFO] [stderr]    Compiling cipher v0.4.4
[INFO] [stderr]    Compiling der v0.7.9
[INFO] [stderr]    Compiling secrecy v0.10.3
[INFO] [stderr]    Compiling futures-util v0.3.30
[INFO] [stderr]    Compiling pinentry v0.6.0
[INFO] [stderr]    Compiling tinystr v0.7.1
[INFO] [stderr]    Compiling unic-langid-impl v0.9.5
[INFO] [stderr]    Compiling chacha20 v0.9.1
[INFO] [stderr]    Compiling salsa20 v0.10.2
[INFO] [stderr]    Compiling blowfish v0.9.1
[INFO] [stderr]    Compiling ctr v0.9.2
[INFO] [stderr]    Compiling aes v0.8.4
[INFO] [stderr]    Compiling cbc v0.1.2
[INFO] [stderr]    Compiling bcrypt-pbkdf v0.10.0
[INFO] [stderr]    Compiling scrypt v0.11.0
[INFO] [stderr]    Compiling unic-langid v0.9.5
[INFO] [stderr]    Compiling intl_pluralrules v7.0.2
[INFO] [stderr]    Compiling intl-memoizer v0.5.2
[INFO] [stderr]    Compiling fluent-langneg v0.13.0
[INFO] [stderr]    Compiling pin-project v1.1.5
[INFO] [stderr]    Compiling chacha20poly1305 v0.10.1
[INFO] [stderr]    Compiling aes-gcm v0.10.3
[INFO] [stderr]    Compiling ppv-lite86 v0.2.20
[INFO] [stderr]    Compiling fluent-syntax v0.11.1
[INFO] [stderr]    Compiling rand_chacha v0.3.1
[INFO] [stderr]    Compiling x25519-dalek v2.0.1
[INFO] [stderr]    Compiling fluent-bundle v0.15.3
[INFO] [stderr]    Compiling spki v0.7.3
[INFO] [stderr]    Compiling clap v4.3.24
[INFO] [stderr]    Compiling clap_mangen v0.2.12
[INFO] [stderr]    Compiling clap_complete v4.3.2
[INFO] [stderr]    Compiling pkcs8 v0.10.2
[INFO] [stderr]    Compiling pkcs1 v0.7.5
[INFO] [stderr]    Compiling rand v0.8.5
[INFO] [stderr]    Compiling fluent v0.16.1
[INFO] [stderr]    Compiling futures-executor v0.3.30
[INFO] [stderr]    Compiling futures v0.3.30
[INFO] [stderr]    Compiling rsa v0.9.6
[INFO] [stderr]    Compiling cookie-factory v0.3.3
[INFO] [stderr]    Compiling age-core v0.11.0 (/opt/rustwide/workdir/age-core)
[INFO] [stderr]    Compiling age-plugin v0.6.0 (/opt/rustwide/workdir/age-plugin)
[INFO] [stderr]    Compiling basic-toml v0.1.9
[INFO] [stderr]    Compiling toml v0.5.11
[INFO] [stderr]    Compiling i18n-config v0.4.7
[INFO] [stderr]    Compiling find-crate v0.6.3
[INFO] [stderr]    Compiling i18n-embed-impl v0.8.4
[INFO] [stderr]    Compiling i18n-embed v0.15.2
[INFO] [stderr]    Compiling i18n-embed-fl v0.9.2
[INFO] [stderr]    Compiling rage v0.11.0 (/opt/rustwide/workdir/rage)
[INFO] [stderr]    Compiling age v0.11.0 (/opt/rustwide/workdir/age)
[INFO] [stdout] warning: unexpected `cfg` condition name: `fuzzing`
[INFO] [stdout]    --> age/src/lib.rs:449:7
[INFO] [stdout]     |
[INFO] [stdout] 449 | #[cfg(fuzzing)]
[INFO] [stdout]     |       ^^^^^^^
[INFO] [stdout]     |
[INFO] [stdout]     = help: expected names are: `clippy`, `debug_assertions`, `doc`, `docsrs`, `doctest`, `feature`, `fmt_debug`, `miri`, `overflow_checks`, `panic`, `proc_macro`, `relocation_model`, `rustfmt`, `sanitize`, `sanitizer_cfi_generalize_pointers`, `sanitizer_cfi_normalize_integers`, `target_abi`, `target_arch`, `target_endian`, `target_env`, `target_family`, `target_feature`, `target_has_atomic`, `target_has_atomic_equal_alignment`, `target_has_atomic_load_store`, `target_os`, `target_pointer_width`, `target_thread_local`, `target_vendor`, `test`, `ub_checks`, `unix`, and `windows`
[INFO] [stdout]     = help: consider using a Cargo feature instead
[INFO] [stdout]     = help: or consider adding in `Cargo.toml` the `check-cfg` lint config for the lint:
[INFO] [stdout]              [lints.rust]
[INFO] [stdout]              unexpected_cfgs = { level = "warn", check-cfg = ['cfg(fuzzing)'] }
[INFO] [stdout]     = help: or consider adding `println!("cargo::rustc-check-cfg=cfg(fuzzing)");` to the top of the `build.rs`
[INFO] [stdout]     = note: see <https://doc.rust-lang.org/nightly/rustc/check-cfg/cargo-specifics.html> for more information about checking conditional configuration
[INFO] [stdout]     = note: `#[warn(unexpected_cfgs)]` on by default
[INFO] [stdout] 
[INFO] [stdout] 
[INFO] [stdout] warning: field `0` is never read
[INFO] [stdout]   --> age/src/plugin.rs:50:24
[INFO] [stdout]    |
[INFO] [stdout] 50 | struct SlowPluginGuard(mpsc::Sender<()>);
[INFO] [stdout]    |        --------------- ^^^^^^^^^^^^^^^^
[INFO] [stdout]    |        |
[INFO] [stdout]    |        field in this struct
[INFO] [stdout]    |
[INFO] [stdout]    = help: consider removing this field
[INFO] [stdout]    = note: `#[warn(dead_code)]` on by default
[INFO] [stdout] 
[INFO] [stdout] 
[INFO] [stderr]     Finished `dev` profile [unoptimized + debuginfo] target(s) in 1m 19s
[INFO] running `Command { std: "docker" "inspect" "17985879da04259477108f9d92f4c88dfef521f8f958a18832830f97d4dadb8d", kill_on_drop: false }`
[INFO] running `Command { std: "docker" "rm" "-f" "17985879da04259477108f9d92f4c88dfef521f8f958a18832830f97d4dadb8d", kill_on_drop: false }`
[INFO] [stdout] 17985879da04259477108f9d92f4c88dfef521f8f958a18832830f97d4dadb8d
[INFO] running `Command { std: "docker" "create" "-v" "/var/lib/crater-agent-workspace/builds/worker-2-tc2/target:/opt/rustwide/target:rw,Z" "-v" "/var/lib/crater-agent-workspace/builds/worker-2-tc2/source:/opt/rustwide/workdir:ro,Z" "-v" "/var/lib/crater-agent-workspace/cargo-home:/opt/rustwide/cargo-home:ro,Z" "-v" "/var/lib/crater-agent-workspace/rustup-home:/opt/rustwide/rustup-home:ro,Z" "-e" "SOURCE_DIR=/opt/rustwide/workdir" "-e" "CARGO_TARGET_DIR=/opt/rustwide/target" "-e" "CARGO_INCREMENTAL=0" "-e" "RUST_BACKTRACE=full" "-e" "RUSTFLAGS=--cap-lints=warn" "-e" "RUSTDOCFLAGS=--cap-lints=warn" "-e" "CARGO_HOME=/opt/rustwide/cargo-home" "-e" "RUSTUP_HOME=/opt/rustwide/rustup-home" "-w" "/opt/rustwide/workdir" "-m" "1610612736" "--user" "0:0" "--network" "none" "ghcr.io/rust-lang/crates-build-env/linux@sha256:f3a9d4ad9d972b27faf3965f35b62e55ba32bbce8f20bc8fe909558a86702fde" "/opt/rustwide/cargo-home/bin/cargo" "+beta-2024-12-08" "test" "--frozen" "--no-run" "--message-format=json", kill_on_drop: false }`
[INFO] [stdout] feea87a6f1938682ec573933ab42d669f998b3433233aaed734714bbde56c0d5
[INFO] running `Command { std: "docker" "start" "-a" "feea87a6f1938682ec573933ab42d669f998b3433233aaed734714bbde56c0d5", kill_on_drop: false }`
[INFO] [stderr]    Compiling libc v0.2.161
[INFO] [stderr]    Compiling serde v1.0.214
[INFO] [stderr]    Compiling shlex v1.3.0
[INFO] [stderr]    Compiling hashbrown v0.15.0
[INFO] [stderr]    Compiling equivalent v1.0.1
[INFO] [stderr]    Compiling rayon v1.10.0
[INFO] [stderr]    Compiling itoa v1.0.11
[INFO] [stderr]    Compiling serde_json v1.0.132
[INFO] [stderr]    Compiling ciborium-io v0.2.2
[INFO] [stderr]    Compiling plotters-backend v0.3.7
[INFO] [stderr]    Compiling half v2.2.1
[INFO] [stderr]    Compiling itertools v0.10.5
[INFO] [stderr]    Compiling ahash v0.8.11
[INFO] [stderr]    Compiling uuid v1.11.0
[INFO] [stderr]    Compiling cast v0.3.0
[INFO] [stderr]    Compiling cpp_demangle v0.4.3
[INFO] [stderr]    Compiling gimli v0.29.0
[INFO] [stderr]    Compiling cc v1.1.34
[INFO] [stderr]    Compiling rustc-demangle v0.1.24
[INFO] [stderr]    Compiling stable_deref_trait v1.2.0
[INFO] [stderr]    Compiling arrayvec v0.7.6
[INFO] [stderr]    Compiling oorandom v11.1.4
[INFO] [stderr]    Compiling ciborium-ll v0.2.2
[INFO] [stderr]    Compiling debugid v0.8.0
[INFO] [stderr]    Compiling bytemuck v1.19.0
[INFO] [stderr]    Compiling anes v0.1.6
[INFO] [stderr]    Compiling indexmap v2.6.0
[INFO] [stderr]    Compiling plotters-svg v0.3.6
[INFO] [stderr]    Compiling adler v1.0.2
[INFO] [stderr]    Compiling symbolic-demangle v12.12.0
[INFO] [stderr]    Compiling num-format v0.4.4
[INFO] [stderr]    Compiling parking_lot_core v0.9.10
[INFO] [stderr]    Compiling is-terminal v0.4.13
[INFO] [stderr]    Compiling anstream v0.3.2
[INFO] [stderr]    Compiling plotters v0.3.7
[INFO] [stderr]    Compiling miniz_oxide v0.7.4
[INFO] [stderr]    Compiling rgb v0.8.50
[INFO] [stderr]    Compiling test-case-core v3.3.1
[INFO] [stderr]    Compiling quick-xml v0.26.0
[INFO] [stderr]    Compiling parking_lot v0.12.3
[INFO] [stderr]    Compiling dashmap v6.1.0
[INFO] [stderr]    Compiling clap_builder v4.3.24
[INFO] [stderr]    Compiling i18n-embed v0.15.2
[INFO] [stderr]    Compiling content_inspector v0.2.4
[INFO] [stderr]    Compiling object v0.36.5
[INFO] [stderr]    Compiling quick-error v1.2.3
[INFO] [stderr]    Compiling criterion-plot v0.5.0
[INFO] [stderr]    Compiling str_stack v0.1.0
[INFO] [stderr]    Compiling fnv v1.0.7
[INFO] [stderr]    Compiling winnow v0.5.40
[INFO] [stderr]    Compiling pprof v0.13.0
[INFO] [stderr]    Compiling normalize-line-endings v0.3.0
[INFO] [stderr]    Compiling similar v2.6.0
[INFO] [stderr]    Compiling dunce v1.0.5
[INFO] [stderr]    Compiling bit-set v0.5.3
[INFO] [stderr]    Compiling backtrace v0.3.73
[INFO] [stderr]    Compiling findshlibs v0.10.2
[INFO] [stderr]    Compiling tokio-macros v2.3.0
[INFO] [stderr]    Compiling test-case-macros v3.3.1
[INFO] [stderr]    Compiling unarray v0.1.4
[INFO] [stderr]    Compiling i18n-embed-fl v0.9.2
[INFO] [stderr]    Compiling futures-test v0.3.30
[INFO] [stderr]    Compiling hex v0.4.3
[INFO] [stderr]    Compiling getrandom v0.2.15
[INFO] [stderr]    Compiling wait-timeout v0.2.0
[INFO] [stderr]    Compiling rand_core v0.6.4
[INFO] [stderr]    Compiling rtoolbox v0.0.2
[INFO] [stderr]    Compiling crypto-common v0.1.6
[INFO] [stderr]    Compiling digest v0.10.7
[INFO] [stderr]    Compiling cipher v0.4.4
[INFO] [stderr]    Compiling universal-hash v0.5.1
[INFO] [stderr]    Compiling rand_chacha v0.3.1
[INFO] [stderr]    Compiling aead v0.5.2
[INFO] [stderr]    Compiling poly1305 v0.8.0
[INFO] [stderr]    Compiling sha2 v0.10.8
[INFO] [stderr]    Compiling hmac v0.12.1
[INFO] [stderr]    Compiling polyval v0.6.2
[INFO] [stderr]    Compiling chacha20 v0.9.1
[INFO] [stderr]    Compiling hkdf v0.12.4
[INFO] [stderr]    Compiling pbkdf2 v0.12.2
[INFO] [stderr]    Compiling rand v0.8.5
[INFO] [stderr]    Compiling ghash v0.5.1
[INFO] [stderr]    Compiling blowfish v0.9.1
[INFO] [stderr]    Compiling ctr v0.9.2
[INFO] [stderr]    Compiling rust-embed-utils v8.3.0
[INFO] [stderr]    Compiling chacha20poly1305 v0.10.1
[INFO] [stderr]    Compiling salsa20 v0.10.2
[INFO] [stderr]    Compiling rust-embed v8.3.0
[INFO] [stderr]    Compiling aes v0.8.4
[INFO] [stderr]    Compiling signature v2.2.0
[INFO] [stderr]    Compiling bcrypt-pbkdf v0.10.0
[INFO] [stderr]    Compiling cbc v0.1.2
[INFO] [stderr]    Compiling scrypt v0.11.0
[INFO] [stderr]    Compiling rpassword v7.3.1
[INFO] [stderr]    Compiling x25519-dalek v2.0.1
[INFO] [stderr]    Compiling console v0.15.8
[INFO] [stderr]    Compiling memmap2 v0.9.4
[INFO] [stderr]    Compiling aes-gcm v0.10.3
[INFO] [stderr]    Compiling symbolic-common v12.12.0
[INFO] [stderr]    Compiling snapbox-macros v0.3.4
[INFO] [stderr]    Compiling addr2line v0.22.0
[INFO] [stderr]    Compiling env_logger v0.10.2
[INFO] [stderr]    Compiling os_pipe v1.2.1
[INFO] [stderr]    Compiling filetime v0.2.25
[INFO] [stderr]    Compiling rand_xorshift v0.3.0
[INFO] [stderr]    Compiling rusty-fork v0.3.0
[INFO] [stderr]    Compiling snapbox v0.4.11
[INFO] [stderr]    Compiling inferno v0.11.19
[INFO] [stderr]    Compiling num_cpus v1.16.0
[INFO] [stderr]    Compiling clap v4.3.24
[INFO] [stderr]    Compiling age-core v0.11.0 (/opt/rustwide/workdir/age-core)
[INFO] [stderr]    Compiling num-bigint-dig v0.8.4
[INFO] [stderr]    Compiling clap_complete v4.3.2
[INFO] [stderr]    Compiling clap_mangen v0.2.12
[INFO] [stderr]    Compiling ciborium v0.2.2
[INFO] [stderr]    Compiling serde_spanned v0.6.3
[INFO] [stderr]    Compiling toml_datetime v0.6.3
[INFO] [stderr]    Compiling humantime-serde v1.1.1
[INFO] [stderr]    Compiling nix v0.26.4
[INFO] [stderr]    Compiling tokio v1.38.1
[INFO] [stderr]    Compiling toml_edit v0.19.14
[INFO] [stderr]    Compiling proptest v1.5.0
[INFO] [stderr]    Compiling test-case v3.3.1
[INFO] [stderr]    Compiling age-plugin v0.6.0 (/opt/rustwide/workdir/age-plugin)
[INFO] [stderr]    Compiling rsa v0.9.6
[INFO] [stderr]    Compiling tinytemplate v1.2.1
[INFO] [stderr]    Compiling rage v0.11.0 (/opt/rustwide/workdir/rage)
[INFO] [stderr]    Compiling age v0.11.0 (/opt/rustwide/workdir/age)
[INFO] [stderr]    Compiling criterion v0.5.1
[INFO] [stdout] warning: unexpected `cfg` condition name: `fuzzing`
[INFO] [stdout]    --> age/src/lib.rs:449:7
[INFO] [stdout]     |
[INFO] [stdout] 449 | #[cfg(fuzzing)]
[INFO] [stdout]     |       ^^^^^^^
[INFO] [stdout]     |
[INFO] [stdout]     = help: expected names are: `clippy`, `debug_assertions`, `doc`, `docsrs`, `doctest`, `feature`, `fmt_debug`, `miri`, `overflow_checks`, `panic`, `proc_macro`, `relocation_model`, `rustfmt`, `sanitize`, `sanitizer_cfi_generalize_pointers`, `sanitizer_cfi_normalize_integers`, `target_abi`, `target_arch`, `target_endian`, `target_env`, `target_family`, `target_feature`, `target_has_atomic`, `target_has_atomic_equal_alignment`, `target_has_atomic_load_store`, `target_os`, `target_pointer_width`, `target_thread_local`, `target_vendor`, `test`, `ub_checks`, `unix`, and `windows`
[INFO] [stdout]     = help: consider using a Cargo feature instead
[INFO] [stdout]     = help: or consider adding in `Cargo.toml` the `check-cfg` lint config for the lint:
[INFO] [stdout]              [lints.rust]
[INFO] [stdout]              unexpected_cfgs = { level = "warn", check-cfg = ['cfg(fuzzing)'] }
[INFO] [stdout]     = help: or consider adding `println!("cargo::rustc-check-cfg=cfg(fuzzing)");` to the top of the `build.rs`
[INFO] [stdout]     = note: see <https://doc.rust-lang.org/nightly/rustc/check-cfg/cargo-specifics.html> for more information about checking conditional configuration
[INFO] [stdout]     = note: `#[warn(unexpected_cfgs)]` on by default
[INFO] [stdout] 
[INFO] [stdout] 
[INFO] [stdout] warning: field `0` is never read
[INFO] [stdout]   --> age/src/plugin.rs:50:24
[INFO] [stdout]    |
[INFO] [stdout] 50 | struct SlowPluginGuard(mpsc::Sender<()>);
[INFO] [stdout]    |        --------------- ^^^^^^^^^^^^^^^^
[INFO] [stdout]    |        |
[INFO] [stdout]    |        field in this struct
[INFO] [stdout]    |
[INFO] [stdout]    = help: consider removing this field
[INFO] [stdout]    = note: `#[warn(dead_code)]` on by default
[INFO] [stdout] 
[INFO] [stdout] 
[INFO] [stderr]    Compiling trycmd v0.14.16
[INFO] [stderr]    Compiling criterion-cycles-per-byte v0.6.1
[INFO] [stdout] warning: unexpected `cfg` condition name: `fuzzing`
[INFO] [stdout]    --> age/src/lib.rs:449:7
[INFO] [stdout]     |
[INFO] [stdout] 449 | #[cfg(fuzzing)]
[INFO] [stdout]     |       ^^^^^^^
[INFO] [stdout]     |
[INFO] [stdout]     = help: expected names are: `clippy`, `debug_assertions`, `doc`, `docsrs`, `doctest`, `feature`, `fmt_debug`, `miri`, `overflow_checks`, `panic`, `proc_macro`, `relocation_model`, `rustfmt`, `sanitize`, `sanitizer_cfi_generalize_pointers`, `sanitizer_cfi_normalize_integers`, `target_abi`, `target_arch`, `target_endian`, `target_env`, `target_family`, `target_feature`, `target_has_atomic`, `target_has_atomic_equal_alignment`, `target_has_atomic_load_store`, `target_os`, `target_pointer_width`, `target_thread_local`, `target_vendor`, `test`, `ub_checks`, `unix`, and `windows`
[INFO] [stdout]     = help: consider using a Cargo feature instead
[INFO] [stdout]     = help: or consider adding in `Cargo.toml` the `check-cfg` lint config for the lint:
[INFO] [stdout]              [lints.rust]
[INFO] [stdout]              unexpected_cfgs = { level = "warn", check-cfg = ['cfg(fuzzing)'] }
[INFO] [stdout]     = help: or consider adding `println!("cargo::rustc-check-cfg=cfg(fuzzing)");` to the top of the `build.rs`
[INFO] [stdout]     = note: see <https://doc.rust-lang.org/nightly/rustc/check-cfg/cargo-specifics.html> for more information about checking conditional configuration
[INFO] [stdout]     = note: `#[warn(unexpected_cfgs)]` on by default
[INFO] [stdout] 
[INFO] [stdout] 
[INFO] [stdout] warning: field `0` is never read
[INFO] [stdout]   --> age/src/plugin.rs:50:24
[INFO] [stdout]    |
[INFO] [stdout] 50 | struct SlowPluginGuard(mpsc::Sender<()>);
[INFO] [stdout]    |        --------------- ^^^^^^^^^^^^^^^^
[INFO] [stdout]    |        |
[INFO] [stdout]    |        field in this struct
[INFO] [stdout]    |
[INFO] [stdout]    = help: consider removing this field
[INFO] [stdout]    = note: `#[warn(dead_code)]` on by default
[INFO] [stdout] 
[INFO] [stdout] 
[INFO] [stderr]     Finished `test` profile [unoptimized + debuginfo] target(s) in 1m 24s
[INFO] running `Command { std: "docker" "inspect" "feea87a6f1938682ec573933ab42d669f998b3433233aaed734714bbde56c0d5", kill_on_drop: false }`
[INFO] running `Command { std: "docker" "rm" "-f" "feea87a6f1938682ec573933ab42d669f998b3433233aaed734714bbde56c0d5", kill_on_drop: false }`
[INFO] [stdout] feea87a6f1938682ec573933ab42d669f998b3433233aaed734714bbde56c0d5
[INFO] running `Command { std: "docker" "create" "-v" "/var/lib/crater-agent-workspace/builds/worker-2-tc2/target:/opt/rustwide/target:rw,Z" "-v" "/var/lib/crater-agent-workspace/builds/worker-2-tc2/source:/opt/rustwide/workdir:ro,Z" "-v" "/var/lib/crater-agent-workspace/cargo-home:/opt/rustwide/cargo-home:ro,Z" "-v" "/var/lib/crater-agent-workspace/rustup-home:/opt/rustwide/rustup-home:ro,Z" "-e" "SOURCE_DIR=/opt/rustwide/workdir" "-e" "CARGO_TARGET_DIR=/opt/rustwide/target" "-e" "CARGO_INCREMENTAL=0" "-e" "RUST_BACKTRACE=full" "-e" "RUSTFLAGS=--cap-lints=warn" "-e" "RUSTDOCFLAGS=--cap-lints=warn" "-e" "CARGO_HOME=/opt/rustwide/cargo-home" "-e" "RUSTUP_HOME=/opt/rustwide/rustup-home" "-w" "/opt/rustwide/workdir" "-m" "1610612736" "--user" "0:0" "--network" "none" "ghcr.io/rust-lang/crates-build-env/linux@sha256:f3a9d4ad9d972b27faf3965f35b62e55ba32bbce8f20bc8fe909558a86702fde" "/opt/rustwide/cargo-home/bin/cargo" "+beta-2024-12-08" "test" "--frozen", kill_on_drop: false }`
[INFO] [stdout] 4818dbeef8f80768333786df38f83cdabedaa61f3966f8f6f60e4e04ad381d20
[INFO] running `Command { std: "docker" "start" "-a" "4818dbeef8f80768333786df38f83cdabedaa61f3966f8f6f60e4e04ad381d20", kill_on_drop: false }`
[INFO] [stderr] warning: unexpected `cfg` condition name: `fuzzing`
[INFO] [stderr]    --> age/src/lib.rs:449:7
[INFO] [stderr]     |
[INFO] [stderr] 449 | #[cfg(fuzzing)]
[INFO] [stderr]     |       ^^^^^^^
[INFO] [stderr]     |
[INFO] [stderr]     = help: expected names are: `clippy`, `debug_assertions`, `doc`, `docsrs`, `doctest`, `feature`, `fmt_debug`, `miri`, `overflow_checks`, `panic`, `proc_macro`, `relocation_model`, `rustfmt`, `sanitize`, `sanitizer_cfi_generalize_pointers`, `sanitizer_cfi_normalize_integers`, `target_abi`, `target_arch`, `target_endian`, `target_env`, `target_family`, `target_feature`, `target_has_atomic`, `target_has_atomic_equal_alignment`, `target_has_atomic_load_store`, `target_os`, `target_pointer_width`, `target_thread_local`, `target_vendor`, `test`, `ub_checks`, `unix`, and `windows`
[INFO] [stderr]     = help: consider using a Cargo feature instead
[INFO] [stderr]     = help: or consider adding in `Cargo.toml` the `check-cfg` lint config for the lint:
[INFO] [stderr]              [lints.rust]
[INFO] [stderr]              unexpected_cfgs = { level = "warn", check-cfg = ['cfg(fuzzing)'] }
[INFO] [stderr]     = help: or consider adding `println!("cargo::rustc-check-cfg=cfg(fuzzing)");` to the top of the `build.rs`
[INFO] [stderr]     = note: see <https://doc.rust-lang.org/nightly/rustc/check-cfg/cargo-specifics.html> for more information about checking conditional configuration
[INFO] [stderr]     = note: `#[warn(unexpected_cfgs)]` on by default
[INFO] [stderr] 
[INFO] [stderr] warning: field `0` is never read
[INFO] [stderr]   --> age/src/plugin.rs:50:24
[INFO] [stderr]    |
[INFO] [stderr] 50 | struct SlowPluginGuard(mpsc::Sender<()>);
[INFO] [stderr]    |        --------------- ^^^^^^^^^^^^^^^^
[INFO] [stderr]    |        |
[INFO] [stderr]    |        field in this struct
[INFO] [stderr]    |
[INFO] [stderr]    = help: consider removing this field
[INFO] [stderr]    = note: `#[warn(dead_code)]` on by default
[INFO] [stderr] 
[INFO] [stderr] warning: `age` (lib) generated 2 warnings
[INFO] [stderr] warning: `age` (lib test) generated 2 warnings (2 duplicates)
[INFO] [stderr]     Finished `test` profile [unoptimized + debuginfo] target(s) in 0.95s
[INFO] [stderr]      Running unittests src/lib.rs (/opt/rustwide/target/debug/deps/age-c51bf3ad2f971480)
[INFO] [stdout] 
[INFO] [stdout] running 47 tests
[INFO] [stdout] test cli_common::file_io::tests::lazy_existing_file_forbid_overwrite ... ok
[INFO] [stdout] test identity::tests::secret_key_crlf ... ok
[INFO] [stdout] test identity::tests::secret_key_encoding ... ok
[INFO] [stdout] test identity::tests::secret_key_lf ... ok
[INFO] [stdout] test cli_common::file_io::tests::lazy_existing_file_allow_overwrite ... ok
[INFO] [stdout] test primitives::armor::tests::binary_seeking ... ok
[INFO] [stdout] test identity::tests::secret_key_with_comment_crlf ... ok
[INFO] [stdout] test plugin::tests::default_for_plugin ... ok
[INFO] [stdout] test primitives::armor::tests::armored_seeking ... ok
[INFO] [stdout] test identity::tests::incomplete_secret_key_encoding ... ok
[INFO] [stdout] test identity::tests::secret_key_with_comment_lf ... ok
[INFO] [stdout] test identity::tests::secret_key_with_empty_line_crlf ... ok
[INFO] [stdout] test identity::tests::secret_key_with_empty_line_lf ... ok
[INFO] [stdout] test identity::tests::two_secret_keys_crlf ... ok
[INFO] [stdout] test identity::tests::two_secret_keys_lf ... ok
[INFO] [stdout] test primitives::stream::tests::stream_round_trip_short ... ok
[INFO] [stdout] test primitives::stream::tests::stream_round_trip_empty ... ok
[INFO] [stdout] test protocol::tests::incompatible_recipients ... ok
[INFO] [stdout] test format::tests::parse_legacy_header ... ok
[INFO] [stdout] test protocol::tests::x25519_round_trip ... ok
[INFO] [stdout] test simple::tests::x25519_round_trip ... ok
[INFO] [stdout] test protocol::tests::ssh_ed25519_round_trip ... ok
[INFO] [stdout] test simple::tests::x25519_round_trip_armor ... ok
[INFO] [stdout] test format::tests::parse_header ... ok
[INFO] [stdout] test primitives::stream::tests::stream_round_trip_chunk ... ok
[INFO] [stdout] test ssh::recipient::tests::ssh_ed25519_encoding ... ok
[INFO] [stdout] test ssh::recipient::tests::ssh_invalid_encoding ... ok
[INFO] [stdout] test ssh::recipient::tests::ssh_rsa_encoding ... ok
[INFO] [stdout] test ssh::recipient::tests::ssh_unsupported_key_type ... ok
[INFO] [stdout] test x25519::tests::pubkey_encoding ... ok
[INFO] [stdout] test ssh::identity::tests::ssh_unsupported_key_type ... ok
[INFO] [stdout] test x25519::tests::pubkey_from_secret_key ... ok
[INFO] [stdout] test primitives::stream::tests::stream_fails_to_decrypt_truncated_file ... ok
[INFO] [stdout] test primitives::stream::tests::chunk_round_trip ... ok
[INFO] [stdout] test primitives::stream::tests::last_chunk_round_trip ... ok
[INFO] [stdout] test primitives::stream::tests::seek_from_end_fails_on_truncation ... ok
[INFO] [stdout] test primitives::stream::tests::seek_from_end_with_exact_chunk ... ok
[INFO] [stdout] test primitives::stream::tests::stream_round_trip_long ... ok
[INFO] [stdout] test primitives::stream::tests::stream_seeking ... ok
[INFO] [stdout] test ssh::identity::tests::ssh_rsa_round_trip ... ok
[INFO] [stdout] test protocol::tests::ssh_rsa_round_trip ... ok
[INFO] [stdout] test primitives::armor::tests::armored_round_trip ... ok
[INFO] [stdout] test protocol::tests::scrypt_round_trip ... ok
[INFO] [stdout] test protocol::tests::mixed_recipient_and_passphrase ... ok
[INFO] [stdout] test x25519::tests::wrap_and_unwrap ... ok
[INFO] [stdout] test encrypted::tests::round_trip ... ok
[INFO] [stdout] test ssh::identity::tests::ssh_ed25519_round_trip ... ok
[INFO] [stderr]      Running tests/test_vectors.rs (/opt/rustwide/target/debug/deps/test_vectors-6daa6c1e48ebbc75)
[INFO] [stdout] 
[INFO] [stdout] test result: ok. 47 passed; 0 failed; 0 ignored; 0 measured; 0 filtered out; finished in 4.53s
[INFO] [stdout] 
[INFO] [stdout] 
[INFO] [stdout] running 1 test
[INFO] [stderr]      Running unittests src/lib.rs (/opt/rustwide/target/debug/deps/age_core-3929730a7b370265)
[INFO] [stdout] test age_test_vectors ... ok
[INFO] [stdout] 
[INFO] [stdout] test result: ok. 1 passed; 0 failed; 0 ignored; 0 measured; 0 filtered out; finished in 0.24s
[INFO] [stdout] 
[INFO] [stdout] 
[INFO] [stdout] running 10 tests
[INFO] [stdout] test format::read::tests::base64_padding_rejected ... ok
[INFO] [stdout] test format::tests::age_stanza_last_line_two_trailing_chars ... ok
[INFO] [stdout] test format::tests::parse_age_stanza ... ok
[INFO] [stdout] test format::tests::age_stanza_invalid_last_line ... ok
[INFO] [stdout] test format::tests::age_stanza_with_full_body ... ok
[INFO] [stdout] test plugin::tests::mock_plugin ... ok
[INFO] [stdout] test format::tests::age_stanza_with_legacy_full_body ... ok
[INFO] [stdout] test format::tests::age_stanza_with_empty_body ... ok
[INFO] [stdout] test format::tests::age_stanza_last_line_three_trailing_chars ... ok
[INFO] [stdout] test primitives::tests::aead_round_trip ... ok
[INFO] [stdout] 
[INFO] [stdout] test result: ok. 10 passed; 0 failed; 0 ignored; 0 measured; 0 filtered out; finished in 0.01s
[INFO] [stdout] 
[INFO] [stderr]      Running unittests src/lib.rs (/opt/rustwide/target/debug/deps/age_plugin-c4c773e25b9e9774)
[INFO] [stdout] 
[INFO] [stdout] running 0 tests
[INFO] [stdout] 
[INFO] [stdout] test result: ok. 0 passed; 0 failed; 0 ignored; 0 measured; 0 filtered out; finished in 0.00s
[INFO] [stdout] 
[INFO] [stderr]      Running unittests src/bin/rage/main.rs (/opt/rustwide/target/debug/deps/rage-b8d4a16a7b86d8b8)
[INFO] [stdout] 
[INFO] [stdout] running 0 tests
[INFO] [stdout] 
[INFO] [stdout] test result: ok. 0 passed; 0 failed; 0 ignored; 0 measured; 0 filtered out; finished in 0.00s
[INFO] [stdout] 
[INFO] [stderr]      Running unittests src/bin/rage-keygen/main.rs (/opt/rustwide/target/debug/deps/rage_keygen-d88610f0d11142ca)
[INFO] [stdout] 
[INFO] [stdout] running 0 tests
[INFO] [stdout] 
[INFO] [stdout] test result: ok. 0 passed; 0 failed; 0 ignored; 0 measured; 0 filtered out; finished in 0.00s
[INFO] [stdout] 
[INFO] [stderr]      Running tests/cli_tests.rs (/opt/rustwide/target/debug/deps/cli_tests-a7c93c111bc3c473)
[INFO] [stdout] 
[INFO] [stdout] running 1 test
[INFO] [stderr] [2mTesting[0m tests/cmd/rage/decrypt-mixed-identity-and-plugin-name.toml ... [32mok[0m
[INFO] [stderr] [2mTesting[0m tests/cmd/rage/decrypt-missing-identities-file.toml ... [32mok[0m
[INFO] [stderr] [2mTesting[0m tests/cmd/rage/same-input-and-output.toml ... [32mok[0m
[INFO] [stderr] [2mTesting[0m tests/cmd/rage-keygen/help.toml ... [32mok[0m
[INFO] [stderr] [2mTesting[0m tests/cmd/rage/decrypt-missing-stdin-identity.toml ... [32mok[0m
[INFO] [stderr] [2mTesting[0m tests/cmd/rage/encrypt-multiple-stdin-recipients-identities.toml ... [32mok[0m
[INFO] [stderr] [2mTesting[0m tests/cmd/rage/decrypt-identity-stdin.toml ... [32mok[0m
[INFO] [stderr] [2mTesting[0m tests/cmd/rage/decrypt-armor-flag.toml ... [32mok[0m
[INFO] [stderr] [2mTesting[0m tests/cmd/rage/encrypt-mixed-recipient-and-passphrase.toml ... [32mok[0m
[INFO] [stderr] [2mTesting[0m tests/cmd/rage/decrypt-passphrase-flag.toml ... [32mok[0m
[INFO] [stderr] [2mTesting[0m tests/cmd/rage/decrypt-multiple-stdin-identities.toml ... [32mok[0m
[INFO] [stderr] [2mTesting[0m tests/cmd/rage/decrypt-missing-input.toml ... [32mok[0m
[INFO] [stderr] [2mTesting[0m tests/cmd/rage/encrypt-recipients-file-stdin.toml ... [32mok[0m
[INFO] [stderr] [2mTesting[0m tests/cmd/rage/encrypt-plugin-name-flag.toml ... [32mok[0m
[INFO] [stderr] [2mTesting[0m tests/cmd/rage-keygen/gen-output-missing-directory.toml ... [32mok[0m
[INFO] [stderr] [2mTesting[0m tests/cmd/rage/help_it.toml ... [32mok[0m
[INFO] [stderr] [2mTesting[0m tests/cmd/rage/identity-flag-ambiguous.toml ... [32mok[0m
[INFO] [stderr] [2mTesting[0m tests/cmd/rage/decrypt-missing-identities.toml ... [32mok[0m
[INFO] [stderr] [2mTesting[0m tests/cmd/rage/help.toml ... [32mok[0m
[INFO] [stderr] [2mTesting[0m tests/cmd/rage/encrypt-missing-recipients-file.toml ... [32mok[0m
[INFO] [stderr] [2mTesting[0m tests/cmd/rage-keygen/help_it.toml ... [32mok[0m
[INFO] [stderr] [2mTesting[0m tests/cmd/rage-keygen/gen-stdout.toml ... [32mok[0m
[INFO] [stderr] [2mTesting[0m tests/cmd/rage/encrypt-multiple-stdin-recipients.toml ... [32mok[0m
[INFO] [stderr] [2mTesting[0m tests/cmd/rage/decrypt-multiple-stdin.toml ... [32mok[0m
[INFO] [stderr] [2mTesting[0m tests/cmd/rage/decrypt-filein-fileout-long.toml ... [32mok[0m
[INFO] [stderr] [2mTesting[0m tests/cmd/rage/decrypt-filein-fileout-long.toml:teardown ... [32mok[0m
[INFO] [stderr] [2mTesting[0m tests/cmd/rage-keygen/gen-output.toml ... [32mok[0m
[INFO] [stderr] [2mTesting[0m tests/cmd/rage-keygen/gen-output.toml:teardown ... [32mok[0m
[INFO] [stderr] [2mTesting[0m tests/cmd/rage/decrypt-mixed-identity-and-passphrase.toml ... [32mok[0m
[INFO] [stderr] [2mTesting[0m tests/cmd/rage/encrypt-mixed-recipients-file-and-passphrase.toml ... [32mok[0m
[INFO] [stderr] [2mTesting[0m tests/cmd/rage-keygen/gen-output-invalid-filename.toml ... [32mok[0m
[INFO] [stderr] [2mTesting[0m tests/cmd/rage-mount/help.toml ... [33mignored[0m
[INFO] [stderr] [2mTesting[0m tests/cmd/rage-mount/help_it.toml ... [33mignored[0m
[INFO] [stderr] [2mTesting[0m tests/cmd/rage-mount/version.toml ... [33mignored[0m
[INFO] [stderr] [2mTesting[0m tests/cmd/rage/decrypt-recipient-flag.toml ... [32mok[0m
[INFO] [stderr] [2mTesting[0m tests/cmd/rage/encrypt-missing-recipients.toml ... [32mok[0m
[INFO] [stderr] [2mTesting[0m tests/cmd/rage/decrypt-stdin-stdout-long.toml ... [32mok[0m
[INFO] [stderr] [2mTesting[0m tests/cmd/rage/mixed-encrypt-and-decrypt.toml ... [32mok[0m
[INFO] [stderr] [2mTesting[0m tests/cmd/rage-keygen/version.toml ... [32mok[0m
[INFO] [stderr] [2mTesting[0m tests/cmd/rage/encrypt-multiple-stdin.toml ... [32mok[0m
[INFO] [stderr] [2mTesting[0m tests/cmd/rage/encrypt-identity-stdin.toml ... [32mok[0m
[INFO] [stderr] [2mTesting[0m tests/cmd/rage/decrypt-identity-no-comment-or-newline.toml ... [32mok[0m
[INFO] [stderr] [2mTesting[0m tests/cmd/rage/encrypt-identity-encrypted-without-passphrase.toml ... [32mok[0m
[INFO] [stderr] [2mTesting[0m tests/unix/rage/encrypt-passphrase-without-file-argument.toml ... [32mok[0m
[INFO] [stderr] [2mTesting[0m tests/cmd/rage/decrypt-stdin-stdout-short.toml ... [32mok[0m
[INFO] [stderr] [2mTesting[0m tests/cmd/rage/version.toml ... [32mok[0m
[INFO] [stderr] [2mTesting[0m tests/cmd/rage/encrypt-invalid-recipient.toml ... [32mok[0m
[INFO] [stderr] [2mTesting[0m tests/cmd/rage/encrypt-mixed-identity-and-passphrase.toml ... [32mok[0m
[INFO] [stderr] [2mTesting[0m tests/cmd/rage/decrypt-recipients-file-flag.toml ... [32mok[0m
[INFO] [stderr] [2mTesting[0m tests/cmd/rage/encrypt-invalid-recipients-file.toml ... [32mok[0m
[INFO] [stderr] [2mTesting[0m tests/cmd/rage/encrypt-multiple-stdin-identities.toml ... [32mok[0m
[INFO] [stdout] test cli_tests ... ok
[INFO] [stdout] 
[INFO] [stdout] test result: ok. 1 passed; 0 failed; 0 ignored; 0 measured; 0 filtered out; finished in 0.35s
[INFO] [stdout] 
[INFO] [stderr]    Doc-tests age
[INFO] [stdout] 
[INFO] [stdout] running 8 tests
[INFO] [stdout] test age/src/lib.rs - Identity (line 280) ... ignored
[INFO] [stdout] test age/src/lib.rs - (line 37) ... FAILED
[INFO] [stdout] test age/src/lib.rs - (line 101) ... ok
[INFO] [stdout] test age/src/primitives/armor.rs - primitives::armor::ArmoredReader (line 659) ... ok
[INFO] [stdout] test age/src/i18n.rs - i18n::localizer (line 67) ... ok
[INFO] [stdout] test age/src/primitives/armor.rs - primitives::armor::ArmoredWriter (line 291) ... ok
[INFO] [stdout] test age/src/lib.rs - (line 154) ... ok
[INFO] [stdout] test age/src/lib.rs - (line 65) ... ok
[INFO] [stdout] 
[INFO] [stdout] failures:
[INFO] [stdout] 
[INFO] [stdout] ---- age/src/lib.rs - (line 37) stdout ----
[INFO] [stdout] error: linking with `cc` failed: exit status: 1
[INFO] [stdout]   |
[INFO] [stdout]   = note: LC_ALL="C" PATH="/opt/rustwide/rustup-home/toolchains/beta-2024-12-08-x86_64-unknown-linux-gnu/lib/rustlib/x86_64-unknown-linux-gnu/bin:/opt/rustwide/cargo-home/bin:/usr/local/sbin:/usr/local/bin:/usr/sbin:/usr/bin:/sbin:/bin" VSLANG="1033" "cc" "-m64" "/tmp/rustcEyf88s/symbols.o" "/tmp/rustdoctestV1tiwU/rust_out.rust_out.9242fac72db2cd11-cgu.0.rcgu.o" "/tmp/rustdoctestV1tiwU/rust_out.2hl2tb9xdtge7mguxzn2q1kvi.rcgu.o" "-Wl,--as-needed" "-Wl,-Bstatic" "/opt/rustwide/target/debug/deps/libage-8e1f3e20b99669e5.rlib" "/opt/rustwide/target/debug/deps/libcbc-36e58f134351792d.rlib" "/opt/rustwide/target/debug/deps/libwsl-2d2ec8e8fa68f451.rlib" "/opt/rustwide/target/debug/deps/libconsole-a926d3068f44a3cf.rlib" "/opt/rustwide/target/debug/deps/librsa-eeb34a9827fac76f.rlib" "/opt/rustwide/target/debug/deps/libpkcs1-a26d999f5c1232d9.rlib" "/opt/rustwide/target/debug/deps/libpkcs8-6f54203d2d30c9be.rlib" "/opt/rustwide/target/debug/deps/libspki-3c9604ab2034259c.rlib" "/opt/rustwide/target/debug/deps/libder-7eac08a72ed2dcf5.rlib" "/opt/rustwide/target/debug/deps/libsignature-70d35b8beb7c9174.rlib" "/opt/rustwide/target/debug/deps/libnum_bigint_dig-c4bdba5a54ca9d6e.rlib" "/opt/rustwide/target/debug/deps/liblibm-2926f8ca05f777c2.rlib" "/opt/rustwide/target/debug/deps/libnum_iter-ed08c89ceafd5b95.rlib" "/opt/rustwide/target/debug/deps/libnum_integer-77322774399f6ae3.rlib" "/opt/rustwide/target/debug/deps/libnum_traits-1800007a4699d381.rlib" "/opt/rustwide/target/debug/deps/libbcrypt_pbkdf-f5dd1f849ed34481.rlib" "/opt/rustwide/target/debug/deps/libblowfish-ac57603450781713.rlib" "/opt/rustwide/target/debug/deps/libaes_gcm-041e0742783e9dfd.rlib" "/opt/rustwide/target/debug/deps/libctr-7edb4098c5b44884.rlib" "/opt/rustwide/target/debug/deps/libghash-607c4aa675ec6f43.rlib" "/opt/rustwide/target/debug/deps/libpolyval-d6135c8719335035.rlib" "/opt/rustwide/target/debug/deps/libaes-3e462050cb95df05.rlib" "/opt/rustwide/target/debug/deps/libx25519_dalek-734d31b997565a99.rlib" "/opt/rustwide/target/debug/deps/libcurve25519_dalek-b27cec7558496010.rlib" "/opt/rustwide/target/debug/deps/libi18n_embed-d3fe7c4d7307981a.rlib" "/opt/rustwide/target/debug/deps/libparking_lot-4fac29f0da59e2c4.rlib" "/opt/rustwide/target/debug/deps/libparking_lot_core-b770e8767c3616ae.rlib" "/opt/rustwide/target/debug/deps/liblock_api-205eb352094bf351.rlib" "/opt/rustwide/target/debug/deps/libscopeguard-f937485db0060aca.rlib" "/opt/rustwide/target/debug/deps/libfluent-908e0de91e1b1375.rlib" "/opt/rustwide/target/debug/deps/libfluent_bundle-bca6c4ed6a0a4d89.rlib" "/opt/rustwide/target/debug/deps/libsmallvec-cae3008cdb7d5db1.rlib" "/opt/rustwide/target/debug/deps/libintl_pluralrules-8efb2b87d5b55cb2.rlib" "/opt/rustwide/target/debug/deps/libself_cell-19afd83a96f0fe8c.rlib" "/opt/rustwide/target/debug/deps/libself_cell-be9dccf3e4b23505.rlib" "/opt/rustwide/target/debug/deps/libintl_memoizer-b06e6439dda33fdd.rlib" "/opt/rustwide/target/debug/deps/libtype_map-e09788c3742bcc76.rlib" "/opt/rustwide/target/debug/deps/libfluent_syntax-89c10422bbe1ecad.rlib" "/opt/rustwide/target/debug/deps/libthiserror-792765a8f679a526.rlib" "/opt/rustwide/target/debug/deps/librustc_hash-c6f5474e70a2e7fd.rlib" "/opt/rustwide/target/debug/deps/libfluent_langneg-423057749b9199ed.rlib" "/opt/rustwide/target/debug/deps/libunic_langid-7aa61ec551cd8fd6.rlib" "/opt/rustwide/target/debug/deps/libunic_langid_impl-ed4ee970045b9a24.rlib" "/opt/rustwide/target/debug/deps/libtinystr-e54fe69500afd2de.rlib" "/opt/rustwide/target/debug/deps/libarc_swap-23aae006ef8421c5.rlib" "/opt/rustwide/target/debug/deps/liblocale_config-2d5b957f2a1783dc.rlib" "/opt/rustwide/target/debug/deps/libregex-4dccd0dec19cc867.rlib" "/opt/rustwide/target/debug/deps/libregex_automata-3f6f89ee3b9191fb.rlib" "/opt/rustwide/target/debug/deps/libaho_corasick-b7cbf506a5c4f18e.rlib" "/opt/rustwide/target/debug/deps/libregex_syntax-5d76419fd7f8486a.rlib" "/opt/rustwide/target/debug/deps/liblazy_static-e32881565fedccb2.rlib" "/opt/rustwide/target/debug/deps/libspin-662b5629bfbcd837.rlib" "/opt/rustwide/target/debug/deps/librust_embed-674d6ee9a2bdf11d.rlib" "/opt/rustwide/target/debug/deps/librust_embed_utils-29ee74139e8cdf45.rlib" "/opt/rustwide/target/debug/deps/libwalkdir-16a83d3e0202b63d.rlib" "/opt/rustwide/target/debug/deps/libsame_file-63d3c1419bab90cd.rlib" "/opt/rustwide/target/debug/deps/libis_terminal-6e6d249eeaa2ade2.rlib" "/opt/rustwide/target/debug/deps/librpassword-a7a171769bafd8f5.rlib" "/opt/rustwide/target/debug/deps/librtoolbox-6d7b5b67517bf1bb.rlib" "/opt/rustwide/target/debug/deps/libpinentry-74d8e01f0a0687f7.rlib" "/opt/rustwide/target/debug/deps/libwhich-4c99dc7971cd9259.rlib" "/opt/rustwide/target/debug/deps/libhome-a1c0edac94651a7a.rlib" "/opt/rustwide/target/debug/deps/libeither-5adc936c7a206324.rlib" "/opt/rustwide/target/debug/deps/libpercent_encoding-fc63a8437ca6afa3.rlib" "/opt/rustwide/target/debug/deps/liblog-e73d77c4679bb236.rlib" "/opt/rustwide/target/debug/deps/libbech32-c8a3479dcbde9ab1.rlib" "/opt/rustwide/target/debug/deps/libpin_project-5fd972c1b560c652.rlib" "/opt/rustwide/target/debug/deps/libscrypt-2edcc7d0911314c5.rlib" "/opt/rustwide/target/debug/deps/libsalsa20-53c7fc832abca263.rlib" "/opt/rustwide/target/debug/deps/libpbkdf2-9a4aadde4ee9a4b8.rlib" "/opt/rustwide/target/debug/deps/libage_core-e00ce2427449046f.rlib" "/opt/rustwide/target/debug/deps/libtempfile-714a607862a601af.rlib" "/opt/rustwide/target/debug/deps/libfastrand-2402e75402f95d31.rlib" "/opt/rustwide/target/debug/deps/librustix-caba27f563b16d4b.rlib" "/opt/rustwide/target/debug/deps/libbitflags-e303ea873600dc51.rlib" "/opt/rustwide/target/debug/deps/liblinux_raw_sys-96960a9d12f17f48.rlib" "/opt/rustwide/target/debug/deps/libsha2-3d01379792ce3efb.rlib" "/opt/rustwide/target/debug/deps/libhkdf-7dcee619cfd772d8.rlib" "/opt/rustwide/target/debug/deps/libhmac-8eb8e82ffa8539f4.rlib" "/opt/rustwide/target/debug/deps/libdigest-dd63f8fa43c8b1ca.rlib" "/opt/rustwide/target/debug/deps/libconst_oid-48e3cb7e14d8e194.rlib" "/opt/rustwide/target/debug/deps/libblock_buffer-8e334ab1a0801bf0.rlib" "/opt/rustwide/target/debug/deps/libchacha20poly1305-9d9f1216656357ee.rlib" "/opt/rustwide/target/debug/deps/libchacha20-e4b833d9218ecde4.rlib" "/opt/rustwide/target/debug/deps/libpoly1305-065c62bdba09c4cc.rlib" "/opt/rustwide/target/debug/deps/libopaque_debug-c90d164c19f6e835.rlib" "/opt/rustwide/target/debug/deps/libcpufeatures-6b5d33967087d885.rlib" "/opt/rustwide/target/debug/deps/libuniversal_hash-fc3f53c9a303d897.rlib" "/opt/rustwide/target/debug/deps/libsubtle-4609834e7a106d96.rlib" "/opt/rustwide/target/debug/deps/libaead-68574d915a3f399d.rlib" "/opt/rustwide/target/debug/deps/libcipher-80715e4824cee1d9.rlib" "/opt/rustwide/target/debug/deps/libinout-9912f8cea688b3db.rlib" "/opt/rustwide/target/debug/deps/libblock_padding-cf27589f4d288f4f.rlib" "/opt/rustwide/target/debug/deps/libcrypto_common-4695f695ed064a30.rlib" "/opt/rustwide/target/debug/deps/libgeneric_array-bdec0aa205176506.rlib" "/opt/rustwide/target/debug/deps/libtypenum-b40ba058056b0bf8.rlib" "/opt/rustwide/target/debug/deps/libio_tee-6cfca940ae7f09b0.rlib" "/opt/rustwide/target/debug/deps/libcookie_factory-a47b8e602a186d20.rlib" "/opt/rustwide/target/debug/deps/libfutures-1ffbb9b7b675df7d.rlib" "/opt/rustwide/target/debug/deps/libfutures_executor-fc8fc746fa9f86ff.rlib" "/opt/rustwide/target/debug/deps/libfutures_util-da7e6c5f3090be7e.rlib" "/opt/rustwide/target/debug/deps/libfutures_io-b01d4a1afd6f88b5.rlib" "/opt/rustwide/target/debug/deps/libslab-854636f389d4caa9.rlib" "/opt/rustwide/target/debug/deps/libfutures_channel-e55db5ef546d9c50.rlib" "/opt/rustwide/target/debug/deps/libpin_project_lite-92287217d9698c36.rlib" "/opt/rustwide/target/debug/deps/libfutures_sink-1fec7dac9dc9006f.rlib" "/opt/rustwide/target/debug/deps/libfutures_task-5f891dfd68443eda.rlib" "/opt/rustwide/target/debug/deps/libpin_utils-e8360a4d12f71807.rlib" "/opt/rustwide/target/debug/deps/libfutures_core-761cdf0a4969ce53.rlib" "/opt/rustwide/target/debug/deps/libnom-ee470b1119c28919.rlib" "/opt/rustwide/target/debug/deps/libmemchr-412d53cbfea52259.rlib" "/opt/rustwide/target/debug/deps/librand-34d97727fe5a6266.rlib" "/opt/rustwide/target/debug/deps/librand_chacha-bc987c2355748e20.rlib" "/opt/rustwide/target/debug/deps/libppv_lite86-c7f4538a3eca0adc.rlib" "/opt/rustwide/target/debug/deps/libzerocopy-641095956201a693.rlib" "/opt/rustwide/target/debug/deps/libbyteorder-1330d4a483bc0841.rlib" "/opt/rustwide/target/debug/deps/librand_core-ecdc865a874825be.rlib" "/opt/rustwide/target/debug/deps/libgetrandom-c6095669fa38b9f7.rlib" "/opt/rustwide/target/debug/deps/liblibc-3838fb5493357edf.rlib" "/opt/rustwide/target/debug/deps/libcfg_if-a3e7e701fcd1f47b.rlib" "/opt/rustwide/target/debug/deps/libbase64-83d75e850891a998.rlib" "/opt/rustwide/target/debug/deps/libsecrecy-b15f0254d488d20f.rlib" "/opt/rustwide/target/debug/deps/libzeroize-e0a6d2b83279095a.rlib" "/opt/rustwide/rustup-home/toolchains/beta-2024-12-08-x86_64-unknown-linux-gnu/lib/rustlib/x86_64-unknown-linux-gnu/lib/libstd-02dc84f49135b6b8.rlib" "/opt/rustwide/rustup-home/toolchains/beta-2024-12-08-x86_64-unknown-linux-gnu/lib/rustlib/x86_64-unknown-linux-gnu/lib/libpanic_unwind-a8f45b397fae3f81.rlib" "/opt/rustwide/rustup-home/toolchains/beta-2024-12-08-x86_64-unknown-linux-gnu/lib/rustlib/x86_64-unknown-linux-gnu/lib/libobject-089607133c180609.rlib" "/opt/rustwide/rustup-home/toolchains/beta-2024-12-08-x86_64-unknown-linux-gnu/lib/rustlib/x86_64-unknown-linux-gnu/lib/libmemchr-fc89f091bcd86cbb.rlib" "/opt/rustwide/rustup-home/toolchains/beta-2024-12-08-x86_64-unknown-linux-gnu/lib/rustlib/x86_64-unknown-linux-gnu/lib/libaddr2line-5a60949f01c7340c.rlib" "/opt/rustwide/rustup-home/toolchains/beta-2024-12-08-x86_64-unknown-linux-gnu/lib/rustlib/x86_64-unknown-linux-gnu/lib/libgimli-d29e6a55ca253c8c.rlib" "/opt/rustwide/rustup-home/toolchains/beta-2024-12-08-x86_64-unknown-linux-gnu/lib/rustlib/x86_64-unknown-linux-gnu/lib/librustc_demangle-273c078d5f65de7a.rlib" "/opt/rustwide/rustup-home/toolchains/beta-2024-12-08-x86_64-unknown-linux-gnu/lib/rustlib/x86_64-unknown-linux-gnu/lib/libstd_detect-413c950ffbdd4454.rlib" "/opt/rustwide/rustup-home/toolchains/beta-2024-12-08-x86_64-unknown-linux-gnu/lib/rustlib/x86_64-unknown-linux-gnu/lib/libhashbrown-1853c0976a1d88a6.rlib" "/opt/rustwide/rustup-home/toolchains/beta-2024-12-08-x86_64-unknown-linux-gnu/lib/rustlib/x86_64-unknown-linux-gnu/lib/librustc_std_workspace_alloc-ccb3384ddacb0f9e.rlib" "/opt/rustwide/rustup-home/toolchains/beta-2024-12-08-x86_64-unknown-linux-gnu/lib/rustlib/x86_64-unknown-linux-gnu/lib/libminiz_oxide-0b901dfb0ca849e0.rlib" "/opt/rustwide/rustup-home/toolchains/beta-2024-12-08-x86_64-unknown-linux-gnu/lib/rustlib/x86_64-unknown-linux-gnu/lib/libadler-eebeb8d7c64543ad.rlib" "/opt/rustwide/rustup-home/toolchains/beta-2024-12-08-x86_64-unknown-linux-gnu/lib/rustlib/x86_64-unknown-linux-gnu/lib/libunwind-4723ef81d6079867.rlib" "/opt/rustwide/rustup-home/toolchains/beta-2024-12-08-x86_64-unknown-linux-gnu/lib/rustlib/x86_64-unknown-linux-gnu/lib/libcfg_if-54442f8b422f5a54.rlib" "/opt/rustwide/rustup-home/toolchains/beta-2024-12-08-x86_64-unknown-linux-gnu/lib/rustlib/x86_64-unknown-linux-gnu/lib/liblibc-e0bbe034b5282553.rlib" "/opt/rustwide/rustup-home/toolchains/beta-2024-12-08-x86_64-unknown-linux-gnu/lib/rustlib/x86_64-unknown-linux-gnu/lib/liballoc-d0febb68c1c37b90.rlib" "/opt/rustwide/rustup-home/toolchains/beta-2024-12-08-x86_64-unknown-linux-gnu/lib/rustlib/x86_64-unknown-linux-gnu/lib/librustc_std_workspace_core-4cf833632aafa84c.rlib" "/opt/rustwide/rustup-home/toolchains/beta-2024-12-08-x86_64-unknown-linux-gnu/lib/rustlib/x86_64-unknown-linux-gnu/lib/libcore-65c2c6d2d6ae570b.rlib" "/opt/rustwide/rustup-home/toolchains/beta-2024-12-08-x86_64-unknown-linux-gnu/lib/rustlib/x86_64-unknown-linux-gnu/lib/libcompiler_builtins-97929cee0dcfe424.rlib" "-Wl,-Bdynamic" "-lgcc_s" "-lutil" "-lrt" "-lpthread" "-lm" "-ldl" "-lc" "-Wl,--eh-frame-hdr" "-Wl,-z,noexecstack" "-L" "/opt/rustwide/rustup-home/toolchains/beta-2024-12-08-x86_64-unknown-linux-gnu/lib/rustlib/x86_64-unknown-linux-gnu/lib" "-o" "/tmp/rustdoctestV1tiwU/rust_out" "-Wl,--gc-sections" "-pie" "-Wl,-z,relro,-z,now" "-nodefaultlibs"
[INFO] [stdout]   = note: collect2: fatal error: ld terminated with signal 9 [Killed]
[INFO] [stdout]           compilation terminated.
[INFO] [stdout]           
[INFO] [stdout] 
[INFO] [stdout] error: aborting due to 1 previous error
[INFO] [stdout] 
[INFO] [stdout] Couldn't compile the test.
[INFO] [stdout] 
[INFO] [stdout] failures:
[INFO] [stdout]     age/src/lib.rs - (line 37)
[INFO] [stdout] 
[INFO] [stdout] test result: FAILED. 6 passed; 1 failed; 1 ignored; 0 measured; 0 filtered out; finished in 11.61s
[INFO] [stdout] 
[INFO] [stderr] error: doctest failed, to rerun pass `-p age --doc`
[INFO] running `Command { std: "docker" "inspect" "4818dbeef8f80768333786df38f83cdabedaa61f3966f8f6f60e4e04ad381d20", kill_on_drop: false }`
[INFO] running `Command { std: "docker" "rm" "-f" "4818dbeef8f80768333786df38f83cdabedaa61f3966f8f6f60e4e04ad381d20", kill_on_drop: false }`
[INFO] [stdout] 4818dbeef8f80768333786df38f83cdabedaa61f3966f8f6f60e4e04ad381d20
