[INFO] cloning repository https://github.com/storycraft/scoped-thread-local
[INFO] running `Command { std: "git" "-c" "credential.helper=" "-c" "credential.helper=/workspace/cargo-home/bin/git-credential-null" "clone" "--bare" "https://github.com/storycraft/scoped-thread-local" "/workspace/cache/git-repos/https%3A%2F%2Fgithub.com%2Fstorycraft%2Fscoped-thread-local", kill_on_drop: false }`
[INFO] [stderr] Cloning into bare repository '/workspace/cache/git-repos/https%3A%2F%2Fgithub.com%2Fstorycraft%2Fscoped-thread-local'...
[INFO] running `Command { std: "git" "rev-parse" "HEAD", kill_on_drop: false }`
[INFO] [stdout] d0f6e1283dcf24f7554f4c33579c02cf34aadc1e
[INFO] testing storycraft/scoped-thread-local against 1.83.0 for beta-1.84.0-4-retry
[INFO] running `Command { std: "git" "clone" "/workspace/cache/git-repos/https%3A%2F%2Fgithub.com%2Fstorycraft%2Fscoped-thread-local" "/workspace/builds/worker-6-tc1/source", kill_on_drop: false }`
[INFO] [stderr] Cloning into '/workspace/builds/worker-6-tc1/source'...
[INFO] [stderr] done.
[INFO] validating manifest of git repo https://github.com/storycraft/scoped-thread-local on toolchain 1.83.0
[INFO] running `Command { std: CARGO_HOME="/workspace/cargo-home" RUSTUP_HOME="/workspace/rustup-home" "/workspace/cargo-home/bin/cargo" "+1.83.0" "metadata" "--manifest-path" "Cargo.toml" "--no-deps", kill_on_drop: false }`
[INFO] started tweaking git repo https://github.com/storycraft/scoped-thread-local
[INFO] finished tweaking git repo https://github.com/storycraft/scoped-thread-local
[INFO] tweaked toml for git repo https://github.com/storycraft/scoped-thread-local written to /workspace/builds/worker-6-tc1/source/Cargo.toml
[INFO] crate git repo https://github.com/storycraft/scoped-thread-local already has a lockfile, it will not be regenerated
[INFO] running `Command { std: CARGO_HOME="/workspace/cargo-home" RUSTUP_HOME="/workspace/rustup-home" "/workspace/cargo-home/bin/cargo" "+1.83.0" "fetch" "--manifest-path" "Cargo.toml", kill_on_drop: false }`
[INFO] [stderr]     Blocking waiting for file lock on package cache
[INFO] [stderr]     Blocking waiting for file lock on package cache
[INFO] running `Command { std: "docker" "create" "-v" "/var/lib/crater-agent-workspace/builds/worker-6-tc1/target:/opt/rustwide/target:rw,Z" "-v" "/var/lib/crater-agent-workspace/builds/worker-6-tc1/source:/opt/rustwide/workdir:ro,Z" "-v" "/var/lib/crater-agent-workspace/cargo-home:/opt/rustwide/cargo-home:ro,Z" "-v" "/var/lib/crater-agent-workspace/rustup-home:/opt/rustwide/rustup-home:ro,Z" "-e" "SOURCE_DIR=/opt/rustwide/workdir" "-e" "CARGO_TARGET_DIR=/opt/rustwide/target" "-e" "CARGO_HOME=/opt/rustwide/cargo-home" "-e" "RUSTUP_HOME=/opt/rustwide/rustup-home" "-w" "/opt/rustwide/workdir" "-m" "1610612736" "--user" "0:0" "--network" "none" "ghcr.io/rust-lang/crates-build-env/linux@sha256:f3a9d4ad9d972b27faf3965f35b62e55ba32bbce8f20bc8fe909558a86702fde" "/opt/rustwide/cargo-home/bin/cargo" "+1.83.0" "metadata" "--no-deps" "--format-version=1", kill_on_drop: false }`
[INFO] [stdout] c13d358103bc512270a5993d18671ffd1841809a9910e1d2690345f3d2578ac2
[INFO] running `Command { std: "docker" "start" "-a" "c13d358103bc512270a5993d18671ffd1841809a9910e1d2690345f3d2578ac2", kill_on_drop: false }`
[INFO] running `Command { std: "docker" "inspect" "c13d358103bc512270a5993d18671ffd1841809a9910e1d2690345f3d2578ac2", kill_on_drop: false }`
[INFO] running `Command { std: "docker" "rm" "-f" "c13d358103bc512270a5993d18671ffd1841809a9910e1d2690345f3d2578ac2", kill_on_drop: false }`
[INFO] [stdout] c13d358103bc512270a5993d18671ffd1841809a9910e1d2690345f3d2578ac2
[INFO] running `Command { std: "docker" "create" "-v" "/var/lib/crater-agent-workspace/builds/worker-6-tc1/target:/opt/rustwide/target:rw,Z" "-v" "/var/lib/crater-agent-workspace/builds/worker-6-tc1/source:/opt/rustwide/workdir:ro,Z" "-v" "/var/lib/crater-agent-workspace/cargo-home:/opt/rustwide/cargo-home:ro,Z" "-v" "/var/lib/crater-agent-workspace/rustup-home:/opt/rustwide/rustup-home:ro,Z" "-e" "SOURCE_DIR=/opt/rustwide/workdir" "-e" "CARGO_TARGET_DIR=/opt/rustwide/target" "-e" "CARGO_INCREMENTAL=0" "-e" "RUST_BACKTRACE=full" "-e" "RUSTFLAGS=--cap-lints=warn" "-e" "RUSTDOCFLAGS=--cap-lints=warn" "-e" "CARGO_HOME=/opt/rustwide/cargo-home" "-e" "RUSTUP_HOME=/opt/rustwide/rustup-home" "-w" "/opt/rustwide/workdir" "-m" "1610612736" "--user" "0:0" "--network" "none" "ghcr.io/rust-lang/crates-build-env/linux@sha256:f3a9d4ad9d972b27faf3965f35b62e55ba32bbce8f20bc8fe909558a86702fde" "/opt/rustwide/cargo-home/bin/cargo" "+1.83.0" "build" "--frozen" "--message-format=json", kill_on_drop: false }`
[INFO] [stdout] 0b28544ed55bed0f8765d09793d031d9ecb09aeefe2ceade761ff37df5306e85
[INFO] running `Command { std: "docker" "start" "-a" "0b28544ed55bed0f8765d09793d031d9ecb09aeefe2ceade761ff37df5306e85", kill_on_drop: false }`
[INFO] [stderr]    Compiling scoped_thread_local v1.0.0 (/opt/rustwide/workdir)
[INFO] [stderr]     Finished `dev` profile [unoptimized + debuginfo] target(s) in 0.23s
[INFO] running `Command { std: "docker" "inspect" "0b28544ed55bed0f8765d09793d031d9ecb09aeefe2ceade761ff37df5306e85", kill_on_drop: false }`
[INFO] running `Command { std: "docker" "rm" "-f" "0b28544ed55bed0f8765d09793d031d9ecb09aeefe2ceade761ff37df5306e85", kill_on_drop: false }`
[INFO] [stdout] 0b28544ed55bed0f8765d09793d031d9ecb09aeefe2ceade761ff37df5306e85
[INFO] running `Command { std: "docker" "create" "-v" "/var/lib/crater-agent-workspace/builds/worker-6-tc1/target:/opt/rustwide/target:rw,Z" "-v" "/var/lib/crater-agent-workspace/builds/worker-6-tc1/source:/opt/rustwide/workdir:ro,Z" "-v" "/var/lib/crater-agent-workspace/cargo-home:/opt/rustwide/cargo-home:ro,Z" "-v" "/var/lib/crater-agent-workspace/rustup-home:/opt/rustwide/rustup-home:ro,Z" "-e" "SOURCE_DIR=/opt/rustwide/workdir" "-e" "CARGO_TARGET_DIR=/opt/rustwide/target" "-e" "CARGO_INCREMENTAL=0" "-e" "RUST_BACKTRACE=full" "-e" "RUSTFLAGS=--cap-lints=warn" "-e" "RUSTDOCFLAGS=--cap-lints=warn" "-e" "CARGO_HOME=/opt/rustwide/cargo-home" "-e" "RUSTUP_HOME=/opt/rustwide/rustup-home" "-w" "/opt/rustwide/workdir" "-m" "1610612736" "--user" "0:0" "--network" "none" "ghcr.io/rust-lang/crates-build-env/linux@sha256:f3a9d4ad9d972b27faf3965f35b62e55ba32bbce8f20bc8fe909558a86702fde" "/opt/rustwide/cargo-home/bin/cargo" "+1.83.0" "test" "--frozen" "--no-run" "--message-format=json", kill_on_drop: false }`
[INFO] [stdout] 846a8b95423c47406242c708744e46bd5a75920f2f0c970e4ca086140176ea10
[INFO] running `Command { std: "docker" "start" "-a" "846a8b95423c47406242c708744e46bd5a75920f2f0c970e4ca086140176ea10", kill_on_drop: false }`
[INFO] [stderr]    Compiling scoped_thread_local v1.0.0 (/opt/rustwide/workdir)
[INFO] [stdout] warning: elided lifetime has a name
[INFO] [stdout]   --> examples/example.rs:20:34
[INFO] [stdout]    |
[INFO] [stdout] 20 |     pub static EXAMPLE: Container<&i32, Vec<i32>, 271>
[INFO] [stdout]    |                                  ^ this elided lifetime gets resolved as `'static`
[INFO] [stdout]    |
[INFO] [stdout]    = note: `#[warn(elided_named_lifetimes)]` on by default
[INFO] [stdout] help: consider specifying it explicitly
[INFO] [stdout]    |
[INFO] [stdout] 20 |     pub static EXAMPLE: Container<'static, &i32, Vec<i32>, 271>
[INFO] [stdout]    |                                   ++++++++
[INFO] [stdout] 
[INFO] [stdout] 
[INFO] [stdout] warning: elided lifetime has a name
[INFO] [stdout]   --> examples/example.rs:20:35
[INFO] [stdout]    |
[INFO] [stdout] 20 |     pub static EXAMPLE: Container<&i32, Vec<i32>, 271>
[INFO] [stdout]    |                                   ^ this elided lifetime gets resolved as `'static`
[INFO] [stdout]    |
[INFO] [stdout] help: consider specifying it explicitly
[INFO] [stdout]    |
[INFO] [stdout] 20 |     pub static EXAMPLE: Container<&'static i32, Vec<i32>, 271>
[INFO] [stdout]    |                                    +++++++
[INFO] [stdout] 
[INFO] [stdout] 
[INFO] [stderr]     Finished `test` profile [unoptimized + debuginfo] target(s) in 0.76s
[INFO] running `Command { std: "docker" "inspect" "846a8b95423c47406242c708744e46bd5a75920f2f0c970e4ca086140176ea10", kill_on_drop: false }`
[INFO] running `Command { std: "docker" "rm" "-f" "846a8b95423c47406242c708744e46bd5a75920f2f0c970e4ca086140176ea10", kill_on_drop: false }`
[INFO] [stdout] 846a8b95423c47406242c708744e46bd5a75920f2f0c970e4ca086140176ea10
[INFO] running `Command { std: "docker" "create" "-v" "/var/lib/crater-agent-workspace/builds/worker-6-tc1/target:/opt/rustwide/target:rw,Z" "-v" "/var/lib/crater-agent-workspace/builds/worker-6-tc1/source:/opt/rustwide/workdir:ro,Z" "-v" "/var/lib/crater-agent-workspace/cargo-home:/opt/rustwide/cargo-home:ro,Z" "-v" "/var/lib/crater-agent-workspace/rustup-home:/opt/rustwide/rustup-home:ro,Z" "-e" "SOURCE_DIR=/opt/rustwide/workdir" "-e" "CARGO_TARGET_DIR=/opt/rustwide/target" "-e" "CARGO_INCREMENTAL=0" "-e" "RUST_BACKTRACE=full" "-e" "RUSTFLAGS=--cap-lints=warn" "-e" "RUSTDOCFLAGS=--cap-lints=warn" "-e" "CARGO_HOME=/opt/rustwide/cargo-home" "-e" "RUSTUP_HOME=/opt/rustwide/rustup-home" "-w" "/opt/rustwide/workdir" "-m" "1610612736" "--user" "0:0" "--network" "none" "ghcr.io/rust-lang/crates-build-env/linux@sha256:f3a9d4ad9d972b27faf3965f35b62e55ba32bbce8f20bc8fe909558a86702fde" "/opt/rustwide/cargo-home/bin/cargo" "+1.83.0" "test" "--frozen", kill_on_drop: false }`
[INFO] [stdout] fc69cdaced34e48339f3f9263c7f739e64e7fde711d325025514f91e546a43d2
[INFO] running `Command { std: "docker" "start" "-a" "fc69cdaced34e48339f3f9263c7f739e64e7fde711d325025514f91e546a43d2", kill_on_drop: false }`
[INFO] [stderr] warning: elided lifetime has a name
[INFO] [stderr]   --> examples/example.rs:20:34
[INFO] [stderr]    |
[INFO] [stderr] 20 |     pub static EXAMPLE: Container<&i32, Vec<i32>, 271>
[INFO] [stderr]    |                                  ^ this elided lifetime gets resolved as `'static`
[INFO] [stderr]    |
[INFO] [stderr]    = note: `#[warn(elided_named_lifetimes)]` on by default
[INFO] [stderr] help: consider specifying it explicitly
[INFO] [stderr]    |
[INFO] [stderr] 20 |     pub static EXAMPLE: Container<'static, &i32, Vec<i32>, 271>
[INFO] [stderr]    |                                   ++++++++
[INFO] [stderr] 
[INFO] [stderr] warning: elided lifetime has a name
[INFO] [stderr]   --> examples/example.rs:20:35
[INFO] [stderr]    |
[INFO] [stderr] 20 |     pub static EXAMPLE: Container<&i32, Vec<i32>, 271>
[INFO] [stderr]    |                                   ^ this elided lifetime gets resolved as `'static`
[INFO] [stderr]    |
[INFO] [stderr] help: consider specifying it explicitly
[INFO] [stderr]    |
[INFO] [stderr] 20 |     pub static EXAMPLE: Container<&'static i32, Vec<i32>, 271>
[INFO] [stderr]    |                                    +++++++
[INFO] [stderr] 
[INFO] [stderr] warning: `scoped_thread_local` (example "example") generated 2 warnings (run `cargo fix --example "example"` to apply 2 suggestions)
[INFO] [stderr]     Finished `test` profile [unoptimized + debuginfo] target(s) in 0.02s
[INFO] [stderr]      Running unittests src/lib.rs (/opt/rustwide/target/debug/deps/scoped_thread_local-4f9da4b40ee327bd)
[INFO] [stdout] 
[INFO] [stdout] running 0 tests
[INFO] [stdout] 
[INFO] [stdout] test result: ok. 0 passed; 0 failed; 0 ignored; 0 measured; 0 filtered out; finished in 0.00s
[INFO] [stdout] 
[INFO] [stderr]    Doc-tests scoped_thread_local
[INFO] [stdout] 
[INFO] [stdout] running 1 test
[INFO] [stdout] test src/lib.rs - (line 20) ... FAILED
[INFO] [stdout] 
[INFO] [stdout] failures:
[INFO] [stdout] 
[INFO] [stdout] ---- src/lib.rs - (line 20) stdout ----
[INFO] [stdout] error[E0433]: failed to resolve: could not find `scoped_thread_local` in the crate root
[INFO] [stdout]   --> src/lib.rs:28:8
[INFO] [stdout]    |
[INFO] [stdout] 10 | crate::scoped_thread_local!(
[INFO] [stdout]    |        ^^^^^^^^^^^^^^^^^^^ could not find `scoped_thread_local` in the crate root
[INFO] [stdout] 
[INFO] [stdout] error[E0425]: cannot find value `EXAMPLE` in this scope
[INFO] [stdout]   --> src/lib.rs:36:5
[INFO] [stdout]    |
[INFO] [stdout] 18 |     EXAMPLE.set(
[INFO] [stdout]    |     ^^^^^^^ not found in this scope
[INFO] [stdout] 
[INFO] [stdout] error[E0425]: cannot find value `EXAMPLE` in this scope
[INFO] [stdout]   --> src/lib.rs:42:13
[INFO] [stdout]    |
[INFO] [stdout] 24 |             EXAMPLE.with(|inner| {
[INFO] [stdout]    |             ^^^^^^^ not found in this scope
[INFO] [stdout] 
[INFO] [stdout] error: aborting due to 3 previous errors
[INFO] [stdout] 
[INFO] [stdout] Some errors have detailed explanations: E0425, E0433.
[INFO] [stdout] For more information about an error, try `rustc --explain E0425`.
[INFO] [stdout] Couldn't compile the test.
[INFO] [stdout] 
[INFO] [stdout] failures:
[INFO] [stdout]     src/lib.rs - (line 20)
[INFO] [stdout] 
[INFO] [stdout] test result: FAILED. 0 passed; 1 failed; 0 ignored; 0 measured; 0 filtered out; finished in 0.12s
[INFO] [stdout] 
[INFO] [stderr] error: doctest failed, to rerun pass `--doc`
[INFO] running `Command { std: "docker" "inspect" "fc69cdaced34e48339f3f9263c7f739e64e7fde711d325025514f91e546a43d2", kill_on_drop: false }`
[INFO] running `Command { std: "docker" "rm" "-f" "fc69cdaced34e48339f3f9263c7f739e64e7fde711d325025514f91e546a43d2", kill_on_drop: false }`
[INFO] [stdout] fc69cdaced34e48339f3f9263c7f739e64e7fde711d325025514f91e546a43d2
