[INFO] cloning repository https://github.com/storycraft/retained
[INFO] running `Command { std: "git" "-c" "credential.helper=" "-c" "credential.helper=/workspace/cargo-home/bin/git-credential-null" "clone" "--bare" "https://github.com/storycraft/retained" "/workspace/cache/git-repos/https%3A%2F%2Fgithub.com%2Fstorycraft%2Fretained", kill_on_drop: false }`
[INFO] [stderr] Cloning into bare repository '/workspace/cache/git-repos/https%3A%2F%2Fgithub.com%2Fstorycraft%2Fretained'...
[INFO] running `Command { std: "git" "rev-parse" "HEAD", kill_on_drop: false }`
[INFO] [stdout] bd9823b19ae090515c0e6e21888ef29c95a45070
[INFO] testing storycraft/retained against 1.83.0 for beta-1.84.0-4-retry
[INFO] running `Command { std: "git" "clone" "/workspace/cache/git-repos/https%3A%2F%2Fgithub.com%2Fstorycraft%2Fretained" "/workspace/builds/worker-3-tc1/source", kill_on_drop: false }`
[INFO] [stderr] Cloning into '/workspace/builds/worker-3-tc1/source'...
[INFO] [stderr] done.
[INFO] validating manifest of git repo https://github.com/storycraft/retained on toolchain 1.83.0
[INFO] running `Command { std: CARGO_HOME="/workspace/cargo-home" RUSTUP_HOME="/workspace/rustup-home" "/workspace/cargo-home/bin/cargo" "+1.83.0" "metadata" "--manifest-path" "Cargo.toml" "--no-deps", kill_on_drop: false }`
[INFO] started tweaking git repo https://github.com/storycraft/retained
[INFO] finished tweaking git repo https://github.com/storycraft/retained
[INFO] tweaked toml for git repo https://github.com/storycraft/retained written to /workspace/builds/worker-3-tc1/source/Cargo.toml
[INFO] crate git repo https://github.com/storycraft/retained already has a lockfile, it will not be regenerated
[INFO] running `Command { std: CARGO_HOME="/workspace/cargo-home" RUSTUP_HOME="/workspace/rustup-home" "/workspace/cargo-home/bin/cargo" "+1.83.0" "fetch" "--manifest-path" "Cargo.toml", kill_on_drop: false }`
[INFO] [stderr]     Blocking waiting for file lock on package cache
[INFO] [stderr]     Updating git repository `https://github.com/not-fl3/egui-miniquad`
[INFO] [stderr]     Updating crates.io index
[INFO] [stderr]     Blocking waiting for file lock on package cache
[INFO] [stderr]  Downloading crates ...
[INFO] [stderr]   Downloaded sapp-jsutils v0.1.5
[INFO] [stderr]   Downloaded quad-url v0.1.1
[INFO] [stderr]   Downloaded egui_demo_lib v0.27.2
[INFO] [stderr]   Downloaded miniquad v0.4.0
[INFO] [stderr]   Downloaded egui_plot v0.27.2
[INFO] [stderr]   Downloaded unicode_names2 v0.6.0
[INFO] running `Command { std: "docker" "create" "-v" "/var/lib/crater-agent-workspace/builds/worker-3-tc1/target:/opt/rustwide/target:rw,Z" "-v" "/var/lib/crater-agent-workspace/builds/worker-3-tc1/source:/opt/rustwide/workdir:ro,Z" "-v" "/var/lib/crater-agent-workspace/cargo-home:/opt/rustwide/cargo-home:ro,Z" "-v" "/var/lib/crater-agent-workspace/rustup-home:/opt/rustwide/rustup-home:ro,Z" "-e" "SOURCE_DIR=/opt/rustwide/workdir" "-e" "CARGO_TARGET_DIR=/opt/rustwide/target" "-e" "CARGO_HOME=/opt/rustwide/cargo-home" "-e" "RUSTUP_HOME=/opt/rustwide/rustup-home" "-w" "/opt/rustwide/workdir" "-m" "1610612736" "--user" "0:0" "--network" "none" "ghcr.io/rust-lang/crates-build-env/linux@sha256:f3a9d4ad9d972b27faf3965f35b62e55ba32bbce8f20bc8fe909558a86702fde" "/opt/rustwide/cargo-home/bin/cargo" "+1.83.0" "metadata" "--no-deps" "--format-version=1", kill_on_drop: false }`
[INFO] [stdout] e121e06d1672a78203399c5e351872740a9fb78f16cba4d59dcdd496daf47e8b
[INFO] running `Command { std: "docker" "start" "-a" "e121e06d1672a78203399c5e351872740a9fb78f16cba4d59dcdd496daf47e8b", kill_on_drop: false }`
[INFO] running `Command { std: "docker" "inspect" "e121e06d1672a78203399c5e351872740a9fb78f16cba4d59dcdd496daf47e8b", kill_on_drop: false }`
[INFO] running `Command { std: "docker" "rm" "-f" "e121e06d1672a78203399c5e351872740a9fb78f16cba4d59dcdd496daf47e8b", kill_on_drop: false }`
[INFO] [stdout] e121e06d1672a78203399c5e351872740a9fb78f16cba4d59dcdd496daf47e8b
[INFO] running `Command { std: "docker" "create" "-v" "/var/lib/crater-agent-workspace/builds/worker-3-tc1/target:/opt/rustwide/target:rw,Z" "-v" "/var/lib/crater-agent-workspace/builds/worker-3-tc1/source:/opt/rustwide/workdir:ro,Z" "-v" "/var/lib/crater-agent-workspace/cargo-home:/opt/rustwide/cargo-home:ro,Z" "-v" "/var/lib/crater-agent-workspace/rustup-home:/opt/rustwide/rustup-home:ro,Z" "-e" "SOURCE_DIR=/opt/rustwide/workdir" "-e" "CARGO_TARGET_DIR=/opt/rustwide/target" "-e" "CARGO_INCREMENTAL=0" "-e" "RUST_BACKTRACE=full" "-e" "RUSTFLAGS=--cap-lints=warn" "-e" "RUSTDOCFLAGS=--cap-lints=warn" "-e" "CARGO_HOME=/opt/rustwide/cargo-home" "-e" "RUSTUP_HOME=/opt/rustwide/rustup-home" "-w" "/opt/rustwide/workdir" "-m" "1610612736" "--user" "0:0" "--network" "none" "ghcr.io/rust-lang/crates-build-env/linux@sha256:f3a9d4ad9d972b27faf3965f35b62e55ba32bbce8f20bc8fe909558a86702fde" "/opt/rustwide/cargo-home/bin/cargo" "+1.83.0" "build" "--frozen" "--message-format=json", kill_on_drop: false }`
[INFO] [stdout] ed021a399c4f29396d264dc2acf80ab774a1a122e6ca9a812c621e98130ff5b7
[INFO] running `Command { std: "docker" "start" "-a" "ed021a399c4f29396d264dc2acf80ab774a1a122e6ca9a812c621e98130ff5b7", kill_on_drop: false }`
[INFO] [stderr]    Compiling proc-macro2 v1.0.84
[INFO] [stderr]    Compiling quote v1.0.36
[INFO] [stderr]    Compiling syn v2.0.66
[INFO] [stderr]    Compiling retained-macro v0.4.0 (/opt/rustwide/workdir/macro)
[INFO] [stderr]    Compiling retained v0.4.0 (/opt/rustwide/workdir/lib)
[INFO] [stderr]     Finished `dev` profile [unoptimized + debuginfo] target(s) in 7.49s
[INFO] running `Command { std: "docker" "inspect" "ed021a399c4f29396d264dc2acf80ab774a1a122e6ca9a812c621e98130ff5b7", kill_on_drop: false }`
[INFO] running `Command { std: "docker" "rm" "-f" "ed021a399c4f29396d264dc2acf80ab774a1a122e6ca9a812c621e98130ff5b7", kill_on_drop: false }`
[INFO] [stdout] ed021a399c4f29396d264dc2acf80ab774a1a122e6ca9a812c621e98130ff5b7
[INFO] running `Command { std: "docker" "create" "-v" "/var/lib/crater-agent-workspace/builds/worker-3-tc1/target:/opt/rustwide/target:rw,Z" "-v" "/var/lib/crater-agent-workspace/builds/worker-3-tc1/source:/opt/rustwide/workdir:ro,Z" "-v" "/var/lib/crater-agent-workspace/cargo-home:/opt/rustwide/cargo-home:ro,Z" "-v" "/var/lib/crater-agent-workspace/rustup-home:/opt/rustwide/rustup-home:ro,Z" "-e" "SOURCE_DIR=/opt/rustwide/workdir" "-e" "CARGO_TARGET_DIR=/opt/rustwide/target" "-e" "CARGO_INCREMENTAL=0" "-e" "RUST_BACKTRACE=full" "-e" "RUSTFLAGS=--cap-lints=warn" "-e" "RUSTDOCFLAGS=--cap-lints=warn" "-e" "CARGO_HOME=/opt/rustwide/cargo-home" "-e" "RUSTUP_HOME=/opt/rustwide/rustup-home" "-w" "/opt/rustwide/workdir" "-m" "1610612736" "--user" "0:0" "--network" "none" "ghcr.io/rust-lang/crates-build-env/linux@sha256:f3a9d4ad9d972b27faf3965f35b62e55ba32bbce8f20bc8fe909558a86702fde" "/opt/rustwide/cargo-home/bin/cargo" "+1.83.0" "test" "--frozen" "--no-run" "--message-format=json", kill_on_drop: false }`
[INFO] [stdout] 0ff5a7e6a5a511626c21064e7f19b8397f54a6bfb7dfda18f2239684f149b228
[INFO] running `Command { std: "docker" "start" "-a" "0ff5a7e6a5a511626c21064e7f19b8397f54a6bfb7dfda18f2239684f149b228", kill_on_drop: false }`
[INFO] [stderr]    Compiling retained-macro v0.4.0 (/opt/rustwide/workdir/macro)
[INFO] [stderr]    Compiling retained v0.4.0 (/opt/rustwide/workdir/lib)
[INFO] [stderr]     Finished `test` profile [unoptimized + debuginfo] target(s) in 2.02s
[INFO] running `Command { std: "docker" "inspect" "0ff5a7e6a5a511626c21064e7f19b8397f54a6bfb7dfda18f2239684f149b228", kill_on_drop: false }`
[INFO] running `Command { std: "docker" "rm" "-f" "0ff5a7e6a5a511626c21064e7f19b8397f54a6bfb7dfda18f2239684f149b228", kill_on_drop: false }`
[INFO] [stdout] 0ff5a7e6a5a511626c21064e7f19b8397f54a6bfb7dfda18f2239684f149b228
[INFO] running `Command { std: "docker" "create" "-v" "/var/lib/crater-agent-workspace/builds/worker-3-tc1/target:/opt/rustwide/target:rw,Z" "-v" "/var/lib/crater-agent-workspace/builds/worker-3-tc1/source:/opt/rustwide/workdir:ro,Z" "-v" "/var/lib/crater-agent-workspace/cargo-home:/opt/rustwide/cargo-home:ro,Z" "-v" "/var/lib/crater-agent-workspace/rustup-home:/opt/rustwide/rustup-home:ro,Z" "-e" "SOURCE_DIR=/opt/rustwide/workdir" "-e" "CARGO_TARGET_DIR=/opt/rustwide/target" "-e" "CARGO_INCREMENTAL=0" "-e" "RUST_BACKTRACE=full" "-e" "RUSTFLAGS=--cap-lints=warn" "-e" "RUSTDOCFLAGS=--cap-lints=warn" "-e" "CARGO_HOME=/opt/rustwide/cargo-home" "-e" "RUSTUP_HOME=/opt/rustwide/rustup-home" "-w" "/opt/rustwide/workdir" "-m" "1610612736" "--user" "0:0" "--network" "none" "ghcr.io/rust-lang/crates-build-env/linux@sha256:f3a9d4ad9d972b27faf3965f35b62e55ba32bbce8f20bc8fe909558a86702fde" "/opt/rustwide/cargo-home/bin/cargo" "+1.83.0" "test" "--frozen", kill_on_drop: false }`
[INFO] [stdout] 02c04ba1590a62cc11fbb36d1c32b11ade946a9883d20384f2b558b4522b6a05
[INFO] running `Command { std: "docker" "start" "-a" "02c04ba1590a62cc11fbb36d1c32b11ade946a9883d20384f2b558b4522b6a05", kill_on_drop: false }`
[INFO] [stderr]     Finished `test` profile [unoptimized + debuginfo] target(s) in 0.23s
[INFO] [stderr]      Running unittests src/lib.rs (/opt/rustwide/target/debug/deps/retained-62c0c18e74473378)
[INFO] [stdout] 
[INFO] [stdout] running 0 tests
[INFO] [stdout] 
[INFO] [stdout] test result: ok. 0 passed; 0 failed; 0 ignored; 0 measured; 0 filtered out; finished in 0.00s
[INFO] [stdout] 
[INFO] [stderr]      Running unittests src/lib.rs (/opt/rustwide/target/debug/deps/retained_macro-7003d993e7107aac)
[INFO] [stdout] 
[INFO] [stdout] running 0 tests
[INFO] [stdout] 
[INFO] [stdout] test result: ok. 0 passed; 0 failed; 0 ignored; 0 measured; 0 filtered out; finished in 0.00s
[INFO] [stdout] 
[INFO] [stderr]    Doc-tests retained
[INFO] [stdout] 
[INFO] [stdout] running 1 test
[INFO] [stdout] test lib/src/../README.md - (line 9) - compile ... FAILED
[INFO] [stdout] 
[INFO] [stdout] failures:
[INFO] [stdout] 
[INFO] [stdout] ---- lib/src/../README.md - (line 9) stdout ----
[INFO] [stdout] error[E0412]: cannot find type `CheckBox` in this scope
[INFO] [stdout]   --> lib/src/../README.md:16:28
[INFO] [stdout]    |
[INFO] [stdout] 10 |     let ref mut check_box: CheckBox = CheckBox::new(/* checked */ false);
[INFO] [stdout]    |                            ^^^^^^^^ not found in this scope
[INFO] [stdout] 
[INFO] [stdout] error[E0433]: failed to resolve: use of undeclared type `CheckBox`
[INFO] [stdout]   --> lib/src/../README.md:16:39
[INFO] [stdout]    |
[INFO] [stdout] 10 |     let ref mut check_box: CheckBox = CheckBox::new(/* checked */ false);
[INFO] [stdout]    |                                       ^^^^^^^^ use of undeclared type `CheckBox`
[INFO] [stdout] 
[INFO] [stdout] error: aborting due to 2 previous errors
[INFO] [stdout] 
[INFO] [stdout] Some errors have detailed explanations: E0412, E0433.
[INFO] [stdout] For more information about an error, try `rustc --explain E0412`.
[INFO] [stdout] Couldn't compile the test.
[INFO] [stdout] 
[INFO] [stdout] failures:
[INFO] [stdout]     lib/src/../README.md - (line 9)
[INFO] [stdout] 
[INFO] [stdout] test result: FAILED. 0 passed; 1 failed; 0 ignored; 0 measured; 0 filtered out; finished in 0.12s
[INFO] [stdout] 
[INFO] [stderr] error: doctest failed, to rerun pass `-p retained --doc`
[INFO] running `Command { std: "docker" "inspect" "02c04ba1590a62cc11fbb36d1c32b11ade946a9883d20384f2b558b4522b6a05", kill_on_drop: false }`
[INFO] running `Command { std: "docker" "rm" "-f" "02c04ba1590a62cc11fbb36d1c32b11ade946a9883d20384f2b558b4522b6a05", kill_on_drop: false }`
[INFO] [stdout] 02c04ba1590a62cc11fbb36d1c32b11ade946a9883d20384f2b558b4522b6a05
