[INFO] cloning repository https://github.com/storycraft/impl-opaque
[INFO] running `Command { std: "git" "-c" "credential.helper=" "-c" "credential.helper=/workspace/cargo-home/bin/git-credential-null" "clone" "--bare" "https://github.com/storycraft/impl-opaque" "/workspace/cache/git-repos/https%3A%2F%2Fgithub.com%2Fstorycraft%2Fimpl-opaque", kill_on_drop: false }`
[INFO] [stderr] Cloning into bare repository '/workspace/cache/git-repos/https%3A%2F%2Fgithub.com%2Fstorycraft%2Fimpl-opaque'...
[INFO] running `Command { std: "git" "rev-parse" "HEAD", kill_on_drop: false }`
[INFO] [stdout] d45c6a7fd9d152362abd4cdd7e89018916a37596
[INFO] testing storycraft/impl-opaque against 1.83.0 for beta-1.84.0-4-retry
[INFO] running `Command { std: "git" "clone" "/workspace/cache/git-repos/https%3A%2F%2Fgithub.com%2Fstorycraft%2Fimpl-opaque" "/workspace/builds/worker-0-tc1/source", kill_on_drop: false }`
[INFO] [stderr] Cloning into '/workspace/builds/worker-0-tc1/source'...
[INFO] [stderr] done.
[INFO] validating manifest of git repo https://github.com/storycraft/impl-opaque on toolchain 1.83.0
[INFO] running `Command { std: CARGO_HOME="/workspace/cargo-home" RUSTUP_HOME="/workspace/rustup-home" "/workspace/cargo-home/bin/cargo" "+1.83.0" "metadata" "--manifest-path" "Cargo.toml" "--no-deps", kill_on_drop: false }`
[INFO] started tweaking git repo https://github.com/storycraft/impl-opaque
[INFO] finished tweaking git repo https://github.com/storycraft/impl-opaque
[INFO] tweaked toml for git repo https://github.com/storycraft/impl-opaque written to /workspace/builds/worker-0-tc1/source/Cargo.toml
[INFO] crate git repo https://github.com/storycraft/impl-opaque already has a lockfile, it will not be regenerated
[INFO] running `Command { std: CARGO_HOME="/workspace/cargo-home" RUSTUP_HOME="/workspace/rustup-home" "/workspace/cargo-home/bin/cargo" "+1.83.0" "fetch" "--manifest-path" "Cargo.toml", kill_on_drop: false }`
[INFO] [stderr]     Blocking waiting for file lock on package cache
[INFO] [stderr]     Updating git repository `https://github.com/not-fl3/egui-miniquad`
[INFO] [stderr]     Updating crates.io index
[INFO] [stderr]     Blocking waiting for file lock on package cache
[INFO] [stderr]  Downloading crates ...
[INFO] [stderr]   Downloaded sapp-jsutils v0.1.7
[INFO] [stderr]   Downloaded quad-rand v0.2.2
[INFO] [stderr]   Downloaded quad-url v0.1.1
[INFO] [stderr]   Downloaded egui_plot v0.27.2
[INFO] [stderr]   Downloaded miniquad v0.4.0
[INFO] [stderr]   Downloaded egui_demo_lib v0.27.2
[INFO] running `Command { std: "docker" "create" "-v" "/var/lib/crater-agent-workspace/builds/worker-0-tc1/target:/opt/rustwide/target:rw,Z" "-v" "/var/lib/crater-agent-workspace/builds/worker-0-tc1/source:/opt/rustwide/workdir:ro,Z" "-v" "/var/lib/crater-agent-workspace/cargo-home:/opt/rustwide/cargo-home:ro,Z" "-v" "/var/lib/crater-agent-workspace/rustup-home:/opt/rustwide/rustup-home:ro,Z" "-e" "SOURCE_DIR=/opt/rustwide/workdir" "-e" "CARGO_TARGET_DIR=/opt/rustwide/target" "-e" "CARGO_HOME=/opt/rustwide/cargo-home" "-e" "RUSTUP_HOME=/opt/rustwide/rustup-home" "-w" "/opt/rustwide/workdir" "-m" "1610612736" "--user" "0:0" "--network" "none" "ghcr.io/rust-lang/crates-build-env/linux@sha256:f3a9d4ad9d972b27faf3965f35b62e55ba32bbce8f20bc8fe909558a86702fde" "/opt/rustwide/cargo-home/bin/cargo" "+1.83.0" "metadata" "--no-deps" "--format-version=1", kill_on_drop: false }`
[INFO] [stdout] 31d0378322699e4dcb3e9a8b3998cde1d831cfadf2c27dfd113f4eadfa63a06b
[INFO] running `Command { std: "docker" "start" "-a" "31d0378322699e4dcb3e9a8b3998cde1d831cfadf2c27dfd113f4eadfa63a06b", kill_on_drop: false }`
[INFO] running `Command { std: "docker" "inspect" "31d0378322699e4dcb3e9a8b3998cde1d831cfadf2c27dfd113f4eadfa63a06b", kill_on_drop: false }`
[INFO] running `Command { std: "docker" "rm" "-f" "31d0378322699e4dcb3e9a8b3998cde1d831cfadf2c27dfd113f4eadfa63a06b", kill_on_drop: false }`
[INFO] [stdout] 31d0378322699e4dcb3e9a8b3998cde1d831cfadf2c27dfd113f4eadfa63a06b
[INFO] running `Command { std: "docker" "create" "-v" "/var/lib/crater-agent-workspace/builds/worker-0-tc1/target:/opt/rustwide/target:rw,Z" "-v" "/var/lib/crater-agent-workspace/builds/worker-0-tc1/source:/opt/rustwide/workdir:ro,Z" "-v" "/var/lib/crater-agent-workspace/cargo-home:/opt/rustwide/cargo-home:ro,Z" "-v" "/var/lib/crater-agent-workspace/rustup-home:/opt/rustwide/rustup-home:ro,Z" "-e" "SOURCE_DIR=/opt/rustwide/workdir" "-e" "CARGO_TARGET_DIR=/opt/rustwide/target" "-e" "CARGO_INCREMENTAL=0" "-e" "RUST_BACKTRACE=full" "-e" "RUSTFLAGS=--cap-lints=warn" "-e" "RUSTDOCFLAGS=--cap-lints=warn" "-e" "CARGO_HOME=/opt/rustwide/cargo-home" "-e" "RUSTUP_HOME=/opt/rustwide/rustup-home" "-w" "/opt/rustwide/workdir" "-m" "1610612736" "--user" "0:0" "--network" "none" "ghcr.io/rust-lang/crates-build-env/linux@sha256:f3a9d4ad9d972b27faf3965f35b62e55ba32bbce8f20bc8fe909558a86702fde" "/opt/rustwide/cargo-home/bin/cargo" "+1.83.0" "build" "--frozen" "--message-format=json", kill_on_drop: false }`
[INFO] [stdout] 4c66bd0255d5a33e650b630433a6cee787095564cfe4cf69e608db55da3817d6
[INFO] running `Command { std: "docker" "start" "-a" "4c66bd0255d5a33e650b630433a6cee787095564cfe4cf69e608db55da3817d6", kill_on_drop: false }`
[INFO] [stderr]    Compiling proc-macro2 v1.0.86
[INFO] [stderr]    Compiling unicode-ident v1.0.13
[INFO] [stderr]    Compiling quote v1.0.37
[INFO] [stderr]    Compiling syn v2.0.77
[INFO] [stderr]    Compiling impl-opaque-macro v0.5.2 (/opt/rustwide/workdir/macro)
[INFO] [stderr]    Compiling impl-opaque v0.5.2 (/opt/rustwide/workdir/lib)
[INFO] [stderr]     Finished `dev` profile [unoptimized + debuginfo] target(s) in 7.43s
[INFO] running `Command { std: "docker" "inspect" "4c66bd0255d5a33e650b630433a6cee787095564cfe4cf69e608db55da3817d6", kill_on_drop: false }`
[INFO] running `Command { std: "docker" "rm" "-f" "4c66bd0255d5a33e650b630433a6cee787095564cfe4cf69e608db55da3817d6", kill_on_drop: false }`
[INFO] [stdout] 4c66bd0255d5a33e650b630433a6cee787095564cfe4cf69e608db55da3817d6
[INFO] running `Command { std: "docker" "create" "-v" "/var/lib/crater-agent-workspace/builds/worker-0-tc1/target:/opt/rustwide/target:rw,Z" "-v" "/var/lib/crater-agent-workspace/builds/worker-0-tc1/source:/opt/rustwide/workdir:ro,Z" "-v" "/var/lib/crater-agent-workspace/cargo-home:/opt/rustwide/cargo-home:ro,Z" "-v" "/var/lib/crater-agent-workspace/rustup-home:/opt/rustwide/rustup-home:ro,Z" "-e" "SOURCE_DIR=/opt/rustwide/workdir" "-e" "CARGO_TARGET_DIR=/opt/rustwide/target" "-e" "CARGO_INCREMENTAL=0" "-e" "RUST_BACKTRACE=full" "-e" "RUSTFLAGS=--cap-lints=warn" "-e" "RUSTDOCFLAGS=--cap-lints=warn" "-e" "CARGO_HOME=/opt/rustwide/cargo-home" "-e" "RUSTUP_HOME=/opt/rustwide/rustup-home" "-w" "/opt/rustwide/workdir" "-m" "1610612736" "--user" "0:0" "--network" "none" "ghcr.io/rust-lang/crates-build-env/linux@sha256:f3a9d4ad9d972b27faf3965f35b62e55ba32bbce8f20bc8fe909558a86702fde" "/opt/rustwide/cargo-home/bin/cargo" "+1.83.0" "test" "--frozen" "--no-run" "--message-format=json", kill_on_drop: false }`
[INFO] [stdout] 4f7e89f754d0938d538224f7c6ce1a2cbd818afd7a8dfdb0ce90ae870fbb5631
[INFO] running `Command { std: "docker" "start" "-a" "4f7e89f754d0938d538224f7c6ce1a2cbd818afd7a8dfdb0ce90ae870fbb5631", kill_on_drop: false }`
[INFO] [stderr]    Compiling impl-opaque-macro v0.5.2 (/opt/rustwide/workdir/macro)
[INFO] [stderr]    Compiling impl-opaque v0.5.2 (/opt/rustwide/workdir/lib)
[INFO] [stderr]     Finished `test` profile [unoptimized + debuginfo] target(s) in 1.64s
[INFO] running `Command { std: "docker" "inspect" "4f7e89f754d0938d538224f7c6ce1a2cbd818afd7a8dfdb0ce90ae870fbb5631", kill_on_drop: false }`
[INFO] running `Command { std: "docker" "rm" "-f" "4f7e89f754d0938d538224f7c6ce1a2cbd818afd7a8dfdb0ce90ae870fbb5631", kill_on_drop: false }`
[INFO] [stdout] 4f7e89f754d0938d538224f7c6ce1a2cbd818afd7a8dfdb0ce90ae870fbb5631
[INFO] running `Command { std: "docker" "create" "-v" "/var/lib/crater-agent-workspace/builds/worker-0-tc1/target:/opt/rustwide/target:rw,Z" "-v" "/var/lib/crater-agent-workspace/builds/worker-0-tc1/source:/opt/rustwide/workdir:ro,Z" "-v" "/var/lib/crater-agent-workspace/cargo-home:/opt/rustwide/cargo-home:ro,Z" "-v" "/var/lib/crater-agent-workspace/rustup-home:/opt/rustwide/rustup-home:ro,Z" "-e" "SOURCE_DIR=/opt/rustwide/workdir" "-e" "CARGO_TARGET_DIR=/opt/rustwide/target" "-e" "CARGO_INCREMENTAL=0" "-e" "RUST_BACKTRACE=full" "-e" "RUSTFLAGS=--cap-lints=warn" "-e" "RUSTDOCFLAGS=--cap-lints=warn" "-e" "CARGO_HOME=/opt/rustwide/cargo-home" "-e" "RUSTUP_HOME=/opt/rustwide/rustup-home" "-w" "/opt/rustwide/workdir" "-m" "1610612736" "--user" "0:0" "--network" "none" "ghcr.io/rust-lang/crates-build-env/linux@sha256:f3a9d4ad9d972b27faf3965f35b62e55ba32bbce8f20bc8fe909558a86702fde" "/opt/rustwide/cargo-home/bin/cargo" "+1.83.0" "test" "--frozen", kill_on_drop: false }`
[INFO] [stdout] d1a53b09a060c528805f01c8f5f5894c0a85a7698c35e32655b58bd41eec2715
[INFO] running `Command { std: "docker" "start" "-a" "d1a53b09a060c528805f01c8f5f5894c0a85a7698c35e32655b58bd41eec2715", kill_on_drop: false }`
[INFO] [stderr]     Finished `test` profile [unoptimized + debuginfo] target(s) in 0.07s
[INFO] [stderr]      Running unittests src/lib.rs (/opt/rustwide/target/debug/deps/impl_opaque-797523d41ce3fc24)
[INFO] [stdout] 
[INFO] [stdout] running 0 tests
[INFO] [stdout] 
[INFO] [stderr]      Running unittests src/lib.rs (/opt/rustwide/target/debug/deps/impl_opaque_macro-63c0eeb365e0fcf8)
[INFO] [stdout] test result: ok. 0 passed; 0 failed; 0 ignored; 0 measured; 0 filtered out; finished in 0.00s
[INFO] [stdout] 
[INFO] [stdout] 
[INFO] [stdout] running 0 tests
[INFO] [stdout] 
[INFO] [stdout] test result: ok. 0 passed; 0 failed; 0 ignored; 0 measured; 0 filtered out; finished in 0.00s
[INFO] [stdout] 
[INFO] [stderr]    Doc-tests impl_opaque
[INFO] [stdout] 
[INFO] [stdout] running 6 tests
[INFO] [stdout] test lib/src/../README.md - (line 27) - compile ... FAILED
[INFO] [stdout] test lib/src/../README.md - (line 67) - compile ... FAILED
[INFO] [stdout] test lib/src/../README.md - (line 40) - compile ... FAILED
[INFO] [stdout] test lib/src/../README.md - (line 86) - compile ... FAILED
[INFO] [stdout] test lib/src/../README.md - (line 51) - compile ... FAILED
[INFO] [stdout] test lib/src/../README.md - (line 13) - compile ... FAILED
[INFO] [stdout] 
[INFO] [stdout] failures:
[INFO] [stdout] 
[INFO] [stdout] ---- lib/src/../README.md - (line 27) stdout ----
[INFO] [stdout] error: cannot find attribute `opaque` in this scope
[INFO] [stdout]  --> lib/src/../README.md:28:3
[INFO] [stdout]   |
[INFO] [stdout] 3 | #[opaque]
[INFO] [stdout]   |   ^^^^^^
[INFO] [stdout]   |
[INFO] [stdout] help: consider importing one of these attribute macros
[INFO] [stdout]   |
[INFO] [stdout] 2 + use impl_opaque::opaque;
[INFO] [stdout]   |
[INFO] [stdout] 2 + use impl_opaque_macro::opaque;
[INFO] [stdout]   |
[INFO] [stdout] 
[INFO] [stdout] error: cannot find macro `field` in this scope
[INFO] [stdout]  --> lib/src/../README.md:30:5
[INFO] [stdout]   |
[INFO] [stdout] 5 |     field!(count: i32 = 0);
[INFO] [stdout]   |     ^^^^^
[INFO] [stdout] 
[INFO] [stdout] error[E0412]: cannot find type `Struct` in this scope
[INFO] [stdout]  --> lib/src/../README.md:29:6
[INFO] [stdout]   |
[INFO] [stdout] 4 | impl Struct {
[INFO] [stdout]   |      ^^^^^^ not found in this scope
[INFO] [stdout] 
[INFO] [stdout] error: aborting due to 3 previous errors
[INFO] [stdout] 
[INFO] [stdout] For more information about this error, try `rustc --explain E0412`.
[INFO] [stdout] Couldn't compile the test.
[INFO] [stdout] ---- lib/src/../README.md - (line 67) stdout ----
[INFO] [stdout] error: cannot find attribute `opaque` in this scope
[INFO] [stdout]  --> lib/src/../README.md:68:3
[INFO] [stdout]   |
[INFO] [stdout] 3 | #[opaque]
[INFO] [stdout]   |   ^^^^^^
[INFO] [stdout]   |
[INFO] [stdout] help: consider importing one of these attribute macros
[INFO] [stdout]   |
[INFO] [stdout] 2 + use impl_opaque::opaque;
[INFO] [stdout]   |
[INFO] [stdout] 2 + use impl_opaque_macro::opaque;
[INFO] [stdout]   |
[INFO] [stdout] 
[INFO] [stdout] error: cannot find attribute `field` in this scope
[INFO] [stdout]  --> lib/src/../README.md:71:11
[INFO] [stdout]   |
[INFO] [stdout] 6 |         #[field]
[INFO] [stdout]   |           ^^^^^
[INFO] [stdout] 
[INFO] [stdout] error[E0412]: cannot find type `Struct` in this scope
[INFO] [stdout]  --> lib/src/../README.md:69:6
[INFO] [stdout]   |
[INFO] [stdout] 4 | impl Struct {
[INFO] [stdout]   |      ^^^^^^ not found in this scope
[INFO] [stdout] 
[INFO] [stdout] error: aborting due to 3 previous errors
[INFO] [stdout] 
[INFO] [stdout] For more information about this error, try `rustc --explain E0412`.
[INFO] [stdout] Couldn't compile the test.
[INFO] [stdout] ---- lib/src/../README.md - (line 40) stdout ----
[INFO] [stdout] error: cannot find attribute `opaque` in this scope
[INFO] [stdout]  --> lib/src/../README.md:41:3
[INFO] [stdout]   |
[INFO] [stdout] 3 | #[opaque(pub(self) count: i32)]
[INFO] [stdout]   |   ^^^^^^
[INFO] [stdout]   |
[INFO] [stdout] help: consider importing one of these attribute macros
[INFO] [stdout]   |
[INFO] [stdout] 2 + use impl_opaque::opaque;
[INFO] [stdout]   |
[INFO] [stdout] 2 + use impl_opaque_macro::opaque;
[INFO] [stdout]   |
[INFO] [stdout] 
[INFO] [stdout] error[E0412]: cannot find type `Struct` in this scope
[INFO] [stdout]  --> lib/src/../README.md:42:6
[INFO] [stdout]   |
[INFO] [stdout] 4 | impl Struct {
[INFO] [stdout]   |      ^^^^^^ not found in this scope
[INFO] [stdout] 
[INFO] [stdout] error: aborting due to 2 previous errors
[INFO] [stdout] 
[INFO] [stdout] For more information about this error, try `rustc --explain E0412`.
[INFO] [stdout] Couldn't compile the test.
[INFO] [stdout] ---- lib/src/../README.md - (line 86) stdout ----
[INFO] [stdout] error: expected statement after outer attribute
[INFO] [stdout]  --> lib/src/../README.md:87:1
[INFO] [stdout]   |
[INFO] [stdout] 3 | #[opaque($(as $vis $(const)? ,)? $($($vis)? $ident: $ty),*)]
[INFO] [stdout]   | ^^^^^^^^^^^^^^^^^^^^^^^^^^^^^^^^^^^^^^^^^^^^^^^^^^^^^^^^^^^^
[INFO] [stdout] 
[INFO] [stdout] error: aborting due to 1 previous error
[INFO] [stdout] 
[INFO] [stdout] Couldn't compile the test.
[INFO] [stdout] ---- lib/src/../README.md - (line 51) stdout ----
[INFO] [stdout] error: cannot find attribute `opaque` in this scope
[INFO] [stdout]  --> lib/src/../README.md:52:3
[INFO] [stdout]   |
[INFO] [stdout] 3 | #[opaque]
[INFO] [stdout]   |   ^^^^^^
[INFO] [stdout]   |
[INFO] [stdout] help: consider importing one of these attribute macros
[INFO] [stdout]   |
[INFO] [stdout] 2 + use impl_opaque::opaque;
[INFO] [stdout]   |
[INFO] [stdout] 2 + use impl_opaque_macro::opaque;
[INFO] [stdout]   |
[INFO] [stdout] 
[INFO] [stdout] error: cannot find attribute `field` in this scope
[INFO] [stdout]  --> lib/src/../README.md:57:11
[INFO] [stdout]   |
[INFO] [stdout] 8 |         #[field]
[INFO] [stdout]   |           ^^^^^
[INFO] [stdout] 
[INFO] [stdout] error[E0412]: cannot find type `Struct` in this scope
[INFO] [stdout]  --> lib/src/../README.md:53:19
[INFO] [stdout]   |
[INFO] [stdout] 4 | impl Iterator for Struct {
[INFO] [stdout]   |                   ^^^^^^ not found in this scope
[INFO] [stdout] 
[INFO] [stdout] error: aborting due to 3 previous errors
[INFO] [stdout] 
[INFO] [stdout] For more information about this error, try `rustc --explain E0412`.
[INFO] [stdout] Couldn't compile the test.
[INFO] [stdout] ---- lib/src/../README.md - (line 13) stdout ----
[INFO] [stdout] error: cannot find attribute `opaque` in this scope
[INFO] [stdout]  --> lib/src/../README.md:14:3
[INFO] [stdout]   |
[INFO] [stdout] 3 | #[opaque]
[INFO] [stdout]   |   ^^^^^^
[INFO] [stdout]   |
[INFO] [stdout] help: consider importing one of these attribute macros
[INFO] [stdout]   |
[INFO] [stdout] 2 + use impl_opaque::opaque;
[INFO] [stdout]   |
[INFO] [stdout] 2 + use impl_opaque_macro::opaque;
[INFO] [stdout]   |
[INFO] [stdout] 
[INFO] [stdout] error: cannot find attribute `field` in this scope
[INFO] [stdout]  --> lib/src/../README.md:17:11
[INFO] [stdout]   |
[INFO] [stdout] 6 |         #[field]
[INFO] [stdout]   |           ^^^^^
[INFO] [stdout] 
[INFO] [stdout] error[E0412]: cannot find type `Struct` in this scope
[INFO] [stdout]  --> lib/src/../README.md:15:6
[INFO] [stdout]   |
[INFO] [stdout] 4 | impl Struct {
[INFO] [stdout]   |      ^^^^^^ not found in this scope
[INFO] [stdout] 
[INFO] [stdout] error: aborting due to 3 previous errors
[INFO] [stdout] 
[INFO] [stdout] For more information about this error, try `rustc --explain E0412`.
[INFO] [stdout] Couldn't compile the test.
[INFO] [stdout] 
[INFO] [stdout] failures:
[INFO] [stdout]     lib/src/../README.md - (line 13)
[INFO] [stdout]     lib/src/../README.md - (line 27)
[INFO] [stdout]     lib/src/../README.md - (line 40)
[INFO] [stdout]     lib/src/../README.md - (line 51)
[INFO] [stdout]     lib/src/../README.md - (line 67)
[INFO] [stdout]     lib/src/../README.md - (line 86)
[INFO] [stdout] 
[INFO] [stdout] test result: FAILED. 0 passed; 6 failed; 0 ignored; 0 measured; 0 filtered out; finished in 0.22s
[INFO] [stdout] 
[INFO] [stderr] error: doctest failed, to rerun pass `-p impl-opaque --doc`
[INFO] running `Command { std: "docker" "inspect" "d1a53b09a060c528805f01c8f5f5894c0a85a7698c35e32655b58bd41eec2715", kill_on_drop: false }`
[INFO] running `Command { std: "docker" "rm" "-f" "d1a53b09a060c528805f01c8f5f5894c0a85a7698c35e32655b58bd41eec2715", kill_on_drop: false }`
[INFO] [stdout] d1a53b09a060c528805f01c8f5f5894c0a85a7698c35e32655b58bd41eec2715
