[INFO] cloning repository https://github.com/stephenramthun/aoc-rust
[INFO] running `Command { std: "git" "-c" "credential.helper=" "-c" "credential.helper=/workspace/cargo-home/bin/git-credential-null" "clone" "--bare" "https://github.com/stephenramthun/aoc-rust" "/workspace/cache/git-repos/https%3A%2F%2Fgithub.com%2Fstephenramthun%2Faoc-rust", kill_on_drop: false }`
[INFO] [stderr] Cloning into bare repository '/workspace/cache/git-repos/https%3A%2F%2Fgithub.com%2Fstephenramthun%2Faoc-rust'...
[INFO] running `Command { std: "git" "rev-parse" "HEAD", kill_on_drop: false }`
[INFO] [stdout] 2c88a9394c9672262b8bc15c854c130df7efc2ed
[INFO] testing stephenramthun/aoc-rust against 1.83.0 for beta-1.84.0-4-retry
[INFO] running `Command { std: "git" "clone" "/workspace/cache/git-repos/https%3A%2F%2Fgithub.com%2Fstephenramthun%2Faoc-rust" "/workspace/builds/worker-6-tc1/source", kill_on_drop: false }`
[INFO] [stderr] Cloning into '/workspace/builds/worker-6-tc1/source'...
[INFO] [stderr] done.
[INFO] validating manifest of git repo https://github.com/stephenramthun/aoc-rust on toolchain 1.83.0
[INFO] running `Command { std: CARGO_HOME="/workspace/cargo-home" RUSTUP_HOME="/workspace/rustup-home" "/workspace/cargo-home/bin/cargo" "+1.83.0" "metadata" "--manifest-path" "Cargo.toml" "--no-deps", kill_on_drop: false }`
[INFO] started tweaking git repo https://github.com/stephenramthun/aoc-rust
[INFO] finished tweaking git repo https://github.com/stephenramthun/aoc-rust
[INFO] tweaked toml for git repo https://github.com/stephenramthun/aoc-rust written to /workspace/builds/worker-6-tc1/source/Cargo.toml
[INFO] crate git repo https://github.com/stephenramthun/aoc-rust already has a lockfile, it will not be regenerated
[INFO] running `Command { std: CARGO_HOME="/workspace/cargo-home" RUSTUP_HOME="/workspace/rustup-home" "/workspace/cargo-home/bin/cargo" "+1.83.0" "fetch" "--manifest-path" "Cargo.toml", kill_on_drop: false }`
[INFO] [stderr]  Downloading crates ...
[INFO] [stderr]   Downloaded fancy-regex v0.14.0
[INFO] running `Command { std: "docker" "create" "-v" "/var/lib/crater-agent-workspace/builds/worker-6-tc1/target:/opt/rustwide/target:rw,Z" "-v" "/var/lib/crater-agent-workspace/builds/worker-6-tc1/source:/opt/rustwide/workdir:ro,Z" "-v" "/var/lib/crater-agent-workspace/cargo-home:/opt/rustwide/cargo-home:ro,Z" "-v" "/var/lib/crater-agent-workspace/rustup-home:/opt/rustwide/rustup-home:ro,Z" "-e" "SOURCE_DIR=/opt/rustwide/workdir" "-e" "CARGO_TARGET_DIR=/opt/rustwide/target" "-e" "CARGO_HOME=/opt/rustwide/cargo-home" "-e" "RUSTUP_HOME=/opt/rustwide/rustup-home" "-w" "/opt/rustwide/workdir" "-m" "1610612736" "--user" "0:0" "--network" "none" "ghcr.io/rust-lang/crates-build-env/linux@sha256:f3a9d4ad9d972b27faf3965f35b62e55ba32bbce8f20bc8fe909558a86702fde" "/opt/rustwide/cargo-home/bin/cargo" "+1.83.0" "metadata" "--no-deps" "--format-version=1", kill_on_drop: false }`
[INFO] [stdout] 6b168b8f597a2a3a87a40d631b9860f1dad2ec584256437d5f6f965ee6cb598f
[INFO] running `Command { std: "docker" "start" "-a" "6b168b8f597a2a3a87a40d631b9860f1dad2ec584256437d5f6f965ee6cb598f", kill_on_drop: false }`
[INFO] running `Command { std: "docker" "inspect" "6b168b8f597a2a3a87a40d631b9860f1dad2ec584256437d5f6f965ee6cb598f", kill_on_drop: false }`
[INFO] running `Command { std: "docker" "rm" "-f" "6b168b8f597a2a3a87a40d631b9860f1dad2ec584256437d5f6f965ee6cb598f", kill_on_drop: false }`
[INFO] [stdout] 6b168b8f597a2a3a87a40d631b9860f1dad2ec584256437d5f6f965ee6cb598f
[INFO] running `Command { std: "docker" "create" "-v" "/var/lib/crater-agent-workspace/builds/worker-6-tc1/target:/opt/rustwide/target:rw,Z" "-v" "/var/lib/crater-agent-workspace/builds/worker-6-tc1/source:/opt/rustwide/workdir:ro,Z" "-v" "/var/lib/crater-agent-workspace/cargo-home:/opt/rustwide/cargo-home:ro,Z" "-v" "/var/lib/crater-agent-workspace/rustup-home:/opt/rustwide/rustup-home:ro,Z" "-e" "SOURCE_DIR=/opt/rustwide/workdir" "-e" "CARGO_TARGET_DIR=/opt/rustwide/target" "-e" "CARGO_INCREMENTAL=0" "-e" "RUST_BACKTRACE=full" "-e" "RUSTFLAGS=--cap-lints=warn" "-e" "RUSTDOCFLAGS=--cap-lints=warn" "-e" "CARGO_HOME=/opt/rustwide/cargo-home" "-e" "RUSTUP_HOME=/opt/rustwide/rustup-home" "-w" "/opt/rustwide/workdir" "-m" "1610612736" "--user" "0:0" "--network" "none" "ghcr.io/rust-lang/crates-build-env/linux@sha256:f3a9d4ad9d972b27faf3965f35b62e55ba32bbce8f20bc8fe909558a86702fde" "/opt/rustwide/cargo-home/bin/cargo" "+1.83.0" "build" "--frozen" "--message-format=json", kill_on_drop: false }`
[INFO] [stdout] 6d5b8006194ee902a3575f76ab85a00a4267173d8b7fff111e1e27d5764f09b8
[INFO] running `Command { std: "docker" "start" "-a" "6d5b8006194ee902a3575f76ab85a00a4267173d8b7fff111e1e27d5764f09b8", kill_on_drop: false }`
[INFO] [stderr]    Compiling version_check v0.9.5
[INFO] [stderr]    Compiling typenum v1.17.0
[INFO] [stderr]    Compiling memchr v2.7.4
[INFO] [stderr]    Compiling regex-syntax v0.8.5
[INFO] [stderr]    Compiling anyhow v1.0.94
[INFO] [stderr]    Compiling bit-vec v0.8.0
[INFO] [stderr]    Compiling md5 v0.7.0
[INFO] [stderr]    Compiling bit-set v0.8.0
[INFO] [stderr]    Compiling generic-array v0.14.7
[INFO] [stderr]    Compiling aho-corasick v1.1.3
[INFO] [stderr]    Compiling crypto-common v0.1.6
[INFO] [stderr]    Compiling crypto v0.5.1
[INFO] [stderr]    Compiling regex-automata v0.4.9
[INFO] [stderr]    Compiling regex v1.11.1
[INFO] [stderr]    Compiling fancy-regex v0.14.0
[INFO] [stderr]    Compiling aoc-rust v0.1.0 (/opt/rustwide/workdir)
[INFO] [stdout] warning: unused variable: `input`
[INFO] [stdout]  --> src/years/y2024/day12.rs:7:9
[INFO] [stdout]   |
[INFO] [stdout] 7 |     let input = fs::read_to_string("./src/years/y2024/day12.txt").expect("File not found");
[INFO] [stdout]   |         ^^^^^ help: if this is intentional, prefix it with an underscore: `_input`
[INFO] [stdout]   |
[INFO] [stdout]   = note: `#[warn(unused_variables)]` on by default
[INFO] [stdout] 
[INFO] [stdout] 
[INFO] [stdout] warning: unused variable: `garden_map`
[INFO] [stdout]   --> src/years/y2024/day12.rs:30:19
[INFO] [stdout]    |
[INFO] [stdout] 30 |     let (regions, garden_map) = parse_input(input);
[INFO] [stdout]    |                   ^^^^^^^^^^ help: if this is intentional, prefix it with an underscore: `_garden_map`
[INFO] [stdout] 
[INFO] [stdout] 
[INFO] [stdout] warning: function `runner` is never used
[INFO] [stdout]  --> src/years/y2024/day12.rs:6:8
[INFO] [stdout]   |
[INFO] [stdout] 6 | pub fn runner(day: u8) -> Runner {
[INFO] [stdout]   |        ^^^^^^
[INFO] [stdout]   |
[INFO] [stdout]   = note: `#[warn(dead_code)]` on by default
[INFO] [stdout] 
[INFO] [stdout] 
[INFO] [stdout] warning: constant `OVER` is never used
[INFO] [stdout]   --> src/years/y2024/day12.rs:15:7
[INFO] [stdout]    |
[INFO] [stdout] 15 | const OVER: Point = (0, -1);
[INFO] [stdout]    |       ^^^^
[INFO] [stdout] 
[INFO] [stdout] 
[INFO] [stdout] warning: constant `UNDER` is never used
[INFO] [stdout]   --> src/years/y2024/day12.rs:16:7
[INFO] [stdout]    |
[INFO] [stdout] 16 | const UNDER: Point = (0, 1);
[INFO] [stdout]    |       ^^^^^
[INFO] [stdout] 
[INFO] [stdout] 
[INFO] [stdout] warning: constant `RIGHT` is never used
[INFO] [stdout]   --> src/years/y2024/day12.rs:17:7
[INFO] [stdout]    |
[INFO] [stdout] 17 | const RIGHT: Point = (1, 0);
[INFO] [stdout]    |       ^^^^^
[INFO] [stdout] 
[INFO] [stdout] 
[INFO] [stdout] warning: constant `LEFT` is never used
[INFO] [stdout]   --> src/years/y2024/day12.rs:18:7
[INFO] [stdout]    |
[INFO] [stdout] 18 | const LEFT: Point = (-1, 0);
[INFO] [stdout]    |       ^^^^
[INFO] [stdout] 
[INFO] [stdout] 
[INFO] [stdout] warning: constant `DIRECTIONS` is never used
[INFO] [stdout]   --> src/years/y2024/day12.rs:19:7
[INFO] [stdout]    |
[INFO] [stdout] 19 | const DIRECTIONS: &'static [Point] = &[OVER, UNDER, RIGHT, LEFT];
[INFO] [stdout]    |       ^^^^^^^^^^
[INFO] [stdout] 
[INFO] [stdout] 
[INFO] [stdout] warning: function `part1` is never used
[INFO] [stdout]   --> src/years/y2024/day12.rs:21:4
[INFO] [stdout]    |
[INFO] [stdout] 21 | fn part1(input: &str) -> usize {
[INFO] [stdout]    |    ^^^^^
[INFO] [stdout] 
[INFO] [stdout] 
[INFO] [stdout] warning: function `part2` is never used
[INFO] [stdout]   --> src/years/y2024/day12.rs:29:4
[INFO] [stdout]    |
[INFO] [stdout] 29 | fn part2(input: &str) -> usize {
[INFO] [stdout]    |    ^^^^^
[INFO] [stdout] 
[INFO] [stdout] 
[INFO] [stdout] warning: function `count_sides` is never used
[INFO] [stdout]   --> src/years/y2024/day12.rs:37:4
[INFO] [stdout]    |
[INFO] [stdout] 37 | fn count_sides(region: &Region, garden_map: &Vec<Vec<char>>) -> usize {
[INFO] [stdout]    |    ^^^^^^^^^^^
[INFO] [stdout] 
[INFO] [stdout] 
[INFO] [stdout] warning: function `is_side` is never used
[INFO] [stdout]    --> src/years/y2024/day12.rs:100:4
[INFO] [stdout]     |
[INFO] [stdout] 100 | fn is_side(pos: &Point, direction: &Point, garden_map: &Vec<Vec<char>>) -> bool {
[INFO] [stdout]     |    ^^^^^^^
[INFO] [stdout] 
[INFO] [stdout] 
[INFO] [stdout] warning: function `build_region` is never used
[INFO] [stdout]    --> src/years/y2024/day12.rs:107:4
[INFO] [stdout]     |
[INFO] [stdout] 107 | fn build_region(
[INFO] [stdout]     |    ^^^^^^^^^^^^
[INFO] [stdout] 
[INFO] [stdout] 
[INFO] [stdout] warning: function `perimeter_for_plot` is never used
[INFO] [stdout]    --> src/years/y2024/day12.rs:135:4
[INFO] [stdout]     |
[INFO] [stdout] 135 | fn perimeter_for_plot(plot_pos: &Point, plot_name: char, garden_map: &Vec<Vec<char>>) -> u32 {
[INFO] [stdout]     |    ^^^^^^^^^^^^^^^^^^
[INFO] [stdout] 
[INFO] [stdout] 
[INFO] [stdout] warning: function `parse_input` is never used
[INFO] [stdout]    --> src/years/y2024/day12.rs:146:4
[INFO] [stdout]     |
[INFO] [stdout] 146 | fn parse_input(input: &str) -> (Vec<Region>, Vec<Vec<char>>) {
[INFO] [stdout]     |    ^^^^^^^^^^^
[INFO] [stdout] 
[INFO] [stdout] 
[INFO] [stdout] warning: type alias `Point` is never used
[INFO] [stdout]    --> src/years/y2024/day12.rs:188:6
[INFO] [stdout]     |
[INFO] [stdout] 188 | type Point = (i32, i32);
[INFO] [stdout]     |      ^^^^^
[INFO] [stdout] 
[INFO] [stdout] 
[INFO] [stdout] warning: function `add_points` is never used
[INFO] [stdout]    --> src/years/y2024/day12.rs:190:4
[INFO] [stdout]     |
[INFO] [stdout] 190 | fn add_points(a: &Point, b: &Point) -> Point {
[INFO] [stdout]     |    ^^^^^^^^^^
[INFO] [stdout] 
[INFO] [stdout] 
[INFO] [stdout] warning: function `out_of_bounds` is never used
[INFO] [stdout]    --> src/years/y2024/day12.rs:194:4
[INFO] [stdout]     |
[INFO] [stdout] 194 | fn out_of_bounds<T>(pos: &Point, map: &Vec<Vec<T>>) -> bool {
[INFO] [stdout]     |    ^^^^^^^^^^^^^
[INFO] [stdout] 
[INFO] [stdout] 
[INFO] [stdout] warning: function `take_smallest` is never used
[INFO] [stdout]    --> src/years/y2024/day12.rs:198:4
[INFO] [stdout]     |
[INFO] [stdout] 198 | fn take_smallest(a: &Point, b: &Point) -> Point {
[INFO] [stdout]     |    ^^^^^^^^^^^^^
[INFO] [stdout] 
[INFO] [stdout] 
[INFO] [stdout] warning: function `take_largest` is never used
[INFO] [stdout]    --> src/years/y2024/day12.rs:202:4
[INFO] [stdout]     |
[INFO] [stdout] 202 | fn take_largest(a: &Point, b: &Point) -> Point {
[INFO] [stdout]     |    ^^^^^^^^^^^^
[INFO] [stdout] 
[INFO] [stdout] 
[INFO] [stdout] warning: struct `Region` is never constructed
[INFO] [stdout]    --> src/years/y2024/day12.rs:207:8
[INFO] [stdout]     |
[INFO] [stdout] 207 | struct Region {
[INFO] [stdout]     |        ^^^^^^
[INFO] [stdout] 
[INFO] [stdout] 
[INFO] [stdout] warning: function `part1` is never used
[INFO] [stdout]  --> src/years/y2024/day13.rs:4:4
[INFO] [stdout]   |
[INFO] [stdout] 4 | fn part1(input: &str) -> isize {
[INFO] [stdout]   |    ^^^^^
[INFO] [stdout] 
[INFO] [stdout] 
[INFO] [stdout] warning: function `part2` is never used
[INFO] [stdout]  --> src/years/y2024/day13.rs:8:4
[INFO] [stdout]   |
[INFO] [stdout] 8 | fn part2(input: &str) -> isize {
[INFO] [stdout]   |    ^^^^^
[INFO] [stdout] 
[INFO] [stdout] 
[INFO] [stdout] warning: function `solve` is never used
[INFO] [stdout]   --> src/years/y2024/day13.rs:15:4
[INFO] [stdout]    |
[INFO] [stdout] 15 | fn solve(machine: Machine, offset: isize) -> isize {
[INFO] [stdout]    |    ^^^^^
[INFO] [stdout] 
[INFO] [stdout] 
[INFO] [stdout] warning: function `parse_input` is never used
[INFO] [stdout]   --> src/years/y2024/day13.rs:34:4
[INFO] [stdout]    |
[INFO] [stdout] 34 | fn parse_input(input: &str) -> Vec<Machine> {
[INFO] [stdout]    |    ^^^^^^^^^^^
[INFO] [stdout] 
[INFO] [stdout] 
[INFO] [stdout] warning: fields `button_a`, `button_b`, and `prize_location` are never read
[INFO] [stdout]   --> src/years/y2024/day13.rs:45:5
[INFO] [stdout]    |
[INFO] [stdout] 44 | struct Machine {
[INFO] [stdout]    |        ------- fields in this struct
[INFO] [stdout] 45 |     button_a: Point,
[INFO] [stdout]    |     ^^^^^^^^
[INFO] [stdout] 46 |     button_b: Point,
[INFO] [stdout]    |     ^^^^^^^^
[INFO] [stdout] 47 |     prize_location: Point,
[INFO] [stdout]    |     ^^^^^^^^^^^^^^
[INFO] [stdout]    |
[INFO] [stdout]    = note: `Machine` has a derived impl for the trait `Debug`, but this is intentionally ignored during dead code analysis
[INFO] [stdout] 
[INFO] [stdout] 
[INFO] [stdout] warning: type alias `Point` is never used
[INFO] [stdout]  --> src/years/y2015/day06.rs:1:6
[INFO] [stdout]   |
[INFO] [stdout] 1 | type Point = (usize, usize);
[INFO] [stdout]   |      ^^^^^
[INFO] [stdout] 
[INFO] [stdout] 
[INFO] [stdout] warning: type alias `Operation` is never used
[INFO] [stdout]  --> src/years/y2015/day06.rs:2:6
[INFO] [stdout]   |
[INFO] [stdout] 2 | type Operation = fn(usize) -> usize;
[INFO] [stdout]   |      ^^^^^^^^^
[INFO] [stdout] 
[INFO] [stdout] 
[INFO] [stdout] warning: function `solve_part_1` is never used
[INFO] [stdout]  --> src/years/y2015/day06.rs:4:4
[INFO] [stdout]   |
[INFO] [stdout] 4 | fn solve_part_1(input: &str) -> usize {
[INFO] [stdout]   |    ^^^^^^^^^^^^
[INFO] [stdout] 
[INFO] [stdout] 
[INFO] [stdout] warning: function `solve_part_2` is never used
[INFO] [stdout]   --> src/years/y2015/day06.rs:20:4
[INFO] [stdout]    |
[INFO] [stdout] 20 | fn solve_part_2(input: &str) -> usize {
[INFO] [stdout]    |    ^^^^^^^^^^^^
[INFO] [stdout] 
[INFO] [stdout] 
[INFO] [stdout] warning: function `make_grid` is never used
[INFO] [stdout]   --> src/years/y2015/day06.rs:37:4
[INFO] [stdout]    |
[INFO] [stdout] 37 | fn make_grid() -> Vec<Vec<usize>> {
[INFO] [stdout]    |    ^^^^^^^^^
[INFO] [stdout] 
[INFO] [stdout] 
[INFO] [stdout] warning: function `parse_input` is never used
[INFO] [stdout]   --> src/years/y2015/day06.rs:41:4
[INFO] [stdout]    |
[INFO] [stdout] 41 | fn parse_input(
[INFO] [stdout]    |    ^^^^^^^^^^^
[INFO] [stdout] 
[INFO] [stdout] 
[INFO] [stdout] warning: function `to_operation_part_1` is never used
[INFO] [stdout]   --> src/years/y2015/day06.rs:55:4
[INFO] [stdout]    |
[INFO] [stdout] 55 | fn to_operation_part_1(string: &str) -> Operation {
[INFO] [stdout]    |    ^^^^^^^^^^^^^^^^^^^
[INFO] [stdout] 
[INFO] [stdout] 
[INFO] [stdout] warning: function `to_operation_part_2` is never used
[INFO] [stdout]   --> src/years/y2015/day06.rs:64:4
[INFO] [stdout]    |
[INFO] [stdout] 64 | fn to_operation_part_2(string: &str) -> Operation {
[INFO] [stdout]    |    ^^^^^^^^^^^^^^^^^^^
[INFO] [stdout] 
[INFO] [stdout] 
[INFO] [stdout] warning: function `to_point` is never used
[INFO] [stdout]   --> src/years/y2015/day06.rs:73:4
[INFO] [stdout]    |
[INFO] [stdout] 73 | fn to_point(string: &str) -> Point {
[INFO] [stdout]    |    ^^^^^^^^
[INFO] [stdout] 
[INFO] [stdout] 
[INFO] [stdout] warning: struct `Runner` is never constructed
[INFO] [stdout]  --> src/util/runner.rs:1:12
[INFO] [stdout]   |
[INFO] [stdout] 1 | pub struct Runner {
[INFO] [stdout]   |            ^^^^^^
[INFO] [stdout] 
[INFO] [stdout] 
[INFO] [stderr]     Finished `dev` profile [unoptimized + debuginfo] target(s) in 16.06s
[INFO] running `Command { std: "docker" "inspect" "6d5b8006194ee902a3575f76ab85a00a4267173d8b7fff111e1e27d5764f09b8", kill_on_drop: false }`
[INFO] running `Command { std: "docker" "rm" "-f" "6d5b8006194ee902a3575f76ab85a00a4267173d8b7fff111e1e27d5764f09b8", kill_on_drop: false }`
[INFO] [stdout] 6d5b8006194ee902a3575f76ab85a00a4267173d8b7fff111e1e27d5764f09b8
[INFO] running `Command { std: "docker" "create" "-v" "/var/lib/crater-agent-workspace/builds/worker-6-tc1/target:/opt/rustwide/target:rw,Z" "-v" "/var/lib/crater-agent-workspace/builds/worker-6-tc1/source:/opt/rustwide/workdir:ro,Z" "-v" "/var/lib/crater-agent-workspace/cargo-home:/opt/rustwide/cargo-home:ro,Z" "-v" "/var/lib/crater-agent-workspace/rustup-home:/opt/rustwide/rustup-home:ro,Z" "-e" "SOURCE_DIR=/opt/rustwide/workdir" "-e" "CARGO_TARGET_DIR=/opt/rustwide/target" "-e" "CARGO_INCREMENTAL=0" "-e" "RUST_BACKTRACE=full" "-e" "RUSTFLAGS=--cap-lints=warn" "-e" "RUSTDOCFLAGS=--cap-lints=warn" "-e" "CARGO_HOME=/opt/rustwide/cargo-home" "-e" "RUSTUP_HOME=/opt/rustwide/rustup-home" "-w" "/opt/rustwide/workdir" "-m" "1610612736" "--user" "0:0" "--network" "none" "ghcr.io/rust-lang/crates-build-env/linux@sha256:f3a9d4ad9d972b27faf3965f35b62e55ba32bbce8f20bc8fe909558a86702fde" "/opt/rustwide/cargo-home/bin/cargo" "+1.83.0" "test" "--frozen" "--no-run" "--message-format=json", kill_on_drop: false }`
[INFO] [stdout] 74588f9053fc582997b72fdd311f8e1be544a7d643604cc5233a89a569e9fca8
[INFO] running `Command { std: "docker" "start" "-a" "74588f9053fc582997b72fdd311f8e1be544a7d643604cc5233a89a569e9fca8", kill_on_drop: false }`
[INFO] [stderr]    Compiling aoc-rust v0.1.0 (/opt/rustwide/workdir)
[INFO] [stdout] warning: unused imports: `count_sides` and `parse_input`
[INFO] [stdout]    --> src/years/y2024/day12.rs:219:38
[INFO] [stdout]     |
[INFO] [stdout] 219 |     use crate::years::y2024::day12::{count_sides, parse_input, part1, part2, perimeter_for_plot};
[INFO] [stdout]     |                                      ^^^^^^^^^^^  ^^^^^^^^^^^
[INFO] [stdout]     |
[INFO] [stdout]     = note: `#[warn(unused_imports)]` on by default
[INFO] [stdout] 
[INFO] [stdout] 
[INFO] [stdout] warning: unused variable: `input`
[INFO] [stdout]  --> src/years/y2024/day12.rs:7:9
[INFO] [stdout]   |
[INFO] [stdout] 7 |     let input = fs::read_to_string("./src/years/y2024/day12.txt").expect("File not found");
[INFO] [stdout]   |         ^^^^^ help: if this is intentional, prefix it with an underscore: `_input`
[INFO] [stdout]   |
[INFO] [stdout]   = note: `#[warn(unused_variables)]` on by default
[INFO] [stdout] 
[INFO] [stdout] 
[INFO] [stdout] warning: unused variable: `garden_map`
[INFO] [stdout]   --> src/years/y2024/day12.rs:30:19
[INFO] [stdout]    |
[INFO] [stdout] 30 |     let (regions, garden_map) = parse_input(input);
[INFO] [stdout]    |                   ^^^^^^^^^^ help: if this is intentional, prefix it with an underscore: `_garden_map`
[INFO] [stdout] 
[INFO] [stdout] 
[INFO] [stdout] warning: function `runner` is never used
[INFO] [stdout]  --> src/years/y2024/day12.rs:6:8
[INFO] [stdout]   |
[INFO] [stdout] 6 | pub fn runner(day: u8) -> Runner {
[INFO] [stdout]   |        ^^^^^^
[INFO] [stdout]   |
[INFO] [stdout]   = note: `#[warn(dead_code)]` on by default
[INFO] [stdout] 
[INFO] [stdout] 
[INFO] [stdout] warning: struct `Runner` is never constructed
[INFO] [stdout]  --> src/util/runner.rs:1:12
[INFO] [stdout]   |
[INFO] [stdout] 1 | pub struct Runner {
[INFO] [stdout]   |            ^^^^^^
[INFO] [stdout] 
[INFO] [stdout] 
[INFO] [stderr]     Finished `test` profile [unoptimized + debuginfo] target(s) in 2.78s
[INFO] running `Command { std: "docker" "inspect" "74588f9053fc582997b72fdd311f8e1be544a7d643604cc5233a89a569e9fca8", kill_on_drop: false }`
[INFO] running `Command { std: "docker" "rm" "-f" "74588f9053fc582997b72fdd311f8e1be544a7d643604cc5233a89a569e9fca8", kill_on_drop: false }`
[INFO] [stdout] 74588f9053fc582997b72fdd311f8e1be544a7d643604cc5233a89a569e9fca8
[INFO] running `Command { std: "docker" "create" "-v" "/var/lib/crater-agent-workspace/builds/worker-6-tc1/target:/opt/rustwide/target:rw,Z" "-v" "/var/lib/crater-agent-workspace/builds/worker-6-tc1/source:/opt/rustwide/workdir:ro,Z" "-v" "/var/lib/crater-agent-workspace/cargo-home:/opt/rustwide/cargo-home:ro,Z" "-v" "/var/lib/crater-agent-workspace/rustup-home:/opt/rustwide/rustup-home:ro,Z" "-e" "SOURCE_DIR=/opt/rustwide/workdir" "-e" "CARGO_TARGET_DIR=/opt/rustwide/target" "-e" "CARGO_INCREMENTAL=0" "-e" "RUST_BACKTRACE=full" "-e" "RUSTFLAGS=--cap-lints=warn" "-e" "RUSTDOCFLAGS=--cap-lints=warn" "-e" "CARGO_HOME=/opt/rustwide/cargo-home" "-e" "RUSTUP_HOME=/opt/rustwide/rustup-home" "-w" "/opt/rustwide/workdir" "-m" "1610612736" "--user" "0:0" "--network" "none" "ghcr.io/rust-lang/crates-build-env/linux@sha256:f3a9d4ad9d972b27faf3965f35b62e55ba32bbce8f20bc8fe909558a86702fde" "/opt/rustwide/cargo-home/bin/cargo" "+1.83.0" "test" "--frozen", kill_on_drop: false }`
[INFO] [stdout] c14947c7a18c6132f35ecfa434ad836ecbc5329502c5822edd027a87a369746e
[INFO] running `Command { std: "docker" "start" "-a" "c14947c7a18c6132f35ecfa434ad836ecbc5329502c5822edd027a87a369746e", kill_on_drop: false }`
[INFO] [stderr] warning: unused imports: `count_sides` and `parse_input`
[INFO] [stderr]    --> src/years/y2024/day12.rs:219:38
[INFO] [stderr]     |
[INFO] [stderr] 219 |     use crate::years::y2024::day12::{count_sides, parse_input, part1, part2, perimeter_for_plot};
[INFO] [stderr]     |                                      ^^^^^^^^^^^  ^^^^^^^^^^^
[INFO] [stderr]     |
[INFO] [stderr]     = note: `#[warn(unused_imports)]` on by default
[INFO] [stderr] 
[INFO] [stderr] warning: unused variable: `input`
[INFO] [stderr]  --> src/years/y2024/day12.rs:7:9
[INFO] [stderr]   |
[INFO] [stderr] 7 |     let input = fs::read_to_string("./src/years/y2024/day12.txt").expect("File not found");
[INFO] [stderr]   |         ^^^^^ help: if this is intentional, prefix it with an underscore: `_input`
[INFO] [stderr]   |
[INFO] [stderr]   = note: `#[warn(unused_variables)]` on by default
[INFO] [stderr] 
[INFO] [stderr] warning: unused variable: `garden_map`
[INFO] [stderr]   --> src/years/y2024/day12.rs:30:19
[INFO] [stderr]    |
[INFO] [stderr] 30 |     let (regions, garden_map) = parse_input(input);
[INFO] [stderr]    |                   ^^^^^^^^^^ help: if this is intentional, prefix it with an underscore: `_garden_map`
[INFO] [stderr] 
[INFO] [stderr] warning: function `runner` is never used
[INFO] [stderr]  --> src/years/y2024/day12.rs:6:8
[INFO] [stderr]   |
[INFO] [stderr] 6 | pub fn runner(day: u8) -> Runner {
[INFO] [stderr]   |        ^^^^^^
[INFO] [stderr]   |
[INFO] [stderr]   = note: `#[warn(dead_code)]` on by default
[INFO] [stderr] 
[INFO] [stderr] warning: struct `Runner` is never constructed
[INFO] [stderr]  --> src/util/runner.rs:1:12
[INFO] [stderr]   |
[INFO] [stderr] 1 | pub struct Runner {
[INFO] [stderr]   |            ^^^^^^
[INFO] [stderr] 
[INFO] [stderr] warning: `aoc-rust` (bin "aoc-rust" test) generated 5 warnings (run `cargo fix --bin "aoc-rust" --tests` to apply 1 suggestion)
[INFO] [stderr]     Finished `test` profile [unoptimized + debuginfo] target(s) in 0.02s
[INFO] [stderr]      Running unittests src/main.rs (/opt/rustwide/target/debug/deps/aoc_rust-ea609b840b068eac)
[INFO] [stdout] 
[INFO] [stdout] running 70 tests
[INFO] [stdout] test years::y2015::day01::tests::test_part_1 ... ok
[INFO] [stdout] test years::y2024::day01::tests::test_part_1 ... ok
[INFO] [stdout] test years::y2024::day01::tests::test_input_part_1 ... ok
[INFO] [stdout] test years::y2024::day02::tests::test_input_part_1 ... ok
[INFO] [stdout] test years::y2024::day01::tests::test_input_part_2 ... ok
[INFO] [stdout] test years::y2024::day02::tests::test_is_descending ... ok
[INFO] [stdout] test years::y2024::day02::tests::test_is_tight ... ok
[INFO] [stdout] test years::y2015::day02::tests::test_part_2 ... ok
[INFO] [stdout] test years::y2024::day02::tests::test_is_ascending ... ok
[INFO] [stdout] test years::y2015::day02::tests::test_part_1 ... ok
[INFO] [stdout] test years::y2024::day02::tests::test_input_part_2 ... ok
[INFO] [stdout] test years::y2024::day02::tests::test_part_1 ... ok
[INFO] [stdout] test years::y2024::day02::tests::test_part_2 ... ok
[INFO] [stdout] test years::y2015::day03::tests::test_part_1 ... ok
[INFO] [stdout] test years::y2024::day04::tests::test_input_part_2 ... ok
[INFO] [stdout] test years::y2024::day03::tests::test_input_part_2 ... ok
[INFO] [stdout] test years::y2015::day03::tests::test_part_2 ... ok
[INFO] [stdout] test years::y2024::day05::tests::test_input_part_1 ... ok
[INFO] [stdout] test years::y2024::day03::tests::test_input_part_1 ... ok
[INFO] [stdout] test years::y2015::day01::tests::test_part_2 ... FAILED
[INFO] [stdout] test years::y2024::day06::tests::test_input_part_1 ... ok
[INFO] [stdout] test years::y2024::day06::tests::test_input_part_2 ... ok
[INFO] [stdout] test years::y2024::day05::tests::test_input_part_2 ... ok
[INFO] [stdout] test years::y2024::day04::tests::test_input_part_1 ... ok
[INFO] [stdout] test years::y2024::day07::tests::test_input_part_1 ... ok
[INFO] [stdout] test years::y2024::day04::tests::test_part_2 ... ok
[INFO] [stdout] test years::y2024::day07::tests::test_input_part_2 ... ok
[INFO] [stdout] test years::y2024::day08::tests::test_input_part_1 ... ok
[INFO] [stdout] test years::y2024::day08::tests::test_input_part_2 ... ok
[INFO] [stdout] test years::y2024::day07::tests::test_part_1 ... ok
[INFO] [stdout] test years::y2024::day07::tests::test_part_2 ... ok
[INFO] [stdout] test years::y2024::day05::tests::test_part_1 ... ok
[INFO] [stdout] test years::y2024::day08::tests::test_part_1 ... ok
[INFO] [stdout] test years::y2024::day08::tests::test_part_2 ... ok
[INFO] [stdout] test years::y2024::day09::tests::test_input_part_2 ... ok
[INFO] [stdout] test years::y2024::day10::tests::test_input_part_1 ... ok
[INFO] [stdout] test years::y2024::day09::tests::test_input_part_1 ... ok
[INFO] [stdout] test years::y2024::day05::tests::test_part_2 ... ok
[INFO] [stdout] test years::y2024::day10::tests::test_input_part_2 ... ok
[INFO] [stdout] test years::y2024::day11::tests::test_input_part_1 ... ok
[INFO] [stdout] test years::y2024::day10::tests::test_part_2 ... ok
[INFO] [stdout] test years::y2024::day11::tests::test_part_1 ... ok
[INFO] [stdout] test years::y2024::day10::tests::test_part_1 ... ok
[INFO] [stdout] test years::y2024::day12::tests::test_case_2_part_2 ... ok
[INFO] [stdout] test years::y2024::day12::tests::test_input_part_1 ... ok
[INFO] [stdout] test years::y2024::day12::tests::test_case_3_part_2 ... ok
[INFO] [stdout] test years::y2024::day04::tests::test_part_1 ... ok
[INFO] [stdout] test years::y2024::day06::tests::test_part_1 ... ok
[INFO] [stdout] test years::y2024::day12::tests::test_input_part_2 ... ok
[INFO] [stdout] test years::y2024::day12::tests::test_perimeter_for_plot ... ok
[INFO] [stdout] test years::y2024::day13::tests::test_case_2 ... ok
[INFO] [stdout] test years::y2024::day13::tests::test_case_1 ... ok
[INFO] [stdout] test years::y2024::day13::tests::test_case_4 ... ok
[INFO] [stdout] test years::y2024::day09::tests::test_part_1 ... ok
[INFO] [stdout] test years::y2024::day13::tests::test_case_3 ... ok
[INFO] [stdout] test years::y2024::day12::tests::test_part_1 ... ok
[INFO] [stdout] test years::y2024::day11::tests::test_part_2 ... ok
[INFO] [stdout] test years::y2024::day12::tests::test_part_2 ... ok
[INFO] [stdout] test years::y2024::day03::tests::test_part_2 ... ok
[INFO] [stdout] test years::y2015::day04::tests::test_part_1 ... ok
[INFO] [stdout] test years::y2015::day05::tests::test_input_part_2 ... ok
[INFO] [stdout] test years::y2015::day05::tests::test_input_part_1 ... ok
[INFO] [stdout] test years::y2024::day13::tests::test_part2 ... ok
[INFO] [stdout] test years::y2015::day06::tests::test_input_part_2 ... ok
[INFO] [stdout] test years::y2024::day03::tests::test_part_1 ... ok
[INFO] [stdout] test years::y2024::day13::tests::test_part1 ... ok
[INFO] [stdout] test years::y2015::day06::tests::test_input_part_1 ... ok
[INFO] [stdout] test years::y2015::day04::tests::test_part_2 ... ok
[INFO] [stdout] test years::y2024::day06::tests::test_part_2 ... ok
[INFO] [stdout] test years::y2024::day09::tests::test_part_2 ... ok
[INFO] [stdout] 
[INFO] [stdout] failures:
[INFO] [stdout] 
[INFO] [stdout] ---- years::y2015::day01::tests::test_part_2 stdout ----
[INFO] [stdout] thread 'years::y2015::day01::tests::test_part_2' panicked at src/years/y2015/day01.rs:42:9:
[INFO] [stdout] assertion `left == right` failed
[INFO] [stdout]   left: 1796
[INFO] [stdout]  right: 1797
[INFO] [stdout] stack backtrace:
[INFO] [stdout]    0:     0x5a2af271f04a - std::backtrace_rs::backtrace::libunwind::trace::h5a5b8284f2d0c266
[INFO] [stdout]                                at /rustc/90b35a6239c3d8bdabc530a6a0816f7ff89a0aaf/library/std/src/../../backtrace/src/backtrace/libunwind.rs:116:5
[INFO] [stdout]    1:     0x5a2af271f04a - std::backtrace_rs::backtrace::trace_unsynchronized::h76d4f1c9b0b875e3
[INFO] [stdout]                                at /rustc/90b35a6239c3d8bdabc530a6a0816f7ff89a0aaf/library/std/src/../../backtrace/src/backtrace/mod.rs:66:5
[INFO] [stdout]    2:     0x5a2af271f04a - std::sys::backtrace::_print_fmt::hc4546b8364a537c6
[INFO] [stdout]                                at /rustc/90b35a6239c3d8bdabc530a6a0816f7ff89a0aaf/library/std/src/sys/backtrace.rs:66:9
[INFO] [stdout]    3:     0x5a2af271f04a - <std::sys::backtrace::BacktraceLock::print::DisplayBacktrace as core::fmt::Display>::fmt::h5b6bd5631a6d1f6b
[INFO] [stdout]                                at /rustc/90b35a6239c3d8bdabc530a6a0816f7ff89a0aaf/library/std/src/sys/backtrace.rs:39:26
[INFO] [stdout]    4:     0x5a2af2744a53 - core::fmt::rt::Argument::fmt::h270f6602a2b96f62
[INFO] [stdout]                                at /rustc/90b35a6239c3d8bdabc530a6a0816f7ff89a0aaf/library/core/src/fmt/rt.rs:177:76
[INFO] [stdout]    5:     0x5a2af2744a53 - core::fmt::write::h7550c97b06c86515
[INFO] [stdout]                                at /rustc/90b35a6239c3d8bdabc530a6a0816f7ff89a0aaf/library/core/src/fmt/mod.rs:1186:21
[INFO] [stdout]    6:     0x5a2af271c043 - std::io::Write::write_fmt::h509ff860e5956e5e
[INFO] [stdout]                                at /rustc/90b35a6239c3d8bdabc530a6a0816f7ff89a0aaf/library/std/src/io/mod.rs:1839:15
[INFO] [stdout]    7:     0x5a2af271ee92 - std::sys::backtrace::BacktraceLock::print::h2395ccd2c84ba3aa
[INFO] [stdout]                                at /rustc/90b35a6239c3d8bdabc530a6a0816f7ff89a0aaf/library/std/src/sys/backtrace.rs:42:9
[INFO] [stdout]    8:     0x5a2af27204aa - std::panicking::default_hook::{{closure}}::he19d4c7230e07961
[INFO] [stdout]                                at /rustc/90b35a6239c3d8bdabc530a6a0816f7ff89a0aaf/library/std/src/panicking.rs:268:22
[INFO] [stdout]    9:     0x5a2af27202b4 - std::panicking::default_hook::hf614597d3c67bbdb
[INFO] [stdout]                                at /rustc/90b35a6239c3d8bdabc530a6a0816f7ff89a0aaf/library/std/src/panicking.rs:292:9
[INFO] [stdout]   10:     0x5a2af237c889 - <alloc::boxed::Box<F,A> as core::ops::function::Fn<Args>>::call::h39b51ce4599c23d1
[INFO] [stdout]                                at /rustc/90b35a6239c3d8bdabc530a6a0816f7ff89a0aaf/library/alloc/src/boxed.rs:2468:9
[INFO] [stdout]   11:     0x5a2af237c889 - test::test_main::{{closure}}::he977ae839a582784
[INFO] [stdout]                                at /rustc/90b35a6239c3d8bdabc530a6a0816f7ff89a0aaf/library/test/src/lib.rs:133:21
[INFO] [stdout]   12:     0x5a2af2720b48 - <alloc::boxed::Box<F,A> as core::ops::function::Fn<Args>>::call::h9455091b6b06f9fb
[INFO] [stdout]                                at /rustc/90b35a6239c3d8bdabc530a6a0816f7ff89a0aaf/library/alloc/src/boxed.rs:2468:9
[INFO] [stdout]   13:     0x5a2af2720b48 - std::panicking::rust_panic_with_hook::h8942133a8b252070
[INFO] [stdout]                                at /rustc/90b35a6239c3d8bdabc530a6a0816f7ff89a0aaf/library/std/src/panicking.rs:809:13
[INFO] [stdout]   14:     0x5a2af272090a - std::panicking::begin_panic_handler::{{closure}}::hb5f5963570096b29
[INFO] [stdout]                                at /rustc/90b35a6239c3d8bdabc530a6a0816f7ff89a0aaf/library/std/src/panicking.rs:674:13
[INFO] [stdout]   15:     0x5a2af271f529 - std::sys::backtrace::__rust_end_short_backtrace::h6208cedc1922feda
[INFO] [stdout]                                at /rustc/90b35a6239c3d8bdabc530a6a0816f7ff89a0aaf/library/std/src/sys/backtrace.rs:170:18
[INFO] [stdout]   16:     0x5a2af272059c - rust_begin_unwind
[INFO] [stdout]                                at /rustc/90b35a6239c3d8bdabc530a6a0816f7ff89a0aaf/library/std/src/panicking.rs:665:5
[INFO] [stdout]   17:     0x5a2af22e3130 - core::panicking::panic_fmt::h0c3082644d1bf418
[INFO] [stdout]                                at /rustc/90b35a6239c3d8bdabc530a6a0816f7ff89a0aaf/library/core/src/panicking.rs:74:14
[INFO] [stdout]   18:     0x5a2af22e3534 - core::panicking::assert_failed_inner::h2ddf1fcc067fa858
[INFO] [stdout]   19:     0x5a2af26a6646 - core::panicking::assert_failed::h06ce8479b651b067
[INFO] [stdout]                                at /rustc/90b35a6239c3d8bdabc530a6a0816f7ff89a0aaf/library/core/src/panicking.rs:367:5
[INFO] [stdout]   20:     0x5a2af23195ba - aoc_rust::years::y2015::day01::tests::test_part_2::h435ed176a321e072
[INFO] [stdout]                                at /opt/rustwide/workdir/src/years/y2015/day01.rs:42:9
[INFO] [stdout]   21:     0x5a2af2319417 - aoc_rust::years::y2015::day01::tests::test_part_2::{{closure}}::hbc6eb4c2b15e41da
[INFO] [stdout]                                at /opt/rustwide/workdir/src/years/y2015/day01.rs:40:21
[INFO] [stdout]   22:     0x5a2af23350d6 - core::ops::function::FnOnce::call_once::hd720c96d299502e3
[INFO] [stdout]                                at /rustc/90b35a6239c3d8bdabc530a6a0816f7ff89a0aaf/library/core/src/ops/function.rs:250:5
[INFO] [stdout]   23:     0x5a2af238124b - core::ops::function::FnOnce::call_once::h109cf8051a59b34e
[INFO] [stdout]                                at /rustc/90b35a6239c3d8bdabc530a6a0816f7ff89a0aaf/library/core/src/ops/function.rs:250:5
[INFO] [stdout]   24:     0x5a2af238124b - test::__rust_begin_short_backtrace::hf4fff89d377446ba
[INFO] [stdout]                                at /rustc/90b35a6239c3d8bdabc530a6a0816f7ff89a0aaf/library/test/src/lib.rs:621:18
[INFO] [stdout]   25:     0x5a2af2380a87 - test::run_test_in_process::{{closure}}::h0e39181dd7ee5a43
[INFO] [stdout]                                at /rustc/90b35a6239c3d8bdabc530a6a0816f7ff89a0aaf/library/test/src/lib.rs:644:60
[INFO] [stdout]   26:     0x5a2af2380a87 - <core::panic::unwind_safe::AssertUnwindSafe<F> as core::ops::function::FnOnce<()>>::call_once::hc5a66a30f0bdfd1f
[INFO] [stdout]                                at /rustc/90b35a6239c3d8bdabc530a6a0816f7ff89a0aaf/library/core/src/panic/unwind_safe.rs:272:9
[INFO] [stdout]   27:     0x5a2af2380a87 - std::panicking::try::do_call::h873b7cf639554a5e
[INFO] [stdout]                                at /rustc/90b35a6239c3d8bdabc530a6a0816f7ff89a0aaf/library/std/src/panicking.rs:557:40
[INFO] [stdout]   28:     0x5a2af2380a87 - std::panicking::try::hdb19862fad9c8bd1
[INFO] [stdout]                                at /rustc/90b35a6239c3d8bdabc530a6a0816f7ff89a0aaf/library/std/src/panicking.rs:520:19
[INFO] [stdout]   29:     0x5a2af2380a87 - std::panic::catch_unwind::h281fe732d236d260
[INFO] [stdout]                                at /rustc/90b35a6239c3d8bdabc530a6a0816f7ff89a0aaf/library/std/src/panic.rs:358:14
[INFO] [stdout]   30:     0x5a2af2380a87 - test::run_test_in_process::h949b6df8457ed338
[INFO] [stdout]                                at /rustc/90b35a6239c3d8bdabc530a6a0816f7ff89a0aaf/library/test/src/lib.rs:644:27
[INFO] [stdout]   31:     0x5a2af2380a87 - test::run_test::{{closure}}::h52c556a6d4740e10
[INFO] [stdout]                                at /rustc/90b35a6239c3d8bdabc530a6a0816f7ff89a0aaf/library/test/src/lib.rs:565:43
[INFO] [stdout]   32:     0x5a2af2345d64 - test::run_test::{{closure}}::h4237f6381c45ccb9
[INFO] [stdout]                                at /rustc/90b35a6239c3d8bdabc530a6a0816f7ff89a0aaf/library/test/src/lib.rs:595:41
[INFO] [stdout]   33:     0x5a2af2345d64 - std::sys::backtrace::__rust_begin_short_backtrace::h505c97a579eca628
[INFO] [stdout]                                at /rustc/90b35a6239c3d8bdabc530a6a0816f7ff89a0aaf/library/std/src/sys/backtrace.rs:154:18
[INFO] [stdout]   34:     0x5a2af234942e - std::thread::Builder::spawn_unchecked_::{{closure}}::{{closure}}::h9e86b2e2bc107ea3
[INFO] [stdout]                                at /rustc/90b35a6239c3d8bdabc530a6a0816f7ff89a0aaf/library/std/src/thread/mod.rs:538:17
[INFO] [stdout]   35:     0x5a2af234942e - <core::panic::unwind_safe::AssertUnwindSafe<F> as core::ops::function::FnOnce<()>>::call_once::h8b06ddb275ff4a25
[INFO] [stdout]                                at /rustc/90b35a6239c3d8bdabc530a6a0816f7ff89a0aaf/library/core/src/panic/unwind_safe.rs:272:9
[INFO] [stdout]   36:     0x5a2af234942e - std::panicking::try::do_call::hb26ecd7cd9a9355d
[INFO] [stdout]                                at /rustc/90b35a6239c3d8bdabc530a6a0816f7ff89a0aaf/library/std/src/panicking.rs:557:40
[INFO] [stdout]   37:     0x5a2af234942e - std::panicking::try::h8ddeca9d705f9069
[INFO] [stdout]                                at /rustc/90b35a6239c3d8bdabc530a6a0816f7ff89a0aaf/library/std/src/panicking.rs:520:19
[INFO] [stdout]   38:     0x5a2af234942e - std::panic::catch_unwind::h49e1c33078844c46
[INFO] [stdout]                                at /rustc/90b35a6239c3d8bdabc530a6a0816f7ff89a0aaf/library/std/src/panic.rs:358:14
[INFO] [stdout]   39:     0x5a2af234942e - std::thread::Builder::spawn_unchecked_::{{closure}}::h6073db6ff56ad35d
[INFO] [stdout]                                at /rustc/90b35a6239c3d8bdabc530a6a0816f7ff89a0aaf/library/std/src/thread/mod.rs:537:30
[INFO] [stdout]   40:     0x5a2af234942e - core::ops::function::FnOnce::call_once{{vtable.shim}}::h2c5a5f3779c774f1
[INFO] [stdout]                                at /rustc/90b35a6239c3d8bdabc530a6a0816f7ff89a0aaf/library/core/src/ops/function.rs:250:5
[INFO] [stdout]   41:     0x5a2af272489b - <alloc::boxed::Box<F,A> as core::ops::function::FnOnce<Args>>::call_once::hf75717d9f28faebf
[INFO] [stdout]                                at /rustc/90b35a6239c3d8bdabc530a6a0816f7ff89a0aaf/library/alloc/src/boxed.rs:2454:9
[INFO] [stdout]   42:     0x5a2af272489b - <alloc::boxed::Box<F,A> as core::ops::function::FnOnce<Args>>::call_once::h7bd883a5f3c5f3c1
[INFO] [stdout]                                at /rustc/90b35a6239c3d8bdabc530a6a0816f7ff89a0aaf/library/alloc/src/boxed.rs:2454:9
[INFO] [stdout]   43:     0x5a2af272489b - std::sys::pal::unix::thread::Thread::new::thread_start::hcc78f3943333fa94
[INFO] [stdout]                                at /rustc/90b35a6239c3d8bdabc530a6a0816f7ff89a0aaf/library/std/src/sys/pal/unix/thread.rs:105:17
[INFO] [stdout]   44:     0x798523fbfac3 - <unknown>
[INFO] [stdout]   45:     0x798524050a04 - clone
[INFO] [stdout]   46:                0x0 - <unknown>
[INFO] [stdout] 
[INFO] [stdout] 
[INFO] [stdout] failures:
[INFO] [stdout]     years::y2015::day01::tests::test_part_2
[INFO] [stdout] 
[INFO] [stdout] test result: FAILED. 69 passed; 1 failed; 0 ignored; 0 measured; 0 filtered out; finished in 19.76s
[INFO] [stdout] 
[INFO] [stderr] error: test failed, to rerun pass `--bin aoc-rust`
[INFO] running `Command { std: "docker" "inspect" "c14947c7a18c6132f35ecfa434ad836ecbc5329502c5822edd027a87a369746e", kill_on_drop: false }`
[INFO] running `Command { std: "docker" "rm" "-f" "c14947c7a18c6132f35ecfa434ad836ecbc5329502c5822edd027a87a369746e", kill_on_drop: false }`
[INFO] [stdout] c14947c7a18c6132f35ecfa434ad836ecbc5329502c5822edd027a87a369746e
