[INFO] cloning repository https://github.com/stephank/diridp
[INFO] running `Command { std: "git" "-c" "credential.helper=" "-c" "credential.helper=/workspace/cargo-home/bin/git-credential-null" "clone" "--bare" "https://github.com/stephank/diridp" "/workspace/cache/git-repos/https%3A%2F%2Fgithub.com%2Fstephank%2Fdiridp", kill_on_drop: false }`
[INFO] [stderr] Cloning into bare repository '/workspace/cache/git-repos/https%3A%2F%2Fgithub.com%2Fstephank%2Fdiridp'...
[INFO] running `Command { std: "git" "rev-parse" "HEAD", kill_on_drop: false }`
[INFO] [stdout] daac83fc99aafed769aec74d8aead52aa593f8d9
[INFO] testing stephank/diridp against beta-2024-12-08 for beta-1.84.0-4-retry
[INFO] running `Command { std: "git" "clone" "/workspace/cache/git-repos/https%3A%2F%2Fgithub.com%2Fstephank%2Fdiridp" "/workspace/builds/worker-6-tc2/source", kill_on_drop: false }`
[INFO] [stderr] Cloning into '/workspace/builds/worker-6-tc2/source'...
[INFO] [stderr] done.
[INFO] validating manifest of git repo https://github.com/stephank/diridp on toolchain beta-2024-12-08
[INFO] running `Command { std: CARGO_HOME="/workspace/cargo-home" RUSTUP_HOME="/workspace/rustup-home" "/workspace/cargo-home/bin/cargo" "+beta-2024-12-08" "metadata" "--manifest-path" "Cargo.toml" "--no-deps", kill_on_drop: false }`
[INFO] started tweaking git repo https://github.com/stephank/diridp
[INFO] finished tweaking git repo https://github.com/stephank/diridp
[INFO] tweaked toml for git repo https://github.com/stephank/diridp written to /workspace/builds/worker-6-tc2/source/Cargo.toml
[INFO] crate git repo https://github.com/stephank/diridp already has a lockfile, it will not be regenerated
[INFO] running `Command { std: CARGO_HOME="/workspace/cargo-home" RUSTUP_HOME="/workspace/rustup-home" "/workspace/cargo-home/bin/cargo" "+beta-2024-12-08" "fetch" "--manifest-path" "Cargo.toml", kill_on_drop: false }`
[INFO] running `Command { std: "docker" "create" "-v" "/var/lib/crater-agent-workspace/builds/worker-6-tc2/target:/opt/rustwide/target:rw,Z" "-v" "/var/lib/crater-agent-workspace/builds/worker-6-tc2/source:/opt/rustwide/workdir:ro,Z" "-v" "/var/lib/crater-agent-workspace/cargo-home:/opt/rustwide/cargo-home:ro,Z" "-v" "/var/lib/crater-agent-workspace/rustup-home:/opt/rustwide/rustup-home:ro,Z" "-e" "SOURCE_DIR=/opt/rustwide/workdir" "-e" "CARGO_TARGET_DIR=/opt/rustwide/target" "-e" "CARGO_HOME=/opt/rustwide/cargo-home" "-e" "RUSTUP_HOME=/opt/rustwide/rustup-home" "-w" "/opt/rustwide/workdir" "-m" "1610612736" "--user" "0:0" "--network" "none" "ghcr.io/rust-lang/crates-build-env/linux@sha256:f3a9d4ad9d972b27faf3965f35b62e55ba32bbce8f20bc8fe909558a86702fde" "/opt/rustwide/cargo-home/bin/cargo" "+beta-2024-12-08" "metadata" "--no-deps" "--format-version=1", kill_on_drop: false }`
[INFO] [stdout] 520523233cd3f9f72b03dc53d4a8b8cdf5b675f6352b91e47b450228d9bb9b3d
[INFO] running `Command { std: "docker" "start" "-a" "520523233cd3f9f72b03dc53d4a8b8cdf5b675f6352b91e47b450228d9bb9b3d", kill_on_drop: false }`
[INFO] running `Command { std: "docker" "inspect" "520523233cd3f9f72b03dc53d4a8b8cdf5b675f6352b91e47b450228d9bb9b3d", kill_on_drop: false }`
[INFO] running `Command { std: "docker" "rm" "-f" "520523233cd3f9f72b03dc53d4a8b8cdf5b675f6352b91e47b450228d9bb9b3d", kill_on_drop: false }`
[INFO] [stdout] 520523233cd3f9f72b03dc53d4a8b8cdf5b675f6352b91e47b450228d9bb9b3d
[INFO] running `Command { std: "docker" "create" "-v" "/var/lib/crater-agent-workspace/builds/worker-6-tc2/target:/opt/rustwide/target:rw,Z" "-v" "/var/lib/crater-agent-workspace/builds/worker-6-tc2/source:/opt/rustwide/workdir:ro,Z" "-v" "/var/lib/crater-agent-workspace/cargo-home:/opt/rustwide/cargo-home:ro,Z" "-v" "/var/lib/crater-agent-workspace/rustup-home:/opt/rustwide/rustup-home:ro,Z" "-e" "SOURCE_DIR=/opt/rustwide/workdir" "-e" "CARGO_TARGET_DIR=/opt/rustwide/target" "-e" "CARGO_INCREMENTAL=0" "-e" "RUST_BACKTRACE=full" "-e" "RUSTFLAGS=--cap-lints=warn" "-e" "RUSTDOCFLAGS=--cap-lints=warn" "-e" "CARGO_HOME=/opt/rustwide/cargo-home" "-e" "RUSTUP_HOME=/opt/rustwide/rustup-home" "-w" "/opt/rustwide/workdir" "-m" "1610612736" "--user" "0:0" "--network" "none" "ghcr.io/rust-lang/crates-build-env/linux@sha256:f3a9d4ad9d972b27faf3965f35b62e55ba32bbce8f20bc8fe909558a86702fde" "/opt/rustwide/cargo-home/bin/cargo" "+beta-2024-12-08" "build" "--frozen" "--message-format=json", kill_on_drop: false }`
[INFO] [stdout] 80ec5921bd63b824e78209f515456eff5a8bd3f2c7d0c36cea19e5038c23de83
[INFO] running `Command { std: "docker" "start" "-a" "80ec5921bd63b824e78209f515456eff5a8bd3f2c7d0c36cea19e5038c23de83", kill_on_drop: false }`
[INFO] [stderr]    Compiling version_check v0.9.4
[INFO] [stderr]    Compiling libc v0.2.136
[INFO] [stderr]    Compiling autocfg v1.1.0
[INFO] [stderr]    Compiling cfg-if v1.0.0
[INFO] [stderr]    Compiling proc-macro2 v1.0.47
[INFO] [stderr]    Compiling quote v1.0.21
[INFO] [stderr]    Compiling unicode-ident v1.0.5
[INFO] [stderr]    Compiling syn v1.0.103
[INFO] [stderr]    Compiling typenum v1.15.0
[INFO] [stderr]    Compiling const-oid v0.9.0
[INFO] [stderr]    Compiling libm v0.2.5
[INFO] [stderr]    Compiling generic-array v0.14.6
[INFO] [stderr]    Compiling num-traits v0.2.15
[INFO] [stderr]    Compiling base64ct v1.5.3
[INFO] [stderr]    Compiling zeroize v1.5.7
[INFO] [stderr]    Compiling num-integer v0.1.45
[INFO] [stderr]    Compiling proc-macro-error-attr v1.0.4
[INFO] [stderr]    Compiling pem-rfc7468 v0.6.0
[INFO] [stderr]    Compiling serde_derive v1.0.147
[INFO] [stderr]    Compiling der v0.6.0
[INFO] [stderr]    Compiling num-iter v0.1.43
[INFO] [stderr]    Compiling getrandom v0.2.8
[INFO] [stderr]    Compiling proc-macro-error v1.0.4
[INFO] [stderr]    Compiling log v0.4.17
[INFO] [stderr]    Compiling rand_core v0.6.4
[INFO] [stderr]    Compiling ppv-lite86 v0.2.16
[INFO] [stderr]    Compiling serde v1.0.147
[INFO] [stderr]    Compiling crossbeam-utils v0.8.12
[INFO] [stderr]    Compiling spin v0.5.2
[INFO] [stderr]    Compiling rand_chacha v0.3.1
[INFO] [stderr]    Compiling indexmap v1.9.1
[INFO] [stderr]    Compiling num-bigint-dig v0.8.1
[INFO] [stderr]    Compiling bitflags v1.3.2
[INFO] [stderr]    Compiling block-buffer v0.10.3
[INFO] [stderr]    Compiling crypto-common v0.1.6
[INFO] [stderr]    Compiling digest v0.10.5
[INFO] [stderr]    Compiling cc v1.0.73
[INFO] [stderr]    Compiling spki v0.6.0
[INFO] [stderr]    Compiling rand v0.8.5
[INFO] [stderr]    Compiling lazy_static v1.4.0
[INFO] [stderr]    Compiling pkcs8 v0.9.0
[INFO] [stderr]    Compiling inotify-sys v0.1.5
[INFO] [stderr]    Compiling serde_json v1.0.87
[INFO] [stderr]    Compiling once_cell v1.15.0
[INFO] [stderr]    Compiling hashbrown v0.12.3
[INFO] [stderr]    Compiling ryu v1.0.11
[INFO] [stderr]    Compiling byteorder v1.4.3
[INFO] [stderr]    Compiling same-file v1.0.6
[INFO] [stderr]    Compiling smallvec v1.10.0
[INFO] [stderr]    Compiling ring v0.16.20
[INFO] [stderr]    Compiling itoa v1.0.4
[INFO] [stderr]    Compiling os_str_bytes v6.3.0
[INFO] [stderr]    Compiling heck v0.4.0
[INFO] [stderr]    Compiling anyhow v1.0.66
[INFO] [stderr]    Compiling walkdir v2.3.2
[INFO] [stderr]    Compiling clap_lex v0.3.0
[INFO] [stderr]    Compiling crossbeam-channel v0.5.6
[INFO] [stderr]    Compiling inotify v0.9.6
[INFO] [stderr]    Compiling pkcs1 v0.4.1
[INFO] [stderr]    Compiling mio v0.8.5
[INFO] [stderr]    Compiling signature v1.6.4
[INFO] [stderr]    Compiling atty v0.2.14
[INFO] [stderr]    Compiling filetime v0.2.18
[INFO] [stderr]    Compiling strsim v0.10.0
[INFO] [stderr]    Compiling cpufeatures v0.2.5
[INFO] [stderr]    Compiling subtle v2.4.1
[INFO] [stderr]    Compiling unsafe-libyaml v0.2.4
[INFO] [stderr]    Compiling termcolor v1.1.3
[INFO] [stderr]    Compiling untrusted v0.7.1
[INFO] [stderr]    Compiling notify v5.0.0
[INFO] [stderr]    Compiling sha2 v0.10.6
[INFO] [stderr]    Compiling rsa v0.7.0
[INFO] [stderr]    Compiling clap_derive v4.0.18
[INFO] [stderr]    Compiling clap v4.0.18
[INFO] [stderr]    Compiling serde_yaml v0.9.14
[INFO] [stderr]    Compiling diridp v0.2.0 (/opt/rustwide/workdir)
[INFO] [stderr]     Finished `dev` profile [unoptimized + debuginfo] target(s) in 52.70s
[INFO] running `Command { std: "docker" "inspect" "80ec5921bd63b824e78209f515456eff5a8bd3f2c7d0c36cea19e5038c23de83", kill_on_drop: false }`
[INFO] running `Command { std: "docker" "rm" "-f" "80ec5921bd63b824e78209f515456eff5a8bd3f2c7d0c36cea19e5038c23de83", kill_on_drop: false }`
[INFO] [stdout] 80ec5921bd63b824e78209f515456eff5a8bd3f2c7d0c36cea19e5038c23de83
[INFO] running `Command { std: "docker" "create" "-v" "/var/lib/crater-agent-workspace/builds/worker-6-tc2/target:/opt/rustwide/target:rw,Z" "-v" "/var/lib/crater-agent-workspace/builds/worker-6-tc2/source:/opt/rustwide/workdir:ro,Z" "-v" "/var/lib/crater-agent-workspace/cargo-home:/opt/rustwide/cargo-home:ro,Z" "-v" "/var/lib/crater-agent-workspace/rustup-home:/opt/rustwide/rustup-home:ro,Z" "-e" "SOURCE_DIR=/opt/rustwide/workdir" "-e" "CARGO_TARGET_DIR=/opt/rustwide/target" "-e" "CARGO_INCREMENTAL=0" "-e" "RUST_BACKTRACE=full" "-e" "RUSTFLAGS=--cap-lints=warn" "-e" "RUSTDOCFLAGS=--cap-lints=warn" "-e" "CARGO_HOME=/opt/rustwide/cargo-home" "-e" "RUSTUP_HOME=/opt/rustwide/rustup-home" "-w" "/opt/rustwide/workdir" "-m" "1610612736" "--user" "0:0" "--network" "none" "ghcr.io/rust-lang/crates-build-env/linux@sha256:f3a9d4ad9d972b27faf3965f35b62e55ba32bbce8f20bc8fe909558a86702fde" "/opt/rustwide/cargo-home/bin/cargo" "+beta-2024-12-08" "test" "--frozen" "--no-run" "--message-format=json", kill_on_drop: false }`
[INFO] [stdout] 106a712022affd429a6b2e43b93000e89b7142528ceb51f09d228ca5913db0c4
[INFO] running `Command { std: "docker" "start" "-a" "106a712022affd429a6b2e43b93000e89b7142528ceb51f09d228ca5913db0c4", kill_on_drop: false }`
[INFO] [stderr]    Compiling remove_dir_all v0.5.3
[INFO] [stderr]    Compiling fastrand v1.8.0
[INFO] [stderr]    Compiling tempfile v3.3.0
[INFO] [stderr]    Compiling diridp v0.2.0 (/opt/rustwide/workdir)
[INFO] [stderr]     Finished `test` profile [unoptimized + debuginfo] target(s) in 5.35s
[INFO] running `Command { std: "docker" "inspect" "106a712022affd429a6b2e43b93000e89b7142528ceb51f09d228ca5913db0c4", kill_on_drop: false }`
[INFO] running `Command { std: "docker" "rm" "-f" "106a712022affd429a6b2e43b93000e89b7142528ceb51f09d228ca5913db0c4", kill_on_drop: false }`
[INFO] [stdout] 106a712022affd429a6b2e43b93000e89b7142528ceb51f09d228ca5913db0c4
[INFO] running `Command { std: "docker" "create" "-v" "/var/lib/crater-agent-workspace/builds/worker-6-tc2/target:/opt/rustwide/target:rw,Z" "-v" "/var/lib/crater-agent-workspace/builds/worker-6-tc2/source:/opt/rustwide/workdir:ro,Z" "-v" "/var/lib/crater-agent-workspace/cargo-home:/opt/rustwide/cargo-home:ro,Z" "-v" "/var/lib/crater-agent-workspace/rustup-home:/opt/rustwide/rustup-home:ro,Z" "-e" "SOURCE_DIR=/opt/rustwide/workdir" "-e" "CARGO_TARGET_DIR=/opt/rustwide/target" "-e" "CARGO_INCREMENTAL=0" "-e" "RUST_BACKTRACE=full" "-e" "RUSTFLAGS=--cap-lints=warn" "-e" "RUSTDOCFLAGS=--cap-lints=warn" "-e" "CARGO_HOME=/opt/rustwide/cargo-home" "-e" "RUSTUP_HOME=/opt/rustwide/rustup-home" "-w" "/opt/rustwide/workdir" "-m" "1610612736" "--user" "0:0" "--network" "none" "ghcr.io/rust-lang/crates-build-env/linux@sha256:f3a9d4ad9d972b27faf3965f35b62e55ba32bbce8f20bc8fe909558a86702fde" "/opt/rustwide/cargo-home/bin/cargo" "+beta-2024-12-08" "test" "--frozen", kill_on_drop: false }`
[INFO] [stdout] c9fdc51b9799b67a8da1d312f5954b56620d0e2885d2e7c0a3685596b6a9e37a
[INFO] running `Command { std: "docker" "start" "-a" "c9fdc51b9799b67a8da1d312f5954b56620d0e2885d2e7c0a3685596b6a9e37a", kill_on_drop: false }`
[INFO] [stderr]     Finished `test` profile [unoptimized + debuginfo] target(s) in 0.12s
[INFO] [stderr]      Running unittests src/main.rs (/opt/rustwide/target/debug/deps/diridp-3906cb3f9750403e)
[INFO] [stdout] 
[INFO] [stdout] running 10 tests
[INFO] [stderr] file:///opt/rustwide/workdir/src/test/helper/main.js:6
[INFO] [stderr] const jwt = await readFile(process.argv[2], 'utf8');
[INFO] [stderr]             ^^^^^
[INFO] [stderr] 
[INFO] [stderr] SyntaxError: Unexpected reserved word
[INFO] [stderr]     at Loader.moduleStrategy (internal/modules/esm/translators.js:133:18)
[INFO] [stderr]     at async link (internal/modules/esm/module_job.js:42:21)
[INFO] [stderr] file:///opt/rustwide/workdir/src/test/helper/main.js:6
[INFO] [stderr] const jwt = await readFile(process.argv[2], 'utf8');
[INFO] [stderr]             ^^^^^
[INFO] [stderr] 
[INFO] [stderr] SyntaxError: Unexpected reserved word
[INFO] [stderr]     at Loader.moduleStrategy (internal/modules/esm/translators.js:133:18)
[INFO] [stderr]     at async link (internal/modules/esm/module_job.js:42:21)
[INFO] [stdout] test test::ed25519 ... FAILED
[INFO] [stderr] file:///opt/rustwide/workdir/src/test/helper/main.js:6
[INFO] [stderr] const jwt = await readFile(process.argv[2], 'utf8');
[INFO] [stderr]             ^^^^^
[INFO] [stderr] 
[INFO] [stderr] SyntaxError: Unexpected reserved word
[INFO] [stderr]     at Loader.moduleStrategy (internal/modules/esm/translators.js:133:18)
[INFO] [stderr]     at async link (internal/modules/esm/module_job.js:42:21)
[INFO] [stdout] test test::es384 ... FAILED
[INFO] [stdout] test util::test::test_issuer_slug ... ok
[INFO] [stdout] test test::es256 ... FAILED
[INFO] [stderr] file:///opt/rustwide/workdir/src/test/helper/main.js:6
[INFO] [stderr] const jwt = await readFile(process.argv[2], 'utf8');
[INFO] [stderr]             ^^^^^
[INFO] [stderr] 
[INFO] [stderr] SyntaxError: Unexpected reserved word
[INFO] [stderr]     at Loader.moduleStrategy (internal/modules/esm/translators.js:133:18)
[INFO] [stderr]     at async link (internal/modules/esm/module_job.js:42:21)
[INFO] [stdout] test test::ps512 ... FAILED
[INFO] [stderr] file:///opt/rustwide/workdir/src/test/helper/main.js:6
[INFO] [stderr] const jwt = await readFile(process.argv[2], 'utf8');
[INFO] [stderr]             ^^^^^
[INFO] [stderr] 
[INFO] [stderr] SyntaxError: Unexpected reserved word
[INFO] [stderr]     at Loader.moduleStrategy (internal/modules/esm/translators.js:133:18)
[INFO] [stderr]     at async link (internal/modules/esm/module_job.js:42:21)
[INFO] [stdout] test test::ps256 ... FAILED
[INFO] [stderr] file:///opt/rustwide/workdir/src/test/helper/main.js:6
[INFO] [stderr] const jwt = await readFile(process.argv[2], 'utf8');
[INFO] [stderr]             ^^^^^
[INFO] [stderr] 
[INFO] [stderr] SyntaxError: Unexpected reserved word
[INFO] [stderr]     at Loader.moduleStrategy (internal/modules/esm/translators.js:133:18)
[INFO] [stderr]     at async link (internal/modules/esm/module_job.js:42:21)
[INFO] [stdout] test test::rs256 ... FAILED
[INFO] [stderr] file:///opt/rustwide/workdir/src/test/helper/main.js:6
[INFO] [stderr] const jwt = await readFile(process.argv[2], 'utf8');
[INFO] [stderr]             ^^^^^
[INFO] [stderr] 
[INFO] [stderr] SyntaxError: Unexpected reserved word
[INFO] [stderr]     at Loader.moduleStrategy (internal/modules/esm/translators.js:133:18)
[INFO] [stderr]     at async link (internal/modules/esm/module_job.js:42:21)
[INFO] [stdout] test test::rs512 ... FAILED
[INFO] [stderr] file:///opt/rustwide/workdir/src/test/helper/main.js:6
[INFO] [stderr] const jwt = await readFile(process.argv[2], 'utf8');
[INFO] [stderr]             ^^^^^
[INFO] [stderr] 
[INFO] [stderr] SyntaxError: Unexpected reserved word
[INFO] [stderr]     at Loader.moduleStrategy (internal/modules/esm/translators.js:133:18)
[INFO] [stderr]     at async link (internal/modules/esm/module_job.js:42:21)
[INFO] [stdout] test test::ps384 ... FAILED
[INFO] [stderr] file:///opt/rustwide/workdir/src/test/helper/main.js:6
[INFO] [stderr] const jwt = await readFile(process.argv[2], 'utf8');
[INFO] [stderr]             ^^^^^
[INFO] [stderr] 
[INFO] [stderr] SyntaxError: Unexpected reserved word
[INFO] [stderr]     at Loader.moduleStrategy (internal/modules/esm/translators.js:133:18)
[INFO] [stderr]     at async link (internal/modules/esm/module_job.js:42:21)
[INFO] [stdout] test test::rs384 ... FAILED
[INFO] [stdout] 
[INFO] [stdout] failures:
[INFO] [stdout] 
[INFO] [stdout] ---- test::ed25519 stdout ----
[INFO] [stdout] Generated new key pair 'example.com' / 'EdDSA' / 'c6d7b985309aabc5' (current)
[INFO] [stdout] Wrote index file "/tmp/.tmpJz6NRM/state/example.com/keys/EdDSA/index.json"
[INFO] [stdout] Wrote discovery document "/tmp/.tmpJz6NRM/state/example.com/webroot/.well-known/openid-configuration"
[INFO] [stdout] Wrote JWKs document "/tmp/.tmpJz6NRM/state/example.com/webroot/jwks.json"
[INFO] [stdout] Checking all tokens
[INFO] [stdout] Creating new token: "/tmp/.tmpJz6NRM/token"
[INFO] [stdout] Error: Verification helper failed
[INFO] [stdout] 
[INFO] [stdout] ---- test::es384 stdout ----
[INFO] [stdout] Generated new key pair 'example.com' / 'ES384' / '3bae345391df2eb6' (current)
[INFO] [stdout] Wrote index file "/tmp/.tmpnNxgAw/state/example.com/keys/ES384/index.json"
[INFO] [stdout] Wrote discovery document "/tmp/.tmpnNxgAw/state/example.com/webroot/.well-known/openid-configuration"
[INFO] [stdout] Wrote JWKs document "/tmp/.tmpnNxgAw/state/example.com/webroot/jwks.json"
[INFO] [stdout] Checking all tokens
[INFO] [stdout] Creating new token: "/tmp/.tmpnNxgAw/token"
[INFO] [stdout] Error: Verification helper failed
[INFO] [stdout] 
[INFO] [stdout] ---- test::es256 stdout ----
[INFO] [stdout] Generated new key pair 'example.com' / 'ES256' / '16ccc559b6674a75' (current)
[INFO] [stdout] Wrote index file "/tmp/.tmpiApgEm/state/example.com/keys/ES256/index.json"
[INFO] [stdout] Wrote discovery document "/tmp/.tmpiApgEm/state/example.com/webroot/.well-known/openid-configuration"
[INFO] [stdout] Wrote JWKs document "/tmp/.tmpiApgEm/state/example.com/webroot/jwks.json"
[INFO] [stdout] Checking all tokens
[INFO] [stdout] Creating new token: "/tmp/.tmpiApgEm/token"
[INFO] [stdout] Error: Verification helper failed
[INFO] [stdout] 
[INFO] [stdout] ---- test::ps512 stdout ----
[INFO] [stdout] Generated new key pair 'example.com' / 'PS512' / '7b142a9b502d653a' (current)
[INFO] [stdout] Wrote index file "/tmp/.tmpfzpbiX/state/example.com/keys/PS512/index.json"
[INFO] [stdout] Wrote discovery document "/tmp/.tmpfzpbiX/state/example.com/webroot/.well-known/openid-configuration"
[INFO] [stdout] Wrote JWKs document "/tmp/.tmpfzpbiX/state/example.com/webroot/jwks.json"
[INFO] [stdout] Checking all tokens
[INFO] [stdout] Creating new token: "/tmp/.tmpfzpbiX/token"
[INFO] [stdout] Error: Verification helper failed
[INFO] [stdout] 
[INFO] [stdout] ---- test::ps256 stdout ----
[INFO] [stdout] Generated new key pair 'example.com' / 'PS256' / '33f99c763a1d03dc' (current)
[INFO] [stdout] Wrote index file "/tmp/.tmpOSSp3f/state/example.com/keys/PS256/index.json"
[INFO] [stdout] Wrote discovery document "/tmp/.tmpOSSp3f/state/example.com/webroot/.well-known/openid-configuration"
[INFO] [stdout] Wrote JWKs document "/tmp/.tmpOSSp3f/state/example.com/webroot/jwks.json"
[INFO] [stdout] Checking all tokens
[INFO] [stdout] Creating new token: "/tmp/.tmpOSSp3f/token"
[INFO] [stdout] Error: Verification helper failed
[INFO] [stdout] 
[INFO] [stdout] ---- test::rs256 stdout ----
[INFO] [stdout] Generated new key pair 'example.com' / 'RS256' / 'aa4fc309c73caf64' (current)
[INFO] [stdout] Wrote index file "/tmp/.tmplunKhs/state/example.com/keys/RS256/index.json"
[INFO] [stdout] Wrote discovery document "/tmp/.tmplunKhs/state/example.com/webroot/.well-known/openid-configuration"
[INFO] [stdout] Wrote JWKs document "/tmp/.tmplunKhs/state/example.com/webroot/jwks.json"
[INFO] [stdout] Checking all tokens
[INFO] [stdout] Creating new token: "/tmp/.tmplunKhs/token"
[INFO] [stdout] Error: Verification helper failed
[INFO] [stdout] 
[INFO] [stdout] ---- test::rs512 stdout ----
[INFO] [stdout] Generated new key pair 'example.com' / 'RS512' / 'fd4cb0082354743c' (current)
[INFO] [stdout] Wrote index file "/tmp/.tmp6snVtg/state/example.com/keys/RS512/index.json"
[INFO] [stdout] Wrote discovery document "/tmp/.tmp6snVtg/state/example.com/webroot/.well-known/openid-configuration"
[INFO] [stdout] Wrote JWKs document "/tmp/.tmp6snVtg/state/example.com/webroot/jwks.json"
[INFO] [stdout] Checking all tokens
[INFO] [stdout] Creating new token: "/tmp/.tmp6snVtg/token"
[INFO] [stdout] Error: Verification helper failed
[INFO] [stdout] 
[INFO] [stdout] ---- test::ps384 stdout ----
[INFO] [stdout] Generated new key pair 'example.com' / 'PS384' / '69b45cd35f4efdda' (current)
[INFO] [stdout] Wrote index file "/tmp/.tmpzHo80V/state/example.com/keys/PS384/index.json"
[INFO] [stdout] Wrote discovery document "/tmp/.tmpzHo80V/state/example.com/webroot/.well-known/openid-configuration"
[INFO] [stdout] Wrote JWKs document "/tmp/.tmpzHo80V/state/example.com/webroot/jwks.json"
[INFO] [stdout] Checking all tokens
[INFO] [stdout] Creating new token: "/tmp/.tmpzHo80V/token"
[INFO] [stdout] Error: Verification helper failed
[INFO] [stdout] 
[INFO] [stdout] ---- test::rs384 stdout ----
[INFO] [stdout] Generated new key pair 'example.com' / 'RS384' / 'b5b8b22715fdef26' (current)
[INFO] [stdout] Wrote index file "/tmp/.tmpQUrL2z/state/example.com/keys/RS384/index.json"
[INFO] [stdout] Wrote discovery document "/tmp/.tmpQUrL2z/state/example.com/webroot/.well-known/openid-configuration"
[INFO] [stdout] Wrote JWKs document "/tmp/.tmpQUrL2z/state/example.com/webroot/jwks.json"
[INFO] [stdout] Checking all tokens
[INFO] [stdout] Creating new token: "/tmp/.tmpQUrL2z/token"
[INFO] [stdout] Error: Verification helper failed
[INFO] [stdout] 
[INFO] [stdout] 
[INFO] [stdout] failures:
[INFO] [stdout]     test::ed25519
[INFO] [stdout]     test::es256
[INFO] [stdout]     test::es384
[INFO] [stdout]     test::ps256
[INFO] [stdout]     test::ps384
[INFO] [stdout]     test::ps512
[INFO] [stdout]     test::rs256
[INFO] [stdout]     test::rs384
[INFO] [stdout]     test::rs512
[INFO] [stdout] 
[INFO] [stdout] test result: FAILED. 1 passed; 9 failed; 0 ignored; 0 measured; 0 filtered out; finished in 34.63s
[INFO] [stdout] 
[INFO] [stderr] error: test failed, to rerun pass `--bin diridp`
[INFO] running `Command { std: "docker" "inspect" "c9fdc51b9799b67a8da1d312f5954b56620d0e2885d2e7c0a3685596b6a9e37a", kill_on_drop: false }`
[INFO] running `Command { std: "docker" "rm" "-f" "c9fdc51b9799b67a8da1d312f5954b56620d0e2885d2e7c0a3685596b6a9e37a", kill_on_drop: false }`
[INFO] [stdout] c9fdc51b9799b67a8da1d312f5954b56620d0e2885d2e7c0a3685596b6a9e37a
