[INFO] cloning repository https://github.com/stepanov-denis/trans2quik
[INFO] running `Command { std: "git" "-c" "credential.helper=" "-c" "credential.helper=/workspace/cargo-home/bin/git-credential-null" "clone" "--bare" "https://github.com/stepanov-denis/trans2quik" "/workspace/cache/git-repos/https%3A%2F%2Fgithub.com%2Fstepanov-denis%2Ftrans2quik", kill_on_drop: false }`
[INFO] [stderr] Cloning into bare repository '/workspace/cache/git-repos/https%3A%2F%2Fgithub.com%2Fstepanov-denis%2Ftrans2quik'...
[INFO] running `Command { std: "git" "rev-parse" "HEAD", kill_on_drop: false }`
[INFO] [stdout] af4456178dcd1bf6e554debbd93d7dd332d6563f
[INFO] testing stepanov-denis/trans2quik against beta-2024-12-08 for beta-1.84.0-4-retry
[INFO] running `Command { std: "git" "clone" "/workspace/cache/git-repos/https%3A%2F%2Fgithub.com%2Fstepanov-denis%2Ftrans2quik" "/workspace/builds/worker-2-tc2/source", kill_on_drop: false }`
[INFO] [stderr] Cloning into '/workspace/builds/worker-2-tc2/source'...
[INFO] [stderr] done.
[INFO] validating manifest of git repo https://github.com/stepanov-denis/trans2quik on toolchain beta-2024-12-08
[INFO] running `Command { std: CARGO_HOME="/workspace/cargo-home" RUSTUP_HOME="/workspace/rustup-home" "/workspace/cargo-home/bin/cargo" "+beta-2024-12-08" "metadata" "--manifest-path" "Cargo.toml" "--no-deps", kill_on_drop: false }`
[INFO] started tweaking git repo https://github.com/stepanov-denis/trans2quik
[INFO] finished tweaking git repo https://github.com/stepanov-denis/trans2quik
[INFO] tweaked toml for git repo https://github.com/stepanov-denis/trans2quik written to /workspace/builds/worker-2-tc2/source/Cargo.toml
[INFO] crate git repo https://github.com/stepanov-denis/trans2quik already has a lockfile, it will not be regenerated
[INFO] running `Command { std: CARGO_HOME="/workspace/cargo-home" RUSTUP_HOME="/workspace/rustup-home" "/workspace/cargo-home/bin/cargo" "+beta-2024-12-08" "fetch" "--manifest-path" "Cargo.toml", kill_on_drop: false }`
[INFO] [stderr]     Blocking waiting for file lock on package cache
[INFO] [stderr]     Blocking waiting for file lock on package cache
[INFO] running `Command { std: "docker" "create" "-v" "/var/lib/crater-agent-workspace/builds/worker-2-tc2/target:/opt/rustwide/target:rw,Z" "-v" "/var/lib/crater-agent-workspace/builds/worker-2-tc2/source:/opt/rustwide/workdir:ro,Z" "-v" "/var/lib/crater-agent-workspace/cargo-home:/opt/rustwide/cargo-home:ro,Z" "-v" "/var/lib/crater-agent-workspace/rustup-home:/opt/rustwide/rustup-home:ro,Z" "-e" "SOURCE_DIR=/opt/rustwide/workdir" "-e" "CARGO_TARGET_DIR=/opt/rustwide/target" "-e" "CARGO_HOME=/opt/rustwide/cargo-home" "-e" "RUSTUP_HOME=/opt/rustwide/rustup-home" "-w" "/opt/rustwide/workdir" "-m" "1610612736" "--user" "0:0" "--network" "none" "ghcr.io/rust-lang/crates-build-env/linux@sha256:f3a9d4ad9d972b27faf3965f35b62e55ba32bbce8f20bc8fe909558a86702fde" "/opt/rustwide/cargo-home/bin/cargo" "+beta-2024-12-08" "metadata" "--no-deps" "--format-version=1", kill_on_drop: false }`
[INFO] [stdout] bf97c535c880111a979388ba1f6503ce29090cbdb3386faaf7d45ce04d65804b
[INFO] running `Command { std: "docker" "start" "-a" "bf97c535c880111a979388ba1f6503ce29090cbdb3386faaf7d45ce04d65804b", kill_on_drop: false }`
[INFO] running `Command { std: "docker" "inspect" "bf97c535c880111a979388ba1f6503ce29090cbdb3386faaf7d45ce04d65804b", kill_on_drop: false }`
[INFO] running `Command { std: "docker" "rm" "-f" "bf97c535c880111a979388ba1f6503ce29090cbdb3386faaf7d45ce04d65804b", kill_on_drop: false }`
[INFO] [stdout] bf97c535c880111a979388ba1f6503ce29090cbdb3386faaf7d45ce04d65804b
[INFO] running `Command { std: "docker" "create" "-v" "/var/lib/crater-agent-workspace/builds/worker-2-tc2/target:/opt/rustwide/target:rw,Z" "-v" "/var/lib/crater-agent-workspace/builds/worker-2-tc2/source:/opt/rustwide/workdir:ro,Z" "-v" "/var/lib/crater-agent-workspace/cargo-home:/opt/rustwide/cargo-home:ro,Z" "-v" "/var/lib/crater-agent-workspace/rustup-home:/opt/rustwide/rustup-home:ro,Z" "-e" "SOURCE_DIR=/opt/rustwide/workdir" "-e" "CARGO_TARGET_DIR=/opt/rustwide/target" "-e" "CARGO_INCREMENTAL=0" "-e" "RUST_BACKTRACE=full" "-e" "RUSTFLAGS=--cap-lints=warn" "-e" "RUSTDOCFLAGS=--cap-lints=warn" "-e" "CARGO_HOME=/opt/rustwide/cargo-home" "-e" "RUSTUP_HOME=/opt/rustwide/rustup-home" "-w" "/opt/rustwide/workdir" "-m" "1610612736" "--user" "0:0" "--network" "none" "ghcr.io/rust-lang/crates-build-env/linux@sha256:f3a9d4ad9d972b27faf3965f35b62e55ba32bbce8f20bc8fe909558a86702fde" "/opt/rustwide/cargo-home/bin/cargo" "+beta-2024-12-08" "build" "--frozen" "--message-format=json", kill_on_drop: false }`
[INFO] [stdout] d56efa6841a861b002cd454b1a9daf7d54d5dec4008fb3b61226fb148c65a9a9
[INFO] running `Command { std: "docker" "start" "-a" "d56efa6841a861b002cd454b1a9daf7d54d5dec4008fb3b61226fb148c65a9a9", kill_on_drop: false }`
[INFO] [stderr]    Compiling proc-macro2 v1.0.89
[INFO] [stderr]    Compiling unicode-ident v1.0.13
[INFO] [stderr]    Compiling libc v0.2.162
[INFO] [stderr]    Compiling once_cell v1.20.2
[INFO] [stderr]    Compiling pin-project-lite v0.2.15
[INFO] [stderr]    Compiling lazy_static v1.5.0
[INFO] [stderr]    Compiling libloading v0.8.5
[INFO] [stderr]    Compiling encoding_rs v0.8.35
[INFO] [stderr]    Compiling tracing-core v0.1.32
[INFO] [stderr]    Compiling quote v1.0.37
[INFO] [stderr]    Compiling syn v2.0.87
[INFO] [stderr]    Compiling tracing-attributes v0.1.27
[INFO] [stderr]    Compiling tracing v0.1.40
[INFO] [stderr]    Compiling trans2quik v1.0.1 (/opt/rustwide/workdir)
[INFO] [stderr]     Finished `dev` profile [unoptimized + debuginfo] target(s) in 10.64s
[INFO] running `Command { std: "docker" "inspect" "d56efa6841a861b002cd454b1a9daf7d54d5dec4008fb3b61226fb148c65a9a9", kill_on_drop: false }`
[INFO] running `Command { std: "docker" "rm" "-f" "d56efa6841a861b002cd454b1a9daf7d54d5dec4008fb3b61226fb148c65a9a9", kill_on_drop: false }`
[INFO] [stdout] d56efa6841a861b002cd454b1a9daf7d54d5dec4008fb3b61226fb148c65a9a9
[INFO] running `Command { std: "docker" "create" "-v" "/var/lib/crater-agent-workspace/builds/worker-2-tc2/target:/opt/rustwide/target:rw,Z" "-v" "/var/lib/crater-agent-workspace/builds/worker-2-tc2/source:/opt/rustwide/workdir:ro,Z" "-v" "/var/lib/crater-agent-workspace/cargo-home:/opt/rustwide/cargo-home:ro,Z" "-v" "/var/lib/crater-agent-workspace/rustup-home:/opt/rustwide/rustup-home:ro,Z" "-e" "SOURCE_DIR=/opt/rustwide/workdir" "-e" "CARGO_TARGET_DIR=/opt/rustwide/target" "-e" "CARGO_INCREMENTAL=0" "-e" "RUST_BACKTRACE=full" "-e" "RUSTFLAGS=--cap-lints=warn" "-e" "RUSTDOCFLAGS=--cap-lints=warn" "-e" "CARGO_HOME=/opt/rustwide/cargo-home" "-e" "RUSTUP_HOME=/opt/rustwide/rustup-home" "-w" "/opt/rustwide/workdir" "-m" "1610612736" "--user" "0:0" "--network" "none" "ghcr.io/rust-lang/crates-build-env/linux@sha256:f3a9d4ad9d972b27faf3965f35b62e55ba32bbce8f20bc8fe909558a86702fde" "/opt/rustwide/cargo-home/bin/cargo" "+beta-2024-12-08" "test" "--frozen" "--no-run" "--message-format=json", kill_on_drop: false }`
[INFO] [stdout] 6c603e0ff6abef20ccf35c35d494b12720ad3a0045d78dc3c67787968221d3ec
[INFO] running `Command { std: "docker" "start" "-a" "6c603e0ff6abef20ccf35c35d494b12720ad3a0045d78dc3c67787968221d3ec", kill_on_drop: false }`
[INFO] [stderr]    Compiling trans2quik v1.0.1 (/opt/rustwide/workdir)
[INFO] [stderr]     Finished `test` profile [unoptimized + debuginfo] target(s) in 0.70s
[INFO] running `Command { std: "docker" "inspect" "6c603e0ff6abef20ccf35c35d494b12720ad3a0045d78dc3c67787968221d3ec", kill_on_drop: false }`
[INFO] running `Command { std: "docker" "rm" "-f" "6c603e0ff6abef20ccf35c35d494b12720ad3a0045d78dc3c67787968221d3ec", kill_on_drop: false }`
[INFO] [stdout] 6c603e0ff6abef20ccf35c35d494b12720ad3a0045d78dc3c67787968221d3ec
[INFO] running `Command { std: "docker" "create" "-v" "/var/lib/crater-agent-workspace/builds/worker-2-tc2/target:/opt/rustwide/target:rw,Z" "-v" "/var/lib/crater-agent-workspace/builds/worker-2-tc2/source:/opt/rustwide/workdir:ro,Z" "-v" "/var/lib/crater-agent-workspace/cargo-home:/opt/rustwide/cargo-home:ro,Z" "-v" "/var/lib/crater-agent-workspace/rustup-home:/opt/rustwide/rustup-home:ro,Z" "-e" "SOURCE_DIR=/opt/rustwide/workdir" "-e" "CARGO_TARGET_DIR=/opt/rustwide/target" "-e" "CARGO_INCREMENTAL=0" "-e" "RUST_BACKTRACE=full" "-e" "RUSTFLAGS=--cap-lints=warn" "-e" "RUSTDOCFLAGS=--cap-lints=warn" "-e" "CARGO_HOME=/opt/rustwide/cargo-home" "-e" "RUSTUP_HOME=/opt/rustwide/rustup-home" "-w" "/opt/rustwide/workdir" "-m" "1610612736" "--user" "0:0" "--network" "none" "ghcr.io/rust-lang/crates-build-env/linux@sha256:f3a9d4ad9d972b27faf3965f35b62e55ba32bbce8f20bc8fe909558a86702fde" "/opt/rustwide/cargo-home/bin/cargo" "+beta-2024-12-08" "test" "--frozen", kill_on_drop: false }`
[INFO] [stdout] 0a0cc14b67513b47c15bf8e48aca2b510675e7d084cb1c974b3c368190a17113
[INFO] running `Command { std: "docker" "start" "-a" "0a0cc14b67513b47c15bf8e48aca2b510675e7d084cb1c974b3c368190a17113", kill_on_drop: false }`
[INFO] [stderr]     Finished `test` profile [unoptimized + debuginfo] target(s) in 0.03s
[INFO] [stderr]      Running unittests src/lib.rs (/opt/rustwide/target/debug/deps/trans2quik-54db5dd86f75b496)
[INFO] [stdout] 
[INFO] [stdout] running 4 tests
[INFO] [stdout] test tests::test_trans2quik_result_conversion ... ok
[INFO] [stdout] test tests::test_trans2quikerror_from_nulerror ... ok
[INFO] [stdout] test tests::test_display_for_trans2quikerror ... ok
[INFO] [stdout] test tests::test_trans2quikerror_from_libloadingerror ... ok
[INFO] [stdout] 
[INFO] [stdout] test result: ok. 4 passed; 0 failed; 0 ignored; 0 measured; 0 filtered out; finished in 0.00s
[INFO] [stdout] 
[INFO] [stderr]    Doc-tests trans2quik
[INFO] [stdout] 
[INFO] [stdout] running 3 tests
[INFO] [stdout] test src/lib.rs - Trans2QuikResult (line 183) ... FAILED
[INFO] [stdout] test src/lib.rs - Terminal (line 278) ... FAILED
[INFO] [stdout] test src/lib.rs - Terminal (line 285) ... FAILED
[INFO] [stdout] 
[INFO] [stdout] failures:
[INFO] [stdout] 
[INFO] [stdout] ---- src/lib.rs - Trans2QuikResult (line 183) stdout ----
[INFO] [stdout] error: expected one of `!`, `.`, `::`, `;`, `?`, `{`, `}`, or an operator, found `0`
[INFO] [stdout]  --> src/lib.rs:184:20
[INFO] [stdout]   |
[INFO] [stdout] 3 | TRANS2QUIK_SUCCESS 0
[INFO] [stdout]   |                    ^ expected one of 8 possible tokens
[INFO] [stdout] 
[INFO] [stdout] error: aborting due to 1 previous error
[INFO] [stdout] 
[INFO] [stdout] Couldn't compile the test.
[INFO] [stdout] ---- src/lib.rs - Terminal (line 278) stdout ----
[INFO] [stdout] error: expected `;`, found `tracing`
[INFO] [stdout]  --> src/lib.rs:280:21
[INFO] [stdout]   |
[INFO] [stdout] 5 | trans2quik = "1.0.0"
[INFO] [stdout]   |                     ^ help: add `;` here
[INFO] [stdout] 6 | tracing = "0.1.40"
[INFO] [stdout]   | ------- unexpected token
[INFO] [stdout] 
[INFO] [stdout] error: expected `;`, found `tracing`
[INFO] [stdout]  --> src/lib.rs:281:19
[INFO] [stdout]   |
[INFO] [stdout] 6 | tracing = "0.1.40"
[INFO] [stdout]   |                   ^ help: add `;` here
[INFO] [stdout] 7 | tracing-subscriber = "0.3.18"
[INFO] [stdout]   | ------- unexpected token
[INFO] [stdout] 
[INFO] [stdout] error: expected `;`, found `lazy_static`
[INFO] [stdout]  --> src/lib.rs:282:30
[INFO] [stdout]   |
[INFO] [stdout] 7 | tracing-subscriber = "0.3.18"
[INFO] [stdout]   |                              ^ help: add `;` here
[INFO] [stdout] 8 | lazy_static = "1.5.0"
[INFO] [stdout]   | ----------- unexpected token
[INFO] [stdout] 
[INFO] [stdout] error[E0423]: expected value, found crate `lazy_static`
[INFO] [stdout]  --> src/lib.rs:283:1
[INFO] [stdout]   |
[INFO] [stdout] 8 | lazy_static = "1.5.0"
[INFO] [stdout]   | ^^^^^^^^^^^
[INFO] [stdout]   |
[INFO] [stdout] help: you might have meant to introduce a new binding
[INFO] [stdout]   |
[INFO] [stdout] 8 | let lazy_static = "1.5.0"
[INFO] [stdout]   | +++
[INFO] [stdout] 
[INFO] [stdout] error: aborting due to 4 previous errors
[INFO] [stdout] 
[INFO] [stdout] For more information about this error, try `rustc --explain E0423`.
[INFO] [stdout] Couldn't compile the test.
[INFO] [stdout] ---- src/lib.rs - Terminal (line 285) stdout ----
[INFO] [stdout] error[E0254]: the name `trans2quik` is defined multiple times
[INFO] [stdout]   --> src/lib.rs:293:5
[INFO] [stdout]    |
[INFO] [stdout] 3  | extern crate r#trans2quik;
[INFO] [stdout]    | -------------------------- previous import of the extern crate `trans2quik` here
[INFO] [stdout] ...
[INFO] [stdout] 10 | use trans2quik;
[INFO] [stdout]    |     ^^^^^^^^^^ `trans2quik` reimported here
[INFO] [stdout]    |
[INFO] [stdout]    = note: `trans2quik` must be defined only once in the type namespace of this module
[INFO] [stdout] 
[INFO] [stdout] error[E0432]: unresolved import `tracing_subscriber`
[INFO] [stdout]  --> src/lib.rs:288:5
[INFO] [stdout]   |
[INFO] [stdout] 5 | use tracing_subscriber;
[INFO] [stdout]   |     ^^^^^^^^^^^^^^^^^^ no external crate `tracing_subscriber`
[INFO] [stdout] 
[INFO] [stdout] error: aborting due to 2 previous errors
[INFO] [stdout] 
[INFO] [stdout] Some errors have detailed explanations: E0254, E0432.
[INFO] [stdout] For more information about an error, try `rustc --explain E0254`.
[INFO] [stdout] Couldn't compile the test.
[INFO] [stdout] 
[INFO] [stdout] failures:
[INFO] [stdout]     src/lib.rs - Terminal (line 278)
[INFO] [stdout]     src/lib.rs - Terminal (line 285)
[INFO] [stdout]     src/lib.rs - Trans2QuikResult (line 183)
[INFO] [stdout] 
[INFO] [stdout] test result: FAILED. 0 passed; 3 failed; 0 ignored; 0 measured; 0 filtered out; finished in 0.19s
[INFO] [stdout] 
[INFO] [stderr] error: doctest failed, to rerun pass `--doc`
[INFO] running `Command { std: "docker" "inspect" "0a0cc14b67513b47c15bf8e48aca2b510675e7d084cb1c974b3c368190a17113", kill_on_drop: false }`
[INFO] running `Command { std: "docker" "rm" "-f" "0a0cc14b67513b47c15bf8e48aca2b510675e7d084cb1c974b3c368190a17113", kill_on_drop: false }`
[INFO] [stdout] 0a0cc14b67513b47c15bf8e48aca2b510675e7d084cb1c974b3c368190a17113
