[INFO] cloning repository https://github.com/stefanbringuier/RustVACF
[INFO] running `Command { std: "git" "-c" "credential.helper=" "-c" "credential.helper=/workspace/cargo-home/bin/git-credential-null" "clone" "--bare" "https://github.com/stefanbringuier/RustVACF" "/workspace/cache/git-repos/https%3A%2F%2Fgithub.com%2Fstefanbringuier%2FRustVACF", kill_on_drop: false }`
[INFO] [stderr] Cloning into bare repository '/workspace/cache/git-repos/https%3A%2F%2Fgithub.com%2Fstefanbringuier%2FRustVACF'...
[INFO] running `Command { std: "git" "rev-parse" "HEAD", kill_on_drop: false }`
[INFO] [stdout] 2c701279682ed7bb82e7c7c255193ba787aefe44
[INFO] testing stefanbringuier/RustVACF against 1.83.0 for beta-1.84.0-4-retry
[INFO] running `Command { std: "git" "clone" "/workspace/cache/git-repos/https%3A%2F%2Fgithub.com%2Fstefanbringuier%2FRustVACF" "/workspace/builds/worker-3-tc1/source", kill_on_drop: false }`
[INFO] [stderr] Cloning into '/workspace/builds/worker-3-tc1/source'...
[INFO] [stderr] done.
[INFO] validating manifest of git repo https://github.com/stefanbringuier/RustVACF on toolchain 1.83.0
[INFO] running `Command { std: CARGO_HOME="/workspace/cargo-home" RUSTUP_HOME="/workspace/rustup-home" "/workspace/cargo-home/bin/cargo" "+1.83.0" "metadata" "--manifest-path" "Cargo.toml" "--no-deps", kill_on_drop: false }`
[INFO] started tweaking git repo https://github.com/stefanbringuier/RustVACF
[INFO] finished tweaking git repo https://github.com/stefanbringuier/RustVACF
[INFO] tweaked toml for git repo https://github.com/stefanbringuier/RustVACF written to /workspace/builds/worker-3-tc1/source/Cargo.toml
[INFO] crate git repo https://github.com/stefanbringuier/RustVACF already has a lockfile, it will not be regenerated
[INFO] running `Command { std: CARGO_HOME="/workspace/cargo-home" RUSTUP_HOME="/workspace/rustup-home" "/workspace/cargo-home/bin/cargo" "+1.83.0" "fetch" "--manifest-path" "Cargo.toml", kill_on_drop: false }`
[INFO] [stderr]     Updating crates.io index
[INFO] [stderr]  Downloading crates ...
[INFO] [stderr]   Downloaded ndarray-parallel v0.9.1
[INFO] [stderr]   Downloaded ndarray-csv v0.5.2
[INFO] running `Command { std: "docker" "create" "-v" "/var/lib/crater-agent-workspace/builds/worker-3-tc1/target:/opt/rustwide/target:rw,Z" "-v" "/var/lib/crater-agent-workspace/builds/worker-3-tc1/source:/opt/rustwide/workdir:ro,Z" "-v" "/var/lib/crater-agent-workspace/cargo-home:/opt/rustwide/cargo-home:ro,Z" "-v" "/var/lib/crater-agent-workspace/rustup-home:/opt/rustwide/rustup-home:ro,Z" "-e" "SOURCE_DIR=/opt/rustwide/workdir" "-e" "CARGO_TARGET_DIR=/opt/rustwide/target" "-e" "CARGO_HOME=/opt/rustwide/cargo-home" "-e" "RUSTUP_HOME=/opt/rustwide/rustup-home" "-w" "/opt/rustwide/workdir" "-m" "1610612736" "--user" "0:0" "--network" "none" "ghcr.io/rust-lang/crates-build-env/linux@sha256:f3a9d4ad9d972b27faf3965f35b62e55ba32bbce8f20bc8fe909558a86702fde" "/opt/rustwide/cargo-home/bin/cargo" "+1.83.0" "metadata" "--no-deps" "--format-version=1", kill_on_drop: false }`
[INFO] [stdout] 4a4db2a105b85772cef2600067bc99c174487a138950bceb28b17996541e2129
[INFO] running `Command { std: "docker" "start" "-a" "4a4db2a105b85772cef2600067bc99c174487a138950bceb28b17996541e2129", kill_on_drop: false }`
[INFO] running `Command { std: "docker" "inspect" "4a4db2a105b85772cef2600067bc99c174487a138950bceb28b17996541e2129", kill_on_drop: false }`
[INFO] running `Command { std: "docker" "rm" "-f" "4a4db2a105b85772cef2600067bc99c174487a138950bceb28b17996541e2129", kill_on_drop: false }`
[INFO] [stdout] 4a4db2a105b85772cef2600067bc99c174487a138950bceb28b17996541e2129
[INFO] running `Command { std: "docker" "create" "-v" "/var/lib/crater-agent-workspace/builds/worker-3-tc1/target:/opt/rustwide/target:rw,Z" "-v" "/var/lib/crater-agent-workspace/builds/worker-3-tc1/source:/opt/rustwide/workdir:ro,Z" "-v" "/var/lib/crater-agent-workspace/cargo-home:/opt/rustwide/cargo-home:ro,Z" "-v" "/var/lib/crater-agent-workspace/rustup-home:/opt/rustwide/rustup-home:ro,Z" "-e" "SOURCE_DIR=/opt/rustwide/workdir" "-e" "CARGO_TARGET_DIR=/opt/rustwide/target" "-e" "CARGO_INCREMENTAL=0" "-e" "RUST_BACKTRACE=full" "-e" "RUSTFLAGS=--cap-lints=warn" "-e" "RUSTDOCFLAGS=--cap-lints=warn" "-e" "CARGO_HOME=/opt/rustwide/cargo-home" "-e" "RUSTUP_HOME=/opt/rustwide/rustup-home" "-w" "/opt/rustwide/workdir" "-m" "1610612736" "--user" "0:0" "--network" "none" "ghcr.io/rust-lang/crates-build-env/linux@sha256:f3a9d4ad9d972b27faf3965f35b62e55ba32bbce8f20bc8fe909558a86702fde" "/opt/rustwide/cargo-home/bin/cargo" "+1.83.0" "build" "--frozen" "--message-format=json", kill_on_drop: false }`
[INFO] [stdout] b057aa18e1c3ce7f38c87cf315df47d920b012a0e62b8514501e80e236a21dbb
[INFO] running `Command { std: "docker" "start" "-a" "b057aa18e1c3ce7f38c87cf315df47d920b012a0e62b8514501e80e236a21dbb", kill_on_drop: false }`
[INFO] [stderr]    Compiling autocfg v1.1.0
[INFO] [stderr]    Compiling crossbeam-utils v0.8.16
[INFO] [stderr]    Compiling cfg-if v1.0.0
[INFO] [stderr]    Compiling libc v0.2.147
[INFO] [stderr]    Compiling scopeguard v1.1.0
[INFO] [stderr]    Compiling memchr v2.5.0
[INFO] [stderr]    Compiling either v1.8.1
[INFO] [stderr]    Compiling serde v1.0.166
[INFO] [stderr]    Compiling rayon-core v1.11.0
[INFO] [stderr]    Compiling matrixmultiply v0.1.15
[INFO] [stderr]    Compiling ndarray v0.12.1
[INFO] [stderr]    Compiling rawpointer v0.2.1
[INFO] [stderr]    Compiling rawpointer v0.1.0
[INFO] [stderr]    Compiling itoa v1.0.8
[INFO] [stderr]    Compiling ryu v1.0.14
[INFO] [stderr]    Compiling itertools v0.7.11
[INFO] [stderr]    Compiling num-traits v0.2.15
[INFO] [stderr]    Compiling memoffset v0.9.0
[INFO] [stderr]    Compiling crossbeam-epoch v0.9.15
[INFO] [stderr]    Compiling num-integer v0.1.45
[INFO] [stderr]    Compiling num-complex v0.2.4
[INFO] [stderr]    Compiling matrixmultiply v0.3.7
[INFO] [stderr]    Compiling csv-core v0.1.10
[INFO] [stderr]    Compiling num_cpus v1.16.0
[INFO] [stderr]    Compiling crossbeam-channel v0.5.8
[INFO] [stderr]    Compiling crossbeam-deque v0.8.3
[INFO] [stderr]    Compiling num-complex v0.4.3
[INFO] [stderr]    Compiling rayon v1.7.0
[INFO] [stderr]    Compiling ndarray v0.15.6
[INFO] [stderr]    Compiling csv v1.2.2
[INFO] [stderr]    Compiling ndarray-parallel v0.9.1
[INFO] [stderr]    Compiling ndarray-csv v0.5.2
[INFO] [stderr]    Compiling RustVACF v0.1.0 (/opt/rustwide/workdir)
[INFO] [stderr]     Finished `dev` profile [unoptimized + debuginfo] target(s) in 14.74s
[INFO] running `Command { std: "docker" "inspect" "b057aa18e1c3ce7f38c87cf315df47d920b012a0e62b8514501e80e236a21dbb", kill_on_drop: false }`
[INFO] running `Command { std: "docker" "rm" "-f" "b057aa18e1c3ce7f38c87cf315df47d920b012a0e62b8514501e80e236a21dbb", kill_on_drop: false }`
[INFO] [stdout] b057aa18e1c3ce7f38c87cf315df47d920b012a0e62b8514501e80e236a21dbb
[INFO] running `Command { std: "docker" "create" "-v" "/var/lib/crater-agent-workspace/builds/worker-3-tc1/target:/opt/rustwide/target:rw,Z" "-v" "/var/lib/crater-agent-workspace/builds/worker-3-tc1/source:/opt/rustwide/workdir:ro,Z" "-v" "/var/lib/crater-agent-workspace/cargo-home:/opt/rustwide/cargo-home:ro,Z" "-v" "/var/lib/crater-agent-workspace/rustup-home:/opt/rustwide/rustup-home:ro,Z" "-e" "SOURCE_DIR=/opt/rustwide/workdir" "-e" "CARGO_TARGET_DIR=/opt/rustwide/target" "-e" "CARGO_INCREMENTAL=0" "-e" "RUST_BACKTRACE=full" "-e" "RUSTFLAGS=--cap-lints=warn" "-e" "RUSTDOCFLAGS=--cap-lints=warn" "-e" "CARGO_HOME=/opt/rustwide/cargo-home" "-e" "RUSTUP_HOME=/opt/rustwide/rustup-home" "-w" "/opt/rustwide/workdir" "-m" "1610612736" "--user" "0:0" "--network" "none" "ghcr.io/rust-lang/crates-build-env/linux@sha256:f3a9d4ad9d972b27faf3965f35b62e55ba32bbce8f20bc8fe909558a86702fde" "/opt/rustwide/cargo-home/bin/cargo" "+1.83.0" "test" "--frozen" "--no-run" "--message-format=json", kill_on_drop: false }`
[INFO] [stdout] f96aa829dc6ff71e07760dee8e78d39e00abadc75320ae20bde362467b419e2e
[INFO] running `Command { std: "docker" "start" "-a" "f96aa829dc6ff71e07760dee8e78d39e00abadc75320ae20bde362467b419e2e", kill_on_drop: false }`
[INFO] [stderr]    Compiling RustVACF v0.1.0 (/opt/rustwide/workdir)
[INFO] [stderr]     Finished `test` profile [unoptimized + debuginfo] target(s) in 1.15s
[INFO] running `Command { std: "docker" "inspect" "f96aa829dc6ff71e07760dee8e78d39e00abadc75320ae20bde362467b419e2e", kill_on_drop: false }`
[INFO] running `Command { std: "docker" "rm" "-f" "f96aa829dc6ff71e07760dee8e78d39e00abadc75320ae20bde362467b419e2e", kill_on_drop: false }`
[INFO] [stdout] f96aa829dc6ff71e07760dee8e78d39e00abadc75320ae20bde362467b419e2e
[INFO] running `Command { std: "docker" "create" "-v" "/var/lib/crater-agent-workspace/builds/worker-3-tc1/target:/opt/rustwide/target:rw,Z" "-v" "/var/lib/crater-agent-workspace/builds/worker-3-tc1/source:/opt/rustwide/workdir:ro,Z" "-v" "/var/lib/crater-agent-workspace/cargo-home:/opt/rustwide/cargo-home:ro,Z" "-v" "/var/lib/crater-agent-workspace/rustup-home:/opt/rustwide/rustup-home:ro,Z" "-e" "SOURCE_DIR=/opt/rustwide/workdir" "-e" "CARGO_TARGET_DIR=/opt/rustwide/target" "-e" "CARGO_INCREMENTAL=0" "-e" "RUST_BACKTRACE=full" "-e" "RUSTFLAGS=--cap-lints=warn" "-e" "RUSTDOCFLAGS=--cap-lints=warn" "-e" "CARGO_HOME=/opt/rustwide/cargo-home" "-e" "RUSTUP_HOME=/opt/rustwide/rustup-home" "-w" "/opt/rustwide/workdir" "-m" "1610612736" "--user" "0:0" "--network" "none" "ghcr.io/rust-lang/crates-build-env/linux@sha256:f3a9d4ad9d972b27faf3965f35b62e55ba32bbce8f20bc8fe909558a86702fde" "/opt/rustwide/cargo-home/bin/cargo" "+1.83.0" "test" "--frozen", kill_on_drop: false }`
[INFO] [stdout] 5fdc5f113261f5342fc0f953a3eeb182395b1e3c9afe9326c70faf8c4491cd0c
[INFO] running `Command { std: "docker" "start" "-a" "5fdc5f113261f5342fc0f953a3eeb182395b1e3c9afe9326c70faf8c4491cd0c", kill_on_drop: false }`
[INFO] [stderr]     Finished `test` profile [unoptimized + debuginfo] target(s) in 0.04s
[INFO] [stderr]      Running unittests src/lib.rs (/opt/rustwide/target/debug/deps/RustVACF-25729dbc4551f128)
[INFO] [stdout] 
[INFO] [stdout] running 0 tests
[INFO] [stdout] 
[INFO] [stdout] test result: ok. 0 passed; 0 failed; 0 ignored; 0 measured; 0 filtered out; finished in 0.00s
[INFO] [stdout] 
[INFO] [stderr]      Running unittests src/main.rs (/opt/rustwide/target/debug/deps/RustVACF-761a2551746a6a64)
[INFO] [stdout] 
[INFO] [stdout] running 0 tests
[INFO] [stdout] 
[INFO] [stdout] test result: ok. 0 passed; 0 failed; 0 ignored; 0 measured; 0 filtered out; finished in 0.00s
[INFO] [stdout] 
[INFO] [stderr]      Running tests/reader_tests.rs (/opt/rustwide/target/debug/deps/reader_tests-2508cea587c4b793)
[INFO] [stdout] 
[INFO] [stdout] running 1 test
[INFO] [stdout] test tests::test_read_lammps_dump ... ok
[INFO] [stderr]      Running tests/vacf_tests.rs (/opt/rustwide/target/debug/deps/vacf_tests-c98eebdb422711c1)
[INFO] [stdout] 
[INFO] [stdout] test result: ok. 1 passed; 0 failed; 0 ignored; 0 measured; 0 filtered out; finished in 0.00s
[INFO] [stdout] 
[INFO] [stdout] 
[INFO] [stdout] running 1 test
[INFO] [stdout] test tests::test_vacf ... ok
[INFO] [stdout] 
[INFO] [stdout] test result: ok. 1 passed; 0 failed; 0 ignored; 0 measured; 0 filtered out; finished in 0.02s
[INFO] [stdout] 
[INFO] [stderr]    Doc-tests RustVACF
[INFO] [stdout] 
[INFO] [stdout] running 2 tests
[INFO] [stdout] test src/modules/readers.rs - modules::readers::read_lammps_dump (line 61) ... FAILED
[INFO] [stdout] test src/modules/vacf.rs - modules::vacf::vacf (line 29) ... FAILED
[INFO] [stdout] 
[INFO] [stdout] failures:
[INFO] [stdout] 
[INFO] [stdout] ---- src/modules/readers.rs - modules::readers::read_lammps_dump (line 61) stdout ----
[INFO] [stdout] error[E0432]: unresolved import `lammps_dump`
[INFO] [stdout]  --> src/modules/readers.rs:62:5
[INFO] [stdout]   |
[INFO] [stdout] 2 | use lammps_dump::read_lammps_dump;
[INFO] [stdout]   |     ^^^^^^^^^^^ use of undeclared crate or module `lammps_dump`
[INFO] [stdout] 
[INFO] [stdout] error: aborting due to 1 previous error
[INFO] [stdout] 
[INFO] [stdout] For more information about this error, try `rustc --explain E0432`.
[INFO] [stdout] Couldn't compile the test.
[INFO] [stdout] ---- src/modules/vacf.rs - modules::vacf::vacf (line 29) stdout ----
[INFO] [stdout] error[E0433]: failed to resolve: unresolved import
[INFO] [stdout]  --> src/modules/vacf.rs:30:12
[INFO] [stdout]   |
[INFO] [stdout] 2 | use crate::modules::readers::read_lammps_dump;
[INFO] [stdout]   |            ^^^^^^^
[INFO] [stdout]   |            |
[INFO] [stdout]   |            unresolved import
[INFO] [stdout]   |            help: a similar path exists: `RustVACF::modules`
[INFO] [stdout] 
[INFO] [stdout] error[E0433]: failed to resolve: unresolved import
[INFO] [stdout]  --> src/modules/vacf.rs:31:12
[INFO] [stdout]   |
[INFO] [stdout] 3 | use crate::modules::vacf::vacf;
[INFO] [stdout]   |            ^^^^^^^
[INFO] [stdout]   |            |
[INFO] [stdout]   |            unresolved import
[INFO] [stdout]   |            help: a similar path exists: `RustVACF::modules`
[INFO] [stdout] 
[INFO] [stdout] error: aborting due to 2 previous errors
[INFO] [stdout] 
[INFO] [stdout] For more information about this error, try `rustc --explain E0433`.
[INFO] [stdout] Couldn't compile the test.
[INFO] [stdout] 
[INFO] [stdout] failures:
[INFO] [stdout]     src/modules/readers.rs - modules::readers::read_lammps_dump (line 61)
[INFO] [stdout]     src/modules/vacf.rs - modules::vacf::vacf (line 29)
[INFO] [stdout] 
[INFO] [stdout] test result: FAILED. 0 passed; 2 failed; 0 ignored; 0 measured; 0 filtered out; finished in 0.11s
[INFO] [stdout] 
[INFO] [stderr] error: doctest failed, to rerun pass `--doc`
[INFO] running `Command { std: "docker" "inspect" "5fdc5f113261f5342fc0f953a3eeb182395b1e3c9afe9326c70faf8c4491cd0c", kill_on_drop: false }`
[INFO] running `Command { std: "docker" "rm" "-f" "5fdc5f113261f5342fc0f953a3eeb182395b1e3c9afe9326c70faf8c4491cd0c", kill_on_drop: false }`
[INFO] [stdout] 5fdc5f113261f5342fc0f953a3eeb182395b1e3c9afe9326c70faf8c4491cd0c
