[INFO] cloning repository https://github.com/stec-ug-haftungsbeschrankt/shopster
[INFO] running `Command { std: "git" "-c" "credential.helper=" "-c" "credential.helper=/workspace/cargo-home/bin/git-credential-null" "clone" "--bare" "https://github.com/stec-ug-haftungsbeschrankt/shopster" "/workspace/cache/git-repos/https%3A%2F%2Fgithub.com%2Fstec-ug-haftungsbeschrankt%2Fshopster", kill_on_drop: false }`
[INFO] [stderr] Cloning into bare repository '/workspace/cache/git-repos/https%3A%2F%2Fgithub.com%2Fstec-ug-haftungsbeschrankt%2Fshopster'...
[INFO] running `Command { std: "git" "rev-parse" "HEAD", kill_on_drop: false }`
[INFO] [stdout] a19f56ca348e14cfc22c69cd4abe5f285e427a70
[INFO] testing stec-ug-haftungsbeschrankt/shopster against 1.83.0 for beta-1.84.0-4-retry
[INFO] running `Command { std: "git" "clone" "/workspace/cache/git-repos/https%3A%2F%2Fgithub.com%2Fstec-ug-haftungsbeschrankt%2Fshopster" "/workspace/builds/worker-5-tc1/source", kill_on_drop: false }`
[INFO] [stderr] Cloning into '/workspace/builds/worker-5-tc1/source'...
[INFO] [stderr] done.
[INFO] validating manifest of git repo https://github.com/stec-ug-haftungsbeschrankt/shopster on toolchain 1.83.0
[INFO] running `Command { std: CARGO_HOME="/workspace/cargo-home" RUSTUP_HOME="/workspace/rustup-home" "/workspace/cargo-home/bin/cargo" "+1.83.0" "metadata" "--manifest-path" "Cargo.toml" "--no-deps", kill_on_drop: false }`
[INFO] started tweaking git repo https://github.com/stec-ug-haftungsbeschrankt/shopster
[INFO] finished tweaking git repo https://github.com/stec-ug-haftungsbeschrankt/shopster
[INFO] tweaked toml for git repo https://github.com/stec-ug-haftungsbeschrankt/shopster written to /workspace/builds/worker-5-tc1/source/Cargo.toml
[INFO] crate git repo https://github.com/stec-ug-haftungsbeschrankt/shopster already has a lockfile, it will not be regenerated
[INFO] running `Command { std: CARGO_HOME="/workspace/cargo-home" RUSTUP_HOME="/workspace/rustup-home" "/workspace/cargo-home/bin/cargo" "+1.83.0" "fetch" "--manifest-path" "Cargo.toml", kill_on_drop: false }`
[INFO] [stderr]     Updating git repository `https://github.com/stec-ug-haftungsbeschrankt/tenet.git`
[INFO] [stderr]     Updating crates.io index
[INFO] [stderr]  Downloading crates ...
[INFO] [stderr]   Downloaded testcontainers v0.23.1
[INFO] [stderr]   Downloaded testcontainers-modules v0.11.4
[INFO] [stderr]   Downloaded bollard v0.17.1
[INFO] [stderr]   Downloaded structmeta v0.3.0
[INFO] [stderr]   Downloaded structmeta-derive v0.3.0
[INFO] [stderr]   Downloaded rust-argon2 v2.1.0
[INFO] [stderr]   Downloaded bollard-stubs v1.45.0-rc.26.0.1
[INFO] [stderr]   Downloaded parse-display v0.9.1
[INFO] [stderr]   Downloaded parse-display-derive v0.9.1
[INFO] [stderr]   Downloaded docker_credential v1.3.1
[INFO] [stderr]   Downloaded hyperlocal v0.9.1
[INFO] running `Command { std: "docker" "create" "-v" "/var/lib/crater-agent-workspace/builds/worker-5-tc1/target:/opt/rustwide/target:rw,Z" "-v" "/var/lib/crater-agent-workspace/builds/worker-5-tc1/source:/opt/rustwide/workdir:ro,Z" "-v" "/var/lib/crater-agent-workspace/cargo-home:/opt/rustwide/cargo-home:ro,Z" "-v" "/var/lib/crater-agent-workspace/rustup-home:/opt/rustwide/rustup-home:ro,Z" "-e" "SOURCE_DIR=/opt/rustwide/workdir" "-e" "CARGO_TARGET_DIR=/opt/rustwide/target" "-e" "CARGO_HOME=/opt/rustwide/cargo-home" "-e" "RUSTUP_HOME=/opt/rustwide/rustup-home" "-w" "/opt/rustwide/workdir" "-m" "1610612736" "--user" "0:0" "--network" "none" "ghcr.io/rust-lang/crates-build-env/linux@sha256:f3a9d4ad9d972b27faf3965f35b62e55ba32bbce8f20bc8fe909558a86702fde" "/opt/rustwide/cargo-home/bin/cargo" "+1.83.0" "metadata" "--no-deps" "--format-version=1", kill_on_drop: false }`
[INFO] [stdout] 32a813d11346f7a11915c02dcd76e64cadde0e838709c6c95bd1085110090a1a
[INFO] running `Command { std: "docker" "start" "-a" "32a813d11346f7a11915c02dcd76e64cadde0e838709c6c95bd1085110090a1a", kill_on_drop: false }`
[INFO] running `Command { std: "docker" "inspect" "32a813d11346f7a11915c02dcd76e64cadde0e838709c6c95bd1085110090a1a", kill_on_drop: false }`
[INFO] running `Command { std: "docker" "rm" "-f" "32a813d11346f7a11915c02dcd76e64cadde0e838709c6c95bd1085110090a1a", kill_on_drop: false }`
[INFO] [stdout] 32a813d11346f7a11915c02dcd76e64cadde0e838709c6c95bd1085110090a1a
[INFO] running `Command { std: "docker" "create" "-v" "/var/lib/crater-agent-workspace/builds/worker-5-tc1/target:/opt/rustwide/target:rw,Z" "-v" "/var/lib/crater-agent-workspace/builds/worker-5-tc1/source:/opt/rustwide/workdir:ro,Z" "-v" "/var/lib/crater-agent-workspace/cargo-home:/opt/rustwide/cargo-home:ro,Z" "-v" "/var/lib/crater-agent-workspace/rustup-home:/opt/rustwide/rustup-home:ro,Z" "-e" "SOURCE_DIR=/opt/rustwide/workdir" "-e" "CARGO_TARGET_DIR=/opt/rustwide/target" "-e" "CARGO_INCREMENTAL=0" "-e" "RUST_BACKTRACE=full" "-e" "RUSTFLAGS=--cap-lints=warn" "-e" "RUSTDOCFLAGS=--cap-lints=warn" "-e" "CARGO_HOME=/opt/rustwide/cargo-home" "-e" "RUSTUP_HOME=/opt/rustwide/rustup-home" "-w" "/opt/rustwide/workdir" "-m" "1610612736" "--user" "0:0" "--network" "none" "ghcr.io/rust-lang/crates-build-env/linux@sha256:f3a9d4ad9d972b27faf3965f35b62e55ba32bbce8f20bc8fe909558a86702fde" "/opt/rustwide/cargo-home/bin/cargo" "+1.83.0" "build" "--frozen" "--message-format=json", kill_on_drop: false }`
[INFO] [stdout] cf871c505d9c152ab1babe1c1c169d34db85b1c4785f32b61531943117765f8e
[INFO] running `Command { std: "docker" "start" "-a" "cf871c505d9c152ab1babe1c1c169d34db85b1c4785f32b61531943117765f8e", kill_on_drop: false }`
[INFO] [stderr]    Compiling proc-macro2 v1.0.92
[INFO] [stderr]    Compiling unicode-ident v1.0.14
[INFO] [stderr]    Compiling libc v0.2.165
[INFO] [stderr]    Compiling autocfg v1.4.0
[INFO] [stderr]    Compiling strsim v0.11.1
[INFO] [stderr]    Compiling fnv v1.0.7
[INFO] [stderr]    Compiling ident_case v1.0.1
[INFO] [stderr]    Compiling byteorder v1.5.0
[INFO] [stderr]    Compiling hashbrown v0.15.2
[INFO] [stderr]    Compiling itoa v1.0.14
[INFO] [stderr]    Compiling smallvec v1.13.2
[INFO] [stderr]    Compiling winnow v0.6.20
[INFO] [stderr]    Compiling log v0.4.22
[INFO] [stderr]    Compiling time-core v0.1.2
[INFO] [stderr]    Compiling pq-sys v0.6.3
[INFO] [stderr]    Compiling num-conv v0.1.0
[INFO] [stderr]    Compiling powerfmt v0.2.0
[INFO] [stderr]    Compiling either v1.13.0
[INFO] [stderr]    Compiling iana-time-zone v0.1.61
[INFO] [stderr]    Compiling num_threads v0.1.7
[INFO] [stderr]    Compiling serde_json v1.0.133
[INFO] [stderr]    Compiling time-macros v0.2.18
[INFO] [stderr]    Compiling deranged v0.3.11
[INFO] [stderr]    Compiling arrayvec v0.7.6
[INFO] [stderr]    Compiling bitflags v2.6.0
[INFO] [stderr]    Compiling arrayref v0.3.9
[INFO] [stderr]    Compiling constant_time_eq v0.3.1
[INFO] [stderr]    Compiling thiserror v1.0.69
[INFO] [stderr]    Compiling thiserror v2.0.3
[INFO] [stderr]    Compiling base64 v0.21.7
[INFO] [stderr]    Compiling blake2b_simd v1.0.2
[INFO] [stderr]    Compiling indexmap v2.6.0
[INFO] [stderr]    Compiling lock_api v0.4.12
[INFO] [stderr]    Compiling num-traits v0.2.19
[INFO] [stderr]    Compiling rust-argon2 v2.1.0
[INFO] [stderr]    Compiling quote v1.0.37
[INFO] [stderr]    Compiling getrandom v0.2.15
[INFO] [stderr]    Compiling parking_lot_core v0.9.10
[INFO] [stderr]    Compiling syn v2.0.89
[INFO] [stderr]    Compiling parking_lot v0.12.3
[INFO] [stderr]    Compiling rand_core v0.6.4
[INFO] [stderr]    Compiling time v0.3.36
[INFO] [stderr]    Compiling scheduled-thread-pool v0.2.7
[INFO] [stderr]    Compiling r2d2 v0.8.10
[INFO] [stderr]    Compiling simple_logger v4.3.3
[INFO] [stderr]    Compiling simple_logger v5.0.0
[INFO] [stderr]    Compiling darling_core v0.20.10
[INFO] [stderr]    Compiling diesel_table_macro_syntax v0.2.0
[INFO] [stderr]    Compiling serde_derive v1.0.215
[INFO] [stderr]    Compiling zerocopy-derive v0.7.35
[INFO] [stderr]    Compiling thiserror-impl v1.0.69
[INFO] [stderr]    Compiling thiserror-impl v2.0.3
[INFO] [stderr]    Compiling darling_macro v0.20.10
[INFO] [stderr]    Compiling zerocopy v0.7.35
[INFO] [stderr]    Compiling darling v0.20.10
[INFO] [stderr]    Compiling dsl_auto_type v0.1.2
[INFO] [stderr]    Compiling ppv-lite86 v0.2.20
[INFO] [stderr]    Compiling diesel_derives v2.2.3
[INFO] [stderr]    Compiling rand_chacha v0.3.1
[INFO] [stderr]    Compiling rand v0.8.5
[INFO] [stderr]    Compiling serde v1.0.215
[INFO] [stderr]    Compiling serde_spanned v0.6.8
[INFO] [stderr]    Compiling toml_datetime v0.6.8
[INFO] [stderr]    Compiling uuid v1.11.0
[INFO] [stderr]    Compiling chrono v0.4.38
[INFO] [stderr]    Compiling toml_edit v0.22.22
[INFO] [stderr]    Compiling diesel v2.2.5
[INFO] [stderr]    Compiling toml v0.8.19
[INFO] [stderr]    Compiling migrations_internals v2.2.0
[INFO] [stderr]    Compiling migrations_macros v2.2.0
[INFO] [stderr]    Compiling diesel_migrations v2.2.0
[INFO] [stderr]    Compiling tenet v0.1.0 (https://github.com/stec-ug-haftungsbeschrankt/tenet.git#fdc6f847)
[INFO] [stderr]    Compiling shopster v0.1.0 (/opt/rustwide/workdir)
[INFO] [stdout] warning: associated function `drop_database` is never used
[INFO] [stdout]   --> src/postgresql/mod.rs:29:12
[INFO] [stdout]    |
[INFO] [stdout] 13 | impl DatabaseHelper {
[INFO] [stdout]    | ------------------- associated function in this implementation
[INFO] [stdout] ...
[INFO] [stdout] 29 |     pub fn drop_database(db_url: &str) -> Result<(), Box<dyn std::error::Error>> {
[INFO] [stdout]    |            ^^^^^^^^^^^^^
[INFO] [stdout]    |
[INFO] [stdout]    = note: `#[warn(dead_code)]` on by default
[INFO] [stdout] 
[INFO] [stdout] 
[INFO] [stderr]     Finished `dev` profile [unoptimized + debuginfo] target(s) in 1m 00s
[INFO] running `Command { std: "docker" "inspect" "cf871c505d9c152ab1babe1c1c169d34db85b1c4785f32b61531943117765f8e", kill_on_drop: false }`
[INFO] running `Command { std: "docker" "rm" "-f" "cf871c505d9c152ab1babe1c1c169d34db85b1c4785f32b61531943117765f8e", kill_on_drop: false }`
[INFO] [stdout] cf871c505d9c152ab1babe1c1c169d34db85b1c4785f32b61531943117765f8e
[INFO] running `Command { std: "docker" "create" "-v" "/var/lib/crater-agent-workspace/builds/worker-5-tc1/target:/opt/rustwide/target:rw,Z" "-v" "/var/lib/crater-agent-workspace/builds/worker-5-tc1/source:/opt/rustwide/workdir:ro,Z" "-v" "/var/lib/crater-agent-workspace/cargo-home:/opt/rustwide/cargo-home:ro,Z" "-v" "/var/lib/crater-agent-workspace/rustup-home:/opt/rustwide/rustup-home:ro,Z" "-e" "SOURCE_DIR=/opt/rustwide/workdir" "-e" "CARGO_TARGET_DIR=/opt/rustwide/target" "-e" "CARGO_INCREMENTAL=0" "-e" "RUST_BACKTRACE=full" "-e" "RUSTFLAGS=--cap-lints=warn" "-e" "RUSTDOCFLAGS=--cap-lints=warn" "-e" "CARGO_HOME=/opt/rustwide/cargo-home" "-e" "RUSTUP_HOME=/opt/rustwide/rustup-home" "-w" "/opt/rustwide/workdir" "-m" "1610612736" "--user" "0:0" "--network" "none" "ghcr.io/rust-lang/crates-build-env/linux@sha256:f3a9d4ad9d972b27faf3965f35b62e55ba32bbce8f20bc8fe909558a86702fde" "/opt/rustwide/cargo-home/bin/cargo" "+1.83.0" "test" "--frozen" "--no-run" "--message-format=json", kill_on_drop: false }`
[INFO] [stdout] c14b0674f330088569acee5d3afb2bf0eec84a0b2e8a7f533f94e82c8c43ae93
[INFO] running `Command { std: "docker" "start" "-a" "c14b0674f330088569acee5d3afb2bf0eec84a0b2e8a7f533f94e82c8c43ae93", kill_on_drop: false }`
[INFO] [stderr]    Compiling serde v1.0.215
[INFO] [stderr]    Compiling pin-project-lite v0.2.15
[INFO] [stderr]    Compiling bytes v1.8.0
[INFO] [stderr]    Compiling futures-core v0.3.31
[INFO] [stderr]    Compiling stable_deref_trait v1.2.0
[INFO] [stderr]    Compiling slab v0.4.9
[INFO] [stderr]    Compiling futures-sink v0.3.31
[INFO] [stderr]    Compiling shlex v1.3.0
[INFO] [stderr]    Compiling futures-task v0.3.31
[INFO] [stderr]    Compiling futures-io v0.3.31
[INFO] [stderr]    Compiling writeable v0.5.5
[INFO] [stderr]    Compiling litemap v0.7.4
[INFO] [stderr]    Compiling syn v2.0.89
[INFO] [stderr]    Compiling mio v1.0.2
[INFO] [stderr]    Compiling socket2 v0.5.7
[INFO] [stderr]    Compiling once_cell v1.20.2
[INFO] [stderr]    Compiling bitflags v2.6.0
[INFO] [stderr]    Compiling icu_locid_transform_data v1.5.0
[INFO] [stderr]    Compiling httparse v1.9.5
[INFO] [stderr]    Compiling futures-channel v0.3.31
[INFO] [stderr]    Compiling rustls-pki-types v1.10.0
[INFO] [stderr]    Compiling regex-syntax v0.8.5
[INFO] [stderr]    Compiling either v1.13.0
[INFO] [stderr]    Compiling cc v1.2.1
[INFO] [stderr]    Compiling icu_properties_data v1.5.0
[INFO] [stderr]    Compiling parking_lot_core v0.9.10
[INFO] [stderr]    Compiling tracing-core v0.1.33
[INFO] [stderr]    Compiling memchr v2.7.4
[INFO] [stderr]    Compiling rustls v0.23.18
[INFO] [stderr]    Compiling write16 v1.0.0
[INFO] [stderr]    Compiling httpdate v1.0.3
[INFO] [stderr]    Compiling icu_normalizer_data v1.5.0
[INFO] [stderr]    Compiling utf8_iter v1.0.4
[INFO] [stderr]    Compiling utf16_iter v1.0.5
[INFO] [stderr]    Compiling percent-encoding v2.3.1
[INFO] [stderr]    Compiling parking_lot v0.12.3
[INFO] [stderr]    Compiling tower-service v0.3.3
[INFO] [stderr]    Compiling rustix v0.38.41
[INFO] [stderr]    Compiling form_urlencoded v1.2.1
[INFO] [stderr]    Compiling http v1.1.0
[INFO] [stderr]    Compiling linux-raw-sys v0.4.14
[INFO] [stderr]    Compiling scheduled-thread-pool v0.2.7
[INFO] [stderr]    Compiling rustls-pemfile v2.2.0
[INFO] [stderr]    Compiling hex v0.4.3
[INFO] [stderr]    Compiling r2d2 v0.8.10
[INFO] [stderr]    Compiling openssl-probe v0.1.5
[INFO] [stderr]    Compiling home v0.5.9
[INFO] [stderr]    Compiling filetime v0.2.25
[INFO] [stderr]    Compiling tracing v0.1.40
[INFO] [stderr]    Compiling rustls-native-certs v0.7.3
[INFO] [stderr]    Compiling etcetera v0.8.0
[INFO] [stderr]    Compiling aho-corasick v1.1.3
[INFO] [stderr]    Compiling http-body v1.0.1
[INFO] [stderr]    Compiling ring v0.17.8
[INFO] [stderr]    Compiling regex-automata v0.4.9
[INFO] [stderr]    Compiling xattr v1.3.1
[INFO] [stderr]    Compiling regex v1.11.1
[INFO] [stderr]    Compiling synstructure v0.13.1
[INFO] [stderr]    Compiling darling_core v0.20.10
[INFO] [stderr]    Compiling diesel_table_macro_syntax v0.2.0
[INFO] [stderr]    Compiling serde_derive v1.0.215
[INFO] [stderr]    Compiling zerofrom-derive v0.1.5
[INFO] [stderr]    Compiling yoke-derive v0.7.5
[INFO] [stderr]    Compiling zerovec-derive v0.10.3
[INFO] [stderr]    Compiling displaydoc v0.2.5
[INFO] [stderr]    Compiling tokio-macros v2.4.0
[INFO] [stderr]    Compiling futures-macro v0.3.31
[INFO] [stderr]    Compiling icu_provider_macros v1.5.0
[INFO] [stderr]    Compiling zerocopy-derive v0.7.35
[INFO] [stderr]    Compiling thiserror-impl v1.0.69
[INFO] [stderr]    Compiling structmeta-derive v0.3.0
[INFO] [stderr]    Compiling rustls-webpki v0.102.8
[INFO] [stderr]    Compiling tokio v1.41.1
[INFO] [stderr]    Compiling serde_repr v0.1.19
[INFO] [stderr]    Compiling thiserror-impl v2.0.3
[INFO] [stderr]    Compiling async-trait v0.1.83
[INFO] [stderr]    Compiling zerocopy v0.7.35
[INFO] [stderr]    Compiling futures-util v0.3.31
[INFO] [stderr]    Compiling thiserror v1.0.69
[INFO] [stderr]    Compiling structmeta v0.3.0
[INFO] [stderr]    Compiling ppv-lite86 v0.2.20
[INFO] [stderr]    Compiling darling_macro v0.20.10
[INFO] [stderr]    Compiling parse-display-derive v0.9.1
[INFO] [stderr]    Compiling rand_chacha v0.3.1
[INFO] [stderr]    Compiling rand v0.8.5
[INFO] [stderr]    Compiling zerofrom v0.1.5
[INFO] [stderr]    Compiling yoke v0.7.5
[INFO] [stderr]    Compiling thiserror v2.0.3
[INFO] [stderr]    Compiling zerovec v0.10.4
[INFO] [stderr]    Compiling darling v0.20.10
[INFO] [stderr]    Compiling dsl_auto_type v0.1.2
[INFO] [stderr]    Compiling serde_with_macros v3.11.0
[INFO] [stderr]    Compiling diesel_derives v2.2.3
[INFO] [stderr]    Compiling parse-display v0.9.1
[INFO] [stderr]    Compiling tinystr v0.7.6
[INFO] [stderr]    Compiling icu_collections v1.5.0
[INFO] [stderr]    Compiling icu_locid v1.5.0
[INFO] [stderr]    Compiling icu_provider v1.5.0
[INFO] [stderr]    Compiling icu_locid_transform v1.5.0
[INFO] [stderr]    Compiling http-body-util v0.1.2
[INFO] [stderr]    Compiling futures-executor v0.3.31
[INFO] [stderr]    Compiling futures v0.3.31
[INFO] [stderr]    Compiling hyper v1.5.1
[INFO] [stderr]    Compiling tokio-rustls v0.26.0
[INFO] [stderr]    Compiling tokio-stream v0.1.16
[INFO] [stderr]    Compiling tokio-util v0.7.12
[INFO] [stderr]    Compiling icu_properties v1.5.1
[INFO] [stderr]    Compiling tokio-tar v0.3.1
[INFO] [stderr]    Compiling serde_spanned v0.6.8
[INFO] [stderr]    Compiling toml_datetime v0.6.8
[INFO] [stderr]    Compiling toml_edit v0.22.22
[INFO] [stderr]    Compiling hyper-util v0.1.10
[INFO] [stderr]    Compiling serde_json v1.0.133
[INFO] [stderr]    Compiling chrono v0.4.38
[INFO] [stderr]    Compiling uuid v1.11.0
[INFO] [stderr]    Compiling serde_with v3.11.0
[INFO] [stderr]    Compiling serde_urlencoded v0.7.1
[INFO] [stderr]    Compiling hyperlocal v0.9.1
[INFO] [stderr]    Compiling hyper-rustls v0.27.3
[INFO] [stderr]    Compiling icu_normalizer v1.5.0
[INFO] [stderr]    Compiling docker_credential v1.3.1
[INFO] [stderr]    Compiling toml v0.8.19
[INFO] [stderr]    Compiling diesel v2.2.5
[INFO] [stderr]    Compiling migrations_internals v2.2.0
[INFO] [stderr]    Compiling bollard-stubs v1.45.0-rc.26.0.1
[INFO] [stderr]    Compiling idna_adapter v1.2.0
[INFO] [stderr]    Compiling idna v1.0.3
[INFO] [stderr]    Compiling migrations_macros v2.2.0
[INFO] [stderr]    Compiling url v2.5.4
[INFO] [stderr]    Compiling bollard v0.17.1
[INFO] [stderr]    Compiling testcontainers v0.23.1
[INFO] [stderr]    Compiling testcontainers-modules v0.11.4
[INFO] [stderr]    Compiling diesel_migrations v2.2.0
[INFO] [stderr]    Compiling tenet v0.1.0 (https://github.com/stec-ug-haftungsbeschrankt/tenet.git#fdc6f847)
[INFO] [stderr]    Compiling shopster v0.1.0 (/opt/rustwide/workdir)
[INFO] [stdout] warning: associated function `drop_database` is never used
[INFO] [stdout]   --> src/postgresql/mod.rs:29:12
[INFO] [stdout]    |
[INFO] [stdout] 13 | impl DatabaseHelper {
[INFO] [stdout]    | ------------------- associated function in this implementation
[INFO] [stdout] ...
[INFO] [stdout] 29 |     pub fn drop_database(db_url: &str) -> Result<(), Box<dyn std::error::Error>> {
[INFO] [stdout]    |            ^^^^^^^^^^^^^
[INFO] [stdout]    |
[INFO] [stdout]    = note: `#[warn(dead_code)]` on by default
[INFO] [stdout] 
[INFO] [stdout] 
[INFO] [stdout] warning: unused variable: `shopster_connection_string`
[INFO] [stdout]    --> src/lib.rs:183:48
[INFO] [stdout]     |
[INFO] [stdout] 183 |         test_harness(|tenet_connection_string, shopster_connection_string| {
[INFO] [stdout]     |                                                ^^^^^^^^^^^^^^^^^^^^^^^^^^ help: if this is intentional, prefix it with an underscore: `_shopster_connection_string`
[INFO] [stdout]     |
[INFO] [stdout]     = note: `#[warn(unused_variables)]` on by default
[INFO] [stdout] 
[INFO] [stdout] 
[INFO] [stdout] warning: variable does not need to be mutable
[INFO] [stdout]    --> src/lib.rs:195:13
[INFO] [stdout]     |
[INFO] [stdout] 195 |         let mut tenet = Tenet::new(tenant_database_url);
[INFO] [stdout]     |             ----^^^^^
[INFO] [stdout]     |             |
[INFO] [stdout]     |             help: remove this `mut`
[INFO] [stdout]     |
[INFO] [stdout]     = note: `#[warn(unused_mut)]` on by default
[INFO] [stdout] 
[INFO] [stdout] 
[INFO] [stdout] warning: unused variable: `basket`
[INFO] [stdout]    --> src/lib.rs:246:13
[INFO] [stdout]     |
[INFO] [stdout] 246 |         let basket = baskets.get_basket(basket_id).unwrap();
[INFO] [stdout]     |             ^^^^^^ help: if this is intentional, prefix it with an underscore: `_basket`
[INFO] [stdout] 
[INFO] [stdout] 
[INFO] [stdout] warning: variable does not need to be mutable
[INFO] [stdout]    --> src/lib.rs:213:13
[INFO] [stdout]     |
[INFO] [stdout] 213 |         let mut tenet = Tenet::new(tenant_database_url);
[INFO] [stdout]     |             ----^^^^^
[INFO] [stdout]     |             |
[INFO] [stdout]     |             help: remove this `mut`
[INFO] [stdout] 
[INFO] [stdout] 
[INFO] [stdout] warning: associated function `drop_database` is never used
[INFO] [stdout]   --> src/postgresql/mod.rs:29:12
[INFO] [stdout]    |
[INFO] [stdout] 13 | impl DatabaseHelper {
[INFO] [stdout]    | ------------------- associated function in this implementation
[INFO] [stdout] ...
[INFO] [stdout] 29 |     pub fn drop_database(db_url: &str) -> Result<(), Box<dyn std::error::Error>> {
[INFO] [stdout]    |            ^^^^^^^^^^^^^
[INFO] [stdout]    |
[INFO] [stdout]    = note: `#[warn(dead_code)]` on by default
[INFO] [stdout] 
[INFO] [stdout] 
[INFO] [stdout] warning: unused `Result` that must be used
[INFO] [stdout]    --> src/lib.rs:177:9
[INFO] [stdout]     |
[INFO] [stdout] 177 |         shopster_node.stop();
[INFO] [stdout]     |         ^^^^^^^^^^^^^^^^^^^^
[INFO] [stdout]     |
[INFO] [stdout]     = note: this `Result` may be an `Err` variant, which should be handled
[INFO] [stdout]     = note: `#[warn(unused_must_use)]` on by default
[INFO] [stdout] help: use `let _ = ...` to ignore the resulting value
[INFO] [stdout]     |
[INFO] [stdout] 177 |         let _ = shopster_node.stop();
[INFO] [stdout]     |         +++++++
[INFO] [stdout] 
[INFO] [stdout] 
[INFO] [stdout] warning: unused `Result` that must be used
[INFO] [stdout]    --> src/lib.rs:178:9
[INFO] [stdout]     |
[INFO] [stdout] 178 |         tenet_node.stop();
[INFO] [stdout]     |         ^^^^^^^^^^^^^^^^^
[INFO] [stdout]     |
[INFO] [stdout]     = note: this `Result` may be an `Err` variant, which should be handled
[INFO] [stdout] help: use `let _ = ...` to ignore the resulting value
[INFO] [stdout]     |
[INFO] [stdout] 178 |         let _ = tenet_node.stop();
[INFO] [stdout]     |         +++++++
[INFO] [stdout] 
[INFO] [stdout] 
[INFO] [stderr]     Finished `test` profile [unoptimized + debuginfo] target(s) in 1m 59s
[INFO] running `Command { std: "docker" "inspect" "c14b0674f330088569acee5d3afb2bf0eec84a0b2e8a7f533f94e82c8c43ae93", kill_on_drop: false }`
[INFO] running `Command { std: "docker" "rm" "-f" "c14b0674f330088569acee5d3afb2bf0eec84a0b2e8a7f533f94e82c8c43ae93", kill_on_drop: false }`
[INFO] [stdout] c14b0674f330088569acee5d3afb2bf0eec84a0b2e8a7f533f94e82c8c43ae93
[INFO] running `Command { std: "docker" "create" "-v" "/var/lib/crater-agent-workspace/builds/worker-5-tc1/target:/opt/rustwide/target:rw,Z" "-v" "/var/lib/crater-agent-workspace/builds/worker-5-tc1/source:/opt/rustwide/workdir:ro,Z" "-v" "/var/lib/crater-agent-workspace/cargo-home:/opt/rustwide/cargo-home:ro,Z" "-v" "/var/lib/crater-agent-workspace/rustup-home:/opt/rustwide/rustup-home:ro,Z" "-e" "SOURCE_DIR=/opt/rustwide/workdir" "-e" "CARGO_TARGET_DIR=/opt/rustwide/target" "-e" "CARGO_INCREMENTAL=0" "-e" "RUST_BACKTRACE=full" "-e" "RUSTFLAGS=--cap-lints=warn" "-e" "RUSTDOCFLAGS=--cap-lints=warn" "-e" "CARGO_HOME=/opt/rustwide/cargo-home" "-e" "RUSTUP_HOME=/opt/rustwide/rustup-home" "-w" "/opt/rustwide/workdir" "-m" "1610612736" "--user" "0:0" "--network" "none" "ghcr.io/rust-lang/crates-build-env/linux@sha256:f3a9d4ad9d972b27faf3965f35b62e55ba32bbce8f20bc8fe909558a86702fde" "/opt/rustwide/cargo-home/bin/cargo" "+1.83.0" "test" "--frozen", kill_on_drop: false }`
[INFO] [stdout] f4534bb58212ff4d1dc93afae66d7d0258e2fa00609a71af990f06cffd0af539
[INFO] running `Command { std: "docker" "start" "-a" "f4534bb58212ff4d1dc93afae66d7d0258e2fa00609a71af990f06cffd0af539", kill_on_drop: false }`
[INFO] [stderr] warning: associated function `drop_database` is never used
[INFO] [stderr]   --> src/postgresql/mod.rs:29:12
[INFO] [stderr]    |
[INFO] [stderr] 13 | impl DatabaseHelper {
[INFO] [stderr]    | ------------------- associated function in this implementation
[INFO] [stderr] ...
[INFO] [stderr] 29 |     pub fn drop_database(db_url: &str) -> Result<(), Box<dyn std::error::Error>> {
[INFO] [stderr]    |            ^^^^^^^^^^^^^
[INFO] [stderr]    |
[INFO] [stderr]    = note: `#[warn(dead_code)]` on by default
[INFO] [stderr] 
[INFO] [stderr] warning: `shopster` (lib) generated 1 warning
[INFO] [stderr] warning: unused variable: `shopster_connection_string`
[INFO] [stderr]    --> src/lib.rs:183:48
[INFO] [stderr]     |
[INFO] [stderr] 183 |         test_harness(|tenet_connection_string, shopster_connection_string| {
[INFO] [stderr]     |                                                ^^^^^^^^^^^^^^^^^^^^^^^^^^ help: if this is intentional, prefix it with an underscore: `_shopster_connection_string`
[INFO] [stderr]     |
[INFO] [stderr]     = note: `#[warn(unused_variables)]` on by default
[INFO] [stderr] 
[INFO] [stderr] warning: variable does not need to be mutable
[INFO] [stderr]    --> src/lib.rs:195:13
[INFO] [stderr]     |
[INFO] [stderr] 195 |         let mut tenet = Tenet::new(tenant_database_url);
[INFO] [stderr]     |             ----^^^^^
[INFO] [stderr]     |             |
[INFO] [stderr]     |             help: remove this `mut`
[INFO] [stderr]     |
[INFO] [stderr]     = note: `#[warn(unused_mut)]` on by default
[INFO] [stderr] 
[INFO] [stderr] warning: unused variable: `basket`
[INFO] [stderr]    --> src/lib.rs:246:13
[INFO] [stderr]     |
[INFO] [stderr] 246 |         let basket = baskets.get_basket(basket_id).unwrap();
[INFO] [stderr]     |             ^^^^^^ help: if this is intentional, prefix it with an underscore: `_basket`
[INFO] [stderr] 
[INFO] [stderr] warning: variable does not need to be mutable
[INFO] [stderr]    --> src/lib.rs:213:13
[INFO] [stderr]     |
[INFO] [stderr] 213 |         let mut tenet = Tenet::new(tenant_database_url);
[INFO] [stderr]     |             ----^^^^^
[INFO] [stderr]     |             |
[INFO] [stderr]     |             help: remove this `mut`
[INFO] [stderr] 
[INFO] [stderr] warning: unused `Result` that must be used
[INFO] [stderr]    --> src/lib.rs:177:9
[INFO] [stderr]     |
[INFO] [stderr] 177 |         shopster_node.stop();
[INFO] [stderr]     |         ^^^^^^^^^^^^^^^^^^^^
[INFO] [stderr]     |
[INFO] [stderr]     = note: this `Result` may be an `Err` variant, which should be handled
[INFO] [stderr]     = note: `#[warn(unused_must_use)]` on by default
[INFO] [stderr] help: use `let _ = ...` to ignore the resulting value
[INFO] [stderr]     |
[INFO] [stderr] 177 |         let _ = shopster_node.stop();
[INFO] [stderr]     |         +++++++
[INFO] [stderr] 
[INFO] [stderr] warning: unused `Result` that must be used
[INFO] [stderr]    --> src/lib.rs:178:9
[INFO] [stderr]     |
[INFO] [stderr] 178 |         tenet_node.stop();
[INFO] [stderr]     |         ^^^^^^^^^^^^^^^^^
[INFO] [stderr]     |
[INFO] [stderr]     = note: this `Result` may be an `Err` variant, which should be handled
[INFO] [stderr] help: use `let _ = ...` to ignore the resulting value
[INFO] [stderr]     |
[INFO] [stderr] 178 |         let _ = tenet_node.stop();
[INFO] [stderr]     |         +++++++
[INFO] [stderr] 
[INFO] [stderr] warning: `shopster` (lib test) generated 7 warnings (1 duplicate) (run `cargo fix --lib -p shopster --tests` to apply 2 suggestions)
[INFO] [stderr]     Finished `test` profile [unoptimized + debuginfo] target(s) in 0.43s
[INFO] [stderr]      Running unittests src/lib.rs (/opt/rustwide/target/debug/deps/shopster-2403061a91486f1f)
[INFO] [stdout] 
[INFO] [stdout] running 3 tests
[INFO] [stdout] test tests::tenant_not_found_test ... FAILED
[INFO] [stdout] test tests::basket_test ... FAILED
[INFO] [stdout] test tests::settings_get_all has been running for over 60 seconds
[INFO] [stdout] test tests::settings_get_all ... FAILED
[INFO] [stdout] 
[INFO] [stdout] failures:
[INFO] [stdout] 
[INFO] [stdout] ---- tests::tenant_not_found_test stdout ----
[INFO] [stdout] thread 'tests::tenant_not_found_test' panicked at src/lib.rs:169:54:
[INFO] [stdout] called `Result::unwrap()` on an `Err` value: Client(Init(SocketNotFoundError("/var/run/docker.sock")))
[INFO] [stdout] stack backtrace:
[INFO] [stdout]    0:     0x57212aa1712a - std::backtrace_rs::backtrace::libunwind::trace::h5a5b8284f2d0c266
[INFO] [stdout]                                at /rustc/90b35a6239c3d8bdabc530a6a0816f7ff89a0aaf/library/std/src/../../backtrace/src/backtrace/libunwind.rs:116:5
[INFO] [stdout]    1:     0x57212aa1712a - std::backtrace_rs::backtrace::trace_unsynchronized::h76d4f1c9b0b875e3
[INFO] [stdout]                                at /rustc/90b35a6239c3d8bdabc530a6a0816f7ff89a0aaf/library/std/src/../../backtrace/src/backtrace/mod.rs:66:5
[INFO] [stdout]    2:     0x57212aa1712a - std::sys::backtrace::_print_fmt::hc4546b8364a537c6
[INFO] [stdout]                                at /rustc/90b35a6239c3d8bdabc530a6a0816f7ff89a0aaf/library/std/src/sys/backtrace.rs:66:9
[INFO] [stdout]    3:     0x57212aa1712a - <std::sys::backtrace::BacktraceLock::print::DisplayBacktrace as core::fmt::Display>::fmt::h5b6bd5631a6d1f6b
[INFO] [stdout]                                at /rustc/90b35a6239c3d8bdabc530a6a0816f7ff89a0aaf/library/std/src/sys/backtrace.rs:39:26
[INFO] [stdout]    4:     0x57212aa40023 - core::fmt::rt::Argument::fmt::h270f6602a2b96f62
[INFO] [stdout]                                at /rustc/90b35a6239c3d8bdabc530a6a0816f7ff89a0aaf/library/core/src/fmt/rt.rs:177:76
[INFO] [stdout]    5:     0x57212aa40023 - core::fmt::write::h7550c97b06c86515
[INFO] [stdout]                                at /rustc/90b35a6239c3d8bdabc530a6a0816f7ff89a0aaf/library/core/src/fmt/mod.rs:1186:21
[INFO] [stdout]    6:     0x57212aa13143 - std::io::Write::write_fmt::h509ff860e5956e5e
[INFO] [stdout]                                at /rustc/90b35a6239c3d8bdabc530a6a0816f7ff89a0aaf/library/std/src/io/mod.rs:1839:15
[INFO] [stdout]    7:     0x57212aa16f72 - std::sys::backtrace::BacktraceLock::print::h2395ccd2c84ba3aa
[INFO] [stdout]                                at /rustc/90b35a6239c3d8bdabc530a6a0816f7ff89a0aaf/library/std/src/sys/backtrace.rs:42:9
[INFO] [stdout]    8:     0x57212aa1858a - std::panicking::default_hook::{{closure}}::he19d4c7230e07961
[INFO] [stdout]                                at /rustc/90b35a6239c3d8bdabc530a6a0816f7ff89a0aaf/library/std/src/panicking.rs:268:22
[INFO] [stdout]    9:     0x57212aa18394 - std::panicking::default_hook::hf614597d3c67bbdb
[INFO] [stdout]                                at /rustc/90b35a6239c3d8bdabc530a6a0816f7ff89a0aaf/library/std/src/panicking.rs:292:9
[INFO] [stdout]   10:     0x57212a17cab9 - <alloc::boxed::Box<F,A> as core::ops::function::Fn<Args>>::call::h39b51ce4599c23d1
[INFO] [stdout]                                at /rustc/90b35a6239c3d8bdabc530a6a0816f7ff89a0aaf/library/alloc/src/boxed.rs:2468:9
[INFO] [stdout]   11:     0x57212a17cab9 - test::test_main::{{closure}}::he977ae839a582784
[INFO] [stdout]                                at /rustc/90b35a6239c3d8bdabc530a6a0816f7ff89a0aaf/library/test/src/lib.rs:133:21
[INFO] [stdout]   12:     0x57212aa18c28 - <alloc::boxed::Box<F,A> as core::ops::function::Fn<Args>>::call::h9455091b6b06f9fb
[INFO] [stdout]                                at /rustc/90b35a6239c3d8bdabc530a6a0816f7ff89a0aaf/library/alloc/src/boxed.rs:2468:9
[INFO] [stdout]   13:     0x57212aa18c28 - std::panicking::rust_panic_with_hook::h8942133a8b252070
[INFO] [stdout]                                at /rustc/90b35a6239c3d8bdabc530a6a0816f7ff89a0aaf/library/std/src/panicking.rs:809:13
[INFO] [stdout]   14:     0x57212aa189ea - std::panicking::begin_panic_handler::{{closure}}::hb5f5963570096b29
[INFO] [stdout]                                at /rustc/90b35a6239c3d8bdabc530a6a0816f7ff89a0aaf/library/std/src/panicking.rs:674:13
[INFO] [stdout]   15:     0x57212aa17609 - std::sys::backtrace::__rust_end_short_backtrace::h6208cedc1922feda
[INFO] [stdout]                                at /rustc/90b35a6239c3d8bdabc530a6a0816f7ff89a0aaf/library/std/src/sys/backtrace.rs:170:18
[INFO] [stdout]   16:     0x57212aa1867c - rust_begin_unwind
[INFO] [stdout]                                at /rustc/90b35a6239c3d8bdabc530a6a0816f7ff89a0aaf/library/std/src/panicking.rs:665:5
[INFO] [stdout]   17:     0x572129ec53f0 - core::panicking::panic_fmt::h0c3082644d1bf418
[INFO] [stdout]                                at /rustc/90b35a6239c3d8bdabc530a6a0816f7ff89a0aaf/library/core/src/panicking.rs:74:14
[INFO] [stdout]   18:     0x572129ec58d6 - core::result::unwrap_failed::hd20b4aa073bda1e2
[INFO] [stdout]                                at /rustc/90b35a6239c3d8bdabc530a6a0816f7ff89a0aaf/library/core/src/result.rs:1700:5
[INFO] [stdout]   19:     0x57212a0f3459 - core::result::Result<T,E>::unwrap::h73c275ac2b162e4a
[INFO] [stdout]                                at /rustc/90b35a6239c3d8bdabc530a6a0816f7ff89a0aaf/library/core/src/result.rs:1104:23
[INFO] [stdout]   20:     0x57212a0f3459 - shopster::tests::test_harness::hc826c544e99c71c4
[INFO] [stdout]                                at /opt/rustwide/workdir/src/lib.rs:169:26
[INFO] [stdout]   21:     0x57212a0f4286 - shopster::tests::tenant_not_found_test::hbf34a978caec6fc7
[INFO] [stdout]                                at /opt/rustwide/workdir/src/lib.rs:183:9
[INFO] [stdout]   22:     0x57212a0f4267 - shopster::tests::tenant_not_found_test::{{closure}}::h8766a6535b3c2b29
[INFO] [stdout]                                at /opt/rustwide/workdir/src/lib.rs:182:31
[INFO] [stdout]   23:     0x572129f939e6 - core::ops::function::FnOnce::call_once::hd0e686e749067c2f
[INFO] [stdout]                                at /rustc/90b35a6239c3d8bdabc530a6a0816f7ff89a0aaf/library/core/src/ops/function.rs:250:5
[INFO] [stdout]   24:     0x57212a18147b - core::ops::function::FnOnce::call_once::h109cf8051a59b34e
[INFO] [stdout]                                at /rustc/90b35a6239c3d8bdabc530a6a0816f7ff89a0aaf/library/core/src/ops/function.rs:250:5
[INFO] [stdout]   25:     0x57212a18147b - test::__rust_begin_short_backtrace::hf4fff89d377446ba
[INFO] [stdout]                                at /rustc/90b35a6239c3d8bdabc530a6a0816f7ff89a0aaf/library/test/src/lib.rs:621:18
[INFO] [stdout]   26:     0x57212a180cb7 - test::run_test_in_process::{{closure}}::h0e39181dd7ee5a43
[INFO] [stdout]                                at /rustc/90b35a6239c3d8bdabc530a6a0816f7ff89a0aaf/library/test/src/lib.rs:644:60
[INFO] [stdout]   27:     0x57212a180cb7 - <core::panic::unwind_safe::AssertUnwindSafe<F> as core::ops::function::FnOnce<()>>::call_once::hc5a66a30f0bdfd1f
[INFO] [stdout]                                at /rustc/90b35a6239c3d8bdabc530a6a0816f7ff89a0aaf/library/core/src/panic/unwind_safe.rs:272:9
[INFO] [stdout]   28:     0x57212a180cb7 - std::panicking::try::do_call::h873b7cf639554a5e
[INFO] [stdout]                                at /rustc/90b35a6239c3d8bdabc530a6a0816f7ff89a0aaf/library/std/src/panicking.rs:557:40
[INFO] [stdout]   29:     0x57212a180cb7 - std::panicking::try::hdb19862fad9c8bd1
[INFO] [stdout]                                at /rustc/90b35a6239c3d8bdabc530a6a0816f7ff89a0aaf/library/std/src/panicking.rs:520:19
[INFO] [stdout]   30:     0x57212a180cb7 - std::panic::catch_unwind::h281fe732d236d260
[INFO] [stdout]                                at /rustc/90b35a6239c3d8bdabc530a6a0816f7ff89a0aaf/library/std/src/panic.rs:358:14
[INFO] [stdout]   31:     0x57212a180cb7 - test::run_test_in_process::h949b6df8457ed338
[INFO] [stdout]                                at /rustc/90b35a6239c3d8bdabc530a6a0816f7ff89a0aaf/library/test/src/lib.rs:644:27
[INFO] [stdout]   32:     0x57212a180cb7 - test::run_test::{{closure}}::h52c556a6d4740e10
[INFO] [stdout]                                at /rustc/90b35a6239c3d8bdabc530a6a0816f7ff89a0aaf/library/test/src/lib.rs:565:43
[INFO] [stdout]   33:     0x57212a145f94 - test::run_test::{{closure}}::h4237f6381c45ccb9
[INFO] [stdout]                                at /rustc/90b35a6239c3d8bdabc530a6a0816f7ff89a0aaf/library/test/src/lib.rs:595:41
[INFO] [stdout]   34:     0x57212a145f94 - std::sys::backtrace::__rust_begin_short_backtrace::h505c97a579eca628
[INFO] [stdout]                                at /rustc/90b35a6239c3d8bdabc530a6a0816f7ff89a0aaf/library/std/src/sys/backtrace.rs:154:18
[INFO] [stdout]   35:     0x57212a14965e - std::thread::Builder::spawn_unchecked_::{{closure}}::{{closure}}::h9e86b2e2bc107ea3
[INFO] [stdout]                                at /rustc/90b35a6239c3d8bdabc530a6a0816f7ff89a0aaf/library/std/src/thread/mod.rs:538:17
[INFO] [stdout]   36:     0x57212a14965e - <core::panic::unwind_safe::AssertUnwindSafe<F> as core::ops::function::FnOnce<()>>::call_once::h8b06ddb275ff4a25
[INFO] [stdout]                                at /rustc/90b35a6239c3d8bdabc530a6a0816f7ff89a0aaf/library/core/src/panic/unwind_safe.rs:272:9
[INFO] [stdout]   37:     0x57212a14965e - std::panicking::try::do_call::hb26ecd7cd9a9355d
[INFO] [stdout]                                at /rustc/90b35a6239c3d8bdabc530a6a0816f7ff89a0aaf/library/std/src/panicking.rs:557:40
[INFO] [stdout]   38:     0x57212a14965e - std::panicking::try::h8ddeca9d705f9069
[INFO] [stdout]                                at /rustc/90b35a6239c3d8bdabc530a6a0816f7ff89a0aaf/library/std/src/panicking.rs:520:19
[INFO] [stdout]   39:     0x57212a14965e - std::panic::catch_unwind::h49e1c33078844c46
[INFO] [stdout]                                at /rustc/90b35a6239c3d8bdabc530a6a0816f7ff89a0aaf/library/std/src/panic.rs:358:14
[INFO] [stdout]   40:     0x57212a14965e - std::thread::Builder::spawn_unchecked_::{{closure}}::h6073db6ff56ad35d
[INFO] [stdout]                                at /rustc/90b35a6239c3d8bdabc530a6a0816f7ff89a0aaf/library/std/src/thread/mod.rs:537:30
[INFO] [stdout]   41:     0x57212a14965e - core::ops::function::FnOnce::call_once{{vtable.shim}}::h2c5a5f3779c774f1
[INFO] [stdout]                                at /rustc/90b35a6239c3d8bdabc530a6a0816f7ff89a0aaf/library/core/src/ops/function.rs:250:5
[INFO] [stdout]   42:     0x57212aa1d49b - <alloc::boxed::Box<F,A> as core::ops::function::FnOnce<Args>>::call_once::hf75717d9f28faebf
[INFO] [stdout]                                at /rustc/90b35a6239c3d8bdabc530a6a0816f7ff89a0aaf/library/alloc/src/boxed.rs:2454:9
[INFO] [stdout]   43:     0x57212aa1d49b - <alloc::boxed::Box<F,A> as core::ops::function::FnOnce<Args>>::call_once::h7bd883a5f3c5f3c1
[INFO] [stdout]                                at /rustc/90b35a6239c3d8bdabc530a6a0816f7ff89a0aaf/library/alloc/src/boxed.rs:2454:9
[INFO] [stdout]   44:     0x57212aa1d49b - std::sys::pal::unix::thread::Thread::new::thread_start::hcc78f3943333fa94
[INFO] [stdout]                                at /rustc/90b35a6239c3d8bdabc530a6a0816f7ff89a0aaf/library/std/src/sys/pal/unix/thread.rs:105:17
[INFO] [stdout]   45:     0x7f05a97a0ac3 - <unknown>
[INFO] [stdout]   46:     0x7f05a9831a04 - clone
[INFO] [stdout]   47:                0x0 - <unknown>
[INFO] [stdout] 
[INFO] [stdout] ---- tests::basket_test stdout ----
[INFO] [stdout] Tadaaa postgres://postgres:@localhost/stec_tenet_test
[INFO] [stdout] thread 'tests::basket_test' panicked at /opt/rustwide/cargo-home/git/checkouts/tenet-7e08b493582ca70e/fdc6f84/src/postgresql/database.rs:23:39:
[INFO] [stdout] Failed to create db pool: Error(Some("connection to server at \"localhost\" (::1), port 5432 failed: Connection refused\n\tIs the server running on that host and accepting TCP/IP connections?\nconnection to server at \"localhost\" (127.0.0.1), port 5432 failed: Connection refused\n\tIs the server running on that host and accepting TCP/IP connections?\n"))
[INFO] [stdout] stack backtrace:
[INFO] [stdout]    0:     0x57212aa1712a - std::backtrace_rs::backtrace::libunwind::trace::h5a5b8284f2d0c266
[INFO] [stdout]                                at /rustc/90b35a6239c3d8bdabc530a6a0816f7ff89a0aaf/library/std/src/../../backtrace/src/backtrace/libunwind.rs:116:5
[INFO] [stdout]    1:     0x57212aa1712a - std::backtrace_rs::backtrace::trace_unsynchronized::h76d4f1c9b0b875e3
[INFO] [stdout]                                at /rustc/90b35a6239c3d8bdabc530a6a0816f7ff89a0aaf/library/std/src/../../backtrace/src/backtrace/mod.rs:66:5
[INFO] [stdout]    2:     0x57212aa1712a - std::sys::backtrace::_print_fmt::hc4546b8364a537c6
[INFO] [stdout]                                at /rustc/90b35a6239c3d8bdabc530a6a0816f7ff89a0aaf/library/std/src/sys/backtrace.rs:66:9
[INFO] [stdout]    3:     0x57212aa1712a - <std::sys::backtrace::BacktraceLock::print::DisplayBacktrace as core::fmt::Display>::fmt::h5b6bd5631a6d1f6b
[INFO] [stdout]                                at /rustc/90b35a6239c3d8bdabc530a6a0816f7ff89a0aaf/library/std/src/sys/backtrace.rs:39:26
[INFO] [stdout]    4:     0x57212aa40023 - core::fmt::rt::Argument::fmt::h270f6602a2b96f62
[INFO] [stdout]                                at /rustc/90b35a6239c3d8bdabc530a6a0816f7ff89a0aaf/library/core/src/fmt/rt.rs:177:76
[INFO] [stdout]    5:     0x57212aa40023 - core::fmt::write::h7550c97b06c86515
[INFO] [stdout]                                at /rustc/90b35a6239c3d8bdabc530a6a0816f7ff89a0aaf/library/core/src/fmt/mod.rs:1186:21
[INFO] [stdout]    6:     0x57212aa13143 - std::io::Write::write_fmt::h509ff860e5956e5e
[INFO] [stdout]                                at /rustc/90b35a6239c3d8bdabc530a6a0816f7ff89a0aaf/library/std/src/io/mod.rs:1839:15
[INFO] [stdout]    7:     0x57212aa16f72 - std::sys::backtrace::BacktraceLock::print::h2395ccd2c84ba3aa
[INFO] [stdout]                                at /rustc/90b35a6239c3d8bdabc530a6a0816f7ff89a0aaf/library/std/src/sys/backtrace.rs:42:9
[INFO] [stdout]    8:     0x57212aa1858a - std::panicking::default_hook::{{closure}}::he19d4c7230e07961
[INFO] [stdout]                                at /rustc/90b35a6239c3d8bdabc530a6a0816f7ff89a0aaf/library/std/src/panicking.rs:268:22
[INFO] [stdout]    9:     0x57212aa18394 - std::panicking::default_hook::hf614597d3c67bbdb
[INFO] [stdout]                                at /rustc/90b35a6239c3d8bdabc530a6a0816f7ff89a0aaf/library/std/src/panicking.rs:292:9
[INFO] [stdout]   10:     0x57212a17cab9 - <alloc::boxed::Box<F,A> as core::ops::function::Fn<Args>>::call::h39b51ce4599c23d1
[INFO] [stdout]                                at /rustc/90b35a6239c3d8bdabc530a6a0816f7ff89a0aaf/library/alloc/src/boxed.rs:2468:9
[INFO] [stdout]   11:     0x57212a17cab9 - test::test_main::{{closure}}::he977ae839a582784
[INFO] [stdout]                                at /rustc/90b35a6239c3d8bdabc530a6a0816f7ff89a0aaf/library/test/src/lib.rs:133:21
[INFO] [stdout]   12:     0x57212aa18c28 - <alloc::boxed::Box<F,A> as core::ops::function::Fn<Args>>::call::h9455091b6b06f9fb
[INFO] [stdout]                                at /rustc/90b35a6239c3d8bdabc530a6a0816f7ff89a0aaf/library/alloc/src/boxed.rs:2468:9
[INFO] [stdout]   13:     0x57212aa18c28 - std::panicking::rust_panic_with_hook::h8942133a8b252070
[INFO] [stdout]                                at /rustc/90b35a6239c3d8bdabc530a6a0816f7ff89a0aaf/library/std/src/panicking.rs:809:13
[INFO] [stdout]   14:     0x57212aa189ea - std::panicking::begin_panic_handler::{{closure}}::hb5f5963570096b29
[INFO] [stdout]                                at /rustc/90b35a6239c3d8bdabc530a6a0816f7ff89a0aaf/library/std/src/panicking.rs:674:13
[INFO] [stdout]   15:     0x57212aa17609 - std::sys::backtrace::__rust_end_short_backtrace::h6208cedc1922feda
[INFO] [stdout]                                at /rustc/90b35a6239c3d8bdabc530a6a0816f7ff89a0aaf/library/std/src/sys/backtrace.rs:170:18
[INFO] [stdout]   16:     0x57212aa1867c - rust_begin_unwind
[INFO] [stdout]                                at /rustc/90b35a6239c3d8bdabc530a6a0816f7ff89a0aaf/library/std/src/panicking.rs:665:5
[INFO] [stdout]   17:     0x572129ec53f0 - core::panicking::panic_fmt::h0c3082644d1bf418
[INFO] [stdout]                                at /rustc/90b35a6239c3d8bdabc530a6a0816f7ff89a0aaf/library/core/src/panicking.rs:74:14
[INFO] [stdout]   18:     0x572129ec58d6 - core::result::unwrap_failed::hd20b4aa073bda1e2
[INFO] [stdout]                                at /rustc/90b35a6239c3d8bdabc530a6a0816f7ff89a0aaf/library/core/src/result.rs:1700:5
[INFO] [stdout]   19:     0x57212a90e74a - core::result::Result<T,E>::expect::h6e29dfd01b2ef8e5
[INFO] [stdout]                                at /rustc/90b35a6239c3d8bdabc530a6a0816f7ff89a0aaf/library/core/src/result.rs:1061:23
[INFO] [stdout]   20:     0x57212a8fba3d - tenet::postgresql::database::connection::{{closure}}::h7a3db8e93a7a629f
[INFO] [stdout]                                at /opt/rustwide/cargo-home/git/checkouts/tenet-7e08b493582ca70e/fdc6f84/src/postgresql/database.rs:23:20
[INFO] [stdout]   21:     0x57212a8e9ae9 - std::sync::once_lock::OnceLock<T>::get_or_init::{{closure}}::hacb1fad4b5122a6a
[INFO] [stdout]                                at /rustc/90b35a6239c3d8bdabc530a6a0816f7ff89a0aaf/library/std/src/sync/once_lock.rs:304:50
[INFO] [stdout]   22:     0x57212a8e9831 - std::sync::once_lock::OnceLock<T>::initialize::{{closure}}::h7bb294c22c9c1891
[INFO] [stdout]                                at /rustc/90b35a6239c3d8bdabc530a6a0816f7ff89a0aaf/library/std/src/sync/once_lock.rs:512:19
[INFO] [stdout]   23:     0x57212a91c31f - std::sync::once::Once::call_once_force::{{closure}}::h2ac0f627fecfc388
[INFO] [stdout]                                at /rustc/90b35a6239c3d8bdabc530a6a0816f7ff89a0aaf/library/std/src/sync/once.rs:217:40
[INFO] [stdout]   24:     0x572129ec44f3 - std::sys::sync::once::futex::Once::call::hddfcaeb766e3f5ce
[INFO] [stdout]                                at /rustc/90b35a6239c3d8bdabc530a6a0816f7ff89a0aaf/library/std/src/sys/sync/once/futex.rs:177:21
[INFO] [stdout]   25:     0x57212a91c135 - std::sync::once::Once::call_once_force::h50d75da5f28f0363
[INFO] [stdout]                                at /rustc/90b35a6239c3d8bdabc530a6a0816f7ff89a0aaf/library/std/src/sync/once.rs:217:9
[INFO] [stdout]   26:     0x57212a8e9682 - std::sync::once_lock::OnceLock<T>::initialize::h3cfffe98d85c5401
[INFO] [stdout]                                at /rustc/90b35a6239c3d8bdabc530a6a0816f7ff89a0aaf/library/std/src/sync/once_lock.rs:511:9
[INFO] [stdout]   27:     0x57212a8e9cc2 - std::sync::once_lock::OnceLock<T>::get_or_try_init::h4b0800ddbfd3174d
[INFO] [stdout]                                at /rustc/90b35a6239c3d8bdabc530a6a0816f7ff89a0aaf/library/std/src/sync/once_lock.rs:390:9
[INFO] [stdout]   28:     0x57212a8e9abf - std::sync::once_lock::OnceLock<T>::get_or_init::h91f3e680339b7c88
[INFO] [stdout]                                at /rustc/90b35a6239c3d8bdabc530a6a0816f7ff89a0aaf/library/std/src/sync/once_lock.rs:304:15
[INFO] [stdout]   29:     0x57212a8fb8ba - tenet::postgresql::database::connection::hea3aba60f97580c9
[INFO] [stdout]                                at /opt/rustwide/cargo-home/git/checkouts/tenet-7e08b493582ca70e/fdc6f84/src/postgresql/database.rs:18:17
[INFO] [stdout]   30:     0x57212a8e6d9b - tenet::postgresql::dbtenant::DbTenant::create::h6f24f6e18f1ece48
[INFO] [stdout]                                at /opt/rustwide/cargo-home/git/checkouts/tenet-7e08b493582ca70e/fdc6f84/src/postgresql/dbtenant.rs:66:30
[INFO] [stdout]   31:     0x57212a8fc296 - tenet::Tenet::create_tenant::headbd14dd554febe
[INFO] [stdout]                                at /opt/rustwide/cargo-home/git/checkouts/tenet-7e08b493582ca70e/fdc6f84/src/lib.rs:107:30
[INFO] [stdout]   32:     0x57212a0f4bd7 - shopster::tests::basket_test::hbd6d713229b30faf
[INFO] [stdout]                                at /opt/rustwide/workdir/src/lib.rs:215:22
[INFO] [stdout]   33:     0x57212a0f4b57 - shopster::tests::basket_test::{{closure}}::h00b830d1c0062f4c
[INFO] [stdout]                                at /opt/rustwide/workdir/src/lib.rs:211:21
[INFO] [stdout]   34:     0x572129f94056 - core::ops::function::FnOnce::call_once::he81006585969810b
[INFO] [stdout]                                at /rustc/90b35a6239c3d8bdabc530a6a0816f7ff89a0aaf/library/core/src/ops/function.rs:250:5
[INFO] [stdout]   35:     0x57212a18147b - core::ops::function::FnOnce::call_once::h109cf8051a59b34e
[INFO] [stdout]                                at /rustc/90b35a6239c3d8bdabc530a6a0816f7ff89a0aaf/library/core/src/ops/function.rs:250:5
[INFO] [stdout]   36:     0x57212a18147b - test::__rust_begin_short_backtrace::hf4fff89d377446ba
[INFO] [stdout]                                at /rustc/90b35a6239c3d8bdabc530a6a0816f7ff89a0aaf/library/test/src/lib.rs:621:18
[INFO] [stdout]   37:     0x57212a180cb7 - test::run_test_in_process::{{closure}}::h0e39181dd7ee5a43
[INFO] [stdout]                                at /rustc/90b35a6239c3d8bdabc530a6a0816f7ff89a0aaf/library/test/src/lib.rs:644:60
[INFO] [stdout]   38:     0x57212a180cb7 - <core::panic::unwind_safe::AssertUnwindSafe<F> as core::ops::function::FnOnce<()>>::call_once::hc5a66a30f0bdfd1f
[INFO] [stdout]                                at /rustc/90b35a6239c3d8bdabc530a6a0816f7ff89a0aaf/library/core/src/panic/unwind_safe.rs:272:9
[INFO] [stdout]   39:     0x57212a180cb7 - std::panicking::try::do_call::h873b7cf639554a5e
[INFO] [stdout]                                at /rustc/90b35a6239c3d8bdabc530a6a0816f7ff89a0aaf/library/std/src/panicking.rs:557:40
[INFO] [stdout]   40:     0x57212a180cb7 - std::panicking::try::hdb19862fad9c8bd1
[INFO] [stdout]                                at /rustc/90b35a6239c3d8bdabc530a6a0816f7ff89a0aaf/library/std/src/panicking.rs:520:19
[INFO] [stdout]   41:     0x57212a180cb7 - std::panic::catch_unwind::h281fe732d236d260
[INFO] [stdout]                                at /rustc/90b35a6239c3d8bdabc530a6a0816f7ff89a0aaf/library/std/src/panic.rs:358:14
[INFO] [stdout]   42:     0x57212a180cb7 - test::run_test_in_process::h949b6df8457ed338
[INFO] [stdout]                                at /rustc/90b35a6239c3d8bdabc530a6a0816f7ff89a0aaf/library/test/src/lib.rs:644:27
[INFO] [stdout]   43:     0x57212a180cb7 - test::run_test::{{closure}}::h52c556a6d4740e10
[INFO] [stdout]                                at /rustc/90b35a6239c3d8bdabc530a6a0816f7ff89a0aaf/library/test/src/lib.rs:565:43
[INFO] [stdout]   44:     0x57212a145f94 - test::run_test::{{closure}}::h4237f6381c45ccb9
[INFO] [stdout]                                at /rustc/90b35a6239c3d8bdabc530a6a0816f7ff89a0aaf/library/test/src/lib.rs:595:41
[INFO] [stdout]   45:     0x57212a145f94 - std::sys::backtrace::__rust_begin_short_backtrace::h505c97a579eca628
[INFO] [stdout]                                at /rustc/90b35a6239c3d8bdabc530a6a0816f7ff89a0aaf/library/std/src/sys/backtrace.rs:154:18
[INFO] [stdout]   46:     0x57212a14965e - std::thread::Builder::spawn_unchecked_::{{closure}}::{{closure}}::h9e86b2e2bc107ea3
[INFO] [stdout]                                at /rustc/90b35a6239c3d8bdabc530a6a0816f7ff89a0aaf/library/std/src/thread/mod.rs:538:17
[INFO] [stdout]   47:     0x57212a14965e - <core::panic::unwind_safe::AssertUnwindSafe<F> as core::ops::function::FnOnce<()>>::call_once::h8b06ddb275ff4a25
[INFO] [stdout]                                at /rustc/90b35a6239c3d8bdabc530a6a0816f7ff89a0aaf/library/core/src/panic/unwind_safe.rs:272:9
[INFO] [stdout]   48:     0x57212a14965e - std::panicking::try::do_call::hb26ecd7cd9a9355d
[INFO] [stdout]                                at /rustc/90b35a6239c3d8bdabc530a6a0816f7ff89a0aaf/library/std/src/panicking.rs:557:40
[INFO] [stdout]   49:     0x57212a14965e - std::panicking::try::h8ddeca9d705f9069
[INFO] [stdout]                                at /rustc/90b35a6239c3d8bdabc530a6a0816f7ff89a0aaf/library/std/src/panicking.rs:520:19
[INFO] [stdout]   50:     0x57212a14965e - std::panic::catch_unwind::h49e1c33078844c46
[INFO] [stdout]                                at /rustc/90b35a6239c3d8bdabc530a6a0816f7ff89a0aaf/library/std/src/panic.rs:358:14
[INFO] [stdout]   51:     0x57212a14965e - std::thread::Builder::spawn_unchecked_::{{closure}}::h6073db6ff56ad35d
[INFO] [stdout]                                at /rustc/90b35a6239c3d8bdabc530a6a0816f7ff89a0aaf/library/std/src/thread/mod.rs:537:30
[INFO] [stdout]   52:     0x57212a14965e - core::ops::function::FnOnce::call_once{{vtable.shim}}::h2c5a5f3779c774f1
[INFO] [stdout]                                at /rustc/90b35a6239c3d8bdabc530a6a0816f7ff89a0aaf/library/core/src/ops/function.rs:250:5
[INFO] [stdout]   53:     0x57212aa1d49b - <alloc::boxed::Box<F,A> as core::ops::function::FnOnce<Args>>::call_once::hf75717d9f28faebf
[INFO] [stdout]                                at /rustc/90b35a6239c3d8bdabc530a6a0816f7ff89a0aaf/library/alloc/src/boxed.rs:2454:9
[INFO] [stdout]   54:     0x57212aa1d49b - <alloc::boxed::Box<F,A> as core::ops::function::FnOnce<Args>>::call_once::h7bd883a5f3c5f3c1
[INFO] [stdout]                                at /rustc/90b35a6239c3d8bdabc530a6a0816f7ff89a0aaf/library/alloc/src/boxed.rs:2454:9
[INFO] [stdout]   55:     0x57212aa1d49b - std::sys::pal::unix::thread::Thread::new::thread_start::hcc78f3943333fa94
[INFO] [stdout]                                at /rustc/90b35a6239c3d8bdabc530a6a0816f7ff89a0aaf/library/std/src/sys/pal/unix/thread.rs:105:17
[INFO] [stdout]   56:     0x7f05a97a0ac3 - <unknown>
[INFO] [stdout]   57:     0x7f05a9831a04 - clone
[INFO] [stdout]   58:                0x0 - <unknown>
[INFO] [stdout] 
[INFO] [stdout] ---- tests::settings_get_all stdout ----
[INFO] [stdout] ConnectionString postgres://postgres:@localhost/stec_tenet_test
[INFO] [stdout] Tadaaa postgres://postgres:@localhost/stec_tenet_test
[INFO] [stdout] thread 'tests::settings_get_all' panicked at /opt/rustwide/cargo-home/git/checkouts/tenet-7e08b493582ca70e/fdc6f84/src/postgresql/database.rs:23:39:
[INFO] [stdout] Failed to create db pool: Error(Some("connection to server at \"localhost\" (::1), port 5432 failed: Connection refused\n\tIs the server running on that host and accepting TCP/IP connections?\nconnection to server at \"localhost\" (127.0.0.1), port 5432 failed: Connection refused\n\tIs the server running on that host and accepting TCP/IP connections?\n"))
[INFO] [stdout] stack backtrace:
[INFO] [stdout]    0:     0x57212aa1712a - std::backtrace_rs::backtrace::libunwind::trace::h5a5b8284f2d0c266
[INFO] [stdout]                                at /rustc/90b35a6239c3d8bdabc530a6a0816f7ff89a0aaf/library/std/src/../../backtrace/src/backtrace/libunwind.rs:116:5
[INFO] [stdout]    1:     0x57212aa1712a - std::backtrace_rs::backtrace::trace_unsynchronized::h76d4f1c9b0b875e3
[INFO] [stdout]                                at /rustc/90b35a6239c3d8bdabc530a6a0816f7ff89a0aaf/library/std/src/../../backtrace/src/backtrace/mod.rs:66:5
[INFO] [stdout]    2:     0x57212aa1712a - std::sys::backtrace::_print_fmt::hc4546b8364a537c6
[INFO] [stdout]                                at /rustc/90b35a6239c3d8bdabc530a6a0816f7ff89a0aaf/library/std/src/sys/backtrace.rs:66:9
[INFO] [stdout]    3:     0x57212aa1712a - <std::sys::backtrace::BacktraceLock::print::DisplayBacktrace as core::fmt::Display>::fmt::h5b6bd5631a6d1f6b
[INFO] [stdout]                                at /rustc/90b35a6239c3d8bdabc530a6a0816f7ff89a0aaf/library/std/src/sys/backtrace.rs:39:26
[INFO] [stdout]    4:     0x57212aa40023 - core::fmt::rt::Argument::fmt::h270f6602a2b96f62
[INFO] [stdout]                                at /rustc/90b35a6239c3d8bdabc530a6a0816f7ff89a0aaf/library/core/src/fmt/rt.rs:177:76
[INFO] [stdout]    5:     0x57212aa40023 - core::fmt::write::h7550c97b06c86515
[INFO] [stdout]                                at /rustc/90b35a6239c3d8bdabc530a6a0816f7ff89a0aaf/library/core/src/fmt/mod.rs:1186:21
[INFO] [stdout]    6:     0x57212aa13143 - std::io::Write::write_fmt::h509ff860e5956e5e
[INFO] [stdout]                                at /rustc/90b35a6239c3d8bdabc530a6a0816f7ff89a0aaf/library/std/src/io/mod.rs:1839:15
[INFO] [stdout]    7:     0x57212aa16f72 - std::sys::backtrace::BacktraceLock::print::h2395ccd2c84ba3aa
[INFO] [stdout]                                at /rustc/90b35a6239c3d8bdabc530a6a0816f7ff89a0aaf/library/std/src/sys/backtrace.rs:42:9
[INFO] [stdout]    8:     0x57212aa1858a - std::panicking::default_hook::{{closure}}::he19d4c7230e07961
[INFO] [stdout]                                at /rustc/90b35a6239c3d8bdabc530a6a0816f7ff89a0aaf/library/std/src/panicking.rs:268:22
[INFO] [stdout]    9:     0x57212aa18394 - std::panicking::default_hook::hf614597d3c67bbdb
[INFO] [stdout]                                at /rustc/90b35a6239c3d8bdabc530a6a0816f7ff89a0aaf/library/std/src/panicking.rs:292:9
[INFO] [stdout]   10:     0x57212a17cab9 - <alloc::boxed::Box<F,A> as core::ops::function::Fn<Args>>::call::h39b51ce4599c23d1
[INFO] [stdout]                                at /rustc/90b35a6239c3d8bdabc530a6a0816f7ff89a0aaf/library/alloc/src/boxed.rs:2468:9
[INFO] [stdout]   11:     0x57212a17cab9 - test::test_main::{{closure}}::he977ae839a582784
[INFO] [stdout]                                at /rustc/90b35a6239c3d8bdabc530a6a0816f7ff89a0aaf/library/test/src/lib.rs:133:21
[INFO] [stdout]   12:     0x57212aa18c28 - <alloc::boxed::Box<F,A> as core::ops::function::Fn<Args>>::call::h9455091b6b06f9fb
[INFO] [stdout]                                at /rustc/90b35a6239c3d8bdabc530a6a0816f7ff89a0aaf/library/alloc/src/boxed.rs:2468:9
[INFO] [stdout]   13:     0x57212aa18c28 - std::panicking::rust_panic_with_hook::h8942133a8b252070
[INFO] [stdout]                                at /rustc/90b35a6239c3d8bdabc530a6a0816f7ff89a0aaf/library/std/src/panicking.rs:809:13
[INFO] [stdout]   14:     0x57212aa189ea - std::panicking::begin_panic_handler::{{closure}}::hb5f5963570096b29
[INFO] [stdout]                                at /rustc/90b35a6239c3d8bdabc530a6a0816f7ff89a0aaf/library/std/src/panicking.rs:674:13
[INFO] [stdout]   15:     0x57212aa17609 - std::sys::backtrace::__rust_end_short_backtrace::h6208cedc1922feda
[INFO] [stdout]                                at /rustc/90b35a6239c3d8bdabc530a6a0816f7ff89a0aaf/library/std/src/sys/backtrace.rs:170:18
[INFO] [stdout]   16:     0x57212aa1867c - rust_begin_unwind
[INFO] [stdout]                                at /rustc/90b35a6239c3d8bdabc530a6a0816f7ff89a0aaf/library/std/src/panicking.rs:665:5
[INFO] [stdout]   17:     0x572129ec53f0 - core::panicking::panic_fmt::h0c3082644d1bf418
[INFO] [stdout]                                at /rustc/90b35a6239c3d8bdabc530a6a0816f7ff89a0aaf/library/core/src/panicking.rs:74:14
[INFO] [stdout]   18:     0x572129ec58d6 - core::result::unwrap_failed::hd20b4aa073bda1e2
[INFO] [stdout]                                at /rustc/90b35a6239c3d8bdabc530a6a0816f7ff89a0aaf/library/core/src/result.rs:1700:5
[INFO] [stdout]   19:     0x57212a90e74a - core::result::Result<T,E>::expect::h6e29dfd01b2ef8e5
[INFO] [stdout]                                at /rustc/90b35a6239c3d8bdabc530a6a0816f7ff89a0aaf/library/core/src/result.rs:1061:23
[INFO] [stdout]   20:     0x57212a8fba3d - tenet::postgresql::database::connection::{{closure}}::h7a3db8e93a7a629f
[INFO] [stdout]                                at /opt/rustwide/cargo-home/git/checkouts/tenet-7e08b493582ca70e/fdc6f84/src/postgresql/database.rs:23:20
[INFO] [stdout]   21:     0x57212a8e9ae9 - std::sync::once_lock::OnceLock<T>::get_or_init::{{closure}}::hacb1fad4b5122a6a
[INFO] [stdout]                                at /rustc/90b35a6239c3d8bdabc530a6a0816f7ff89a0aaf/library/std/src/sync/once_lock.rs:304:50
[INFO] [stdout]   22:     0x57212a8e9831 - std::sync::once_lock::OnceLock<T>::initialize::{{closure}}::h7bb294c22c9c1891
[INFO] [stdout]                                at /rustc/90b35a6239c3d8bdabc530a6a0816f7ff89a0aaf/library/std/src/sync/once_lock.rs:512:19
[INFO] [stdout]   23:     0x57212a91c31f - std::sync::once::Once::call_once_force::{{closure}}::h2ac0f627fecfc388
[INFO] [stdout]                                at /rustc/90b35a6239c3d8bdabc530a6a0816f7ff89a0aaf/library/std/src/sync/once.rs:217:40
[INFO] [stdout]   24:     0x572129ec44f3 - std::sys::sync::once::futex::Once::call::hddfcaeb766e3f5ce
[INFO] [stdout]                                at /rustc/90b35a6239c3d8bdabc530a6a0816f7ff89a0aaf/library/std/src/sys/sync/once/futex.rs:177:21
[INFO] [stdout]   25:     0x57212a91c135 - std::sync::once::Once::call_once_force::h50d75da5f28f0363
[INFO] [stdout]                                at /rustc/90b35a6239c3d8bdabc530a6a0816f7ff89a0aaf/library/std/src/sync/once.rs:217:9
[INFO] [stdout]   26:     0x57212a8e9682 - std::sync::once_lock::OnceLock<T>::initialize::h3cfffe98d85c5401
[INFO] [stdout]                                at /rustc/90b35a6239c3d8bdabc530a6a0816f7ff89a0aaf/library/std/src/sync/once_lock.rs:511:9
[INFO] [stdout]   27:     0x57212a8e9cc2 - std::sync::once_lock::OnceLock<T>::get_or_try_init::h4b0800ddbfd3174d
[INFO] [stdout]                                at /rustc/90b35a6239c3d8bdabc530a6a0816f7ff89a0aaf/library/std/src/sync/once_lock.rs:390:9
[INFO] [stdout]   28:     0x57212a8e9abf - std::sync::once_lock::OnceLock<T>::get_or_init::h91f3e680339b7c88
[INFO] [stdout]                                at /rustc/90b35a6239c3d8bdabc530a6a0816f7ff89a0aaf/library/std/src/sync/once_lock.rs:304:15
[INFO] [stdout]   29:     0x57212a8fb8ba - tenet::postgresql::database::connection::hea3aba60f97580c9
[INFO] [stdout]                                at /opt/rustwide/cargo-home/git/checkouts/tenet-7e08b493582ca70e/fdc6f84/src/postgresql/database.rs:18:17
[INFO] [stdout]   30:     0x57212a8e6d9b - tenet::postgresql::dbtenant::DbTenant::create::h6f24f6e18f1ece48
[INFO] [stdout]                                at /opt/rustwide/cargo-home/git/checkouts/tenet-7e08b493582ca70e/fdc6f84/src/postgresql/dbtenant.rs:66:30
[INFO] [stdout]   31:     0x57212a8fc296 - tenet::Tenet::create_tenant::headbd14dd554febe
[INFO] [stdout]                                at /opt/rustwide/cargo-home/git/checkouts/tenet-7e08b493582ca70e/fdc6f84/src/lib.rs:107:30
[INFO] [stdout]   32:     0x57212a0f4476 - shopster::tests::settings_get_all::h7f4a93e77e9254c7
[INFO] [stdout]                                at /opt/rustwide/workdir/src/lib.rs:197:22
[INFO] [stdout]   33:     0x57212a0f43f7 - shopster::tests::settings_get_all::{{closure}}::h3c84f2f9a4ca9683
[INFO] [stdout]                                at /opt/rustwide/workdir/src/lib.rs:193:26
[INFO] [stdout]   34:     0x572129f92a66 - core::ops::function::FnOnce::call_once::h952bbf6058554a8d
[INFO] [stdout]                                at /rustc/90b35a6239c3d8bdabc530a6a0816f7ff89a0aaf/library/core/src/ops/function.rs:250:5
[INFO] [stdout]   35:     0x57212a18147b - core::ops::function::FnOnce::call_once::h109cf8051a59b34e
[INFO] [stdout]                                at /rustc/90b35a6239c3d8bdabc530a6a0816f7ff89a0aaf/library/core/src/ops/function.rs:250:5
[INFO] [stdout]   36:     0x57212a18147b - test::__rust_begin_short_backtrace::hf4fff89d377446ba
[INFO] [stdout]                                at /rustc/90b35a6239c3d8bdabc530a6a0816f7ff89a0aaf/library/test/src/lib.rs:621:18
[INFO] [stdout]   37:     0x57212a180cb7 - test::run_test_in_process::{{closure}}::h0e39181dd7ee5a43
[INFO] [stdout]                                at /rustc/90b35a6239c3d8bdabc530a6a0816f7ff89a0aaf/library/test/src/lib.rs:644:60
[INFO] [stdout]   38:     0x57212a180cb7 - <core::panic::unwind_safe::AssertUnwindSafe<F> as core::ops::function::FnOnce<()>>::call_once::hc5a66a30f0bdfd1f
[INFO] [stdout]                                at /rustc/90b35a6239c3d8bdabc530a6a0816f7ff89a0aaf/library/core/src/panic/unwind_safe.rs:272:9
[INFO] [stdout]   39:     0x57212a180cb7 - std::panicking::try::do_call::h873b7cf639554a5e
[INFO] [stdout]                                at /rustc/90b35a6239c3d8bdabc530a6a0816f7ff89a0aaf/library/std/src/panicking.rs:557:40
[INFO] [stdout]   40:     0x57212a180cb7 - std::panicking::try::hdb19862fad9c8bd1
[INFO] [stdout]                                at /rustc/90b35a6239c3d8bdabc530a6a0816f7ff89a0aaf/library/std/src/panicking.rs:520:19
[INFO] [stdout]   41:     0x57212a180cb7 - std::panic::catch_unwind::h281fe732d236d260
[INFO] [stdout]                                at /rustc/90b35a6239c3d8bdabc530a6a0816f7ff89a0aaf/library/std/src/panic.rs:358:14
[INFO] [stdout]   42:     0x57212a180cb7 - test::run_test_in_process::h949b6df8457ed338
[INFO] [stdout]                                at /rustc/90b35a6239c3d8bdabc530a6a0816f7ff89a0aaf/library/test/src/lib.rs:644:27
[INFO] [stdout]   43:     0x57212a180cb7 - test::run_test::{{closure}}::h52c556a6d4740e10
[INFO] [stdout]                                at /rustc/90b35a6239c3d8bdabc530a6a0816f7ff89a0aaf/library/test/src/lib.rs:565:43
[INFO] [stdout]   44:     0x57212a145f94 - test::run_test::{{closure}}::h4237f6381c45ccb9
[INFO] [stdout]                                at /rustc/90b35a6239c3d8bdabc530a6a0816f7ff89a0aaf/library/test/src/lib.rs:595:41
[INFO] [stdout]   45:     0x57212a145f94 - std::sys::backtrace::__rust_begin_short_backtrace::h505c97a579eca628
[INFO] [stdout]                                at /rustc/90b35a6239c3d8bdabc530a6a0816f7ff89a0aaf/library/std/src/sys/backtrace.rs:154:18
[INFO] [stdout]   46:     0x57212a14965e - std::thread::Builder::spawn_unchecked_::{{closure}}::{{closure}}::h9e86b2e2bc107ea3
[INFO] [stdout]                                at /rustc/90b35a6239c3d8bdabc530a6a0816f7ff89a0aaf/library/std/src/thread/mod.rs:538:17
[INFO] [stdout]   47:     0x57212a14965e - <core::panic::unwind_safe::AssertUnwindSafe<F> as core::ops::function::FnOnce<()>>::call_once::h8b06ddb275ff4a25
[INFO] [stdout]                                at /rustc/90b35a6239c3d8bdabc530a6a0816f7ff89a0aaf/library/core/src/panic/unwind_safe.rs:272:9
[INFO] [stdout]   48:     0x57212a14965e - std::panicking::try::do_call::hb26ecd7cd9a9355d
[INFO] [stdout]                                at /rustc/90b35a6239c3d8bdabc530a6a0816f7ff89a0aaf/library/std/src/panicking.rs:557:40
[INFO] [stdout]   49:     0x57212a14965e - std::panicking::try::h8ddeca9d705f9069
[INFO] [stdout]                                at /rustc/90b35a6239c3d8bdabc530a6a0816f7ff89a0aaf/library/std/src/panicking.rs:520:19
[INFO] [stdout]   50:     0x57212a14965e - std::panic::catch_unwind::h49e1c33078844c46
[INFO] [stdout]                                at /rustc/90b35a6239c3d8bdabc530a6a0816f7ff89a0aaf/library/std/src/panic.rs:358:14
[INFO] [stdout]   51:     0x57212a14965e - std::thread::Builder::spawn_unchecked_::{{closure}}::h6073db6ff56ad35d
[INFO] [stdout]                                at /rustc/90b35a6239c3d8bdabc530a6a0816f7ff89a0aaf/library/std/src/thread/mod.rs:537:30
[INFO] [stdout]   52:     0x57212a14965e - core::ops::function::FnOnce::call_once{{vtable.shim}}::h2c5a5f3779c774f1
[INFO] [stdout]                                at /rustc/90b35a6239c3d8bdabc530a6a0816f7ff89a0aaf/library/core/src/ops/function.rs:250:5
[INFO] [stdout]   53:     0x57212aa1d49b - <alloc::boxed::Box<F,A> as core::ops::function::FnOnce<Args>>::call_once::hf75717d9f28faebf
[INFO] [stdout]                                at /rustc/90b35a6239c3d8bdabc530a6a0816f7ff89a0aaf/library/alloc/src/boxed.rs:2454:9
[INFO] [stdout]   54:     0x57212aa1d49b - <alloc::boxed::Box<F,A> as core::ops::function::FnOnce<Args>>::call_once::h7bd883a5f3c5f3c1
[INFO] [stdout]                                at /rustc/90b35a6239c3d8bdabc530a6a0816f7ff89a0aaf/library/alloc/src/boxed.rs:2454:9
[INFO] [stdout]   55:     0x57212aa1d49b - std::sys::pal::unix::thread::Thread::new::thread_start::hcc78f3943333fa94
[INFO] [stdout]                                at /rustc/90b35a6239c3d8bdabc530a6a0816f7ff89a0aaf/library/std/src/sys/pal/unix/thread.rs:105:17
[INFO] [stdout]   56:     0x7f05a97a0ac3 - <unknown>
[INFO] [stdout]   57:     0x7f05a9831a04 - clone
[INFO] [stdout]   58:                0x0 - <unknown>
[INFO] [stdout] 
[INFO] [stdout] 
[INFO] [stdout] failures:
[INFO] [stdout]     tests::basket_test
[INFO] [stdout]     tests::settings_get_all
[INFO] [stdout]     tests::tenant_not_found_test
[INFO] [stdout] 
[INFO] [stdout] test result: FAILED. 0 passed; 3 failed; 0 ignored; 0 measured; 0 filtered out; finished in 60.03s
[INFO] [stdout] 
[INFO] [stderr] error: test failed, to rerun pass `--lib`
[INFO] running `Command { std: "docker" "inspect" "f4534bb58212ff4d1dc93afae66d7d0258e2fa00609a71af990f06cffd0af539", kill_on_drop: false }`
[INFO] running `Command { std: "docker" "rm" "-f" "f4534bb58212ff4d1dc93afae66d7d0258e2fa00609a71af990f06cffd0af539", kill_on_drop: false }`
[INFO] [stdout] f4534bb58212ff4d1dc93afae66d7d0258e2fa00609a71af990f06cffd0af539
