[INFO] cloning repository https://github.com/staceytay/dns-resolver
[INFO] running `Command { std: "git" "-c" "credential.helper=" "-c" "credential.helper=/workspace/cargo-home/bin/git-credential-null" "clone" "--bare" "https://github.com/staceytay/dns-resolver" "/workspace/cache/git-repos/https%3A%2F%2Fgithub.com%2Fstaceytay%2Fdns-resolver", kill_on_drop: false }`
[INFO] [stderr] Cloning into bare repository '/workspace/cache/git-repos/https%3A%2F%2Fgithub.com%2Fstaceytay%2Fdns-resolver'...
[INFO] running `Command { std: "git" "rev-parse" "HEAD", kill_on_drop: false }`
[INFO] [stdout] b17deec6da53fec76027ae82e755374c025d28bb
[INFO] testing staceytay/dns-resolver against beta-2024-12-08 for beta-1.84.0-4-retry
[INFO] running `Command { std: "git" "clone" "/workspace/cache/git-repos/https%3A%2F%2Fgithub.com%2Fstaceytay%2Fdns-resolver" "/workspace/builds/worker-7-tc2/source", kill_on_drop: false }`
[INFO] [stderr] Cloning into '/workspace/builds/worker-7-tc2/source'...
[INFO] [stderr] done.
[INFO] validating manifest of git repo https://github.com/staceytay/dns-resolver on toolchain beta-2024-12-08
[INFO] running `Command { std: CARGO_HOME="/workspace/cargo-home" RUSTUP_HOME="/workspace/rustup-home" "/workspace/cargo-home/bin/cargo" "+beta-2024-12-08" "metadata" "--manifest-path" "Cargo.toml" "--no-deps", kill_on_drop: false }`
[INFO] started tweaking git repo https://github.com/staceytay/dns-resolver
[INFO] finished tweaking git repo https://github.com/staceytay/dns-resolver
[INFO] tweaked toml for git repo https://github.com/staceytay/dns-resolver written to /workspace/builds/worker-7-tc2/source/Cargo.toml
[INFO] crate git repo https://github.com/staceytay/dns-resolver already has a lockfile, it will not be regenerated
[INFO] running `Command { std: CARGO_HOME="/workspace/cargo-home" RUSTUP_HOME="/workspace/rustup-home" "/workspace/cargo-home/bin/cargo" "+beta-2024-12-08" "fetch" "--manifest-path" "Cargo.toml", kill_on_drop: false }`
[INFO] running `Command { std: "docker" "create" "-v" "/var/lib/crater-agent-workspace/builds/worker-7-tc2/target:/opt/rustwide/target:rw,Z" "-v" "/var/lib/crater-agent-workspace/builds/worker-7-tc2/source:/opt/rustwide/workdir:ro,Z" "-v" "/var/lib/crater-agent-workspace/cargo-home:/opt/rustwide/cargo-home:ro,Z" "-v" "/var/lib/crater-agent-workspace/rustup-home:/opt/rustwide/rustup-home:ro,Z" "-e" "SOURCE_DIR=/opt/rustwide/workdir" "-e" "CARGO_TARGET_DIR=/opt/rustwide/target" "-e" "CARGO_HOME=/opt/rustwide/cargo-home" "-e" "RUSTUP_HOME=/opt/rustwide/rustup-home" "-w" "/opt/rustwide/workdir" "-m" "1610612736" "--user" "0:0" "--network" "none" "ghcr.io/rust-lang/crates-build-env/linux@sha256:f3a9d4ad9d972b27faf3965f35b62e55ba32bbce8f20bc8fe909558a86702fde" "/opt/rustwide/cargo-home/bin/cargo" "+beta-2024-12-08" "metadata" "--no-deps" "--format-version=1", kill_on_drop: false }`
[INFO] [stdout] 78e875c8d9febec1a6e23676d031d08a007a4b3a88079832e70373e0d36c09c9
[INFO] running `Command { std: "docker" "start" "-a" "78e875c8d9febec1a6e23676d031d08a007a4b3a88079832e70373e0d36c09c9", kill_on_drop: false }`
[INFO] running `Command { std: "docker" "inspect" "78e875c8d9febec1a6e23676d031d08a007a4b3a88079832e70373e0d36c09c9", kill_on_drop: false }`
[INFO] running `Command { std: "docker" "rm" "-f" "78e875c8d9febec1a6e23676d031d08a007a4b3a88079832e70373e0d36c09c9", kill_on_drop: false }`
[INFO] [stdout] 78e875c8d9febec1a6e23676d031d08a007a4b3a88079832e70373e0d36c09c9
[INFO] running `Command { std: "docker" "create" "-v" "/var/lib/crater-agent-workspace/builds/worker-7-tc2/target:/opt/rustwide/target:rw,Z" "-v" "/var/lib/crater-agent-workspace/builds/worker-7-tc2/source:/opt/rustwide/workdir:ro,Z" "-v" "/var/lib/crater-agent-workspace/cargo-home:/opt/rustwide/cargo-home:ro,Z" "-v" "/var/lib/crater-agent-workspace/rustup-home:/opt/rustwide/rustup-home:ro,Z" "-e" "SOURCE_DIR=/opt/rustwide/workdir" "-e" "CARGO_TARGET_DIR=/opt/rustwide/target" "-e" "CARGO_INCREMENTAL=0" "-e" "RUST_BACKTRACE=full" "-e" "RUSTFLAGS=--cap-lints=warn" "-e" "RUSTDOCFLAGS=--cap-lints=warn" "-e" "CARGO_HOME=/opt/rustwide/cargo-home" "-e" "RUSTUP_HOME=/opt/rustwide/rustup-home" "-w" "/opt/rustwide/workdir" "-m" "1610612736" "--user" "0:0" "--network" "none" "ghcr.io/rust-lang/crates-build-env/linux@sha256:f3a9d4ad9d972b27faf3965f35b62e55ba32bbce8f20bc8fe909558a86702fde" "/opt/rustwide/cargo-home/bin/cargo" "+beta-2024-12-08" "build" "--frozen" "--message-format=json", kill_on_drop: false }`
[INFO] [stdout] e939ff28f1c9c6cbc002e05604bbeda07fe55471b80728f0d9d58842ac2bb372
[INFO] running `Command { std: "docker" "start" "-a" "e939ff28f1c9c6cbc002e05604bbeda07fe55471b80728f0d9d58842ac2bb372", kill_on_drop: false }`
[INFO] [stderr]    Compiling libc v0.2.146
[INFO] [stderr]    Compiling cfg-if v1.0.0
[INFO] [stderr]    Compiling ppv-lite86 v0.2.17
[INFO] [stderr]    Compiling getrandom v0.2.10
[INFO] [stderr]    Compiling rand_core v0.6.4
[INFO] [stderr]    Compiling rand_chacha v0.3.1
[INFO] [stderr]    Compiling rand v0.8.5
[INFO] [stderr]    Compiling dns v0.1.0 (/opt/rustwide/workdir)
[INFO] [stdout] warning: field `0` is never read
[INFO] [stdout]    --> src/lib.rs:102:10
[INFO] [stdout]     |
[INFO] [stdout] 102 |     Data(Vec<u8>),
[INFO] [stdout]     |     ---- ^^^^^^^
[INFO] [stdout]     |     |
[INFO] [stdout]     |     field in this variant
[INFO] [stdout]     |
[INFO] [stdout]     = note: `DnsRecordData` has a derived impl for the trait `Debug`, but this is intentionally ignored during dead code analysis
[INFO] [stdout]     = note: `#[warn(dead_code)]` on by default
[INFO] [stdout] help: consider changing the field to be of unit type to suppress this warning while preserving the field numbering, or remove the field
[INFO] [stdout]     |
[INFO] [stdout] 102 |     Data(()),
[INFO] [stdout]     |          ~~
[INFO] [stdout] 
[INFO] [stdout] 
[INFO] [stdout] warning: fields `class` and `ttl` are never read
[INFO] [stdout]    --> src/lib.rs:111:5
[INFO] [stdout]     |
[INFO] [stdout] 108 | struct DnsRecord {
[INFO] [stdout]     |        --------- fields in this struct
[INFO] [stdout] ...
[INFO] [stdout] 111 |     class: u16,
[INFO] [stdout]     |     ^^^^^
[INFO] [stdout] 112 |     ttl: u32,
[INFO] [stdout]     |     ^^^
[INFO] [stdout]     |
[INFO] [stdout]     = note: `DnsRecord` has a derived impl for the trait `Debug`, but this is intentionally ignored during dead code analysis
[INFO] [stdout] 
[INFO] [stdout] 
[INFO] [stdout] warning: fields `header` and `questions` are never read
[INFO] [stdout]    --> src/lib.rs:169:5
[INFO] [stdout]     |
[INFO] [stdout] 168 | struct DnsPacket {
[INFO] [stdout]     |        --------- fields in this struct
[INFO] [stdout] 169 |     header: DnsHeader,
[INFO] [stdout]     |     ^^^^^^
[INFO] [stdout] 170 |     questions: Vec<DnsQuestion>,
[INFO] [stdout]     |     ^^^^^^^^^
[INFO] [stdout]     |
[INFO] [stdout]     = note: `DnsPacket` has a derived impl for the trait `Debug`, but this is intentionally ignored during dead code analysis
[INFO] [stdout] 
[INFO] [stdout] 
[INFO] [stderr]     Finished `dev` profile [unoptimized + debuginfo] target(s) in 4.75s
[INFO] running `Command { std: "docker" "inspect" "e939ff28f1c9c6cbc002e05604bbeda07fe55471b80728f0d9d58842ac2bb372", kill_on_drop: false }`
[INFO] running `Command { std: "docker" "rm" "-f" "e939ff28f1c9c6cbc002e05604bbeda07fe55471b80728f0d9d58842ac2bb372", kill_on_drop: false }`
[INFO] [stdout] e939ff28f1c9c6cbc002e05604bbeda07fe55471b80728f0d9d58842ac2bb372
[INFO] running `Command { std: "docker" "create" "-v" "/var/lib/crater-agent-workspace/builds/worker-7-tc2/target:/opt/rustwide/target:rw,Z" "-v" "/var/lib/crater-agent-workspace/builds/worker-7-tc2/source:/opt/rustwide/workdir:ro,Z" "-v" "/var/lib/crater-agent-workspace/cargo-home:/opt/rustwide/cargo-home:ro,Z" "-v" "/var/lib/crater-agent-workspace/rustup-home:/opt/rustwide/rustup-home:ro,Z" "-e" "SOURCE_DIR=/opt/rustwide/workdir" "-e" "CARGO_TARGET_DIR=/opt/rustwide/target" "-e" "CARGO_INCREMENTAL=0" "-e" "RUST_BACKTRACE=full" "-e" "RUSTFLAGS=--cap-lints=warn" "-e" "RUSTDOCFLAGS=--cap-lints=warn" "-e" "CARGO_HOME=/opt/rustwide/cargo-home" "-e" "RUSTUP_HOME=/opt/rustwide/rustup-home" "-w" "/opt/rustwide/workdir" "-m" "1610612736" "--user" "0:0" "--network" "none" "ghcr.io/rust-lang/crates-build-env/linux@sha256:f3a9d4ad9d972b27faf3965f35b62e55ba32bbce8f20bc8fe909558a86702fde" "/opt/rustwide/cargo-home/bin/cargo" "+beta-2024-12-08" "test" "--frozen" "--no-run" "--message-format=json", kill_on_drop: false }`
[INFO] [stdout] 0e0cb075d94ff1aa07dcba76258289e96ab69528b0e0e6d0c3fd2558bc1a6e42
[INFO] running `Command { std: "docker" "start" "-a" "0e0cb075d94ff1aa07dcba76258289e96ab69528b0e0e6d0c3fd2558bc1a6e42", kill_on_drop: false }`
[INFO] [stderr]    Compiling dns v0.1.0 (/opt/rustwide/workdir)
[INFO] [stdout] warning: field `0` is never read
[INFO] [stdout]    --> src/lib.rs:102:10
[INFO] [stdout]     |
[INFO] [stdout] 102 |     Data(Vec<u8>),
[INFO] [stdout]     |     ---- ^^^^^^^
[INFO] [stdout]     |     |
[INFO] [stdout]     |     field in this variant
[INFO] [stdout]     |
[INFO] [stdout]     = note: `DnsRecordData` has a derived impl for the trait `Debug`, but this is intentionally ignored during dead code analysis
[INFO] [stdout]     = note: `#[warn(dead_code)]` on by default
[INFO] [stdout] help: consider changing the field to be of unit type to suppress this warning while preserving the field numbering, or remove the field
[INFO] [stdout]     |
[INFO] [stdout] 102 |     Data(()),
[INFO] [stdout]     |          ~~
[INFO] [stdout] 
[INFO] [stdout] 
[INFO] [stdout] warning: fields `class` and `ttl` are never read
[INFO] [stdout]    --> src/lib.rs:111:5
[INFO] [stdout]     |
[INFO] [stdout] 108 | struct DnsRecord {
[INFO] [stdout]     |        --------- fields in this struct
[INFO] [stdout] ...
[INFO] [stdout] 111 |     class: u16,
[INFO] [stdout]     |     ^^^^^
[INFO] [stdout] 112 |     ttl: u32,
[INFO] [stdout]     |     ^^^
[INFO] [stdout]     |
[INFO] [stdout]     = note: `DnsRecord` has a derived impl for the trait `Debug`, but this is intentionally ignored during dead code analysis
[INFO] [stdout] 
[INFO] [stdout] 
[INFO] [stdout] warning: fields `header` and `questions` are never read
[INFO] [stdout]    --> src/lib.rs:169:5
[INFO] [stdout]     |
[INFO] [stdout] 168 | struct DnsPacket {
[INFO] [stdout]     |        --------- fields in this struct
[INFO] [stdout] 169 |     header: DnsHeader,
[INFO] [stdout]     |     ^^^^^^
[INFO] [stdout] 170 |     questions: Vec<DnsQuestion>,
[INFO] [stdout]     |     ^^^^^^^^^
[INFO] [stdout]     |
[INFO] [stdout]     = note: `DnsPacket` has a derived impl for the trait `Debug`, but this is intentionally ignored during dead code analysis
[INFO] [stdout] 
[INFO] [stdout] 
[INFO] [stdout] warning: field `0` is never read
[INFO] [stdout]    --> src/lib.rs:102:10
[INFO] [stdout]     |
[INFO] [stdout] 102 |     Data(Vec<u8>),
[INFO] [stdout]     |     ---- ^^^^^^^
[INFO] [stdout]     |     |
[INFO] [stdout]     |     field in this variant
[INFO] [stdout]     |
[INFO] [stdout]     = note: `DnsRecordData` has a derived impl for the trait `Debug`, but this is intentionally ignored during dead code analysis
[INFO] [stdout]     = note: `#[warn(dead_code)]` on by default
[INFO] [stdout] help: consider changing the field to be of unit type to suppress this warning while preserving the field numbering, or remove the field
[INFO] [stdout]     |
[INFO] [stdout] 102 |     Data(()),
[INFO] [stdout]     |          ~~
[INFO] [stdout] 
[INFO] [stdout] 
[INFO] [stdout] warning: fields `class` and `ttl` are never read
[INFO] [stdout]    --> src/lib.rs:111:5
[INFO] [stdout]     |
[INFO] [stdout] 108 | struct DnsRecord {
[INFO] [stdout]     |        --------- fields in this struct
[INFO] [stdout] ...
[INFO] [stdout] 111 |     class: u16,
[INFO] [stdout]     |     ^^^^^
[INFO] [stdout] 112 |     ttl: u32,
[INFO] [stdout]     |     ^^^
[INFO] [stdout]     |
[INFO] [stdout]     = note: `DnsRecord` has a derived impl for the trait `Debug`, but this is intentionally ignored during dead code analysis
[INFO] [stdout] 
[INFO] [stdout] 
[INFO] [stdout] warning: fields `header` and `questions` are never read
[INFO] [stdout]    --> src/lib.rs:169:5
[INFO] [stdout]     |
[INFO] [stdout] 168 | struct DnsPacket {
[INFO] [stdout]     |        --------- fields in this struct
[INFO] [stdout] 169 |     header: DnsHeader,
[INFO] [stdout]     |     ^^^^^^
[INFO] [stdout] 170 |     questions: Vec<DnsQuestion>,
[INFO] [stdout]     |     ^^^^^^^^^
[INFO] [stdout]     |
[INFO] [stdout]     = note: `DnsPacket` has a derived impl for the trait `Debug`, but this is intentionally ignored during dead code analysis
[INFO] [stdout] 
[INFO] [stdout] 
[INFO] [stderr]     Finished `test` profile [unoptimized + debuginfo] target(s) in 0.61s
[INFO] running `Command { std: "docker" "inspect" "0e0cb075d94ff1aa07dcba76258289e96ab69528b0e0e6d0c3fd2558bc1a6e42", kill_on_drop: false }`
[INFO] running `Command { std: "docker" "rm" "-f" "0e0cb075d94ff1aa07dcba76258289e96ab69528b0e0e6d0c3fd2558bc1a6e42", kill_on_drop: false }`
[INFO] [stdout] 0e0cb075d94ff1aa07dcba76258289e96ab69528b0e0e6d0c3fd2558bc1a6e42
[INFO] running `Command { std: "docker" "create" "-v" "/var/lib/crater-agent-workspace/builds/worker-7-tc2/target:/opt/rustwide/target:rw,Z" "-v" "/var/lib/crater-agent-workspace/builds/worker-7-tc2/source:/opt/rustwide/workdir:ro,Z" "-v" "/var/lib/crater-agent-workspace/cargo-home:/opt/rustwide/cargo-home:ro,Z" "-v" "/var/lib/crater-agent-workspace/rustup-home:/opt/rustwide/rustup-home:ro,Z" "-e" "SOURCE_DIR=/opt/rustwide/workdir" "-e" "CARGO_TARGET_DIR=/opt/rustwide/target" "-e" "CARGO_INCREMENTAL=0" "-e" "RUST_BACKTRACE=full" "-e" "RUSTFLAGS=--cap-lints=warn" "-e" "RUSTDOCFLAGS=--cap-lints=warn" "-e" "CARGO_HOME=/opt/rustwide/cargo-home" "-e" "RUSTUP_HOME=/opt/rustwide/rustup-home" "-w" "/opt/rustwide/workdir" "-m" "1610612736" "--user" "0:0" "--network" "none" "ghcr.io/rust-lang/crates-build-env/linux@sha256:f3a9d4ad9d972b27faf3965f35b62e55ba32bbce8f20bc8fe909558a86702fde" "/opt/rustwide/cargo-home/bin/cargo" "+beta-2024-12-08" "test" "--frozen", kill_on_drop: false }`
[INFO] [stdout] da24bd0c1dde1b1f6de86dae9a36625528c0c801df71288124a3f5e7aa24f66e
[INFO] running `Command { std: "docker" "start" "-a" "da24bd0c1dde1b1f6de86dae9a36625528c0c801df71288124a3f5e7aa24f66e", kill_on_drop: false }`
[INFO] [stderr] warning: field `0` is never read
[INFO] [stdout] 
[INFO] [stderr]    --> src/lib.rs:102:10
[INFO] [stdout] running 0 tests
[INFO] [stderr]     |
[INFO] [stdout] 
[INFO] [stderr] 102 |     Data(Vec<u8>),
[INFO] [stdout] test result: ok. 0 passed; 0 failed; 0 ignored; 0 measured; 0 filtered out; finished in 0.00s
[INFO] [stderr]     |     ---- ^^^^^^^
[INFO] [stdout] 
[INFO] [stderr]     |     |
[INFO] [stderr]     |     field in this variant
[INFO] [stderr]     |
[INFO] [stderr]     = note: `DnsRecordData` has a derived impl for the trait `Debug`, but this is intentionally ignored during dead code analysis
[INFO] [stderr]     = note: `#[warn(dead_code)]` on by default
[INFO] [stderr] help: consider changing the field to be of unit type to suppress this warning while preserving the field numbering, or remove the field
[INFO] [stderr]     |
[INFO] [stderr] 102 |     Data(()),
[INFO] [stderr]     |          ~~
[INFO] [stderr] 
[INFO] [stderr] warning: fields `class` and `ttl` are never read
[INFO] [stderr]    --> src/lib.rs:111:5
[INFO] [stderr]     |
[INFO] [stderr] 108 | struct DnsRecord {
[INFO] [stderr]     |        --------- fields in this struct
[INFO] [stderr] ...
[INFO] [stderr] 111 |     class: u16,
[INFO] [stderr]     |     ^^^^^
[INFO] [stderr] 112 |     ttl: u32,
[INFO] [stderr]     |     ^^^
[INFO] [stderr]     |
[INFO] [stderr]     = note: `DnsRecord` has a derived impl for the trait `Debug`, but this is intentionally ignored during dead code analysis
[INFO] [stderr] 
[INFO] [stderr] warning: fields `header` and `questions` are never read
[INFO] [stderr]    --> src/lib.rs:169:5
[INFO] [stderr]     |
[INFO] [stderr] 168 | struct DnsPacket {
[INFO] [stderr]     |        --------- fields in this struct
[INFO] [stderr] 169 |     header: DnsHeader,
[INFO] [stderr]     |     ^^^^^^
[INFO] [stderr] 170 |     questions: Vec<DnsQuestion>,
[INFO] [stderr]     |     ^^^^^^^^^
[INFO] [stderr]     |
[INFO] [stderr]     = note: `DnsPacket` has a derived impl for the trait `Debug`, but this is intentionally ignored during dead code analysis
[INFO] [stderr] 
[INFO] [stderr] warning: `dns` (lib) generated 3 warnings
[INFO] [stderr] warning: `dns` (lib test) generated 3 warnings (3 duplicates)
[INFO] [stderr]     Finished `test` profile [unoptimized + debuginfo] target(s) in 0.02s
[INFO] [stderr]      Running unittests src/lib.rs (/opt/rustwide/target/debug/deps/dns-abd70ffb3cf7ce80)
[INFO] [stderr]      Running unittests src/main.rs (/opt/rustwide/target/debug/deps/dns-61a0de2437c8189b)
[INFO] [stdout] 
[INFO] [stdout] running 0 tests
[INFO] [stdout] 
[INFO] [stdout] test result: ok. 0 passed; 0 failed; 0 ignored; 0 measured; 0 filtered out; finished in 0.00s
[INFO] [stdout] 
[INFO] [stderr]    Doc-tests dns
[INFO] [stdout] 
[INFO] [stdout] running 1 test
[INFO] [stdout] test src/lib.rs - resolve (line 332) ... FAILED
[INFO] [stdout] 
[INFO] [stdout] failures:
[INFO] [stdout] 
[INFO] [stdout] ---- src/lib.rs - resolve (line 332) stdout ----
[INFO] [stdout] Test executable failed (exit status: 101).
[INFO] [stdout] 
[INFO] [stdout] stdout:
[INFO] [stdout] Querying a.root-servers.net (198.41.0.4) for google.com
[INFO] [stdout] 
[INFO] [stdout] stderr:
[INFO] [stdout] thread 'main' panicked at src/lib.rs:8:40:
[INFO] [stdout] called `Result::unwrap()` on an `Err` value: Os { code: 101, kind: NetworkUnreachable, message: "Network is unreachable" }
[INFO] [stdout] stack backtrace:
[INFO] [stdout]    0:     0x632be1c20eda - std::backtrace_rs::backtrace::libunwind::trace::h8810477743020387
[INFO] [stdout]                                at /rustc/202008a1b8de96d2e5b6bc02d379db03a877d34d/library/std/src/../../backtrace/src/backtrace/libunwind.rs:116:5
[INFO] [stdout]    1:     0x632be1c20eda - std::backtrace_rs::backtrace::trace_unsynchronized::h3aa55355dd6c54a6
[INFO] [stdout]                                at /rustc/202008a1b8de96d2e5b6bc02d379db03a877d34d/library/std/src/../../backtrace/src/backtrace/mod.rs:66:5
[INFO] [stdout]    2:     0x632be1c20eda - std::sys::backtrace::_print_fmt::h8588b0f62410823f
[INFO] [stdout]                                at /rustc/202008a1b8de96d2e5b6bc02d379db03a877d34d/library/std/src/sys/backtrace.rs:66:9
[INFO] [stdout]    3:     0x632be1c20eda - <std::sys::backtrace::BacktraceLock::print::DisplayBacktrace as core::fmt::Display>::fmt::h98c26ac25ffe89bb
[INFO] [stdout]                                at /rustc/202008a1b8de96d2e5b6bc02d379db03a877d34d/library/std/src/sys/backtrace.rs:39:26
[INFO] [stdout]    4:     0x632be1c3cf53 - core::fmt::rt::Argument::fmt::hf95377f4aebd453b
[INFO] [stdout]                                at /rustc/202008a1b8de96d2e5b6bc02d379db03a877d34d/library/core/src/fmt/rt.rs:177:76
[INFO] [stdout]    5:     0x632be1c3cf53 - core::fmt::write::h0dd5f6e2238c7982
[INFO] [stdout]                                at /rustc/202008a1b8de96d2e5b6bc02d379db03a877d34d/library/core/src/fmt/mod.rs:1189:21
[INFO] [stdout]    6:     0x632be1c1eb53 - std::io::Write::write_fmt::hc00bff0a88e08857
[INFO] [stdout]                                at /rustc/202008a1b8de96d2e5b6bc02d379db03a877d34d/library/std/src/io/mod.rs:1884:15
[INFO] [stdout]    7:     0x632be1c20d22 - std::sys::backtrace::BacktraceLock::print::h5c19c1c038ee186d
[INFO] [stdout]                                at /rustc/202008a1b8de96d2e5b6bc02d379db03a877d34d/library/std/src/sys/backtrace.rs:42:9
[INFO] [stdout]    8:     0x632be1c21cec - std::panicking::default_hook::{{closure}}::h77172f079a1fcb13
[INFO] [stdout]                                at /rustc/202008a1b8de96d2e5b6bc02d379db03a877d34d/library/std/src/panicking.rs:268:22
[INFO] [stdout]    9:     0x632be1c21b32 - std::panicking::default_hook::he5f8e3b203ccddba
[INFO] [stdout]                                at /rustc/202008a1b8de96d2e5b6bc02d379db03a877d34d/library/std/src/panicking.rs:295:9
[INFO] [stdout]   10:     0x632be1c222c7 - std::panicking::rust_panic_with_hook::h53863d4e9018df39
[INFO] [stdout]                                at /rustc/202008a1b8de96d2e5b6bc02d379db03a877d34d/library/std/src/panicking.rs:801:13
[INFO] [stdout]   11:     0x632be1c2215a - std::panicking::begin_panic_handler::{{closure}}::h67280e6fa0757873
[INFO] [stdout]                                at /rustc/202008a1b8de96d2e5b6bc02d379db03a877d34d/library/std/src/panicking.rs:674:13
[INFO] [stdout]   12:     0x632be1c213b9 - std::sys::backtrace::__rust_end_short_backtrace::h1dac3f54d6fbbeb2
[INFO] [stdout]                                at /rustc/202008a1b8de96d2e5b6bc02d379db03a877d34d/library/std/src/sys/backtrace.rs:170:18
[INFO] [stdout]   13:     0x632be1c21dec - rust_begin_unwind
[INFO] [stdout]                                at /rustc/202008a1b8de96d2e5b6bc02d379db03a877d34d/library/std/src/panicking.rs:665:5
[INFO] [stdout]   14:     0x632be1bb77b0 - core::panicking::panic_fmt::h6792bd1b2bf01041
[INFO] [stdout]                                at /rustc/202008a1b8de96d2e5b6bc02d379db03a877d34d/library/core/src/panicking.rs:76:14
[INFO] [stdout]   15:     0x632be1bb7bc6 - core::result::unwrap_failed::h05e0602ed34287c5
[INFO] [stdout]                                at /rustc/202008a1b8de96d2e5b6bc02d379db03a877d34d/library/core/src/result.rs:1699:5
[INFO] [stdout]   16:     0x632be1bb829c - rust_out::main::_doctest_main_src_lib_rs_332_0::he01927e2da800e26
[INFO] [stdout]   17:     0x632be1bb8216 - rust_out::main::h57eefffa92e38ed0
[INFO] [stdout]   18:     0x632be1bb8033 - core::ops::function::FnOnce::call_once::hcb3872443a25b5b7
[INFO] [stdout]   19:     0x632be1bb7fd6 - std::sys::backtrace::__rust_begin_short_backtrace::hb8f53f53663d2e9e
[INFO] [stdout]   20:     0x632be1bb7fb9 - std::rt::lang_start::{{closure}}::h0d6bdb8cb611c7e9
[INFO] [stdout]   21:     0x632be1c1c637 - core::ops::function::impls::<impl core::ops::function::FnOnce<A> for &F>::call_once::hba2470d01d3f5e41
[INFO] [stdout]                                at /rustc/202008a1b8de96d2e5b6bc02d379db03a877d34d/library/core/src/ops/function.rs:284:13
[INFO] [stdout]   22:     0x632be1c1c637 - std::panicking::try::do_call::hc063fb73159aab72
[INFO] [stdout]                                at /rustc/202008a1b8de96d2e5b6bc02d379db03a877d34d/library/std/src/panicking.rs:557:40
[INFO] [stdout]   23:     0x632be1c1c637 - std::panicking::try::h2767c6d245d3a3bb
[INFO] [stdout]                                at /rustc/202008a1b8de96d2e5b6bc02d379db03a877d34d/library/std/src/panicking.rs:520:19
[INFO] [stdout]   24:     0x632be1c1c637 - std::panic::catch_unwind::h061c6ef75790da63
[INFO] [stdout]                                at /rustc/202008a1b8de96d2e5b6bc02d379db03a877d34d/library/std/src/panic.rs:358:14
[INFO] [stdout]   25:     0x632be1c1c637 - std::rt::lang_start_internal::{{closure}}::h5c5e35b11a4b8c4e
[INFO] [stdout]                                at /rustc/202008a1b8de96d2e5b6bc02d379db03a877d34d/library/std/src/rt.rs:174:48
[INFO] [stdout]   26:     0x632be1c1c637 - std::panicking::try::do_call::h705e99690a8109cc
[INFO] [stdout]                                at /rustc/202008a1b8de96d2e5b6bc02d379db03a877d34d/library/std/src/panicking.rs:557:40
[INFO] [stdout]   27:     0x632be1c1c637 - std::panicking::try::he5f4452754ed9a34
[INFO] [stdout]                                at /rustc/202008a1b8de96d2e5b6bc02d379db03a877d34d/library/std/src/panicking.rs:520:19
[INFO] [stdout]   28:     0x632be1c1c637 - std::panic::catch_unwind::h5db61b3bcbe883e5
[INFO] [stdout]                                at /rustc/202008a1b8de96d2e5b6bc02d379db03a877d34d/library/std/src/panic.rs:358:14
[INFO] [stdout]   29:     0x632be1c1c637 - std::rt::lang_start_internal::h81da9b59bab665c6
[INFO] [stdout]                                at /rustc/202008a1b8de96d2e5b6bc02d379db03a877d34d/library/std/src/rt.rs:174:20
[INFO] [stdout]   30:     0x632be1bb7f97 - std::rt::lang_start::h2798034e47ddebf9
[INFO] [stdout]   31:     0x632be1bb8375 - main
[INFO] [stdout]   32:     0x747c032e2d90 - <unknown>
[INFO] [stdout]   33:     0x747c032e2e40 - __libc_start_main
[INFO] [stdout]   34:     0x632be1bb7ea5 - _start
[INFO] [stdout]   35:                0x0 - <unknown>
[INFO] [stdout] 
[INFO] [stdout] 
[INFO] [stdout] 
[INFO] [stdout] failures:
[INFO] [stdout]     src/lib.rs - resolve (line 332)
[INFO] [stdout] 
[INFO] [stdout] test result: FAILED. 0 passed; 1 failed; 0 ignored; 0 measured; 0 filtered out; finished in 0.38s
[INFO] [stdout] 
[INFO] [stderr] error: doctest failed, to rerun pass `--doc`
[INFO] running `Command { std: "docker" "inspect" "da24bd0c1dde1b1f6de86dae9a36625528c0c801df71288124a3f5e7aa24f66e", kill_on_drop: false }`
[INFO] running `Command { std: "docker" "rm" "-f" "da24bd0c1dde1b1f6de86dae9a36625528c0c801df71288124a3f5e7aa24f66e", kill_on_drop: false }`
[INFO] [stdout] da24bd0c1dde1b1f6de86dae9a36625528c0c801df71288124a3f5e7aa24f66e
