[INFO] cloning repository https://github.com/sqooid/ae-gen
[INFO] running `Command { std: "git" "-c" "credential.helper=" "-c" "credential.helper=/workspace/cargo-home/bin/git-credential-null" "clone" "--bare" "https://github.com/sqooid/ae-gen" "/workspace/cache/git-repos/https%3A%2F%2Fgithub.com%2Fsqooid%2Fae-gen", kill_on_drop: false }`
[INFO] [stderr] Cloning into bare repository '/workspace/cache/git-repos/https%3A%2F%2Fgithub.com%2Fsqooid%2Fae-gen'...
[INFO] running `Command { std: "git" "rev-parse" "HEAD", kill_on_drop: false }`
[INFO] [stdout] 37ce388f4f49956b630e0adf9e3d864425e94a4a
[INFO] testing sqooid/ae-gen against beta-2024-12-08 for beta-1.84.0-4-retry
[INFO] running `Command { std: "git" "clone" "/workspace/cache/git-repos/https%3A%2F%2Fgithub.com%2Fsqooid%2Fae-gen" "/workspace/builds/worker-0-tc2/source", kill_on_drop: false }`
[INFO] [stderr] Cloning into '/workspace/builds/worker-0-tc2/source'...
[INFO] [stderr] done.
[INFO] validating manifest of git repo https://github.com/sqooid/ae-gen on toolchain beta-2024-12-08
[INFO] running `Command { std: CARGO_HOME="/workspace/cargo-home" RUSTUP_HOME="/workspace/rustup-home" "/workspace/cargo-home/bin/cargo" "+beta-2024-12-08" "metadata" "--manifest-path" "Cargo.toml" "--no-deps", kill_on_drop: false }`
[INFO] started tweaking git repo https://github.com/sqooid/ae-gen
[INFO] finished tweaking git repo https://github.com/sqooid/ae-gen
[INFO] tweaked toml for git repo https://github.com/sqooid/ae-gen written to /workspace/builds/worker-0-tc2/source/Cargo.toml
[INFO] crate git repo https://github.com/sqooid/ae-gen already has a lockfile, it will not be regenerated
[INFO] running `Command { std: CARGO_HOME="/workspace/cargo-home" RUSTUP_HOME="/workspace/rustup-home" "/workspace/cargo-home/bin/cargo" "+beta-2024-12-08" "fetch" "--manifest-path" "Cargo.toml", kill_on_drop: false }`
[INFO] running `Command { std: "docker" "create" "-v" "/var/lib/crater-agent-workspace/builds/worker-0-tc2/target:/opt/rustwide/target:rw,Z" "-v" "/var/lib/crater-agent-workspace/builds/worker-0-tc2/source:/opt/rustwide/workdir:ro,Z" "-v" "/var/lib/crater-agent-workspace/cargo-home:/opt/rustwide/cargo-home:ro,Z" "-v" "/var/lib/crater-agent-workspace/rustup-home:/opt/rustwide/rustup-home:ro,Z" "-e" "SOURCE_DIR=/opt/rustwide/workdir" "-e" "CARGO_TARGET_DIR=/opt/rustwide/target" "-e" "CARGO_HOME=/opt/rustwide/cargo-home" "-e" "RUSTUP_HOME=/opt/rustwide/rustup-home" "-w" "/opt/rustwide/workdir" "-m" "1610612736" "--user" "0:0" "--network" "none" "ghcr.io/rust-lang/crates-build-env/linux@sha256:f3a9d4ad9d972b27faf3965f35b62e55ba32bbce8f20bc8fe909558a86702fde" "/opt/rustwide/cargo-home/bin/cargo" "+beta-2024-12-08" "metadata" "--no-deps" "--format-version=1", kill_on_drop: false }`
[INFO] [stdout] 91f6ff649828e223f688620654c66f256c9419072a22e5728b897291f12af5bd
[INFO] running `Command { std: "docker" "start" "-a" "91f6ff649828e223f688620654c66f256c9419072a22e5728b897291f12af5bd", kill_on_drop: false }`
[INFO] running `Command { std: "docker" "inspect" "91f6ff649828e223f688620654c66f256c9419072a22e5728b897291f12af5bd", kill_on_drop: false }`
[INFO] running `Command { std: "docker" "rm" "-f" "91f6ff649828e223f688620654c66f256c9419072a22e5728b897291f12af5bd", kill_on_drop: false }`
[INFO] [stdout] 91f6ff649828e223f688620654c66f256c9419072a22e5728b897291f12af5bd
[INFO] running `Command { std: "docker" "create" "-v" "/var/lib/crater-agent-workspace/builds/worker-0-tc2/target:/opt/rustwide/target:rw,Z" "-v" "/var/lib/crater-agent-workspace/builds/worker-0-tc2/source:/opt/rustwide/workdir:ro,Z" "-v" "/var/lib/crater-agent-workspace/cargo-home:/opt/rustwide/cargo-home:ro,Z" "-v" "/var/lib/crater-agent-workspace/rustup-home:/opt/rustwide/rustup-home:ro,Z" "-e" "SOURCE_DIR=/opt/rustwide/workdir" "-e" "CARGO_TARGET_DIR=/opt/rustwide/target" "-e" "CARGO_INCREMENTAL=0" "-e" "RUST_BACKTRACE=full" "-e" "RUSTFLAGS=--cap-lints=warn" "-e" "RUSTDOCFLAGS=--cap-lints=warn" "-e" "CARGO_HOME=/opt/rustwide/cargo-home" "-e" "RUSTUP_HOME=/opt/rustwide/rustup-home" "-w" "/opt/rustwide/workdir" "-m" "1610612736" "--user" "0:0" "--network" "none" "ghcr.io/rust-lang/crates-build-env/linux@sha256:f3a9d4ad9d972b27faf3965f35b62e55ba32bbce8f20bc8fe909558a86702fde" "/opt/rustwide/cargo-home/bin/cargo" "+beta-2024-12-08" "build" "--frozen" "--message-format=json", kill_on_drop: false }`
[INFO] [stdout] 5772f9d7d5baf408f1f94debcdb83d6fe653dcccc7e9a56f24f53e1eeb865f9b
[INFO] running `Command { std: "docker" "start" "-a" "5772f9d7d5baf408f1f94debcdb83d6fe653dcccc7e9a56f24f53e1eeb865f9b", kill_on_drop: false }`
[INFO] [stderr]    Compiling proc-macro2 v1.0.79
[INFO] [stderr]    Compiling unicode-ident v1.0.12
[INFO] [stderr]    Compiling autocfg v1.2.0
[INFO] [stderr]    Compiling libc v0.2.153
[INFO] [stderr]    Compiling once_cell v1.19.0
[INFO] [stderr]    Compiling crossbeam-utils v0.8.19
[INFO] [stderr]    Compiling thiserror v1.0.58
[INFO] [stderr]    Compiling bitflags v2.5.0
[INFO] [stderr]    Compiling scopeguard v1.2.0
[INFO] [stderr]    Compiling cfg_aliases v0.1.1
[INFO] [stderr]    Compiling arrayvec v0.7.4
[INFO] [stderr]    Compiling simd-adler32 v0.3.7
[INFO] [stderr]    Compiling zerocopy v0.7.32
[INFO] [stderr]    Compiling rayon-core v1.12.1
[INFO] [stderr]    Compiling ahash v0.8.11
[INFO] [stderr]    Compiling log v0.4.21
[INFO] [stderr]    Compiling smallvec v1.13.2
[INFO] [stderr]    Compiling allocator-api2 v0.2.16
[INFO] [stderr]    Compiling parking_lot_core v0.9.9
[INFO] [stderr]    Compiling either v1.11.0
[INFO] [stderr]    Compiling crc32fast v1.4.0
[INFO] [stderr]    Compiling anyhow v1.0.82
[INFO] [stderr]    Compiling miniz_oxide v0.7.2
[INFO] [stderr]    Compiling memchr v2.7.2
[INFO] [stderr]    Compiling built v0.7.2
[INFO] [stderr]    Compiling ash v0.37.3+1.3.251
[INFO] [stderr]    Compiling paste v1.0.14
[INFO] [stderr]    Compiling num-traits v0.2.18
[INFO] [stderr]    Compiling lock_api v0.4.11
[INFO] [stderr]    Compiling num-bigint v0.4.4
[INFO] [stderr]    Compiling num-rational v0.4.1
[INFO] [stderr]    Compiling equivalent v1.0.1
[INFO] [stderr]    Compiling unicode-width v0.1.11
[INFO] [stderr]    Compiling aligned-vec v0.5.0
[INFO] [stderr]    Compiling khronos-egl v6.0.0
[INFO] [stderr]    Compiling serde v1.0.198
[INFO] [stderr]    Compiling termcolor v1.4.1
[INFO] [stderr]    Compiling gpu-alloc-types v0.3.0
[INFO] [stderr]    Compiling nom v7.1.3
[INFO] [stderr]    Compiling spirv v0.3.0+sdk-1.3.268.0
[INFO] [stderr]    Compiling hashbrown v0.14.3
[INFO] [stderr]    Compiling rav1e v0.7.1
[INFO] [stderr]    Compiling gpu-descriptor-types v0.1.2
[INFO] [stderr]    Compiling wgpu-hal v0.19.3
[INFO] [stderr]    Compiling quote v1.0.36
[INFO] [stderr]    Compiling codespan-reporting v0.11.1
[INFO] [stderr]    Compiling libloading v0.7.4
[INFO] [stderr]    Compiling libloading v0.8.3
[INFO] [stderr]    Compiling crossbeam-epoch v0.9.18
[INFO] [stderr]    Compiling unicode-xid v0.2.4
[INFO] [stderr]    Compiling rustversion v1.0.17
[INFO] [stderr]    Compiling hexf-parse v0.2.1
[INFO] [stderr]    Compiling syn v2.0.58
[INFO] [stderr]    Compiling flate2 v1.0.28
[INFO] [stderr]    Compiling gpu-alloc v0.6.0
[INFO] [stderr]    Compiling spin v0.9.8
[INFO] [stderr]    Compiling getrandom v0.2.14
[INFO] [stderr]    Compiling crossbeam-deque v0.8.5
[INFO] [stderr]    Compiling indexmap v2.2.6
[INFO] [stderr]    Compiling gpu-descriptor v0.2.4
[INFO] [stderr]    Compiling simd_helpers v0.1.0
[INFO] [stderr]    Compiling nanorand v0.7.0
[INFO] [stderr]    Compiling itertools v0.12.1
[INFO] [stderr]    Compiling wgpu-types v0.19.2
[INFO] [stderr]    Compiling parking_lot v0.12.1
[INFO] [stderr]    Compiling wgpu-core v0.19.3
[INFO] [stderr]    Compiling weezl v0.1.8
[INFO] [stderr]    Compiling new_debug_unreachable v1.0.6
[INFO] [stderr]    Compiling futures-core v0.3.30
[INFO] [stderr]    Compiling imgref v1.10.1
[INFO] [stderr]    Compiling rayon v1.10.0
[INFO] [stderr]    Compiling renderdoc-sys v1.1.0
[INFO] [stderr]    Compiling num-integer v0.1.46
[INFO] [stderr]    Compiling v_frame v0.3.8
[INFO] [stderr]    Compiling futures-sink v0.3.30
[INFO] [stderr]    Compiling glow v0.13.1
[INFO] [stderr]    Compiling raw-window-handle v0.6.0
[INFO] [stderr]    Compiling noop_proc_macro v0.3.0
[INFO] [stderr]    Compiling bitstream-io v2.2.0
[INFO] [stderr]    Compiling flume v0.11.0
[INFO] [stderr]    Compiling loop9 v0.1.5
[INFO] [stderr]    Compiling rand_core v0.6.4
[INFO] [stderr]    Compiling avif-serialize v0.8.1
[INFO] [stderr]    Compiling fdeflate v0.3.4
[INFO] [stderr]    Compiling zune-inflate v0.2.54
[INFO] [stderr]    Compiling wgpu v0.19.3
[INFO] [stderr]    Compiling half v2.4.1
[INFO] [stderr]    Compiling lebe v0.5.2
[INFO] [stderr]    Compiling zune-core v0.4.12
[INFO] [stderr]    Compiling heck v0.5.0
[INFO] [stderr]    Compiling color_quant v1.1.0
[INFO] [stderr]    Compiling jpeg-decoder v0.3.1
[INFO] [stderr]    Compiling bit_field v0.10.2
[INFO] [stderr]    Compiling byteorder v1.5.0
[INFO] [stderr]    Compiling png v0.17.13
[INFO] [stderr]    Compiling gif v0.13.1
[INFO] [stderr]    Compiling exr v1.72.0
[INFO] [stderr]    Compiling zune-jpeg v0.4.11
[INFO] [stderr]    Compiling rand_chacha v0.3.1
[INFO] [stderr]    Compiling inventory v0.3.15
[INFO] [stderr]    Compiling pollster v0.3.0
[INFO] [stderr]    Compiling enum_methods v0.1.0 (/opt/rustwide/workdir/enum_methods)
[INFO] [stderr]    Compiling rand v0.8.5
[INFO] [stderr]    Compiling tiff v0.9.1
[INFO] [stderr]    Compiling av1-grain v0.2.3
[INFO] [stderr]    Compiling maybe-rayon v0.1.1
[INFO] [stderr]    Compiling thiserror-impl v1.0.58
[INFO] [stderr]    Compiling profiling-procmacros v1.0.15
[INFO] [stderr]    Compiling bytemuck_derive v1.6.0
[INFO] [stderr]    Compiling serde_derive v1.0.198
[INFO] [stderr]    Compiling num-derive v0.4.2
[INFO] [stderr]    Compiling arg_enum_proc_macro v0.3.4
[INFO] [stderr]    Compiling typetag-impl v0.2.16
[INFO] [stderr]    Compiling strum_macros v0.26.4
[INFO] [stderr]    Compiling enum_methods_derive v0.1.0 (/opt/rustwide/workdir/enum_methods/enum_methods_derive)
[INFO] [stdout] warning: unused imports: `Variant`, `punctuated::Punctuated`, and `token::Comma`
[INFO] [stdout]  --> enum_methods/enum_methods_derive/src/lib.rs:5:30
[INFO] [stdout]   |
[INFO] [stdout] 5 | use syn::{parse_macro_input, punctuated::Punctuated, token::Comma, DeriveInput, Variant};
[INFO] [stdout]   |                              ^^^^^^^^^^^^^^^^^^^^^^  ^^^^^^^^^^^^               ^^^^^^^
[INFO] [stdout]   |
[INFO] [stdout]   = note: `#[warn(unused_imports)]` on by default
[INFO] [stdout] 
[INFO] [stdout] 
[INFO] [stdout] warning: type alias `Res` is never used
[INFO] [stdout]  --> enum_methods/enum_methods_derive/src/lib.rs:7:6
[INFO] [stdout]   |
[INFO] [stdout] 7 | type Res<T> = Result<T, Box<dyn Error>>;
[INFO] [stdout]   |      ^^^
[INFO] [stdout]   |
[INFO] [stdout]   = note: `#[warn(dead_code)]` on by default
[INFO] [stdout] 
[INFO] [stdout] 
[INFO] [stderr]    Compiling profiling v1.0.15
[INFO] [stderr]    Compiling bytemuck v1.15.0
[INFO] [stderr]    Compiling naga v0.19.2
[INFO] [stderr]    Compiling image-webp v0.1.1
[INFO] [stderr]    Compiling rgb v0.8.37
[INFO] [stderr]    Compiling qoi v0.4.1
[INFO] [stderr]    Compiling strum v0.26.3
[INFO] [stderr]    Compiling erased-serde v0.4.4
[INFO] [stderr]    Compiling bincode v1.3.3
[INFO] [stderr]    Compiling typetag v0.2.16
[INFO] [stderr]    Compiling ravif v0.11.5
[INFO] [stderr]    Compiling image v0.25.1
[INFO] [stderr]    Compiling ae-gen v0.1.0 (/opt/rustwide/workdir)
[INFO] [stdout] DeriveInput { attrs: [], vis: Visibility::Public(Pub), ident: Ident { ident: "SingleArgFunction", span: #0 bytes(724..741) }, generics: Generics { lt_token: None, params: [], gt_token: None, where_clause: None }, data: Data::Enum { enum_token: Enum, brace_token: Brace, variants: [Variant { attrs: [], ident: Ident { ident: "Sin", span: #0 bytes(748..751) }, fields: Fields::Unnamed { paren_token: Paren, unnamed: [Field { attrs: [], vis: Visibility::Inherited, mutability: FieldMutability::None, ident: None, colon_token: None, ty: Type::Path { qself: None, path: Path { leading_colon: None, segments: [PathSegment { ident: Ident { ident: "ComputeFunction", span: #0 bytes(752..767) }, arguments: PathArguments::None }] } } }] }, discriminant: None }, Comma, Variant { attrs: [], ident: Ident { ident: "Cos", span: #0 bytes(774..777) }, fields: Fields::Unnamed { paren_token: Paren, unnamed: [Field { attrs: [], vis: Visibility::Inherited, mutability: FieldMutability::None, ident: None, colon_token: None, ty: Type::Path { qself: None, path: Path { leading_colon: None, segments: [PathSegment { ident: Ident { ident: "ComputeFunction", span: #0 bytes(778..793) }, arguments: PathArguments::None }] } } }] }, discriminant: None }, Comma, Variant { attrs: [], ident: Ident { ident: "Tan", span: #0 bytes(800..803) }, fields: Fields::Unnamed { paren_token: Paren, unnamed: [Field { attrs: [], vis: Visibility::Inherited, mutability: FieldMutability::None, ident: None, colon_token: None, ty: Type::Path { qself: None, path: Path { leading_colon: None, segments: [PathSegment { ident: Ident { ident: "ComputeFunction", span: #0 bytes(804..819) }, arguments: PathArguments::None }] } } }] }, discriminant: None }, Comma, Variant { attrs: [], ident: Ident { ident: "Atan", span: #0 bytes(826..830) }, fields: Fields::Unnamed { paren_token: Paren, unnamed: [Field { attrs: [], vis: Visibility::Inherited, mutability: FieldMutability::None, ident: None, colon_token: None, ty: Type::Path { qself: None, path: Path { leading_colon: None, segments: [PathSegment { ident: Ident { ident: "ComputeFunction", span: #0 bytes(831..846) }, arguments: PathArguments::None }] } } }] }, discriminant: None }, Comma, Variant { attrs: [], ident: Ident { ident: "Sinh", span: #0 bytes(853..857) }, fields: Fields::Unnamed { paren_token: Paren, unnamed: [Field { attrs: [], vis: Visibility::Inherited, mutability: FieldMutability::None, ident: None, colon_token: None, ty: Type::Path { qself: None, path: Path { leading_colon: None, segments: [PathSegment { ident: Ident { ident: "ComputeFunction", span: #0 bytes(858..873) }, arguments: PathArguments::None }] } } }] }, discriminant: None }, Comma, Variant { attrs: [], ident: Ident { ident: "Cosh", span: #0 bytes(880..884) }, fields: Fields::Unnamed { paren_token: Paren, unnamed: [Field { attrs: [], vis: Visibility::Inherited, mutability: FieldMutability::None, ident: None, colon_token: None, ty: Type::Path { qself: None, path: Path { leading_colon: None, segments: [PathSegment { ident: Ident { ident: "ComputeFunction", span: #0 bytes(885..900) }, arguments: PathArguments::None }] } } }] }, discriminant: None }, Comma, Variant { attrs: [], ident: Ident { ident: "Abs", span: #0 bytes(907..910) }, fields: Fields::Unnamed { paren_token: Paren, unnamed: [Field { attrs: [], vis: Visibility::Inherited, mutability: FieldMutability::None, ident: None, colon_token: None, ty: Type::Path { qself: None, path: Path { leading_colon: None, segments: [PathSegment { ident: Ident { ident: "ComputeFunction", span: #0 bytes(911..926) }, arguments: PathArguments::None }] } } }] }, discriminant: None }, Comma, Variant { attrs: [], ident: Ident { ident: "Reciprocal", span: #0 bytes(933..943) }, fields: Fields::Unnamed { paren_token: Paren, unnamed: [Field { attrs: [], vis: Visibility::Inherited, mutability: FieldMutability::None, ident: None, colon_token: None, ty: Type::Path { qself: None, path: Path { leading_colon: None, segments: [PathSegment { ident: Ident { ident: "ComputeFunction", span: #0 bytes(944..959) }, arguments: PathArguments::None }] } } }] }, discriminant: None }, Comma, Variant { attrs: [], ident: Ident { ident: "Square", span: #0 bytes(966..972) }, fields: Fields::Unnamed { paren_token: Paren, unnamed: [Field { attrs: [], vis: Visibility::Inherited, mutability: FieldMutability::None, ident: None, colon_token: None, ty: Type::Path { qself: None, path: Path { leading_colon: None, segments: [PathSegment { ident: Ident { ident: "ComputeFunction", span: #0 bytes(973..988) }, arguments: PathArguments::None }] } } }] }, discriminant: None }, Comma, Variant { attrs: [], ident: Ident { ident: "SquareRoot", span: #0 bytes(995..1005) }, fields: Fields::Unnamed { paren_token: Paren, unnamed: [Field { attrs: [], vis: Visibility::Inherited, mutability: FieldMutability::None, ident: None, colon_token: None, ty: Type::Path { qself: None, path: Path { leading_colon: None, segments: [PathSegment { ident: Ident { ident: "ComputeFunction", span: #0 bytes(1006..1021) }, arguments: PathArguments::None }] } } }] }, discriminant: None }, Comma, Variant { attrs: [], ident: Ident { ident: "Loge", span: #0 bytes(1028..1032) }, fields: Fields::Unnamed { paren_token: Paren, unnamed: [Field { attrs: [], vis: Visibility::Inherited, mutability: FieldMutability::None, ident: None, colon_token: None, ty: Type::Path { qself: None, path: Path { leading_colon: None, segments: [PathSegment { ident: Ident { ident: "ComputeFunction", span: #0 bytes(1033..1048) }, arguments: PathArguments::None }] } } }] }, discriminant: None }, Comma] } }
[INFO] [stdout] DeriveInput { attrs: [], vis: Visibility::Public(Pub), ident: Ident { ident: "TwoArgFunction", span: #0 bytes(1134..1148) }, generics: Generics { lt_token: None, params: [], gt_token: None, where_clause: None }, data: Data::Enum { enum_token: Enum, brace_token: Brace, variants: [Variant { attrs: [], ident: Ident { ident: "Add", span: #0 bytes(1155..1158) }, fields: Fields::Unnamed { paren_token: Paren, unnamed: [Field { attrs: [], vis: Visibility::Inherited, mutability: FieldMutability::None, ident: None, colon_token: None, ty: Type::Path { qself: None, path: Path { leading_colon: None, segments: [PathSegment { ident: Ident { ident: "ComputeFunction", span: #0 bytes(1159..1174) }, arguments: PathArguments::None }] } } }, Comma, Field { attrs: [], vis: Visibility::Inherited, mutability: FieldMutability::None, ident: None, colon_token: None, ty: Type::Path { qself: None, path: Path { leading_colon: None, segments: [PathSegment { ident: Ident { ident: "ComputeFunction", span: #0 bytes(1176..1191) }, arguments: PathArguments::None }] } } }] }, discriminant: None }, Comma, Variant { attrs: [], ident: Ident { ident: "Subtract", span: #0 bytes(1198..1206) }, fields: Fields::Unnamed { paren_token: Paren, unnamed: [Field { attrs: [], vis: Visibility::Inherited, mutability: FieldMutability::None, ident: None, colon_token: None, ty: Type::Path { qself: None, path: Path { leading_colon: None, segments: [PathSegment { ident: Ident { ident: "ComputeFunction", span: #0 bytes(1207..1222) }, arguments: PathArguments::None }] } } }, Comma, Field { attrs: [], vis: Visibility::Inherited, mutability: FieldMutability::None, ident: None, colon_token: None, ty: Type::Path { qself: None, path: Path { leading_colon: None, segments: [PathSegment { ident: Ident { ident: "ComputeFunction", span: #0 bytes(1224..1239) }, arguments: PathArguments::None }] } } }] }, discriminant: None }, Comma, Variant { attrs: [], ident: Ident { ident: "Multiply", span: #0 bytes(1246..1254) }, fields: Fields::Unnamed { paren_token: Paren, unnamed: [Field { attrs: [], vis: Visibility::Inherited, mutability: FieldMutability::None, ident: None, colon_token: None, ty: Type::Path { qself: None, path: Path { leading_colon: None, segments: [PathSegment { ident: Ident { ident: "ComputeFunction", span: #0 bytes(1255..1270) }, arguments: PathArguments::None }] } } }, Comma, Field { attrs: [], vis: Visibility::Inherited, mutability: FieldMutability::None, ident: None, colon_token: None, ty: Type::Path { qself: None, path: Path { leading_colon: None, segments: [PathSegment { ident: Ident { ident: "ComputeFunction", span: #0 bytes(1272..1287) }, arguments: PathArguments::None }] } } }] }, discriminant: None }, Comma, Variant { attrs: [], ident: Ident { ident: "Divide", span: #0 bytes(1294..1300) }, fields: Fields::Unnamed { paren_token: Paren, unnamed: [Field { attrs: [], vis: Visibility::Inherited, mutability: FieldMutability::None, ident: None, colon_token: None, ty: Type::Path { qself: None, path: Path { leading_colon: None, segments: [PathSegment { ident: Ident { ident: "ComputeFunction", span: #0 bytes(1301..1316) }, arguments: PathArguments::None }] } } }, Comma, Field { attrs: [], vis: Visibility::Inherited, mutability: FieldMutability::None, ident: None, colon_token: None, ty: Type::Path { qself: None, path: Path { leading_colon: None, segments: [PathSegment { ident: Ident { ident: "ComputeFunction", span: #0 bytes(1318..1333) }, arguments: PathArguments::None }] } } }] }, discriminant: None }, Comma, Variant { attrs: [], ident: Ident { ident: "Min", span: #0 bytes(1340..1343) }, fields: Fields::Unnamed { paren_token: Paren, unnamed: [Field { attrs: [], vis: Visibility::Inherited, mutability: FieldMutability::None, ident: None, colon_token: None, ty: Type::Path { qself: None, path: Path { leading_colon: None, segments: [PathSegment { ident: Ident { ident: "ComputeFunction", span: #0 bytes(1344..1359) }, arguments: PathArguments::None }] } } }, Comma, Field { attrs: [], vis: Visibility::Inherited, mutability: FieldMutability::None, ident: None, colon_token: None, ty: Type::Path { qself: None, path: Path { leading_colon: None, segments: [PathSegment { ident: Ident { ident: "ComputeFunction", span: #0 bytes(1361..1376) }, arguments: PathArguments::None }] } } }] }, discriminant: None }, Comma, Variant { attrs: [], ident: Ident { ident: "Max", span: #0 bytes(1383..1386) }, fields: Fields::Unnamed { paren_token: Paren, unnamed: [Field { attrs: [], vis: Visibility::Inherited, mutability: FieldMutability::None, ident: None, colon_token: None, ty: Type::Path { qself: None, path: Path { leading_colon: None, segments: [PathSegment { ident: Ident { ident: "ComputeFunction", span: #0 bytes(1387..1402) }, arguments: PathArguments::None }] } } }, Comma, Field { attrs: [], vis: Visibility::Inherited, mutability: FieldMutability::None, ident: None, colon_token: None, ty: Type::Path { qself: None, path: Path { leading_colon: None, segments: [PathSegment { ident: Ident { ident: "ComputeFunction", span: #0 bytes(1404..1419) }, arguments: PathArguments::None }] } } }] }, discriminant: None }, Comma, Variant { attrs: [], ident: Ident { ident: "Avg", span: #0 bytes(1426..1429) }, fields: Fields::Unnamed { paren_token: Paren, unnamed: [Field { attrs: [], vis: Visibility::Inherited, mutability: FieldMutability::None, ident: None, colon_token: None, ty: Type::Path { qself: None, path: Path { leading_colon: None, segments: [PathSegment { ident: Ident { ident: "ComputeFunction", span: #0 bytes(1430..1445) }, arguments: PathArguments::None }] } } }, Comma, Field { attrs: [], vis: Visibility::Inherited, mutability: FieldMutability::None, ident: None, colon_token: None, ty: Type::Path { qself: None, path: Path { leading_colon: None, segments: [PathSegment { ident: Ident { ident: "ComputeFunction", span: #0 bytes(1447..1462) }, arguments: PathArguments::None }] } } }] }, discriminant: None }, Comma, Variant { attrs: [], ident: Ident { ident: "Mod", span: #0 bytes(1469..1472) }, fields: Fields::Unnamed { paren_token: Paren, unnamed: [Field { attrs: [], vis: Visibility::Inherited, mutability: FieldMutability::None, ident: None, colon_token: None, ty: Type::Path { qself: None, path: Path { leading_colon: None, segments: [PathSegment { ident: Ident { ident: "ComputeFunction", span: #0 bytes(1473..1488) }, arguments: PathArguments::None }] } } }, Comma, Field { attrs: [], vis: Visibility::Inherited, mutability: FieldMutability::None, ident: None, colon_token: None, ty: Type::Path { qself: None, path: Path { leading_colon: None, segments: [PathSegment { ident: Ident { ident: "ComputeFunction", span: #0 bytes(1490..1505) }, arguments: PathArguments::None }] } } }] }, discriminant: None }, Comma, Variant { attrs: [], ident: Ident { ident: "Exponent", span: #0 bytes(1512..1520) }, fields: Fields::Unnamed { paren_token: Paren, unnamed: [Field { attrs: [], vis: Visibility::Inherited, mutability: FieldMutability::None, ident: None, colon_token: None, ty: Type::Path { qself: None, path: Path { leading_colon: None, segments: [PathSegment { ident: Ident { ident: "ComputeFunction", span: #0 bytes(1521..1536) }, arguments: PathArguments::None }] } } }, Comma, Field { attrs: [], vis: Visibility::Inherited, mutability: FieldMutability::None, ident: None, colon_token: None, ty: Type::Path { qself: None, path: Path { leading_colon: None, segments: [PathSegment { ident: Ident { ident: "ComputeFunction", span: #0 bytes(1538..1553) }, arguments: PathArguments::None }] } } }] }, discriminant: None }, Comma, Variant { attrs: [], ident: Ident { ident: "And", span: #0 bytes(1560..1563) }, fields: Fields::Unnamed { paren_token: Paren, unnamed: [Field { attrs: [], vis: Visibility::Inherited, mutability: FieldMutability::None, ident: None, colon_token: None, ty: Type::Path { qself: None, path: Path { leading_colon: None, segments: [PathSegment { ident: Ident { ident: "ComputeFunction", span: #0 bytes(1564..1579) }, arguments: PathArguments::None }] } } }, Comma, Field { attrs: [], vis: Visibility::Inherited, mutability: FieldMutability::None, ident: None, colon_token: None, ty: Type::Path { qself: None, path: Path { leading_colon: None, segments: [PathSegment { ident: Ident { ident: "ComputeFunction", span: #0 bytes(1581..1596) }, arguments: PathArguments::None }] } } }] }, discriminant: None }, Comma, Variant { attrs: [], ident: Ident { ident: "Or", span: #0 bytes(1603..1605) }, fields: Fields::Unnamed { paren_token: Paren, unnamed: [Field { attrs: [], vis: Visibility::Inherited, mutability: FieldMutability::None, ident: None, colon_token: None, ty: Type::Path { qself: None, path: Path { leading_colon: None, segments: [PathSegment { ident: Ident { ident: "ComputeFunction", span: #0 bytes(1606..1621) }, arguments: PathArguments::None }] } } }, Comma, Field { attrs: [], vis: Visibility::Inherited, mutability: FieldMutability::None, ident: None, colon_token: None, ty: Type::Path { qself: None, path: Path { leading_colon: None, segments: [PathSegment { ident: Ident { ident: "ComputeFunction", span: #0 bytes(1623..1638) }, arguments: PathArguments::None }] } } }] }, discriminant: None }, Comma, Variant { attrs: [], ident: Ident { ident: "Xor", span: #0 bytes(1645..1648) }, fields: Fields::Unnamed { paren_token: Paren, unnamed: [Field { attrs: [], vis: Visibility::Inherited, mutability: FieldMutability::None, ident: None, colon_token: None, ty: Type::Path { qself: None, path: Path { leading_colon: None, segments: [PathSegment { ident: Ident { ident: "ComputeFunction", span: #0 bytes(1649..1664) }, arguments: PathArguments::None }] } } }, Comma, Field { attrs: [], vis: Visibility::Inherited, mutability: FieldMutability::None, ident: None, colon_token: None, ty: Type::Path { qself: None, path: Path { leading_colon: None, segments: [PathSegment { ident: Ident { ident: "ComputeFunction", span: #0 bytes(1666..1681) }, arguments: PathArguments::None }] } } }] }, discriminant: None }, Comma] } }
[INFO] [stdout] warning: unused variable: `f`
[INFO] [stdout]   --> src/compute_functions/utils.rs:78:34
[INFO] [stdout]    |
[INFO] [stdout] 78 |             ComputeFunction::One(f) => todo!(),
[INFO] [stdout]    |                                  ^ help: if this is intentional, prefix it with an underscore: `_f`
[INFO] [stdout]    |
[INFO] [stdout]    = note: `#[warn(unused_variables)]` on by default
[INFO] [stdout] 
[INFO] [stdout] 
[INFO] [stdout] warning: unused variable: `f`
[INFO] [stdout]   --> src/compute_functions/utils.rs:79:34
[INFO] [stdout]    |
[INFO] [stdout] 79 |             ComputeFunction::Two(f) => todo!(),
[INFO] [stdout]    |                                  ^ help: if this is intentional, prefix it with an underscore: `_f`
[INFO] [stdout] 
[INFO] [stdout] 
[INFO] [stderr]     Finished `dev` profile [unoptimized + debuginfo] target(s) in 1m 32s
[INFO] running `Command { std: "docker" "inspect" "5772f9d7d5baf408f1f94debcdb83d6fe653dcccc7e9a56f24f53e1eeb865f9b", kill_on_drop: false }`
[INFO] running `Command { std: "docker" "rm" "-f" "5772f9d7d5baf408f1f94debcdb83d6fe653dcccc7e9a56f24f53e1eeb865f9b", kill_on_drop: false }`
[INFO] [stdout] 5772f9d7d5baf408f1f94debcdb83d6fe653dcccc7e9a56f24f53e1eeb865f9b
[INFO] running `Command { std: "docker" "create" "-v" "/var/lib/crater-agent-workspace/builds/worker-0-tc2/target:/opt/rustwide/target:rw,Z" "-v" "/var/lib/crater-agent-workspace/builds/worker-0-tc2/source:/opt/rustwide/workdir:ro,Z" "-v" "/var/lib/crater-agent-workspace/cargo-home:/opt/rustwide/cargo-home:ro,Z" "-v" "/var/lib/crater-agent-workspace/rustup-home:/opt/rustwide/rustup-home:ro,Z" "-e" "SOURCE_DIR=/opt/rustwide/workdir" "-e" "CARGO_TARGET_DIR=/opt/rustwide/target" "-e" "CARGO_INCREMENTAL=0" "-e" "RUST_BACKTRACE=full" "-e" "RUSTFLAGS=--cap-lints=warn" "-e" "RUSTDOCFLAGS=--cap-lints=warn" "-e" "CARGO_HOME=/opt/rustwide/cargo-home" "-e" "RUSTUP_HOME=/opt/rustwide/rustup-home" "-w" "/opt/rustwide/workdir" "-m" "1610612736" "--user" "0:0" "--network" "none" "ghcr.io/rust-lang/crates-build-env/linux@sha256:f3a9d4ad9d972b27faf3965f35b62e55ba32bbce8f20bc8fe909558a86702fde" "/opt/rustwide/cargo-home/bin/cargo" "+beta-2024-12-08" "test" "--frozen" "--no-run" "--message-format=json", kill_on_drop: false }`
[INFO] [stdout] 8a32f499c5a0bbb2425b26b3904dfe6e0087fe23aa180eca84c53e894ae962a6
[INFO] running `Command { std: "docker" "start" "-a" "8a32f499c5a0bbb2425b26b3904dfe6e0087fe23aa180eca84c53e894ae962a6", kill_on_drop: false }`
[INFO] [stdout] warning: unused imports: `Variant`, `punctuated::Punctuated`, and `token::Comma`
[INFO] [stdout]  --> enum_methods/enum_methods_derive/src/lib.rs:5:30
[INFO] [stdout]   |
[INFO] [stdout] 5 | use syn::{parse_macro_input, punctuated::Punctuated, token::Comma, DeriveInput, Variant};
[INFO] [stdout]   |                              ^^^^^^^^^^^^^^^^^^^^^^  ^^^^^^^^^^^^               ^^^^^^^
[INFO] [stdout]   |
[INFO] [stdout]   = note: `#[warn(unused_imports)]` on by default
[INFO] [stdout] 
[INFO] [stdout] 
[INFO] [stdout] warning: type alias `Res` is never used
[INFO] [stdout]  --> enum_methods/enum_methods_derive/src/lib.rs:7:6
[INFO] [stdout]   |
[INFO] [stdout] 7 | type Res<T> = Result<T, Box<dyn Error>>;
[INFO] [stdout]   |      ^^^
[INFO] [stdout]   |
[INFO] [stdout]   = note: `#[warn(dead_code)]` on by default
[INFO] [stdout] 
[INFO] [stdout] 
[INFO] [stderr]    Compiling ae-gen v0.1.0 (/opt/rustwide/workdir)
[INFO] [stdout] DeriveInput { attrs: [], vis: Visibility::Public(Pub), ident: Ident { ident: "SingleArgFunction", span: #0 bytes(724..741) }, generics: Generics { lt_token: None, params: [], gt_token: None, where_clause: None }, data: Data::Enum { enum_token: Enum, brace_token: Brace, variants: [Variant { attrs: [], ident: Ident { ident: "Sin", span: #0 bytes(748..751) }, fields: Fields::Unnamed { paren_token: Paren, unnamed: [Field { attrs: [], vis: Visibility::Inherited, mutability: FieldMutability::None, ident: None, colon_token: None, ty: Type::Path { qself: None, path: Path { leading_colon: None, segments: [PathSegment { ident: Ident { ident: "ComputeFunction", span: #0 bytes(752..767) }, arguments: PathArguments::None }] } } }] }, discriminant: None }, Comma, Variant { attrs: [], ident: Ident { ident: "Cos", span: #0 bytes(774..777) }, fields: Fields::Unnamed { paren_token: Paren, unnamed: [Field { attrs: [], vis: Visibility::Inherited, mutability: FieldMutability::None, ident: None, colon_token: None, ty: Type::Path { qself: None, path: Path { leading_colon: None, segments: [PathSegment { ident: Ident { ident: "ComputeFunction", span: #0 bytes(778..793) }, arguments: PathArguments::None }] } } }] }, discriminant: None }, Comma, Variant { attrs: [], ident: Ident { ident: "Tan", span: #0 bytes(800..803) }, fields: Fields::Unnamed { paren_token: Paren, unnamed: [Field { attrs: [], vis: Visibility::Inherited, mutability: FieldMutability::None, ident: None, colon_token: None, ty: Type::Path { qself: None, path: Path { leading_colon: None, segments: [PathSegment { ident: Ident { ident: "ComputeFunction", span: #0 bytes(804..819) }, arguments: PathArguments::None }] } } }] }, discriminant: None }, Comma, Variant { attrs: [], ident: Ident { ident: "Atan", span: #0 bytes(826..830) }, fields: Fields::Unnamed { paren_token: Paren, unnamed: [Field { attrs: [], vis: Visibility::Inherited, mutability: FieldMutability::None, ident: None, colon_token: None, ty: Type::Path { qself: None, path: Path { leading_colon: None, segments: [PathSegment { ident: Ident { ident: "ComputeFunction", span: #0 bytes(831..846) }, arguments: PathArguments::None }] } } }] }, discriminant: None }, Comma, Variant { attrs: [], ident: Ident { ident: "Sinh", span: #0 bytes(853..857) }, fields: Fields::Unnamed { paren_token: Paren, unnamed: [Field { attrs: [], vis: Visibility::Inherited, mutability: FieldMutability::None, ident: None, colon_token: None, ty: Type::Path { qself: None, path: Path { leading_colon: None, segments: [PathSegment { ident: Ident { ident: "ComputeFunction", span: #0 bytes(858..873) }, arguments: PathArguments::None }] } } }] }, discriminant: None }, Comma, Variant { attrs: [], ident: Ident { ident: "Cosh", span: #0 bytes(880..884) }, fields: Fields::Unnamed { paren_token: Paren, unnamed: [Field { attrs: [], vis: Visibility::Inherited, mutability: FieldMutability::None, ident: None, colon_token: None, ty: Type::Path { qself: None, path: Path { leading_colon: None, segments: [PathSegment { ident: Ident { ident: "ComputeFunction", span: #0 bytes(885..900) }, arguments: PathArguments::None }] } } }] }, discriminant: None }, Comma, Variant { attrs: [], ident: Ident { ident: "Abs", span: #0 bytes(907..910) }, fields: Fields::Unnamed { paren_token: Paren, unnamed: [Field { attrs: [], vis: Visibility::Inherited, mutability: FieldMutability::None, ident: None, colon_token: None, ty: Type::Path { qself: None, path: Path { leading_colon: None, segments: [PathSegment { ident: Ident { ident: "ComputeFunction", span: #0 bytes(911..926) }, arguments: PathArguments::None }] } } }] }, discriminant: None }, Comma, Variant { attrs: [], ident: Ident { ident: "Reciprocal", span: #0 bytes(933..943) }, fields: Fields::Unnamed { paren_token: Paren, unnamed: [Field { attrs: [], vis: Visibility::Inherited, mutability: FieldMutability::None, ident: None, colon_token: None, ty: Type::Path { qself: None, path: Path { leading_colon: None, segments: [PathSegment { ident: Ident { ident: "ComputeFunction", span: #0 bytes(944..959) }, arguments: PathArguments::None }] } } }] }, discriminant: None }, Comma, Variant { attrs: [], ident: Ident { ident: "Square", span: #0 bytes(966..972) }, fields: Fields::Unnamed { paren_token: Paren, unnamed: [Field { attrs: [], vis: Visibility::Inherited, mutability: FieldMutability::None, ident: None, colon_token: None, ty: Type::Path { qself: None, path: Path { leading_colon: None, segments: [PathSegment { ident: Ident { ident: "ComputeFunction", span: #0 bytes(973..988) }, arguments: PathArguments::None }] } } }] }, discriminant: None }, Comma, Variant { attrs: [], ident: Ident { ident: "SquareRoot", span: #0 bytes(995..1005) }, fields: Fields::Unnamed { paren_token: Paren, unnamed: [Field { attrs: [], vis: Visibility::Inherited, mutability: FieldMutability::None, ident: None, colon_token: None, ty: Type::Path { qself: None, path: Path { leading_colon: None, segments: [PathSegment { ident: Ident { ident: "ComputeFunction", span: #0 bytes(1006..1021) }, arguments: PathArguments::None }] } } }] }, discriminant: None }, Comma, Variant { attrs: [], ident: Ident { ident: "Loge", span: #0 bytes(1028..1032) }, fields: Fields::Unnamed { paren_token: Paren, unnamed: [Field { attrs: [], vis: Visibility::Inherited, mutability: FieldMutability::None, ident: None, colon_token: None, ty: Type::Path { qself: None, path: Path { leading_colon: None, segments: [PathSegment { ident: Ident { ident: "ComputeFunction", span: #0 bytes(1033..1048) }, arguments: PathArguments::None }] } } }] }, discriminant: None }, Comma] } }
[INFO] [stdout] DeriveInput { attrs: [], vis: Visibility::Public(Pub), ident: Ident { ident: "TwoArgFunction", span: #0 bytes(1134..1148) }, generics: Generics { lt_token: None, params: [], gt_token: None, where_clause: None }, data: Data::Enum { enum_token: Enum, brace_token: Brace, variants: [Variant { attrs: [], ident: Ident { ident: "Add", span: #0 bytes(1155..1158) }, fields: Fields::Unnamed { paren_token: Paren, unnamed: [Field { attrs: [], vis: Visibility::Inherited, mutability: FieldMutability::None, ident: None, colon_token: None, ty: Type::Path { qself: None, path: Path { leading_colon: None, segments: [PathSegment { ident: Ident { ident: "ComputeFunction", span: #0 bytes(1159..1174) }, arguments: PathArguments::None }] } } }, Comma, Field { attrs: [], vis: Visibility::Inherited, mutability: FieldMutability::None, ident: None, colon_token: None, ty: Type::Path { qself: None, path: Path { leading_colon: None, segments: [PathSegment { ident: Ident { ident: "ComputeFunction", span: #0 bytes(1176..1191) }, arguments: PathArguments::None }] } } }] }, discriminant: None }, Comma, Variant { attrs: [], ident: Ident { ident: "Subtract", span: #0 bytes(1198..1206) }, fields: Fields::Unnamed { paren_token: Paren, unnamed: [Field { attrs: [], vis: Visibility::Inherited, mutability: FieldMutability::None, ident: None, colon_token: None, ty: Type::Path { qself: None, path: Path { leading_colon: None, segments: [PathSegment { ident: Ident { ident: "ComputeFunction", span: #0 bytes(1207..1222) }, arguments: PathArguments::None }] } } }, Comma, Field { attrs: [], vis: Visibility::Inherited, mutability: FieldMutability::None, ident: None, colon_token: None, ty: Type::Path { qself: None, path: Path { leading_colon: None, segments: [PathSegment { ident: Ident { ident: "ComputeFunction", span: #0 bytes(1224..1239) }, arguments: PathArguments::None }] } } }] }, discriminant: None }, Comma, Variant { attrs: [], ident: Ident { ident: "Multiply", span: #0 bytes(1246..1254) }, fields: Fields::Unnamed { paren_token: Paren, unnamed: [Field { attrs: [], vis: Visibility::Inherited, mutability: FieldMutability::None, ident: None, colon_token: None, ty: Type::Path { qself: None, path: Path { leading_colon: None, segments: [PathSegment { ident: Ident { ident: "ComputeFunction", span: #0 bytes(1255..1270) }, arguments: PathArguments::None }] } } }, Comma, Field { attrs: [], vis: Visibility::Inherited, mutability: FieldMutability::None, ident: None, colon_token: None, ty: Type::Path { qself: None, path: Path { leading_colon: None, segments: [PathSegment { ident: Ident { ident: "ComputeFunction", span: #0 bytes(1272..1287) }, arguments: PathArguments::None }] } } }] }, discriminant: None }, Comma, Variant { attrs: [], ident: Ident { ident: "Divide", span: #0 bytes(1294..1300) }, fields: Fields::Unnamed { paren_token: Paren, unnamed: [Field { attrs: [], vis: Visibility::Inherited, mutability: FieldMutability::None, ident: None, colon_token: None, ty: Type::Path { qself: None, path: Path { leading_colon: None, segments: [PathSegment { ident: Ident { ident: "ComputeFunction", span: #0 bytes(1301..1316) }, arguments: PathArguments::None }] } } }, Comma, Field { attrs: [], vis: Visibility::Inherited, mutability: FieldMutability::None, ident: None, colon_token: None, ty: Type::Path { qself: None, path: Path { leading_colon: None, segments: [PathSegment { ident: Ident { ident: "ComputeFunction", span: #0 bytes(1318..1333) }, arguments: PathArguments::None }] } } }] }, discriminant: None }, Comma, Variant { attrs: [], ident: Ident { ident: "Min", span: #0 bytes(1340..1343) }, fields: Fields::Unnamed { paren_token: Paren, unnamed: [Field { attrs: [], vis: Visibility::Inherited, mutability: FieldMutability::None, ident: None, colon_token: None, ty: Type::Path { qself: None, path: Path { leading_colon: None, segments: [PathSegment { ident: Ident { ident: "ComputeFunction", span: #0 bytes(1344..1359) }, arguments: PathArguments::None }] } } }, Comma, Field { attrs: [], vis: Visibility::Inherited, mutability: FieldMutability::None, ident: None, colon_token: None, ty: Type::Path { qself: None, path: Path { leading_colon: None, segments: [PathSegment { ident: Ident { ident: "ComputeFunction", span: #0 bytes(1361..1376) }, arguments: PathArguments::None }] } } }] }, discriminant: None }, Comma, Variant { attrs: [], ident: Ident { ident: "Max", span: #0 bytes(1383..1386) }, fields: Fields::Unnamed { paren_token: Paren, unnamed: [Field { attrs: [], vis: Visibility::Inherited, mutability: FieldMutability::None, ident: None, colon_token: None, ty: Type::Path { qself: None, path: Path { leading_colon: None, segments: [PathSegment { ident: Ident { ident: "ComputeFunction", span: #0 bytes(1387..1402) }, arguments: PathArguments::None }] } } }, Comma, Field { attrs: [], vis: Visibility::Inherited, mutability: FieldMutability::None, ident: None, colon_token: None, ty: Type::Path { qself: None, path: Path { leading_colon: None, segments: [PathSegment { ident: Ident { ident: "ComputeFunction", span: #0 bytes(1404..1419) }, arguments: PathArguments::None }] } } }] }, discriminant: None }, Comma, Variant { attrs: [], ident: Ident { ident: "Avg", span: #0 bytes(1426..1429) }, fields: Fields::Unnamed { paren_token: Paren, unnamed: [Field { attrs: [], vis: Visibility::Inherited, mutability: FieldMutability::None, ident: None, colon_token: None, ty: Type::Path { qself: None, path: Path { leading_colon: None, segments: [PathSegment { ident: Ident { ident: "ComputeFunction", span: #0 bytes(1430..1445) }, arguments: PathArguments::None }] } } }, Comma, Field { attrs: [], vis: Visibility::Inherited, mutability: FieldMutability::None, ident: None, colon_token: None, ty: Type::Path { qself: None, path: Path { leading_colon: None, segments: [PathSegment { ident: Ident { ident: "ComputeFunction", span: #0 bytes(1447..1462) }, arguments: PathArguments::None }] } } }] }, discriminant: None }, Comma, Variant { attrs: [], ident: Ident { ident: "Mod", span: #0 bytes(1469..1472) }, fields: Fields::Unnamed { paren_token: Paren, unnamed: [Field { attrs: [], vis: Visibility::Inherited, mutability: FieldMutability::None, ident: None, colon_token: None, ty: Type::Path { qself: None, path: Path { leading_colon: None, segments: [PathSegment { ident: Ident { ident: "ComputeFunction", span: #0 bytes(1473..1488) }, arguments: PathArguments::None }] } } }, Comma, Field { attrs: [], vis: Visibility::Inherited, mutability: FieldMutability::None, ident: None, colon_token: None, ty: Type::Path { qself: None, path: Path { leading_colon: None, segments: [PathSegment { ident: Ident { ident: "ComputeFunction", span: #0 bytes(1490..1505) }, arguments: PathArguments::None }] } } }] }, discriminant: None }, Comma, Variant { attrs: [], ident: Ident { ident: "Exponent", span: #0 bytes(1512..1520) }, fields: Fields::Unnamed { paren_token: Paren, unnamed: [Field { attrs: [], vis: Visibility::Inherited, mutability: FieldMutability::None, ident: None, colon_token: None, ty: Type::Path { qself: None, path: Path { leading_colon: None, segments: [PathSegment { ident: Ident { ident: "ComputeFunction", span: #0 bytes(1521..1536) }, arguments: PathArguments::None }] } } }, Comma, Field { attrs: [], vis: Visibility::Inherited, mutability: FieldMutability::None, ident: None, colon_token: None, ty: Type::Path { qself: None, path: Path { leading_colon: None, segments: [PathSegment { ident: Ident { ident: "ComputeFunction", span: #0 bytes(1538..1553) }, arguments: PathArguments::None }] } } }] }, discriminant: None }, Comma, Variant { attrs: [], ident: Ident { ident: "And", span: #0 bytes(1560..1563) }, fields: Fields::Unnamed { paren_token: Paren, unnamed: [Field { attrs: [], vis: Visibility::Inherited, mutability: FieldMutability::None, ident: None, colon_token: None, ty: Type::Path { qself: None, path: Path { leading_colon: None, segments: [PathSegment { ident: Ident { ident: "ComputeFunction", span: #0 bytes(1564..1579) }, arguments: PathArguments::None }] } } }, Comma, Field { attrs: [], vis: Visibility::Inherited, mutability: FieldMutability::None, ident: None, colon_token: None, ty: Type::Path { qself: None, path: Path { leading_colon: None, segments: [PathSegment { ident: Ident { ident: "ComputeFunction", span: #0 bytes(1581..1596) }, arguments: PathArguments::None }] } } }] }, discriminant: None }, Comma, Variant { attrs: [], ident: Ident { ident: "Or", span: #0 bytes(1603..1605) }, fields: Fields::Unnamed { paren_token: Paren, unnamed: [Field { attrs: [], vis: Visibility::Inherited, mutability: FieldMutability::None, ident: None, colon_token: None, ty: Type::Path { qself: None, path: Path { leading_colon: None, segments: [PathSegment { ident: Ident { ident: "ComputeFunction", span: #0 bytes(1606..1621) }, arguments: PathArguments::None }] } } }, Comma, Field { attrs: [], vis: Visibility::Inherited, mutability: FieldMutability::None, ident: None, colon_token: None, ty: Type::Path { qself: None, path: Path { leading_colon: None, segments: [PathSegment { ident: Ident { ident: "ComputeFunction", span: #0 bytes(1623..1638) }, arguments: PathArguments::None }] } } }] }, discriminant: None }, Comma, Variant { attrs: [], ident: Ident { ident: "Xor", span: #0 bytes(1645..1648) }, fields: Fields::Unnamed { paren_token: Paren, unnamed: [Field { attrs: [], vis: Visibility::Inherited, mutability: FieldMutability::None, ident: None, colon_token: None, ty: Type::Path { qself: None, path: Path { leading_colon: None, segments: [PathSegment { ident: Ident { ident: "ComputeFunction", span: #0 bytes(1649..1664) }, arguments: PathArguments::None }] } } }, Comma, Field { attrs: [], vis: Visibility::Inherited, mutability: FieldMutability::None, ident: None, colon_token: None, ty: Type::Path { qself: None, path: Path { leading_colon: None, segments: [PathSegment { ident: Ident { ident: "ComputeFunction", span: #0 bytes(1666..1681) }, arguments: PathArguments::None }] } } }] }, discriminant: None }, Comma] } }
[INFO] [stdout] warning: unused variable: `f`
[INFO] [stdout]   --> src/compute_functions/utils.rs:78:34
[INFO] [stdout]    |
[INFO] [stdout] 78 |             ComputeFunction::One(f) => todo!(),
[INFO] [stdout]    |                                  ^ help: if this is intentional, prefix it with an underscore: `_f`
[INFO] [stdout]    |
[INFO] [stdout]    = note: `#[warn(unused_variables)]` on by default
[INFO] [stdout] 
[INFO] [stdout] 
[INFO] [stdout] warning: unused variable: `f`
[INFO] [stdout]   --> src/compute_functions/utils.rs:79:34
[INFO] [stdout]    |
[INFO] [stdout] 79 |             ComputeFunction::Two(f) => todo!(),
[INFO] [stdout]    |                                  ^ help: if this is intentional, prefix it with an underscore: `_f`
[INFO] [stdout] 
[INFO] [stdout] 
[INFO] [stderr]     Finished `test` profile [unoptimized + debuginfo] target(s) in 9.72s
[INFO] running `Command { std: "docker" "inspect" "8a32f499c5a0bbb2425b26b3904dfe6e0087fe23aa180eca84c53e894ae962a6", kill_on_drop: false }`
[INFO] running `Command { std: "docker" "rm" "-f" "8a32f499c5a0bbb2425b26b3904dfe6e0087fe23aa180eca84c53e894ae962a6", kill_on_drop: false }`
[INFO] [stdout] 8a32f499c5a0bbb2425b26b3904dfe6e0087fe23aa180eca84c53e894ae962a6
[INFO] running `Command { std: "docker" "create" "-v" "/var/lib/crater-agent-workspace/builds/worker-0-tc2/target:/opt/rustwide/target:rw,Z" "-v" "/var/lib/crater-agent-workspace/builds/worker-0-tc2/source:/opt/rustwide/workdir:ro,Z" "-v" "/var/lib/crater-agent-workspace/cargo-home:/opt/rustwide/cargo-home:ro,Z" "-v" "/var/lib/crater-agent-workspace/rustup-home:/opt/rustwide/rustup-home:ro,Z" "-e" "SOURCE_DIR=/opt/rustwide/workdir" "-e" "CARGO_TARGET_DIR=/opt/rustwide/target" "-e" "CARGO_INCREMENTAL=0" "-e" "RUST_BACKTRACE=full" "-e" "RUSTFLAGS=--cap-lints=warn" "-e" "RUSTDOCFLAGS=--cap-lints=warn" "-e" "CARGO_HOME=/opt/rustwide/cargo-home" "-e" "RUSTUP_HOME=/opt/rustwide/rustup-home" "-w" "/opt/rustwide/workdir" "-m" "1610612736" "--user" "0:0" "--network" "none" "ghcr.io/rust-lang/crates-build-env/linux@sha256:f3a9d4ad9d972b27faf3965f35b62e55ba32bbce8f20bc8fe909558a86702fde" "/opt/rustwide/cargo-home/bin/cargo" "+beta-2024-12-08" "test" "--frozen", kill_on_drop: false }`
[INFO] [stdout] 25d334e82a4b0889f30724f1001e41cc5535cb63b18a2891accad1594d74193e
[INFO] running `Command { std: "docker" "start" "-a" "25d334e82a4b0889f30724f1001e41cc5535cb63b18a2891accad1594d74193e", kill_on_drop: false }`
[INFO] [stderr] warning: unused imports: `Variant`, `punctuated::Punctuated`, and `token::Comma`
[INFO] [stderr]  --> enum_methods/enum_methods_derive/src/lib.rs:5:30
[INFO] [stderr]   |
[INFO] [stderr] 5 | use syn::{parse_macro_input, punctuated::Punctuated, token::Comma, DeriveInput, Variant};
[INFO] [stderr]   |                              ^^^^^^^^^^^^^^^^^^^^^^  ^^^^^^^^^^^^               ^^^^^^^
[INFO] [stderr]   |
[INFO] [stderr]   = note: `#[warn(unused_imports)]` on by default
[INFO] [stderr] 
[INFO] [stderr] warning: type alias `Res` is never used
[INFO] [stderr]  --> enum_methods/enum_methods_derive/src/lib.rs:7:6
[INFO] [stderr]   |
[INFO] [stderr] 7 | type Res<T> = Result<T, Box<dyn Error>>;
[INFO] [stderr]   |      ^^^
[INFO] [stderr]   |
[INFO] [stderr]   = note: `#[warn(dead_code)]` on by default
[INFO] [stderr] 
[INFO] [stderr] warning: `enum_methods_derive` (lib) generated 2 warnings (run `cargo fix --lib -p enum_methods_derive` to apply 1 suggestion)
[INFO] [stderr] warning: unused variable: `f`
[INFO] [stderr]   --> src/compute_functions/utils.rs:78:34
[INFO] [stderr]    |
[INFO] [stderr] 78 |             ComputeFunction::One(f) => todo!(),
[INFO] [stderr]    |                                  ^ help: if this is intentional, prefix it with an underscore: `_f`
[INFO] [stderr]    |
[INFO] [stderr]    = note: `#[warn(unused_variables)]` on by default
[INFO] [stderr] 
[INFO] [stderr] warning: unused variable: `f`
[INFO] [stderr]   --> src/compute_functions/utils.rs:79:34
[INFO] [stderr]    |
[INFO] [stderr] 79 |             ComputeFunction::Two(f) => todo!(),
[INFO] [stderr]    |                                  ^ help: if this is intentional, prefix it with an underscore: `_f`
[INFO] [stderr] 
[INFO] [stderr] warning: `ae-gen` (bin "ae-gen" test) generated 2 warnings
[INFO] [stderr]     Finished `test` profile [unoptimized + debuginfo] target(s) in 0.14s
[INFO] [stderr]      Running unittests src/main.rs (/opt/rustwide/target/debug/deps/ae_gen-66678eeb1e3bc7e4)
[INFO] [stdout] 
[INFO] [stdout] running 6 tests
[INFO] [stdout] test compute_functions::shader::tests::test_generate_shader_string ... ok
[INFO] [stdout] test compute_functions::utils::tests::test_random ... ok
[INFO] [stdout] test compute_functions::utils::tests::test_bfs ... ok
[INFO] [stderr] error: XDG_RUNTIME_DIR not set in the environment.
[INFO] [stderr] error: XDG_RUNTIME_DIR not set in the environment.
[INFO] [stderr] error: XDG_RUNTIME_DIR not set in the environment.
[INFO] [stderr] error: XDG_RUNTIME_DIR not set in the environment.
[INFO] [stderr] error: XDG_RUNTIME_DIR not set in the environment.
[INFO] [stderr] error: XDG_RUNTIME_DIR not set in the environment.
[INFO] [stderr] error: XDG_RUNTIME_DIR not set in the environment.
[INFO] [stderr] error: XDG_RUNTIME_DIR not set in the environment.
[INFO] [stderr] error: XDG_RUNTIME_DIR not set in the environment.
[INFO] [stderr] error: XDG_RUNTIME_DIR not set in the environment.
[INFO] [stderr] error: XDG_RUNTIME_DIR not set in the environment.
[INFO] [stderr] error: XDG_RUNTIME_DIR not set in the environment.
[INFO] [stderr] error: XDG_RUNTIME_DIR not set in the environment.
[INFO] [stderr] error: XDG_RUNTIME_DIR not set in the environment.
[INFO] [stderr] error: XDG_RUNTIME_DIR not set in the environment.
[INFO] [stdout] test gpu::processing::tests::test_render ... ok
[INFO] [stdout] test gpu::instance::tests::create_gpu ... ok
[INFO] [stdout] test image::encoder::tests::test_encode ... FAILED
[INFO] [stdout] 
[INFO] [stdout] failures:
[INFO] [stdout] 
[INFO] [stdout] ---- image::encoder::tests::test_encode stdout ----
[INFO] [stdout] groups: 4.0
[INFO] [stdout] [0.0, 0.0, 0.0, 0.09983342, 0.09983342, 0.09983342, 0.19866933, 0.19866933, 0.19866933, 0.29552022, 0.29552022, 0.29552022, 0.38941833, 0.38941833, 0.38941833, 0.47942555, 0.47942555, 0.47942555, 0.5646425, 0.5646425, 0.5646425, 0.64421767, 0.64421767, 0.64421767, 0.7173561, 0.7173561, 0.7173561, 0.7833269, 0.7833269, 0.7833269, 0.0, 0.0, 0.0, 0.09983342, 0.09983342, 0.09983342, 0.19866933, 0.19866933, 0.19866933, 0.29552022, 0.29552022, 0.29552022, 0.38941833, 0.38941833, 0.38941833, 0.47942555, 0.47942555, 0.47942555, 0.5646425, 0.5646425, 0.5646425, 0.64421767, 0.64421767, 0.64421767, 0.7173561, 0.7173561, 0.7173561, 0.7833269, 0.7833269, 0.7833269, 0.0, 0.0, 0.0, 0.09983342, 0.09983342, 0.09983342, 0.19866933, 0.19866933, 0.19866933, 0.29552022, 0.29552022, 0.29552022, 0.38941833, 0.38941833, 0.38941833, 0.47942555, 0.47942555, 0.47942555, 0.5646425, 0.5646425, 0.5646425, 0.64421767, 0.64421767, 0.64421767, 0.7173561, 0.7173561, 0.7173561, 0.7833269, 0.7833269, 0.7833269, 0.0, 0.0, 0.0, 0.09983342, 0.09983342, 0.09983342, 0.19866933, 0.19866933, 0.19866933, 0.29552022, 0.29552022, 0.29552022, 0.38941833, 0.38941833, 0.38941833, 0.47942555, 0.47942555, 0.47942555, 0.5646425, 0.5646425, 0.5646425, 0.64421767, 0.64421767, 0.64421767, 0.7173561, 0.7173561, 0.7173561, 0.7833269, 0.7833269, 0.7833269, 0.0, 0.0, 0.0, 0.09983342, 0.09983342, 0.09983342, 0.19866933, 0.19866933, 0.19866933, 0.29552022, 0.29552022, 0.29552022, 0.38941833, 0.38941833, 0.38941833, 0.47942555, 0.47942555, 0.47942555, 0.5646425, 0.5646425, 0.5646425, 0.64421767, 0.64421767, 0.64421767, 0.7173561, 0.7173561, 0.7173561, 0.7833269, 0.7833269, 0.7833269, 0.0, 0.0, 0.0, 0.09983342, 0.09983342, 0.09983342, 0.19866933, 0.19866933, 0.19866933, 0.29552022, 0.29552022, 0.29552022, 0.38941833, 0.38941833, 0.38941833, 0.47942555, 0.47942555, 0.47942555, 0.5646425, 0.5646425, 0.5646425, 0.64421767, 0.64421767, 0.64421767, 0.7173561, 0.7173561, 0.7173561, 0.7833269, 0.7833269, 0.7833269, 0.0, 0.0, 0.0, 0.09983342, 0.09983342, 0.09983342, 0.19866933, 0.19866933, 0.19866933, 0.29552022, 0.29552022, 0.29552022, 0.38941833, 0.38941833, 0.38941833, 0.47942555, 0.47942555, 0.47942555, 0.5646425, 0.5646425, 0.5646425, 0.64421767, 0.64421767, 0.64421767, 0.7173561, 0.7173561, 0.7173561, 0.7833269, 0.7833269, 0.7833269, 0.0, 0.0, 0.0, 0.09983342, 0.09983342, 0.09983342, 0.19866933, 0.19866933, 0.19866933, 0.29552022, 0.29552022, 0.29552022, 0.38941833, 0.38941833, 0.38941833, 0.47942555, 0.47942555, 0.47942555, 0.5646425, 0.5646425, 0.5646425, 0.64421767, 0.64421767, 0.64421767, 0.7173561, 0.7173561, 0.7173561, 0.7833269, 0.7833269, 0.7833269, 0.0, 0.0, 0.0, 0.09983342, 0.09983342, 0.09983342, 0.19866933, 0.19866933, 0.19866933, 0.29552022, 0.29552022, 0.29552022, 0.38941833, 0.38941833, 0.38941833, 0.47942555, 0.47942555, 0.47942555, 0.5646425, 0.5646425, 0.5646425, 0.64421767, 0.64421767, 0.64421767, 0.7173561, 0.7173561, 0.7173561, 0.7833269, 0.7833269, 0.7833269, 0.0, 0.0, 0.0, 0.09983342, 0.09983342, 0.09983342, 0.19866933, 0.19866933, 0.19866933, 0.29552022, 0.29552022, 0.29552022, 0.38941833, 0.38941833, 0.38941833, 0.47942555, 0.47942555, 0.47942555, 0.5646425, 0.5646425, 0.5646425, 0.64421767, 0.64421767, 0.64421767, 0.7173561, 0.7173561, 0.7173561, 0.7833269, 0.7833269, 0.7833269]
[INFO] [stdout] thread 'image::encoder::tests::test_encode' panicked at src/image/encoder.rs:31:30:
[INFO] [stdout] called `Result::unwrap()` on an `Err` value: IoError(Os { code: 2, kind: NotFound, message: "No such file or directory" })
[INFO] [stdout] stack backtrace:
[INFO] [stdout]    0:     0x5704285179ca - std::backtrace_rs::backtrace::libunwind::trace::h8810477743020387
[INFO] [stdout]                                at /rustc/202008a1b8de96d2e5b6bc02d379db03a877d34d/library/std/src/../../backtrace/src/backtrace/libunwind.rs:116:5
[INFO] [stdout]    1:     0x5704285179ca - std::backtrace_rs::backtrace::trace_unsynchronized::h3aa55355dd6c54a6
[INFO] [stdout]                                at /rustc/202008a1b8de96d2e5b6bc02d379db03a877d34d/library/std/src/../../backtrace/src/backtrace/mod.rs:66:5
[INFO] [stdout]    2:     0x5704285179ca - std::sys::backtrace::_print_fmt::h8588b0f62410823f
[INFO] [stdout]                                at /rustc/202008a1b8de96d2e5b6bc02d379db03a877d34d/library/std/src/sys/backtrace.rs:66:9
[INFO] [stdout]    3:     0x5704285179ca - <std::sys::backtrace::BacktraceLock::print::DisplayBacktrace as core::fmt::Display>::fmt::h98c26ac25ffe89bb
[INFO] [stdout]                                at /rustc/202008a1b8de96d2e5b6bc02d379db03a877d34d/library/std/src/sys/backtrace.rs:39:26
[INFO] [stdout]    4:     0x5704285406c3 - core::fmt::rt::Argument::fmt::hf95377f4aebd453b
[INFO] [stdout]                                at /rustc/202008a1b8de96d2e5b6bc02d379db03a877d34d/library/core/src/fmt/rt.rs:177:76
[INFO] [stdout]    5:     0x5704285406c3 - core::fmt::write::h0dd5f6e2238c7982
[INFO] [stdout]                                at /rustc/202008a1b8de96d2e5b6bc02d379db03a877d34d/library/core/src/fmt/mod.rs:1189:21
[INFO] [stdout]    6:     0x5704285149d3 - std::io::Write::write_fmt::h03bb0ca26e6faf8c
[INFO] [stdout]                                at /rustc/202008a1b8de96d2e5b6bc02d379db03a877d34d/library/std/src/io/mod.rs:1884:15
[INFO] [stdout]    7:     0x570428517812 - std::sys::backtrace::BacktraceLock::print::h5c19c1c038ee186d
[INFO] [stdout]                                at /rustc/202008a1b8de96d2e5b6bc02d379db03a877d34d/library/std/src/sys/backtrace.rs:42:9
[INFO] [stdout]    8:     0x570428518e4d - std::panicking::default_hook::{{closure}}::h77172f079a1fcb13
[INFO] [stdout]                                at /rustc/202008a1b8de96d2e5b6bc02d379db03a877d34d/library/std/src/panicking.rs:268:22
[INFO] [stdout]    9:     0x570428518c57 - std::panicking::default_hook::he5f8e3b203ccddba
[INFO] [stdout]                                at /rustc/202008a1b8de96d2e5b6bc02d379db03a877d34d/library/std/src/panicking.rs:292:9
[INFO] [stdout]   10:     0x570427538137 - <alloc::boxed::Box<F,A> as core::ops::function::Fn<Args>>::call::h7a3c7b4a1ae77f2f
[INFO] [stdout]                                at /rustc/202008a1b8de96d2e5b6bc02d379db03a877d34d/library/alloc/src/boxed.rs:1986:9
[INFO] [stdout]   11:     0x570427538137 - test::test_main::{{closure}}::hf0d3b69ae9b353d1
[INFO] [stdout]                                at /rustc/202008a1b8de96d2e5b6bc02d379db03a877d34d/library/test/src/lib.rs:134:21
[INFO] [stdout]   12:     0x5704285194f8 - <alloc::boxed::Box<F,A> as core::ops::function::Fn<Args>>::call::h6332e82e7b189abd
[INFO] [stdout]                                at /rustc/202008a1b8de96d2e5b6bc02d379db03a877d34d/library/alloc/src/boxed.rs:1986:9
[INFO] [stdout]   13:     0x5704285194f8 - std::panicking::rust_panic_with_hook::h53863d4e9018df39
[INFO] [stdout]                                at /rustc/202008a1b8de96d2e5b6bc02d379db03a877d34d/library/std/src/panicking.rs:809:13
[INFO] [stdout]   14:     0x5704285192ba - std::panicking::begin_panic_handler::{{closure}}::h67280e6fa0757873
[INFO] [stdout]                                at /rustc/202008a1b8de96d2e5b6bc02d379db03a877d34d/library/std/src/panicking.rs:674:13
[INFO] [stdout]   15:     0x570428517ea9 - std::sys::backtrace::__rust_end_short_backtrace::h1dac3f54d6fbbeb2
[INFO] [stdout]                                at /rustc/202008a1b8de96d2e5b6bc02d379db03a877d34d/library/std/src/sys/backtrace.rs:170:18
[INFO] [stdout]   16:     0x570428518f4c - rust_begin_unwind
[INFO] [stdout]                                at /rustc/202008a1b8de96d2e5b6bc02d379db03a877d34d/library/std/src/panicking.rs:665:5
[INFO] [stdout]   17:     0x5704274d5130 - core::panicking::panic_fmt::h6792bd1b2bf01041
[INFO] [stdout]                                at /rustc/202008a1b8de96d2e5b6bc02d379db03a877d34d/library/core/src/panicking.rs:76:14
[INFO] [stdout]   18:     0x5704274d5616 - core::result::unwrap_failed::h05e0602ed34287c5
[INFO] [stdout]                                at /rustc/202008a1b8de96d2e5b6bc02d379db03a877d34d/library/core/src/result.rs:1699:5
[INFO] [stdout]   19:     0x5704274f14b5 - core::result::Result<T,E>::unwrap::h8d66aa9e2cb92451
[INFO] [stdout]                                at /rustc/202008a1b8de96d2e5b6bc02d379db03a877d34d/library/core/src/result.rs:1104:23
[INFO] [stdout]   20:     0x5704274f14b5 - ae_gen::image::encoder::tests::encode_image::h28fe9529952cc32f
[INFO] [stdout]                                at /opt/rustwide/workdir/src/image/encoder.rs:31:9
[INFO] [stdout]   21:     0x5704274f35e8 - ae_gen::image::encoder::tests::test_encode::h21659610fe9b9d4f
[INFO] [stdout]                                at /opt/rustwide/workdir/src/image/encoder.rs:40:9
[INFO] [stdout]   22:     0x5704274f3477 - ae_gen::image::encoder::tests::test_encode::{{closure}}::hda66c056844f5d7f
[INFO] [stdout]                                at /opt/rustwide/workdir/src/image/encoder.rs:35:21
[INFO] [stdout]   23:     0x5704274f9556 - core::ops::function::FnOnce::call_once::h18aa31d74f7da63b
[INFO] [stdout]                                at /rustc/202008a1b8de96d2e5b6bc02d379db03a877d34d/library/core/src/ops/function.rs:250:5
[INFO] [stdout]   24:     0x57042753cc5b - core::ops::function::FnOnce::call_once::h871bf86719ec9aa4
[INFO] [stdout]                                at /rustc/202008a1b8de96d2e5b6bc02d379db03a877d34d/library/core/src/ops/function.rs:250:5
[INFO] [stdout]   25:     0x57042753cc5b - test::__rust_begin_short_backtrace::h2167df1e2b7d76fd
[INFO] [stdout]                                at /rustc/202008a1b8de96d2e5b6bc02d379db03a877d34d/library/test/src/lib.rs:632:18
[INFO] [stdout]   26:     0x57042753c648 - test::run_test_in_process::{{closure}}::h15d92f75a3adfb79
[INFO] [stdout]                                at /rustc/202008a1b8de96d2e5b6bc02d379db03a877d34d/library/test/src/lib.rs:655:60
[INFO] [stdout]   27:     0x57042753c648 - <core::panic::unwind_safe::AssertUnwindSafe<F> as core::ops::function::FnOnce<()>>::call_once::hb6c8955835a8dbbb
[INFO] [stdout]                                at /rustc/202008a1b8de96d2e5b6bc02d379db03a877d34d/library/core/src/panic/unwind_safe.rs:272:9
[INFO] [stdout]   28:     0x57042753c648 - std::panicking::try::do_call::hc79d0fc888a0bd30
[INFO] [stdout]                                at /rustc/202008a1b8de96d2e5b6bc02d379db03a877d34d/library/std/src/panicking.rs:557:40
[INFO] [stdout]   29:     0x57042753c648 - std::panicking::try::hb8a7878e3a8589d6
[INFO] [stdout]                                at /rustc/202008a1b8de96d2e5b6bc02d379db03a877d34d/library/std/src/panicking.rs:520:19
[INFO] [stdout]   30:     0x57042753c648 - std::panic::catch_unwind::hb8e4600ff0ff5cfa
[INFO] [stdout]                                at /rustc/202008a1b8de96d2e5b6bc02d379db03a877d34d/library/std/src/panic.rs:358:14
[INFO] [stdout]   31:     0x57042753c648 - test::run_test_in_process::hc2900b0b18688dd6
[INFO] [stdout]                                at /rustc/202008a1b8de96d2e5b6bc02d379db03a877d34d/library/test/src/lib.rs:655:27
[INFO] [stdout]   32:     0x57042753c648 - test::run_test::{{closure}}::hac2a9cb07be3d48d
[INFO] [stdout]                                at /rustc/202008a1b8de96d2e5b6bc02d379db03a877d34d/library/test/src/lib.rs:576:43
[INFO] [stdout]   33:     0x5704275000ea - test::run_test::{{closure}}::h4a5b729e66a38cd8
[INFO] [stdout]                                at /rustc/202008a1b8de96d2e5b6bc02d379db03a877d34d/library/test/src/lib.rs:606:41
[INFO] [stdout]   34:     0x5704275000ea - std::sys::backtrace::__rust_begin_short_backtrace::h0496fb742492f573
[INFO] [stdout]                                at /rustc/202008a1b8de96d2e5b6bc02d379db03a877d34d/library/std/src/sys/backtrace.rs:154:18
[INFO] [stdout]   35:     0x570427503a64 - std::thread::Builder::spawn_unchecked_::{{closure}}::{{closure}}::hbb6d257c550a54bd
[INFO] [stdout]                                at /rustc/202008a1b8de96d2e5b6bc02d379db03a877d34d/library/std/src/thread/mod.rs:561:17
[INFO] [stdout]   36:     0x570427503a64 - <core::panic::unwind_safe::AssertUnwindSafe<F> as core::ops::function::FnOnce<()>>::call_once::h46696fe4a6832328
[INFO] [stdout]                                at /rustc/202008a1b8de96d2e5b6bc02d379db03a877d34d/library/core/src/panic/unwind_safe.rs:272:9
[INFO] [stdout]   37:     0x570427503a64 - std::panicking::try::do_call::h2625a51b667bfb64
[INFO] [stdout]                                at /rustc/202008a1b8de96d2e5b6bc02d379db03a877d34d/library/std/src/panicking.rs:557:40
[INFO] [stdout]   38:     0x570427503a64 - std::panicking::try::hb956a59a1973aa4c
[INFO] [stdout]                                at /rustc/202008a1b8de96d2e5b6bc02d379db03a877d34d/library/std/src/panicking.rs:520:19
[INFO] [stdout]   39:     0x570427503a64 - std::panic::catch_unwind::h64f3b9d1067ef6a0
[INFO] [stdout]                                at /rustc/202008a1b8de96d2e5b6bc02d379db03a877d34d/library/std/src/panic.rs:358:14
[INFO] [stdout]   40:     0x570427503a64 - std::thread::Builder::spawn_unchecked_::{{closure}}::h42b2841295b6c0b2
[INFO] [stdout]                                at /rustc/202008a1b8de96d2e5b6bc02d379db03a877d34d/library/std/src/thread/mod.rs:559:30
[INFO] [stdout]   41:     0x570427503a64 - core::ops::function::FnOnce::call_once{{vtable.shim}}::h6127de71b8124639
[INFO] [stdout]                                at /rustc/202008a1b8de96d2e5b6bc02d379db03a877d34d/library/core/src/ops/function.rs:250:5
[INFO] [stdout]   42:     0x57042851d54b - <alloc::boxed::Box<F,A> as core::ops::function::FnOnce<Args>>::call_once::h42f0ba71002a1b2c
[INFO] [stdout]                                at /rustc/202008a1b8de96d2e5b6bc02d379db03a877d34d/library/alloc/src/boxed.rs:1972:9
[INFO] [stdout]   43:     0x57042851d54b - <alloc::boxed::Box<F,A> as core::ops::function::FnOnce<Args>>::call_once::had9e47d7a3dcecb8
[INFO] [stdout]                                at /rustc/202008a1b8de96d2e5b6bc02d379db03a877d34d/library/alloc/src/boxed.rs:1972:9
[INFO] [stdout]   44:     0x57042851d54b - std::sys::pal::unix::thread::Thread::new::thread_start::h48cf765408f6f5f2
[INFO] [stdout]                                at /rustc/202008a1b8de96d2e5b6bc02d379db03a877d34d/library/std/src/sys/pal/unix/thread.rs:105:17
[INFO] [stdout]   45:     0x76f02dc52ac3 - <unknown>
[INFO] [stdout]   46:     0x76f02dce3a04 - clone
[INFO] [stdout]   47:                0x0 - <unknown>
[INFO] [stdout] 
[INFO] [stdout] 
[INFO] [stdout] failures:
[INFO] [stdout]     image::encoder::tests::test_encode
[INFO] [stdout] 
[INFO] [stdout] test result: FAILED. 5 passed; 1 failed; 0 ignored; 0 measured; 0 filtered out; finished in 0.52s
[INFO] [stdout] 
[INFO] [stderr] error: test failed, to rerun pass `--bin ae-gen`
[INFO] running `Command { std: "docker" "inspect" "25d334e82a4b0889f30724f1001e41cc5535cb63b18a2891accad1594d74193e", kill_on_drop: false }`
[INFO] running `Command { std: "docker" "rm" "-f" "25d334e82a4b0889f30724f1001e41cc5535cb63b18a2891accad1594d74193e", kill_on_drop: false }`
[INFO] [stdout] 25d334e82a4b0889f30724f1001e41cc5535cb63b18a2891accad1594d74193e
