[INFO] cloning repository https://github.com/sousandrei/iis2mdc
[INFO] running `Command { std: "git" "-c" "credential.helper=" "-c" "credential.helper=/workspace/cargo-home/bin/git-credential-null" "clone" "--bare" "https://github.com/sousandrei/iis2mdc" "/workspace/cache/git-repos/https%3A%2F%2Fgithub.com%2Fsousandrei%2Fiis2mdc", kill_on_drop: false }`
[INFO] [stderr] Cloning into bare repository '/workspace/cache/git-repos/https%3A%2F%2Fgithub.com%2Fsousandrei%2Fiis2mdc'...
[INFO] running `Command { std: "git" "rev-parse" "HEAD", kill_on_drop: false }`
[INFO] [stdout] 16ba2c423c12f0565915722a63e4f7bfb89d4d27
[INFO] testing sousandrei/iis2mdc against 1.83.0 for beta-1.84.0-4-retry
[INFO] running `Command { std: "git" "clone" "/workspace/cache/git-repos/https%3A%2F%2Fgithub.com%2Fsousandrei%2Fiis2mdc" "/workspace/builds/worker-3-tc1/source", kill_on_drop: false }`
[INFO] [stderr] Cloning into '/workspace/builds/worker-3-tc1/source'...
[INFO] [stderr] done.
[INFO] validating manifest of git repo https://github.com/sousandrei/iis2mdc on toolchain 1.83.0
[INFO] running `Command { std: CARGO_HOME="/workspace/cargo-home" RUSTUP_HOME="/workspace/rustup-home" "/workspace/cargo-home/bin/cargo" "+1.83.0" "metadata" "--manifest-path" "Cargo.toml" "--no-deps", kill_on_drop: false }`
[INFO] removed /workspace/builds/worker-3-tc1/source/rust-toolchain.toml
[INFO] started tweaking git repo https://github.com/sousandrei/iis2mdc
[INFO] finished tweaking git repo https://github.com/sousandrei/iis2mdc
[INFO] tweaked toml for git repo https://github.com/sousandrei/iis2mdc written to /workspace/builds/worker-3-tc1/source/Cargo.toml
[INFO] crate git repo https://github.com/sousandrei/iis2mdc already has a lockfile, it will not be regenerated
[INFO] running `Command { std: CARGO_HOME="/workspace/cargo-home" RUSTUP_HOME="/workspace/rustup-home" "/workspace/cargo-home/bin/cargo" "+1.83.0" "fetch" "--manifest-path" "Cargo.toml", kill_on_drop: false }`
[INFO] [stderr]     Updating crates.io index
[INFO] [stderr]  Downloading crates ...
[INFO] [stderr]   Downloaded embedded-hal-mock v0.11.1
[INFO] running `Command { std: "docker" "create" "-v" "/var/lib/crater-agent-workspace/builds/worker-3-tc1/target:/opt/rustwide/target:rw,Z" "-v" "/var/lib/crater-agent-workspace/builds/worker-3-tc1/source:/opt/rustwide/workdir:ro,Z" "-v" "/var/lib/crater-agent-workspace/cargo-home:/opt/rustwide/cargo-home:ro,Z" "-v" "/var/lib/crater-agent-workspace/rustup-home:/opt/rustwide/rustup-home:ro,Z" "-e" "SOURCE_DIR=/opt/rustwide/workdir" "-e" "CARGO_TARGET_DIR=/opt/rustwide/target" "-e" "CARGO_HOME=/opt/rustwide/cargo-home" "-e" "RUSTUP_HOME=/opt/rustwide/rustup-home" "-w" "/opt/rustwide/workdir" "-m" "1610612736" "--user" "0:0" "--network" "none" "ghcr.io/rust-lang/crates-build-env/linux@sha256:f3a9d4ad9d972b27faf3965f35b62e55ba32bbce8f20bc8fe909558a86702fde" "/opt/rustwide/cargo-home/bin/cargo" "+1.83.0" "metadata" "--no-deps" "--format-version=1", kill_on_drop: false }`
[INFO] [stdout] 2a38fd1e07693d38e19dba22a13ff3c6a68b60574b23ef637f679fb8d00ad2b2
[INFO] running `Command { std: "docker" "start" "-a" "2a38fd1e07693d38e19dba22a13ff3c6a68b60574b23ef637f679fb8d00ad2b2", kill_on_drop: false }`
[INFO] running `Command { std: "docker" "inspect" "2a38fd1e07693d38e19dba22a13ff3c6a68b60574b23ef637f679fb8d00ad2b2", kill_on_drop: false }`
[INFO] running `Command { std: "docker" "rm" "-f" "2a38fd1e07693d38e19dba22a13ff3c6a68b60574b23ef637f679fb8d00ad2b2", kill_on_drop: false }`
[INFO] [stdout] 2a38fd1e07693d38e19dba22a13ff3c6a68b60574b23ef637f679fb8d00ad2b2
[INFO] running `Command { std: "docker" "create" "-v" "/var/lib/crater-agent-workspace/builds/worker-3-tc1/target:/opt/rustwide/target:rw,Z" "-v" "/var/lib/crater-agent-workspace/builds/worker-3-tc1/source:/opt/rustwide/workdir:ro,Z" "-v" "/var/lib/crater-agent-workspace/cargo-home:/opt/rustwide/cargo-home:ro,Z" "-v" "/var/lib/crater-agent-workspace/rustup-home:/opt/rustwide/rustup-home:ro,Z" "-e" "SOURCE_DIR=/opt/rustwide/workdir" "-e" "CARGO_TARGET_DIR=/opt/rustwide/target" "-e" "CARGO_INCREMENTAL=0" "-e" "RUST_BACKTRACE=full" "-e" "RUSTFLAGS=--cap-lints=warn" "-e" "RUSTDOCFLAGS=--cap-lints=warn" "-e" "CARGO_HOME=/opt/rustwide/cargo-home" "-e" "RUSTUP_HOME=/opt/rustwide/rustup-home" "-w" "/opt/rustwide/workdir" "-m" "1610612736" "--user" "0:0" "--network" "none" "ghcr.io/rust-lang/crates-build-env/linux@sha256:f3a9d4ad9d972b27faf3965f35b62e55ba32bbce8f20bc8fe909558a86702fde" "/opt/rustwide/cargo-home/bin/cargo" "+1.83.0" "build" "--frozen" "--message-format=json", kill_on_drop: false }`
[INFO] [stdout] e87a70f02d62556e7a8dc6108f1465c68676ce6c2ed347f350529ba14d372fb8
[INFO] running `Command { std: "docker" "start" "-a" "e87a70f02d62556e7a8dc6108f1465c68676ce6c2ed347f350529ba14d372fb8", kill_on_drop: false }`
[INFO] [stderr]    Compiling embedded-hal v1.0.0
[INFO] [stderr]    Compiling iis2mdc v0.2.0 (/opt/rustwide/workdir)
[INFO] [stderr]     Finished `dev` profile [unoptimized + debuginfo] target(s) in 0.34s
[INFO] running `Command { std: "docker" "inspect" "e87a70f02d62556e7a8dc6108f1465c68676ce6c2ed347f350529ba14d372fb8", kill_on_drop: false }`
[INFO] running `Command { std: "docker" "rm" "-f" "e87a70f02d62556e7a8dc6108f1465c68676ce6c2ed347f350529ba14d372fb8", kill_on_drop: false }`
[INFO] [stdout] e87a70f02d62556e7a8dc6108f1465c68676ce6c2ed347f350529ba14d372fb8
[INFO] running `Command { std: "docker" "create" "-v" "/var/lib/crater-agent-workspace/builds/worker-3-tc1/target:/opt/rustwide/target:rw,Z" "-v" "/var/lib/crater-agent-workspace/builds/worker-3-tc1/source:/opt/rustwide/workdir:ro,Z" "-v" "/var/lib/crater-agent-workspace/cargo-home:/opt/rustwide/cargo-home:ro,Z" "-v" "/var/lib/crater-agent-workspace/rustup-home:/opt/rustwide/rustup-home:ro,Z" "-e" "SOURCE_DIR=/opt/rustwide/workdir" "-e" "CARGO_TARGET_DIR=/opt/rustwide/target" "-e" "CARGO_INCREMENTAL=0" "-e" "RUST_BACKTRACE=full" "-e" "RUSTFLAGS=--cap-lints=warn" "-e" "RUSTDOCFLAGS=--cap-lints=warn" "-e" "CARGO_HOME=/opt/rustwide/cargo-home" "-e" "RUSTUP_HOME=/opt/rustwide/rustup-home" "-w" "/opt/rustwide/workdir" "-m" "1610612736" "--user" "0:0" "--network" "none" "ghcr.io/rust-lang/crates-build-env/linux@sha256:f3a9d4ad9d972b27faf3965f35b62e55ba32bbce8f20bc8fe909558a86702fde" "/opt/rustwide/cargo-home/bin/cargo" "+1.83.0" "test" "--frozen" "--no-run" "--message-format=json", kill_on_drop: false }`
[INFO] [stdout] 25fc717166e196e17270da9043003f9a4781ada5ec6bb5b0579a5974e1d93ad4
[INFO] running `Command { std: "docker" "start" "-a" "25fc717166e196e17270da9043003f9a4781ada5ec6bb5b0579a5974e1d93ad4", kill_on_drop: false }`
[INFO] [stderr]    Compiling num-traits v0.2.19
[INFO] [stderr]    Compiling num-rational v0.3.2
[INFO] [stderr]    Compiling nb v1.1.0
[INFO] [stderr]    Compiling void v1.0.2
[INFO] [stderr]    Compiling nb v0.1.3
[INFO] [stderr]    Compiling embedded-hal-nb v1.0.0
[INFO] [stderr]    Compiling embedded-hal v0.2.7
[INFO] [stderr]    Compiling num-integer v0.1.46
[INFO] [stderr]    Compiling num-complex v0.3.1
[INFO] [stderr]    Compiling approx v0.5.1
[INFO] [stderr]    Compiling num-iter v0.1.45
[INFO] [stderr]    Compiling num v0.3.1
[INFO] [stderr]    Compiling embedded-time v0.12.1
[INFO] [stderr]    Compiling embedded-hal-mock v0.11.1
[INFO] [stderr]    Compiling iis2mdc v0.2.0 (/opt/rustwide/workdir)
[INFO] [stderr]     Finished `test` profile [unoptimized + debuginfo] target(s) in 5.28s
[INFO] running `Command { std: "docker" "inspect" "25fc717166e196e17270da9043003f9a4781ada5ec6bb5b0579a5974e1d93ad4", kill_on_drop: false }`
[INFO] running `Command { std: "docker" "rm" "-f" "25fc717166e196e17270da9043003f9a4781ada5ec6bb5b0579a5974e1d93ad4", kill_on_drop: false }`
[INFO] [stdout] 25fc717166e196e17270da9043003f9a4781ada5ec6bb5b0579a5974e1d93ad4
[INFO] running `Command { std: "docker" "create" "-v" "/var/lib/crater-agent-workspace/builds/worker-3-tc1/target:/opt/rustwide/target:rw,Z" "-v" "/var/lib/crater-agent-workspace/builds/worker-3-tc1/source:/opt/rustwide/workdir:ro,Z" "-v" "/var/lib/crater-agent-workspace/cargo-home:/opt/rustwide/cargo-home:ro,Z" "-v" "/var/lib/crater-agent-workspace/rustup-home:/opt/rustwide/rustup-home:ro,Z" "-e" "SOURCE_DIR=/opt/rustwide/workdir" "-e" "CARGO_TARGET_DIR=/opt/rustwide/target" "-e" "CARGO_INCREMENTAL=0" "-e" "RUST_BACKTRACE=full" "-e" "RUSTFLAGS=--cap-lints=warn" "-e" "RUSTDOCFLAGS=--cap-lints=warn" "-e" "CARGO_HOME=/opt/rustwide/cargo-home" "-e" "RUSTUP_HOME=/opt/rustwide/rustup-home" "-w" "/opt/rustwide/workdir" "-m" "1610612736" "--user" "0:0" "--network" "none" "ghcr.io/rust-lang/crates-build-env/linux@sha256:f3a9d4ad9d972b27faf3965f35b62e55ba32bbce8f20bc8fe909558a86702fde" "/opt/rustwide/cargo-home/bin/cargo" "+1.83.0" "test" "--frozen", kill_on_drop: false }`
[INFO] [stdout] 2ec011d5814a64d98b5dcfd83a1e83700bc573b0461a785370b8c06e23400e03
[INFO] running `Command { std: "docker" "start" "-a" "2ec011d5814a64d98b5dcfd83a1e83700bc573b0461a785370b8c06e23400e03", kill_on_drop: false }`
[INFO] [stderr]     Finished `test` profile [unoptimized + debuginfo] target(s) in 0.03s
[INFO] [stderr]      Running unittests src/lib.rs (/opt/rustwide/target/debug/deps/iis2mdc-e912d3e4c18f6930)
[INFO] [stdout] 
[INFO] [stdout] running 0 tests
[INFO] [stdout] 
[INFO] [stdout] test result: ok. 0 passed; 0 failed; 0 ignored; 0 measured; 0 filtered out; finished in 0.00s
[INFO] [stdout] 
[INFO] [stderr]    Doc-tests iis2mdc
[INFO] [stdout] 
[INFO] [stdout] running 3 tests
[INFO] [stdout] test src/lib.rs - (line 12) ... FAILED
[INFO] [stdout] test src/lib.rs - (line 18) ... FAILED
[INFO] [stdout] test src/lib.rs - (line 6) ... FAILED
[INFO] [stdout] 
[INFO] [stdout] failures:
[INFO] [stdout] 
[INFO] [stdout] ---- src/lib.rs - (line 12) stdout ----
[INFO] [stdout] error[E0425]: cannot find value `sensor` in this scope
[INFO] [stdout]  --> src/lib.rs:13:1
[INFO] [stdout]   |
[INFO] [stdout] 3 | sensor.cfg_reg_a.set_reboot(i2c, true).unwrap();
[INFO] [stdout]   | ^^^^^^ not found in this scope
[INFO] [stdout] 
[INFO] [stdout] error[E0425]: cannot find value `i2c` in this scope
[INFO] [stdout]  --> src/lib.rs:13:29
[INFO] [stdout]   |
[INFO] [stdout] 3 | sensor.cfg_reg_a.set_reboot(i2c, true).unwrap();
[INFO] [stdout]   |                             ^^^ not found in this scope
[INFO] [stdout] 
[INFO] [stdout] error: aborting due to 2 previous errors
[INFO] [stdout] 
[INFO] [stdout] For more information about this error, try `rustc --explain E0425`.
[INFO] [stdout] Couldn't compile the test.
[INFO] [stdout] ---- src/lib.rs - (line 18) stdout ----
[INFO] [stdout] error[E0425]: cannot find value `sensor` in this scope
[INFO] [stdout]  --> src/lib.rs:24:1
[INFO] [stdout]   |
[INFO] [stdout] 9 | sensor
[INFO] [stdout]   | ^^^^^^ not found in this scope
[INFO] [stdout] 
[INFO] [stdout] error[E0425]: cannot find value `i2c` in this scope
[INFO] [stdout]   --> src/lib.rs:26:20
[INFO] [stdout]    |
[INFO] [stdout] 11 |     .set_data_rate(i2c, iis2mdc::cfg_reg_a::Odr::Hz50)
[INFO] [stdout]    |                    ^^^ not found in this scope
[INFO] [stdout] 
[INFO] [stdout] error: aborting due to 2 previous errors
[INFO] [stdout] 
[INFO] [stdout] For more information about this error, try `rustc --explain E0425`.
[INFO] [stdout] Couldn't compile the test.
[INFO] [stdout] ---- src/lib.rs - (line 6) stdout ----
[INFO] [stdout] error: expected `;`, found `}`
[INFO] [stdout]  --> src/lib.rs:7:45
[INFO] [stdout]   |
[INFO] [stdout] 3 | let sensor = Iis2mdc::new(&mut i2c).unwrap()
[INFO] [stdout]   |                                             ^ help: add `;` here
[INFO] [stdout] 4 | } _doctest_main_src_lib_rs_6_0() }
[INFO] [stdout]   | - unexpected token
[INFO] [stdout] 
[INFO] [stdout] error[E0433]: failed to resolve: use of undeclared type `Iis2mdc`
[INFO] [stdout]  --> src/lib.rs:7:14
[INFO] [stdout]   |
[INFO] [stdout] 3 | let sensor = Iis2mdc::new(&mut i2c).unwrap()
[INFO] [stdout]   |              ^^^^^^^ use of undeclared type `Iis2mdc`
[INFO] [stdout]   |
[INFO] [stdout] help: consider importing this struct
[INFO] [stdout]   |
[INFO] [stdout] 2 + use iis2mdc::Iis2mdc;
[INFO] [stdout]   |
[INFO] [stdout] 
[INFO] [stdout] error[E0425]: cannot find value `i2c` in this scope
[INFO] [stdout]  --> src/lib.rs:7:32
[INFO] [stdout]   |
[INFO] [stdout] 3 | let sensor = Iis2mdc::new(&mut i2c).unwrap()
[INFO] [stdout]   |                                ^^^ not found in this scope
[INFO] [stdout] 
[INFO] [stdout] error: aborting due to 3 previous errors
[INFO] [stdout] 
[INFO] [stdout] Some errors have detailed explanations: E0425, E0433.
[INFO] [stdout] For more information about an error, try `rustc --explain E0425`.
[INFO] [stdout] Couldn't compile the test.
[INFO] [stdout] 
[INFO] [stdout] failures:
[INFO] [stdout]     src/lib.rs - (line 12)
[INFO] [stdout]     src/lib.rs - (line 18)
[INFO] [stdout]     src/lib.rs - (line 6)
[INFO] [stdout] 
[INFO] [stdout] test result: FAILED. 0 passed; 3 failed; 0 ignored; 0 measured; 0 filtered out; finished in 0.14s
[INFO] [stdout] 
[INFO] [stderr] error: doctest failed, to rerun pass `--doc`
[INFO] running `Command { std: "docker" "inspect" "2ec011d5814a64d98b5dcfd83a1e83700bc573b0461a785370b8c06e23400e03", kill_on_drop: false }`
[INFO] running `Command { std: "docker" "rm" "-f" "2ec011d5814a64d98b5dcfd83a1e83700bc573b0461a785370b8c06e23400e03", kill_on_drop: false }`
[INFO] [stdout] 2ec011d5814a64d98b5dcfd83a1e83700bc573b0461a785370b8c06e23400e03
