[INFO] cloning repository https://github.com/solaeus/dust
[INFO] running `Command { std: "git" "-c" "credential.helper=" "-c" "credential.helper=/workspace/cargo-home/bin/git-credential-null" "clone" "--bare" "https://github.com/solaeus/dust" "/workspace/cache/git-repos/https%3A%2F%2Fgithub.com%2Fsolaeus%2Fdust", kill_on_drop: false }`
[INFO] [stderr] Cloning into bare repository '/workspace/cache/git-repos/https%3A%2F%2Fgithub.com%2Fsolaeus%2Fdust'...
[INFO] running `Command { std: "git" "rev-parse" "HEAD", kill_on_drop: false }`
[INFO] [stdout] dc002023cd948038dee94de8f8cc5e2a96057afb
[INFO] testing solaeus/dust against 1.83.0 for beta-1.84.0-4-retry
[INFO] running `Command { std: "git" "clone" "/workspace/cache/git-repos/https%3A%2F%2Fgithub.com%2Fsolaeus%2Fdust" "/workspace/builds/worker-3-tc1/source", kill_on_drop: false }`
[INFO] [stderr] Cloning into '/workspace/builds/worker-3-tc1/source'...
[INFO] [stderr] done.
[INFO] validating manifest of git repo https://github.com/solaeus/dust on toolchain 1.83.0
[INFO] running `Command { std: CARGO_HOME="/workspace/cargo-home" RUSTUP_HOME="/workspace/rustup-home" "/workspace/cargo-home/bin/cargo" "+1.83.0" "metadata" "--manifest-path" "Cargo.toml" "--no-deps", kill_on_drop: false }`
[INFO] started tweaking git repo https://github.com/solaeus/dust
[INFO] finished tweaking git repo https://github.com/solaeus/dust
[INFO] tweaked toml for git repo https://github.com/solaeus/dust written to /workspace/builds/worker-3-tc1/source/Cargo.toml
[INFO] crate git repo https://github.com/solaeus/dust already has a lockfile, it will not be regenerated
[INFO] running `Command { std: CARGO_HOME="/workspace/cargo-home" RUSTUP_HOME="/workspace/rustup-home" "/workspace/cargo-home/bin/cargo" "+1.83.0" "fetch" "--manifest-path" "Cargo.toml", kill_on_drop: false }`
[INFO] [stderr]     Updating crates.io index
[INFO] [stderr]  Downloading crates ...
[INFO] [stderr]   Downloaded annotate-snippets v0.11.4
[INFO] running `Command { std: "docker" "create" "-v" "/var/lib/crater-agent-workspace/builds/worker-3-tc1/target:/opt/rustwide/target:rw,Z" "-v" "/var/lib/crater-agent-workspace/builds/worker-3-tc1/source:/opt/rustwide/workdir:ro,Z" "-v" "/var/lib/crater-agent-workspace/cargo-home:/opt/rustwide/cargo-home:ro,Z" "-v" "/var/lib/crater-agent-workspace/rustup-home:/opt/rustwide/rustup-home:ro,Z" "-e" "SOURCE_DIR=/opt/rustwide/workdir" "-e" "CARGO_TARGET_DIR=/opt/rustwide/target" "-e" "CARGO_HOME=/opt/rustwide/cargo-home" "-e" "RUSTUP_HOME=/opt/rustwide/rustup-home" "-w" "/opt/rustwide/workdir" "-m" "1610612736" "--user" "0:0" "--network" "none" "ghcr.io/rust-lang/crates-build-env/linux@sha256:f3a9d4ad9d972b27faf3965f35b62e55ba32bbce8f20bc8fe909558a86702fde" "/opt/rustwide/cargo-home/bin/cargo" "+1.83.0" "metadata" "--no-deps" "--format-version=1", kill_on_drop: false }`
[INFO] [stdout] 7797d69243d79ab6baee3616354efab2525d9eb04b6f595d1f85f41dcf2db4e0
[INFO] running `Command { std: "docker" "start" "-a" "7797d69243d79ab6baee3616354efab2525d9eb04b6f595d1f85f41dcf2db4e0", kill_on_drop: false }`
[INFO] running `Command { std: "docker" "inspect" "7797d69243d79ab6baee3616354efab2525d9eb04b6f595d1f85f41dcf2db4e0", kill_on_drop: false }`
[INFO] running `Command { std: "docker" "rm" "-f" "7797d69243d79ab6baee3616354efab2525d9eb04b6f595d1f85f41dcf2db4e0", kill_on_drop: false }`
[INFO] [stdout] 7797d69243d79ab6baee3616354efab2525d9eb04b6f595d1f85f41dcf2db4e0
[INFO] running `Command { std: "docker" "create" "-v" "/var/lib/crater-agent-workspace/builds/worker-3-tc1/target:/opt/rustwide/target:rw,Z" "-v" "/var/lib/crater-agent-workspace/builds/worker-3-tc1/source:/opt/rustwide/workdir:ro,Z" "-v" "/var/lib/crater-agent-workspace/cargo-home:/opt/rustwide/cargo-home:ro,Z" "-v" "/var/lib/crater-agent-workspace/rustup-home:/opt/rustwide/rustup-home:ro,Z" "-e" "SOURCE_DIR=/opt/rustwide/workdir" "-e" "CARGO_TARGET_DIR=/opt/rustwide/target" "-e" "CARGO_INCREMENTAL=0" "-e" "RUST_BACKTRACE=full" "-e" "RUSTFLAGS=--cap-lints=warn" "-e" "RUSTDOCFLAGS=--cap-lints=warn" "-e" "CARGO_HOME=/opt/rustwide/cargo-home" "-e" "RUSTUP_HOME=/opt/rustwide/rustup-home" "-w" "/opt/rustwide/workdir" "-m" "1610612736" "--user" "0:0" "--network" "none" "ghcr.io/rust-lang/crates-build-env/linux@sha256:f3a9d4ad9d972b27faf3965f35b62e55ba32bbce8f20bc8fe909558a86702fde" "/opt/rustwide/cargo-home/bin/cargo" "+1.83.0" "build" "--frozen" "--message-format=json", kill_on_drop: false }`
[INFO] [stdout] 31b077a9c831cba3f527bb6e1d1eee5e2e24dd1c92319eb89f3677380b208d56
[INFO] running `Command { std: "docker" "start" "-a" "31b077a9c831cba3f527bb6e1d1eee5e2e24dd1c92319eb89f3677380b208d56", kill_on_drop: false }`
[INFO] [stderr]    Compiling proc-macro2 v1.0.89
[INFO] [stderr]    Compiling unicode-ident v1.0.13
[INFO] [stderr]    Compiling byteorder v1.5.0
[INFO] [stderr]    Compiling memchr v2.7.4
[INFO] [stderr]    Compiling semver v1.0.23
[INFO] [stderr]    Compiling libc v0.2.161
[INFO] [stderr]    Compiling anstyle v1.0.10
[INFO] [stderr]    Compiling serde v1.0.214
[INFO] [stderr]    Compiling autocfg v1.4.0
[INFO] [stderr]    Compiling cfg-if v1.0.0
[INFO] [stderr]    Compiling utf8parse v0.2.2
[INFO] [stderr]    Compiling regex-syntax v0.8.5
[INFO] [stderr]    Compiling is_terminal_polyfill v1.70.1
[INFO] [stderr]    Compiling scopeguard v1.2.0
[INFO] [stderr]    Compiling colorchoice v1.0.3
[INFO] [stderr]    Compiling anstyle-query v1.1.2
[INFO] [stderr]    Compiling log v0.4.22
[INFO] [stderr]    Compiling serde_json v1.0.133
[INFO] [stderr]    Compiling anstyle-parse v0.2.6
[INFO] [stderr]    Compiling heck v0.5.0
[INFO] [stderr]    Compiling clap_lex v0.7.2
[INFO] [stderr]    Compiling itoa v1.0.11
[INFO] [stderr]    Compiling unicode-width v0.1.14
[INFO] [stderr]    Compiling anstream v0.6.18
[INFO] [stderr]    Compiling hash32 v0.2.1
[INFO] [stderr]    Compiling stable_deref_trait v1.2.0
[INFO] [stderr]    Compiling lazy_static v1.5.0
[INFO] [stderr]    Compiling ryu v1.0.18
[INFO] [stderr]    Compiling strsim v0.11.1
[INFO] [stderr]    Compiling cobs v0.2.3
[INFO] [stderr]    Compiling colored v2.1.0
[INFO] [stderr]    Compiling aho-corasick v1.1.3
[INFO] [stderr]    Compiling clap_builder v4.5.20
[INFO] [stderr]    Compiling annotate-snippets v0.11.4
[INFO] [stderr]    Compiling humantime v2.1.0
[INFO] [stderr]    Compiling rustc_version v0.4.1
[INFO] [stderr]    Compiling lock_api v0.4.12
[INFO] [stderr]    Compiling getrandom v0.2.15
[INFO] [stderr]    Compiling quote v1.0.37
[INFO] [stderr]    Compiling rand_core v0.6.4
[INFO] [stderr]    Compiling heapless v0.7.17
[INFO] [stderr]    Compiling syn v2.0.87
[INFO] [stderr]    Compiling spin v0.9.8
[INFO] [stderr]    Compiling regex-automata v0.4.8
[INFO] [stderr]    Compiling regex v1.11.1
[INFO] [stderr]    Compiling env_filter v0.1.2
[INFO] [stderr]    Compiling env_logger v0.11.5
[INFO] [stderr]    Compiling serde_derive v1.0.214
[INFO] [stderr]    Compiling zerocopy-derive v0.7.35
[INFO] [stderr]    Compiling clap_derive v4.5.18
[INFO] [stderr]    Compiling zerocopy v0.7.35
[INFO] [stderr]    Compiling ppv-lite86 v0.2.20
[INFO] [stderr]    Compiling rand_chacha v0.3.1
[INFO] [stderr]    Compiling clap v4.5.20
[INFO] [stderr]    Compiling rand v0.8.5
[INFO] [stderr]    Compiling postcard v1.0.10
[INFO] [stderr]    Compiling dust-lang v0.5.0 (/opt/rustwide/workdir/dust-lang)
[INFO] [stdout] warning: unused variable: `is_mutable`
[INFO] [stdout]    --> dust-lang/src/vm.rs:161:25
[INFO] [stdout]     |
[INFO] [stdout] 161 |                         is_mutable,
[INFO] [stdout]     |                         ^^^^^^^^^^ help: try ignoring the field: `is_mutable: _`
[INFO] [stdout]     |
[INFO] [stdout]     = note: `#[warn(unused_variables)]` on by default
[INFO] [stdout] 
[INFO] [stdout] 
[INFO] [stdout] warning: unused variable: `argument_count`
[INFO] [stdout]    --> dust-lang/src/vm.rs:482:25
[INFO] [stdout]     |
[INFO] [stdout] 482 |                         argument_count,
[INFO] [stdout]     |                         ^^^^^^^^^^^^^^ help: try ignoring the field: `argument_count: _`
[INFO] [stdout] 
[INFO] [stdout] 
[INFO] [stderr]    Compiling dust-cli v0.1.0 (/opt/rustwide/workdir/dust-cli)
[INFO] [stderr]     Finished `dev` profile [optimized + debuginfo] target(s) in 1m 35s
[INFO] running `Command { std: "docker" "inspect" "31b077a9c831cba3f527bb6e1d1eee5e2e24dd1c92319eb89f3677380b208d56", kill_on_drop: false }`
[INFO] running `Command { std: "docker" "rm" "-f" "31b077a9c831cba3f527bb6e1d1eee5e2e24dd1c92319eb89f3677380b208d56", kill_on_drop: false }`
[INFO] [stdout] 31b077a9c831cba3f527bb6e1d1eee5e2e24dd1c92319eb89f3677380b208d56
[INFO] running `Command { std: "docker" "create" "-v" "/var/lib/crater-agent-workspace/builds/worker-3-tc1/target:/opt/rustwide/target:rw,Z" "-v" "/var/lib/crater-agent-workspace/builds/worker-3-tc1/source:/opt/rustwide/workdir:ro,Z" "-v" "/var/lib/crater-agent-workspace/cargo-home:/opt/rustwide/cargo-home:ro,Z" "-v" "/var/lib/crater-agent-workspace/rustup-home:/opt/rustwide/rustup-home:ro,Z" "-e" "SOURCE_DIR=/opt/rustwide/workdir" "-e" "CARGO_TARGET_DIR=/opt/rustwide/target" "-e" "CARGO_INCREMENTAL=0" "-e" "RUST_BACKTRACE=full" "-e" "RUSTFLAGS=--cap-lints=warn" "-e" "RUSTDOCFLAGS=--cap-lints=warn" "-e" "CARGO_HOME=/opt/rustwide/cargo-home" "-e" "RUSTUP_HOME=/opt/rustwide/rustup-home" "-w" "/opt/rustwide/workdir" "-m" "1610612736" "--user" "0:0" "--network" "none" "ghcr.io/rust-lang/crates-build-env/linux@sha256:f3a9d4ad9d972b27faf3965f35b62e55ba32bbce8f20bc8fe909558a86702fde" "/opt/rustwide/cargo-home/bin/cargo" "+1.83.0" "test" "--frozen" "--no-run" "--message-format=json", kill_on_drop: false }`
[INFO] [stdout] dbf4f43f086a896c942d41e79c0954b64064a6b2cee9bdf89eade5135db3aae4
[INFO] running `Command { std: "docker" "start" "-a" "dbf4f43f086a896c942d41e79c0954b64064a6b2cee9bdf89eade5135db3aae4", kill_on_drop: false }`
[INFO] [stderr]    Compiling dust-lang v0.5.0 (/opt/rustwide/workdir/dust-lang)
[INFO] [stderr]    Compiling dust-cli v0.1.0 (/opt/rustwide/workdir/dust-cli)
[INFO] [stdout] warning: unused variable: `is_mutable`
[INFO] [stdout]    --> dust-lang/src/vm.rs:161:25
[INFO] [stdout]     |
[INFO] [stdout] 161 |                         is_mutable,
[INFO] [stdout]     |                         ^^^^^^^^^^ help: try ignoring the field: `is_mutable: _`
[INFO] [stdout]     |
[INFO] [stdout]     = note: `#[warn(unused_variables)]` on by default
[INFO] [stdout] 
[INFO] [stdout] 
[INFO] [stdout] warning: unused variable: `argument_count`
[INFO] [stdout]    --> dust-lang/src/vm.rs:482:25
[INFO] [stdout]     |
[INFO] [stdout] 482 |                         argument_count,
[INFO] [stdout]     |                         ^^^^^^^^^^^^^^ help: try ignoring the field: `argument_count: _`
[INFO] [stdout] 
[INFO] [stdout] 
[INFO] [stdout] warning: unused variable: `is_mutable`
[INFO] [stdout]    --> dust-lang/src/vm.rs:161:25
[INFO] [stdout]     |
[INFO] [stdout] 161 |                         is_mutable,
[INFO] [stdout]     |                         ^^^^^^^^^^ help: try ignoring the field: `is_mutable: _`
[INFO] [stdout]     |
[INFO] [stdout]     = note: `#[warn(unused_variables)]` on by default
[INFO] [stdout] 
[INFO] [stdout] 
[INFO] [stdout] warning: unused variable: `argument_count`
[INFO] [stdout]    --> dust-lang/src/vm.rs:482:25
[INFO] [stdout]     |
[INFO] [stdout] 482 |                         argument_count,
[INFO] [stdout]     |                         ^^^^^^^^^^^^^^ help: try ignoring the field: `argument_count: _`
[INFO] [stdout] 
[INFO] [stdout] 
[INFO] [stderr]     Finished `test` profile [optimized + debuginfo] target(s) in 10.46s
[INFO] running `Command { std: "docker" "inspect" "dbf4f43f086a896c942d41e79c0954b64064a6b2cee9bdf89eade5135db3aae4", kill_on_drop: false }`
[INFO] running `Command { std: "docker" "rm" "-f" "dbf4f43f086a896c942d41e79c0954b64064a6b2cee9bdf89eade5135db3aae4", kill_on_drop: false }`
[INFO] [stdout] dbf4f43f086a896c942d41e79c0954b64064a6b2cee9bdf89eade5135db3aae4
[INFO] running `Command { std: "docker" "create" "-v" "/var/lib/crater-agent-workspace/builds/worker-3-tc1/target:/opt/rustwide/target:rw,Z" "-v" "/var/lib/crater-agent-workspace/builds/worker-3-tc1/source:/opt/rustwide/workdir:ro,Z" "-v" "/var/lib/crater-agent-workspace/cargo-home:/opt/rustwide/cargo-home:ro,Z" "-v" "/var/lib/crater-agent-workspace/rustup-home:/opt/rustwide/rustup-home:ro,Z" "-e" "SOURCE_DIR=/opt/rustwide/workdir" "-e" "CARGO_TARGET_DIR=/opt/rustwide/target" "-e" "CARGO_INCREMENTAL=0" "-e" "RUST_BACKTRACE=full" "-e" "RUSTFLAGS=--cap-lints=warn" "-e" "RUSTDOCFLAGS=--cap-lints=warn" "-e" "CARGO_HOME=/opt/rustwide/cargo-home" "-e" "RUSTUP_HOME=/opt/rustwide/rustup-home" "-w" "/opt/rustwide/workdir" "-m" "1610612736" "--user" "0:0" "--network" "none" "ghcr.io/rust-lang/crates-build-env/linux@sha256:f3a9d4ad9d972b27faf3965f35b62e55ba32bbce8f20bc8fe909558a86702fde" "/opt/rustwide/cargo-home/bin/cargo" "+1.83.0" "test" "--frozen", kill_on_drop: false }`
[INFO] [stdout] 5b116c7978f4f13f2532a10a688b181d8e789c14dac675d52d057b1ddb6d8bc4
[INFO] running `Command { std: "docker" "start" "-a" "5b116c7978f4f13f2532a10a688b181d8e789c14dac675d52d057b1ddb6d8bc4", kill_on_drop: false }`
[INFO] [stderr] warning: unused variable: `is_mutable`
[INFO] [stderr]    --> dust-lang/src/vm.rs:161:25
[INFO] [stderr]     |
[INFO] [stderr] 161 |                         is_mutable,
[INFO] [stderr]     |                         ^^^^^^^^^^ help: try ignoring the field: `is_mutable: _`
[INFO] [stderr]     |
[INFO] [stderr]     = note: `#[warn(unused_variables)]` on by default
[INFO] [stderr] 
[INFO] [stderr] warning: unused variable: `argument_count`
[INFO] [stderr]    --> dust-lang/src/vm.rs:482:25
[INFO] [stderr]     |
[INFO] [stderr] 482 |                         argument_count,
[INFO] [stderr]     |                         ^^^^^^^^^^^^^^ help: try ignoring the field: `argument_count: _`
[INFO] [stderr] 
[INFO] [stderr] warning: `dust-lang` (lib) generated 2 warnings
[INFO] [stderr] warning: `dust-lang` (lib test) generated 2 warnings (2 duplicates)
[INFO] [stderr]     Finished `test` profile [optimized + debuginfo] target(s) in 0.11s
[INFO] [stderr]      Running unittests src/main.rs (/opt/rustwide/target/debug/deps/dust-bea1a59a1daa6b9a)
[INFO] [stdout] 
[INFO] [stdout] running 1 test
[INFO] [stdout] test tests::verify_cli ... ok
[INFO] [stdout] 
[INFO] [stdout] test result: ok. 1 passed; 0 failed; 0 ignored; 0 measured; 0 filtered out; finished in 0.00s
[INFO] [stdout] 
[INFO] [stdout] 
[INFO] [stderr]      Running unittests src/lib.rs (/opt/rustwide/target/debug/deps/dust_lang-609023b4e17bcb80)
[INFO] [stdout] running 52 tests
[INFO] [stdout] test lexer::tests::add ... ok
[INFO] [stdout] test lexer::tests::add_assign ... ok
[INFO] [stdout] test lexer::tests::big_float ... ok
[INFO] [stdout] test lexer::tests::character ... ok
[INFO] [stdout] test lexer::tests::complex_float ... ok
[INFO] [stdout] test lexer::tests::empty ... ok
[INFO] [stdout] test lexer::tests::float_infinity_and_nan ... ok
[INFO] [stdout] test lexer::tests::fields_struct ... ok
[INFO] [stdout] test lexer::tests::divide ... ok
[INFO] [stdout] test lexer::tests::greater_than ... ok
[INFO] [stdout] test lexer::tests::float_with_negative_exponent ... ok
[INFO] [stdout] test lexer::tests::greater_than_or_equal ... ok
[INFO] [stdout] test lexer::tests::if_else ... ok
[INFO] [stdout] test lexer::tests::infinity ... ok
[INFO] [stdout] test lexer::tests::less_than ... ok
[INFO] [stdout] test lexer::tests::less_than_or_equal ... ok
[INFO] [stdout] test lexer::tests::let_statement ... ok
[INFO] [stdout] test lexer::tests::list ... ok
[INFO] [stdout] test lexer::tests::list_index ... ok
[INFO] [stdout] test lexer::tests::map_expression ... ok
[INFO] [stdout] test lexer::tests::map_field_access ... ok
[INFO] [stdout] test lexer::tests::min_integer ... ok
[INFO] [stdout] test lexer::tests::modulo ... ok
[INFO] [stdout] test lexer::tests::multiply ... ok
[INFO] [stdout] test lexer::tests::nan ... ok
[INFO] [stdout] test lexer::tests::negate_expression ... ok
[INFO] [stdout] test lexer::tests::negative_infinity ... ok
[INFO] [stdout] test lexer::tests::negative_integer ... ok
[INFO] [stdout] test lexer::tests::not_equal ... ok
[INFO] [stdout] test lexer::tests::block ... ok
[INFO] [stdout] test lexer::tests::float_with_exponent ... ok
[INFO] [stdout] test lexer::tests::not_expression ... ok
[INFO] [stdout] test lexer::tests::add_and_multiply ... ok
[INFO] [stdout] test lexer::tests::property_access_function_call ... ok
[INFO] [stdout] test lexer::tests::or ... ok
[INFO] [stdout] test lexer::tests::r#false ... ok
[INFO] [stdout] test lexer::tests::r#true ... ok
[INFO] [stdout] test lexer::tests::range ... ok
[INFO] [stdout] test lexer::tests::read_line ... ok
[INFO] [stdout] test lexer::tests::reserved_identifier ... ok
[INFO] [stdout] test lexer::tests::equal ... ok
[INFO] [stdout] test lexer::tests::assignment ... ok
[INFO] [stdout] test lexer::tests::string_concatenation ... ok
[INFO] [stdout] test lexer::tests::subtract_negative_integers ... ok
[INFO] [stdout] test lexer::tests::tuple_struct ... ok
[INFO] [stdout] test lexer::tests::unit_struct ... ok
[INFO] [stdout] test lexer::tests::while_loop ... ok
[INFO] [stdout] test lexer::tests::write_line ... ok
[INFO] [stdout] test lexer::tests::max_integer ... ok
[INFO] [stdout] test lexer::tests::small_float ... ok
[INFO] [stdout] test lexer::tests::square_braces ... ok
[INFO] [stdout] test lexer::tests::string ... ok
[INFO] [stdout] 
[INFO] [stdout] test result: ok. 52 passed; 0 failed; 0 ignored; 0 measured; 0 filtered out; finished in 0.03s
[INFO] [stdout] 
[INFO] [stderr]      Running tests/basic.rs (/opt/rustwide/target/debug/deps/basic-eaf9342207a24589)
[INFO] [stdout] 
[INFO] [stdout] running 3 tests
[INFO] [stdout] test constant ... ok
[INFO] [stdout] test empty ... ok
[INFO] [stdout] test parentheses_precedence ... ok
[INFO] [stdout] 
[INFO] [stdout] test result: ok. 3 passed; 0 failed; 0 ignored; 0 measured; 0 filtered out; finished in 0.00s
[INFO] [stdout] 
[INFO] [stderr]      Running tests/comparison.rs (/opt/rustwide/target/debug/deps/comparison-2848d914d74f2a34)
[INFO] [stdout] 
[INFO] [stdout] running 6 tests
[INFO] [stdout] test equal ... ok
[INFO] [stdout] test greater ... ok
[INFO] [stdout] test less_than ... ok
[INFO] [stdout] test greater_than_or_equal ... ok
[INFO] [stdout] test less_than_or_equal ... ok
[INFO] [stdout] test not_equal ... ok
[INFO] [stdout] 
[INFO] [stdout] test result: ok. 6 passed; 0 failed; 0 ignored; 0 measured; 0 filtered out; finished in 0.00s
[INFO] [stdout] 
[INFO] [stderr]      Running tests/functions.rs (/opt/rustwide/target/debug/deps/functions-2391ebf730861706)
[INFO] [stdout] 
[INFO] [stdout] running 3 tests
[INFO] [stdout] test function ... ok
[INFO] [stdout] test function_declaration ... ok
[INFO] [stdout] test function_call ... ok
[INFO] [stdout] 
[INFO] [stdout] test result: ok. 3 passed; 0 failed; 0 ignored; 0 measured; 0 filtered out; finished in 0.00s
[INFO] [stdout] 
[INFO] [stderr]      Running tests/lists.rs (/opt/rustwide/target/debug/deps/lists-07925fe9973c191a)
[INFO] [stdout] 
[INFO] [stdout] running 4 tests
[INFO] [stdout] test empty_list ... ok
[INFO] [stdout] test list ... ok
[INFO] [stdout] test list_with_complex_expression ... ok
[INFO] [stdout] test list_with_simple_expression ... ok
[INFO] [stdout] 
[INFO] [stdout] test result: ok. 4 passed; 0 failed; 0 ignored; 0 measured; 0 filtered out; finished in 0.01s
[INFO] [stdout] 
[INFO] [stderr]      Running tests/logic.rs (/opt/rustwide/target/debug/deps/logic-43a178a90279b6fc)
[INFO] [stdout] 
[INFO] [stdout] running 3 tests
[INFO] [stdout] test and ... ok
[INFO] [stdout] test or ... ok
[INFO] [stderr] error: test failed, to rerun pass `-p dust-lang --test logic`
[INFO] [stdout] test and_and_or ... FAILED
[INFO] [stdout] 
[INFO] [stdout] failures:
[INFO] [stdout] 
[INFO] [stdout] ---- and_and_or stdout ----
[INFO] [stdout] thread 'and_and_or' panicked at dust-lang/tests/logic.rs:87:5:
[INFO] [stdout] assertion `left == right` failed
[INFO] [stdout]   left: Ok(
[INFO] [stdout] ┌──────────────────────────────────────────────────────────────────────────────┐
[INFO] [stdout] │                            logic-43a178a90279b6fc                            │
[INFO] [stdout] │             14 instructions, 3 constants, 3 locals, returns bool             │
[INFO] [stdout] │                                                                              │
[INFO] [stdout] │                                 Instructions                                 │
[INFO] [stdout] │                                 ------------                                 │
[INFO] [stdout] │  i   POSITION    OPERATION        TYPE                    INFO               │
[INFO] [stdout] │ --- ---------- ------------- -------------- -------------------------------- │
[INFO] [stdout] │  0   (8, 12)   LOAD_BOOLEAN       bool                 R0 = true             │
[INFO] [stdout] │  1    (4, 5)   DEFINE_LOCAL       none                  L0 = R0              │
[INFO] [stdout] │  2   (22, 26)  LOAD_BOOLEAN       bool                 R1 = true             │
[INFO] [stdout] │  3   (18, 19)  DEFINE_LOCAL       none                  L1 = R1              │
[INFO] [stdout] │  4   (36, 41)  LOAD_BOOLEAN       bool                 R2 = false            │
[INFO] [stdout] │  5   (32, 33)  DEFINE_LOCAL       none                  L2 = R2              │
[INFO] [stdout] │  6   (43, 44)  GET_LOCAL          bool                  R3 = L0              │
[INFO] [stdout] │  7   (45, 47)  TEST               none             if L0 { JUMP +1 }         │
[INFO] [stdout] │  8   (45, 47)  JUMP               none                  JUMP +1              │
[INFO] [stdout] │  9   (48, 49)  GET_LOCAL          bool                  R4 = L1              │
[INFO] [stdout] │ 10   (50, 52)  TEST               none             if !L1 { JUMP +1 }        │
[INFO] [stdout] │ 11   (50, 52)  JUMP               none                  JUMP +1              │
[INFO] [stdout] │ 12   (53, 54)  GET_LOCAL          bool                  R5 = L2              │
[INFO] [stdout] │ 13   (54, 54)  RETURN             none                   RETURN              │
[INFO] [stdout] │┈┈┈┈┈┈┈┈┈┈┈┈┈┈┈┈┈┈┈┈┈┈┈┈┈┈┈┈┈┈┈┈┈┈┈┈┈┈┈┈┈┈┈┈┈┈┈┈┈┈┈┈┈┈┈┈┈┈┈┈┈┈┈┈┈┈┈┈┈┈┈┈┈┈┈┈┈┈│
[INFO] [stdout] │                                    Locals                                    │
[INFO] [stdout] │                                    ------                                    │
[INFO] [stdout] │     i   SCOPE  MUTABLE               TYPE                  IDENTIFIER        │
[INFO] [stdout] │    --- ------- ------- -------------------------------- ----------------     │
[INFO] [stdout] │     0  (0, 0)   false                bool                      a             │
[INFO] [stdout] │     1  (0, 0)   false                bool                      b             │
[INFO] [stdout] │     2  (0, 0)   false                bool                      c             │
[INFO] [stdout] │┈┈┈┈┈┈┈┈┈┈┈┈┈┈┈┈┈┈┈┈┈┈┈┈┈┈┈┈┈┈┈┈┈┈┈┈┈┈┈┈┈┈┈┈┈┈┈┈┈┈┈┈┈┈┈┈┈┈┈┈┈┈┈┈┈┈┈┈┈┈┈┈┈┈┈┈┈┈│
[INFO] [stdout] │                                  Constants                                   │
[INFO] [stdout] │                                  ---------                                   │
[INFO] [stdout] │                     i        TYPE             VALUE                          │
[INFO] [stdout] │                    --- ---------------- -----------------                    │
[INFO] [stdout] │                     0        str                a                            │
[INFO] [stdout] │                     1        str                b                            │
[INFO] [stdout] │                     2        str                c                            │
[INFO] [stdout] └──────────────────────────────────────────────────────────────────────────────┘
[INFO] [stdout] )
[INFO] [stdout]  right: Ok(
[INFO] [stdout] ┌──────────────────────────────────────────────────────────────────────────────┐
[INFO] [stdout] │                            logic-43a178a90279b6fc                            │
[INFO] [stdout] │             12 instructions, 3 constants, 3 locals, returns bool             │
[INFO] [stdout] │                                                                              │
[INFO] [stdout] │                                 Instructions                                 │
[INFO] [stdout] │                                 ------------                                 │
[INFO] [stdout] │  i   POSITION    OPERATION        TYPE                    INFO               │
[INFO] [stdout] │ --- ---------- ------------- -------------- -------------------------------- │
[INFO] [stdout] │  0   (8, 12)   LOAD_BOOLEAN       bool                 R0 = true             │
[INFO] [stdout] │  1    (4, 5)   DEFINE_LOCAL       none                  L0 = R0              │
[INFO] [stdout] │  2   (22, 26)  LOAD_BOOLEAN       bool                 R1 = true             │
[INFO] [stdout] │  3   (18, 19)  DEFINE_LOCAL       none                  L1 = R1              │
[INFO] [stdout] │  4   (36, 41)  LOAD_BOOLEAN       bool                 R2 = false            │
[INFO] [stdout] │  5   (32, 33)  DEFINE_LOCAL       none                  L2 = R2              │
[INFO] [stdout] │  6   (45, 47)  TEST               none             if L0 { JUMP +1 }         │
[INFO] [stdout] │  7   (45, 47)  JUMP               none                  JUMP +1              │
[INFO] [stdout] │  8   (50, 52)  TEST               none             if !L1 { JUMP +1 }        │
[INFO] [stdout] │  9   (50, 52)  JUMP               none                  JUMP +1              │
[INFO] [stdout] │ 10   (53, 54)  GET_LOCAL          bool                  R3 = L2              │
[INFO] [stdout] │ 11   (54, 54)  RETURN             none                   RETURN              │
[INFO] [stdout] │┈┈┈┈┈┈┈┈┈┈┈┈┈┈┈┈┈┈┈┈┈┈┈┈┈┈┈┈┈┈┈┈┈┈┈┈┈┈┈┈┈┈┈┈┈┈┈┈┈┈┈┈┈┈┈┈┈┈┈┈┈┈┈┈┈┈┈┈┈┈┈┈┈┈┈┈┈┈│
[INFO] [stdout] │                                    Locals                                    │
[INFO] [stdout] │                                    ------                                    │
[INFO] [stdout] │     i   SCOPE  MUTABLE               TYPE                  IDENTIFIER        │
[INFO] [stdout] │    --- ------- ------- -------------------------------- ----------------     │
[INFO] [stdout] │     0  (0, 0)   false                bool                      a             │
[INFO] [stdout] │     1  (0, 0)   false                bool                      b             │
[INFO] [stdout] │     2  (0, 0)   false                bool                      c             │
[INFO] [stdout] │┈┈┈┈┈┈┈┈┈┈┈┈┈┈┈┈┈┈┈┈┈┈┈┈┈┈┈┈┈┈┈┈┈┈┈┈┈┈┈┈┈┈┈┈┈┈┈┈┈┈┈┈┈┈┈┈┈┈┈┈┈┈┈┈┈┈┈┈┈┈┈┈┈┈┈┈┈┈│
[INFO] [stdout] │                                  Constants                                   │
[INFO] [stdout] │                                  ---------                                   │
[INFO] [stdout] │                     i        TYPE             VALUE                          │
[INFO] [stdout] │                    --- ---------------- -----------------                    │
[INFO] [stdout] │                     0        str                a                            │
[INFO] [stdout] │                     1        str                b                            │
[INFO] [stdout] │                     2        str                c                            │
[INFO] [stdout] └──────────────────────────────────────────────────────────────────────────────┘
[INFO] [stdout] )
[INFO] [stdout] stack backtrace:
[INFO] [stdout]    0:     0x58938d9cd40a - std::backtrace_rs::backtrace::libunwind::trace::h5a5b8284f2d0c266
[INFO] [stdout]                                at /rustc/90b35a6239c3d8bdabc530a6a0816f7ff89a0aaf/library/std/src/../../backtrace/src/backtrace/libunwind.rs:116:5
[INFO] [stdout]    1:     0x58938d9cd40a - std::backtrace_rs::backtrace::trace_unsynchronized::h76d4f1c9b0b875e3
[INFO] [stdout]                                at /rustc/90b35a6239c3d8bdabc530a6a0816f7ff89a0aaf/library/std/src/../../backtrace/src/backtrace/mod.rs:66:5
[INFO] [stdout]    2:     0x58938d9cd40a - std::sys::backtrace::_print_fmt::hc4546b8364a537c6
[INFO] [stdout]                                at /rustc/90b35a6239c3d8bdabc530a6a0816f7ff89a0aaf/library/std/src/sys/backtrace.rs:66:9
[INFO] [stdout]    3:     0x58938d9cd40a - <std::sys::backtrace::BacktraceLock::print::DisplayBacktrace as core::fmt::Display>::fmt::h5b6bd5631a6d1f6b
[INFO] [stdout]                                at /rustc/90b35a6239c3d8bdabc530a6a0816f7ff89a0aaf/library/std/src/sys/backtrace.rs:39:26
[INFO] [stdout]    4:     0x58938d9f3ea3 - core::fmt::rt::Argument::fmt::h270f6602a2b96f62
[INFO] [stdout]                                at /rustc/90b35a6239c3d8bdabc530a6a0816f7ff89a0aaf/library/core/src/fmt/rt.rs:177:76
[INFO] [stdout]    5:     0x58938d9f3ea3 - core::fmt::write::h7550c97b06c86515
[INFO] [stdout]                                at /rustc/90b35a6239c3d8bdabc530a6a0816f7ff89a0aaf/library/core/src/fmt/mod.rs:1186:21
[INFO] [stdout]    6:     0x58938d9c9ec3 - std::io::Write::write_fmt::h509ff860e5956e5e
[INFO] [stdout]                                at /rustc/90b35a6239c3d8bdabc530a6a0816f7ff89a0aaf/library/std/src/io/mod.rs:1839:15
[INFO] [stdout]    7:     0x58938d9cd252 - std::sys::backtrace::BacktraceLock::print::h2395ccd2c84ba3aa
[INFO] [stdout]                                at /rustc/90b35a6239c3d8bdabc530a6a0816f7ff89a0aaf/library/std/src/sys/backtrace.rs:42:9
[INFO] [stdout]    8:     0x58938d9ce86a - std::panicking::default_hook::{{closure}}::he19d4c7230e07961
[INFO] [stdout]                                at /rustc/90b35a6239c3d8bdabc530a6a0816f7ff89a0aaf/library/std/src/panicking.rs:268:22
[INFO] [stdout]    9:     0x58938d9ce674 - std::panicking::default_hook::hf614597d3c67bbdb
[INFO] [stdout]                                at /rustc/90b35a6239c3d8bdabc530a6a0816f7ff89a0aaf/library/std/src/panicking.rs:292:9
[INFO] [stdout]   10:     0x58938d961ac9 - <alloc::boxed::Box<F,A> as core::ops::function::Fn<Args>>::call::h39b51ce4599c23d1
[INFO] [stdout]                                at /rustc/90b35a6239c3d8bdabc530a6a0816f7ff89a0aaf/library/alloc/src/boxed.rs:2468:9
[INFO] [stdout]   11:     0x58938d961ac9 - test::test_main::{{closure}}::he977ae839a582784
[INFO] [stdout]                                at /rustc/90b35a6239c3d8bdabc530a6a0816f7ff89a0aaf/library/test/src/lib.rs:133:21
[INFO] [stdout]   12:     0x58938d9cef08 - <alloc::boxed::Box<F,A> as core::ops::function::Fn<Args>>::call::h9455091b6b06f9fb
[INFO] [stdout]                                at /rustc/90b35a6239c3d8bdabc530a6a0816f7ff89a0aaf/library/alloc/src/boxed.rs:2468:9
[INFO] [stdout]   13:     0x58938d9cef08 - std::panicking::rust_panic_with_hook::h8942133a8b252070
[INFO] [stdout]                                at /rustc/90b35a6239c3d8bdabc530a6a0816f7ff89a0aaf/library/std/src/panicking.rs:809:13
[INFO] [stdout]   14:     0x58938d9cecca - std::panicking::begin_panic_handler::{{closure}}::hb5f5963570096b29
[INFO] [stdout]                                at /rustc/90b35a6239c3d8bdabc530a6a0816f7ff89a0aaf/library/std/src/panicking.rs:674:13
[INFO] [stdout]   15:     0x58938d9cd8e9 - std::sys::backtrace::__rust_end_short_backtrace::h6208cedc1922feda
[INFO] [stdout]                                at /rustc/90b35a6239c3d8bdabc530a6a0816f7ff89a0aaf/library/std/src/sys/backtrace.rs:170:18
[INFO] [stdout]   16:     0x58938d9ce95c - rust_begin_unwind
[INFO] [stdout]                                at /rustc/90b35a6239c3d8bdabc530a6a0816f7ff89a0aaf/library/std/src/panicking.rs:665:5
[INFO] [stdout]   17:     0x58938d921b90 - core::panicking::panic_fmt::h0c3082644d1bf418
[INFO] [stdout]                                at /rustc/90b35a6239c3d8bdabc530a6a0816f7ff89a0aaf/library/core/src/panicking.rs:74:14
[INFO] [stdout]   18:     0x58938d921ebb - core::panicking::assert_failed_inner::h2ddf1fcc067fa858
[INFO] [stdout]   19:     0x58938d91f0bc - core::panicking::assert_failed::h45145948a43992ac
[INFO] [stdout]                                at /rustc/90b35a6239c3d8bdabc530a6a0816f7ff89a0aaf/library/core/src/panicking.rs:367:5
[INFO] [stdout]   20:     0x58938d923e91 - logic::and_and_or::hf7bd88680b220973
[INFO] [stdout]                                at /opt/rustwide/workdir/dust-lang/tests/logic.rs:87:5
[INFO] [stdout]   21:     0x58938d923e91 - logic::and_and_or::{{closure}}::ha7dfec636b0a5577
[INFO] [stdout]                                at /opt/rustwide/workdir/dust-lang/tests/logic.rs:84:16
[INFO] [stdout]   22:     0x58938d923e91 - core::ops::function::FnOnce::call_once::heb2876d0cf01fed0
[INFO] [stdout]                                at /rustc/90b35a6239c3d8bdabc530a6a0816f7ff89a0aaf/library/core/src/ops/function.rs:250:5
[INFO] [stdout]   23:     0x58938d96648b - core::ops::function::FnOnce::call_once::h109cf8051a59b34e
[INFO] [stdout]                                at /rustc/90b35a6239c3d8bdabc530a6a0816f7ff89a0aaf/library/core/src/ops/function.rs:250:5
[INFO] [stdout]   24:     0x58938d96648b - test::__rust_begin_short_backtrace::hf4fff89d377446ba
[INFO] [stdout]                                at /rustc/90b35a6239c3d8bdabc530a6a0816f7ff89a0aaf/library/test/src/lib.rs:621:18
[INFO] [stdout]   25:     0x58938d965cc7 - test::run_test_in_process::{{closure}}::h0e39181dd7ee5a43
[INFO] [stdout]                                at /rustc/90b35a6239c3d8bdabc530a6a0816f7ff89a0aaf/library/test/src/lib.rs:644:60
[INFO] [stdout]   26:     0x58938d965cc7 - <core::panic::unwind_safe::AssertUnwindSafe<F> as core::ops::function::FnOnce<()>>::call_once::hc5a66a30f0bdfd1f
[INFO] [stdout]                                at /rustc/90b35a6239c3d8bdabc530a6a0816f7ff89a0aaf/library/core/src/panic/unwind_safe.rs:272:9
[INFO] [stdout]   27:     0x58938d965cc7 - std::panicking::try::do_call::h873b7cf639554a5e
[INFO] [stdout]                                at /rustc/90b35a6239c3d8bdabc530a6a0816f7ff89a0aaf/library/std/src/panicking.rs:557:40
[INFO] [stdout]   28:     0x58938d965cc7 - std::panicking::try::hdb19862fad9c8bd1
[INFO] [stdout]                                at /rustc/90b35a6239c3d8bdabc530a6a0816f7ff89a0aaf/library/std/src/panicking.rs:520:19
[INFO] [stdout]   29:     0x58938d965cc7 - std::panic::catch_unwind::h281fe732d236d260
[INFO] [stdout]                                at /rustc/90b35a6239c3d8bdabc530a6a0816f7ff89a0aaf/library/std/src/panic.rs:358:14
[INFO] [stdout]   30:     0x58938d965cc7 - test::run_test_in_process::h949b6df8457ed338
[INFO] [stdout]                                at /rustc/90b35a6239c3d8bdabc530a6a0816f7ff89a0aaf/library/test/src/lib.rs:644:27
[INFO] [stdout]   31:     0x58938d965cc7 - test::run_test::{{closure}}::h52c556a6d4740e10
[INFO] [stdout]                                at /rustc/90b35a6239c3d8bdabc530a6a0816f7ff89a0aaf/library/test/src/lib.rs:565:43
[INFO] [stdout]   32:     0x58938d92afa4 - test::run_test::{{closure}}::h4237f6381c45ccb9
[INFO] [stdout]                                at /rustc/90b35a6239c3d8bdabc530a6a0816f7ff89a0aaf/library/test/src/lib.rs:595:41
[INFO] [stdout]   33:     0x58938d92afa4 - std::sys::backtrace::__rust_begin_short_backtrace::h505c97a579eca628
[INFO] [stdout]                                at /rustc/90b35a6239c3d8bdabc530a6a0816f7ff89a0aaf/library/std/src/sys/backtrace.rs:154:18
[INFO] [stdout]   34:     0x58938d92e66e - std::thread::Builder::spawn_unchecked_::{{closure}}::{{closure}}::h9e86b2e2bc107ea3
[INFO] [stdout]                                at /rustc/90b35a6239c3d8bdabc530a6a0816f7ff89a0aaf/library/std/src/thread/mod.rs:538:17
[INFO] [stdout]   35:     0x58938d92e66e - <core::panic::unwind_safe::AssertUnwindSafe<F> as core::ops::function::FnOnce<()>>::call_once::h8b06ddb275ff4a25
[INFO] [stdout]                                at /rustc/90b35a6239c3d8bdabc530a6a0816f7ff89a0aaf/library/core/src/panic/unwind_safe.rs:272:9
[INFO] [stdout]   36:     0x58938d92e66e - std::panicking::try::do_call::hb26ecd7cd9a9355d
[INFO] [stdout]                                at /rustc/90b35a6239c3d8bdabc530a6a0816f7ff89a0aaf/library/std/src/panicking.rs:557:40
[INFO] [stdout]   37:     0x58938d92e66e - std::panicking::try::h8ddeca9d705f9069
[INFO] [stdout]                                at /rustc/90b35a6239c3d8bdabc530a6a0816f7ff89a0aaf/library/std/src/panicking.rs:520:19
[INFO] [stdout]   38:     0x58938d92e66e - std::panic::catch_unwind::h49e1c33078844c46
[INFO] [stdout]                                at /rustc/90b35a6239c3d8bdabc530a6a0816f7ff89a0aaf/library/std/src/panic.rs:358:14
[INFO] [stdout]   39:     0x58938d92e66e - std::thread::Builder::spawn_unchecked_::{{closure}}::h6073db6ff56ad35d
[INFO] [stdout]                                at /rustc/90b35a6239c3d8bdabc530a6a0816f7ff89a0aaf/library/std/src/thread/mod.rs:537:30
[INFO] [stdout]   40:     0x58938d92e66e - core::ops::function::FnOnce::call_once{{vtable.shim}}::h2c5a5f3779c774f1
[INFO] [stdout]                                at /rustc/90b35a6239c3d8bdabc530a6a0816f7ff89a0aaf/library/core/src/ops/function.rs:250:5
[INFO] [stdout]   41:     0x58938d9d2c5b - <alloc::boxed::Box<F,A> as core::ops::function::FnOnce<Args>>::call_once::hf75717d9f28faebf
[INFO] [stdout]                                at /rustc/90b35a6239c3d8bdabc530a6a0816f7ff89a0aaf/library/alloc/src/boxed.rs:2454:9
[INFO] [stdout]   42:     0x58938d9d2c5b - <alloc::boxed::Box<F,A> as core::ops::function::FnOnce<Args>>::call_once::h7bd883a5f3c5f3c1
[INFO] [stdout]                                at /rustc/90b35a6239c3d8bdabc530a6a0816f7ff89a0aaf/library/alloc/src/boxed.rs:2454:9
[INFO] [stdout]   43:     0x58938d9d2c5b - std::sys::pal::unix::thread::Thread::new::thread_start::hcc78f3943333fa94
[INFO] [stdout]                                at /rustc/90b35a6239c3d8bdabc530a6a0816f7ff89a0aaf/library/std/src/sys/pal/unix/thread.rs:105:17
[INFO] [stdout]   44:     0x7bc014f93ac3 - <unknown>
[INFO] [stdout]   45:     0x7bc015024a04 - clone
[INFO] [stdout]   46:                0x0 - <unknown>
[INFO] [stdout] 
[INFO] [stdout] 
[INFO] [stdout] failures:
[INFO] [stdout]     and_and_or
[INFO] [stdout] 
[INFO] [stdout] test result: FAILED. 2 passed; 1 failed; 0 ignored; 0 measured; 0 filtered out; finished in 0.05s
[INFO] [stdout] 
[INFO] running `Command { std: "docker" "inspect" "5b116c7978f4f13f2532a10a688b181d8e789c14dac675d52d057b1ddb6d8bc4", kill_on_drop: false }`
[INFO] running `Command { std: "docker" "rm" "-f" "5b116c7978f4f13f2532a10a688b181d8e789c14dac675d52d057b1ddb6d8bc4", kill_on_drop: false }`
[INFO] [stdout] 5b116c7978f4f13f2532a10a688b181d8e789c14dac675d52d057b1ddb6d8bc4
