[INFO] cloning repository https://github.com/sndnvaps/embassy-dht
[INFO] running `Command { std: "git" "-c" "credential.helper=" "-c" "credential.helper=/workspace/cargo-home/bin/git-credential-null" "clone" "--bare" "https://github.com/sndnvaps/embassy-dht" "/workspace/cache/git-repos/https%3A%2F%2Fgithub.com%2Fsndnvaps%2Fembassy-dht", kill_on_drop: false }`
[INFO] [stderr] Cloning into bare repository '/workspace/cache/git-repos/https%3A%2F%2Fgithub.com%2Fsndnvaps%2Fembassy-dht'...
[INFO] running `Command { std: "git" "rev-parse" "HEAD", kill_on_drop: false }`
[INFO] [stdout] 4c2eb40720714e1fe6f844bbbfe0ce50fe3421ed
[INFO] testing sndnvaps/embassy-dht against beta-2024-12-08 for beta-1.84.0-4-retry
[INFO] running `Command { std: "git" "clone" "/workspace/cache/git-repos/https%3A%2F%2Fgithub.com%2Fsndnvaps%2Fembassy-dht" "/workspace/builds/worker-6-tc2/source", kill_on_drop: false }`
[INFO] [stderr] Cloning into '/workspace/builds/worker-6-tc2/source'...
[INFO] [stderr] done.
[INFO] validating manifest of git repo https://github.com/sndnvaps/embassy-dht on toolchain beta-2024-12-08
[INFO] running `Command { std: CARGO_HOME="/workspace/cargo-home" RUSTUP_HOME="/workspace/rustup-home" "/workspace/cargo-home/bin/cargo" "+beta-2024-12-08" "metadata" "--manifest-path" "Cargo.toml" "--no-deps", kill_on_drop: false }`
[INFO] removed /workspace/builds/worker-6-tc2/source/.cargo/config.toml
[INFO] started tweaking git repo https://github.com/sndnvaps/embassy-dht
[INFO] finished tweaking git repo https://github.com/sndnvaps/embassy-dht
[INFO] tweaked toml for git repo https://github.com/sndnvaps/embassy-dht written to /workspace/builds/worker-6-tc2/source/Cargo.toml
[INFO] crate git repo https://github.com/sndnvaps/embassy-dht already has a lockfile, it will not be regenerated
[INFO] running `Command { std: CARGO_HOME="/workspace/cargo-home" RUSTUP_HOME="/workspace/rustup-home" "/workspace/cargo-home/bin/cargo" "+beta-2024-12-08" "fetch" "--manifest-path" "Cargo.toml", kill_on_drop: false }`
[INFO] [stderr] warning: patch for `embassy-rp` uses the features mechanism. default-features and features will not take effect because the patch dependency does not support this mechanism
[INFO] [stderr] warning: patch for `embassy-time` uses the features mechanism. default-features and features will not take effect because the patch dependency does not support this mechanism
[INFO] [stderr] warning: patch for `rp-pac` uses the features mechanism. default-features and features will not take effect because the patch dependency does not support this mechanism
[INFO] running `Command { std: "docker" "create" "-v" "/var/lib/crater-agent-workspace/builds/worker-6-tc2/target:/opt/rustwide/target:rw,Z" "-v" "/var/lib/crater-agent-workspace/builds/worker-6-tc2/source:/opt/rustwide/workdir:ro,Z" "-v" "/var/lib/crater-agent-workspace/cargo-home:/opt/rustwide/cargo-home:ro,Z" "-v" "/var/lib/crater-agent-workspace/rustup-home:/opt/rustwide/rustup-home:ro,Z" "-e" "SOURCE_DIR=/opt/rustwide/workdir" "-e" "CARGO_TARGET_DIR=/opt/rustwide/target" "-e" "CARGO_HOME=/opt/rustwide/cargo-home" "-e" "RUSTUP_HOME=/opt/rustwide/rustup-home" "-w" "/opt/rustwide/workdir" "-m" "1610612736" "--user" "0:0" "--network" "none" "ghcr.io/rust-lang/crates-build-env/linux@sha256:f3a9d4ad9d972b27faf3965f35b62e55ba32bbce8f20bc8fe909558a86702fde" "/opt/rustwide/cargo-home/bin/cargo" "+beta-2024-12-08" "metadata" "--no-deps" "--format-version=1", kill_on_drop: false }`
[INFO] [stdout] 09aa737196089f9fb897e599da8cd50223e2638eccf144fb7e9a23859de29264
[INFO] running `Command { std: "docker" "start" "-a" "09aa737196089f9fb897e599da8cd50223e2638eccf144fb7e9a23859de29264", kill_on_drop: false }`
[INFO] running `Command { std: "docker" "inspect" "09aa737196089f9fb897e599da8cd50223e2638eccf144fb7e9a23859de29264", kill_on_drop: false }`
[INFO] running `Command { std: "docker" "rm" "-f" "09aa737196089f9fb897e599da8cd50223e2638eccf144fb7e9a23859de29264", kill_on_drop: false }`
[INFO] [stdout] 09aa737196089f9fb897e599da8cd50223e2638eccf144fb7e9a23859de29264
[INFO] running `Command { std: "docker" "create" "-v" "/var/lib/crater-agent-workspace/builds/worker-6-tc2/target:/opt/rustwide/target:rw,Z" "-v" "/var/lib/crater-agent-workspace/builds/worker-6-tc2/source:/opt/rustwide/workdir:ro,Z" "-v" "/var/lib/crater-agent-workspace/cargo-home:/opt/rustwide/cargo-home:ro,Z" "-v" "/var/lib/crater-agent-workspace/rustup-home:/opt/rustwide/rustup-home:ro,Z" "-e" "SOURCE_DIR=/opt/rustwide/workdir" "-e" "CARGO_TARGET_DIR=/opt/rustwide/target" "-e" "CARGO_INCREMENTAL=0" "-e" "RUST_BACKTRACE=full" "-e" "RUSTFLAGS=--cap-lints=warn" "-e" "RUSTDOCFLAGS=--cap-lints=warn" "-e" "CARGO_HOME=/opt/rustwide/cargo-home" "-e" "RUSTUP_HOME=/opt/rustwide/rustup-home" "-w" "/opt/rustwide/workdir" "-m" "1610612736" "--user" "0:0" "--network" "none" "ghcr.io/rust-lang/crates-build-env/linux@sha256:f3a9d4ad9d972b27faf3965f35b62e55ba32bbce8f20bc8fe909558a86702fde" "/opt/rustwide/cargo-home/bin/cargo" "+beta-2024-12-08" "build" "--frozen" "--message-format=json", kill_on_drop: false }`
[INFO] [stdout] e25c61ca23754a0e3d3c1e259603a7703a619aed1c26f1f468bdd76e1014ecdc
[INFO] running `Command { std: "docker" "start" "-a" "e25c61ca23754a0e3d3c1e259603a7703a619aed1c26f1f468bdd76e1014ecdc", kill_on_drop: false }`
[INFO] [stderr] warning: patch for `embassy-rp` uses the features mechanism. default-features and features will not take effect because the patch dependency does not support this mechanism
[INFO] [stderr] warning: patch for `embassy-time` uses the features mechanism. default-features and features will not take effect because the patch dependency does not support this mechanism
[INFO] [stderr] warning: patch for `rp-pac` uses the features mechanism. default-features and features will not take effect because the patch dependency does not support this mechanism
[INFO] [stderr]    Compiling proc-macro2 v1.0.86
[INFO] [stderr]    Compiling unicode-ident v1.0.13
[INFO] [stderr]    Compiling syn v1.0.109
[INFO] [stderr]    Compiling cfg-if v1.0.0
[INFO] [stderr]    Compiling libc v0.2.159
[INFO] [stderr]    Compiling autocfg v1.4.0
[INFO] [stderr]    Compiling version_check v0.9.5
[INFO] [stderr]    Compiling memchr v2.7.4
[INFO] [stderr]    Compiling parking_lot_core v0.9.10
[INFO] [stderr]    Compiling thiserror v1.0.64
[INFO] [stderr]    Compiling defmt v0.3.8
[INFO] [stderr]    Compiling proc-macro-error-attr v1.0.4
[INFO] [stderr]    Compiling proc-macro-error v1.0.4
[INFO] [stderr]    Compiling lock_api v0.4.12
[INFO] [stderr]    Compiling regex-syntax v0.8.5
[INFO] [stderr]    Compiling semver-parser v0.7.0
[INFO] [stderr]    Compiling aho-corasick v1.1.3
[INFO] [stderr]    Compiling crunchy v0.2.2
[INFO] [stderr]    Compiling smallvec v1.13.2
[INFO] [stderr]    Compiling nb v1.1.0
[INFO] [stderr]    Compiling scopeguard v1.2.0
[INFO] [stderr]    Compiling semver v0.9.0
[INFO] [stderr]    Compiling siphasher v0.3.11
[INFO] [stderr]    Compiling cortex-m v0.7.7
[INFO] [stderr]    Compiling quote v1.0.37
[INFO] [stderr]    Compiling defmt-macros v0.3.9
[INFO] [stderr]    Compiling tiny-keccak v2.0.2
[INFO] [stderr]    Compiling dirs-sys-next v0.1.2
[INFO] [stderr]    Compiling syn v2.0.79
[INFO] [stderr]    Compiling dirs-next v2.0.0
[INFO] [stderr]    Compiling equivalent v1.0.1
[INFO] [stderr]    Compiling hashbrown v0.15.0
[INFO] [stderr]    Compiling term v0.7.0
[INFO] [stderr]    Compiling parking_lot v0.12.3
[INFO] [stderr]    Compiling phf_shared v0.10.0
[INFO] [stderr]    Compiling rustc_version v0.2.3
[INFO] [stderr]    Compiling indexmap v2.6.0
[INFO] [stderr]    Compiling nb v0.1.3
[INFO] [stderr]    Compiling bit-vec v0.6.3
[INFO] [stderr]    Compiling either v1.13.0
[INFO] [stderr]    Compiling precomputed-hash v0.1.1
[INFO] [stderr]    Compiling once_cell v1.20.1
[INFO] [stderr]    Compiling log v0.4.22
[INFO] [stderr]    Compiling fixedbitset v0.4.2
[INFO] [stderr]    Compiling void v1.0.2
[INFO] [stderr]    Compiling new_debug_unreachable v1.0.6
[INFO] [stderr]    Compiling embedded-hal v0.2.7
[INFO] [stderr]    Compiling string_cache v0.8.7
[INFO] [stderr]    Compiling ena v0.14.3
[INFO] [stderr]    Compiling itertools v0.10.5
[INFO] [stderr]    Compiling bit-set v0.5.3
[INFO] [stderr]    Compiling petgraph v0.6.5
[INFO] [stderr]    Compiling bare-metal v0.2.5
[INFO] [stderr]    Compiling ascii-canvas v3.0.0
[INFO] [stderr]    Compiling regex-automata v0.4.8
[INFO] [stderr]    Compiling is-terminal v0.4.13
[INFO] [stderr]    Compiling unicode-xid v0.2.6
[INFO] [stderr]    Compiling byteorder v1.5.0
[INFO] [stderr]    Compiling paste v1.0.15
[INFO] [stderr]    Compiling diff v0.1.13
[INFO] [stderr]    Compiling cortex-m-rt v0.7.3
[INFO] [stderr]    Compiling embassy-time-driver v0.1.0 (https://github.com/embassy-rs/embassy?rev=ee669ee5c57851ade034beca7cfaf81825c4c21b#ee669ee5)
[INFO] [stderr]    Compiling critical-section v1.1.3
[INFO] [stderr]    Compiling bitflags v1.3.2
[INFO] [stderr]    Compiling heapless v0.8.0
[INFO] [stderr]    Compiling regex-syntax v0.6.29
[INFO] [stderr]    Compiling hash32 v0.3.1
[INFO] [stderr]    Compiling stable_deref_trait v1.2.0
[INFO] [stderr]    Compiling debug-helper v0.3.13
[INFO] [stderr]    Compiling bytemuck v1.18.0
[INFO] [stderr]    Compiling vcell v0.1.3
[INFO] [stderr]    Compiling futures-task v0.3.30
[INFO] [stderr]    Compiling embassy-time-queue-driver v0.1.0 (https://github.com/embassy-rs/embassy?rev=ee669ee5c57851ade034beca7cfaf81825c4c21b#ee669ee5)
[INFO] [stderr]    Compiling pin-utils v0.1.0
[INFO] [stderr]    Compiling litrs v0.4.1
[INFO] [stderr]    Compiling embedded-hal v1.0.0
[INFO] [stderr]    Compiling embedded-hal-async v1.0.0
[INFO] [stderr]    Compiling embedded-io-async v0.6.1
[INFO] [stderr]    Compiling futures-core v0.3.30
[INFO] [stderr]    Compiling pin-project-lite v0.2.14
[INFO] [stderr]    Compiling futures-util v0.3.30
[INFO] [stderr]    Compiling volatile-register v0.2.2
[INFO] [stderr]    Compiling crc-any v2.5.0
[INFO] [stderr]    Compiling document-features v0.2.10
[INFO] [stderr]    Compiling regex v1.11.0
[INFO] [stderr]    Compiling num-traits v0.2.19
[INFO] [stderr]    Compiling embassy-sync v0.6.0 (https://github.com/embassy-rs/embassy?rev=ee669ee5c57851ade034beca7cfaf81825c4c21b#ee669ee5)
[INFO] [stderr]    Compiling arrayvec v0.7.6
[INFO] [stderr]    Compiling az v1.2.1
[INFO] [stderr]    Compiling lalrpop-util v0.19.12
[INFO] [stderr]    Compiling embedded-io v0.6.1
[INFO] [stderr]    Compiling lalrpop v0.19.12
[INFO] [stderr]    Compiling typenum v1.17.0
[INFO] [stderr]    Compiling bitfield v0.13.2
[INFO] [stderr]    Compiling rp2040-boot2 v0.3.0
[INFO] [stderr]    Compiling rgb v0.8.50
[INFO] [stderr]    Compiling embassy-hal-internal v0.2.0 (https://github.com/embassy-rs/embassy?rev=ee669ee5c57851ade034beca7cfaf81825c4c21b#ee669ee5)
[INFO] [stderr]    Compiling atomic-polyfill v1.0.3
[INFO] [stderr]    Compiling unicode-width v0.1.14
[INFO] [stderr]    Compiling termcolor v1.4.1
[INFO] [stderr]    Compiling rp-pac v6.0.0 (https://github.com/embassy-rs/rp-pac.git?rev=a7f42d25517f7124ad3b4ed492dec8b0f50a0e6c#a7f42d25)
[INFO] [stderr]    Compiling embedded-storage v0.3.1
[INFO] [stderr]    Compiling fixed v1.28.0
[INFO] [stderr]    Compiling embedded-storage-async v0.4.1
[INFO] [stderr]    Compiling codespan-reporting v0.11.1
[INFO] [stderr]    Compiling smart-leds-trait v0.3.0
[INFO] [stderr]    Compiling half v2.4.1
[INFO] [stderr]    Compiling embassy-futures v0.1.1 (https://github.com/embassy-rs/embassy?rev=ee669ee5c57851ade034beca7cfaf81825c4c21b#ee669ee5)
[INFO] [stderr]    Compiling num_enum_derive v0.5.11
[INFO] [stderr]    Compiling thiserror-impl v1.0.64
[INFO] [stderr]    Compiling cortex-m-rt-macros v0.7.0
[INFO] [stderr]    Compiling embassy-rp v0.2.0 (https://github.com/embassy-rs/embassy?rev=ee669ee5c57851ade034beca7cfaf81825c4c21b#ee669ee5)
[INFO] [stderr]    Compiling smart-leds v0.4.0
[INFO] [stderr]    Compiling embedded-hal-nb v1.0.0
[INFO] [stderr]    Compiling rand_core v0.6.4
[INFO] [stderr]    Compiling sha2-const-stable v0.1.0
[INFO] [stderr]    Compiling num_enum v0.5.11
[INFO] [stderr]    Compiling pio v0.2.1
[INFO] [stderr]    Compiling defmt-parser v0.3.4
[INFO] [stderr]    Compiling embassy-time v0.3.2 (https://github.com/embassy-rs/embassy?rev=ee669ee5c57851ade034beca7cfaf81825c4c21b#ee669ee5)
[INFO] [stderr]    Compiling embassy-usb-driver v0.1.0 (https://github.com/embassy-rs/embassy?rev=ee669ee5c57851ade034beca7cfaf81825c4c21b#ee669ee5)
[INFO] [stderr]    Compiling embassy-embedded-hal v0.2.0 (https://github.com/embassy-rs/embassy?rev=ee669ee5c57851ade034beca7cfaf81825c4c21b#ee669ee5)
[INFO] [stderr]    Compiling pio-parser v0.2.2
[INFO] [stderr]    Compiling pio-proc v0.2.2
[INFO] [stderr]    Compiling embassy-dht v0.1.9 (/opt/rustwide/workdir)
[INFO] [stderr]     Finished `dev` profile [unoptimized + debuginfo] target(s) in 1m 43s
[INFO] running `Command { std: "docker" "inspect" "e25c61ca23754a0e3d3c1e259603a7703a619aed1c26f1f468bdd76e1014ecdc", kill_on_drop: false }`
[INFO] running `Command { std: "docker" "rm" "-f" "e25c61ca23754a0e3d3c1e259603a7703a619aed1c26f1f468bdd76e1014ecdc", kill_on_drop: false }`
[INFO] [stdout] e25c61ca23754a0e3d3c1e259603a7703a619aed1c26f1f468bdd76e1014ecdc
[INFO] running `Command { std: "docker" "create" "-v" "/var/lib/crater-agent-workspace/builds/worker-6-tc2/target:/opt/rustwide/target:rw,Z" "-v" "/var/lib/crater-agent-workspace/builds/worker-6-tc2/source:/opt/rustwide/workdir:ro,Z" "-v" "/var/lib/crater-agent-workspace/cargo-home:/opt/rustwide/cargo-home:ro,Z" "-v" "/var/lib/crater-agent-workspace/rustup-home:/opt/rustwide/rustup-home:ro,Z" "-e" "SOURCE_DIR=/opt/rustwide/workdir" "-e" "CARGO_TARGET_DIR=/opt/rustwide/target" "-e" "CARGO_INCREMENTAL=0" "-e" "RUST_BACKTRACE=full" "-e" "RUSTFLAGS=--cap-lints=warn" "-e" "RUSTDOCFLAGS=--cap-lints=warn" "-e" "CARGO_HOME=/opt/rustwide/cargo-home" "-e" "RUSTUP_HOME=/opt/rustwide/rustup-home" "-w" "/opt/rustwide/workdir" "-m" "1610612736" "--user" "0:0" "--network" "none" "ghcr.io/rust-lang/crates-build-env/linux@sha256:f3a9d4ad9d972b27faf3965f35b62e55ba32bbce8f20bc8fe909558a86702fde" "/opt/rustwide/cargo-home/bin/cargo" "+beta-2024-12-08" "test" "--frozen" "--no-run" "--message-format=json", kill_on_drop: false }`
[INFO] [stdout] 09f3a13da74c07578e73253d4442bd141cf289d303e2f671e6de9f3114a70fee
[INFO] running `Command { std: "docker" "start" "-a" "09f3a13da74c07578e73253d4442bd141cf289d303e2f671e6de9f3114a70fee", kill_on_drop: false }`
[INFO] [stderr] warning: patch for `embassy-rp` uses the features mechanism. default-features and features will not take effect because the patch dependency does not support this mechanism
[INFO] [stderr] warning: patch for `embassy-time` uses the features mechanism. default-features and features will not take effect because the patch dependency does not support this mechanism
[INFO] [stderr] warning: patch for `rp-pac` uses the features mechanism. default-features and features will not take effect because the patch dependency does not support this mechanism
[INFO] [stderr]    Compiling embassy-dht v0.1.9 (/opt/rustwide/workdir)
[INFO] [stdout] warning: unused import: `num_traits::float::FloatCore`
[INFO] [stdout]   --> src/lib.rs:59:5
[INFO] [stdout]    |
[INFO] [stdout] 59 | use num_traits::float::FloatCore;
[INFO] [stdout]    |     ^^^^^^^^^^^^^^^^^^^^^^^^^^^^
[INFO] [stdout]    |
[INFO] [stdout]    = note: `#[warn(unused_imports)]` on by default
[INFO] [stdout] 
[INFO] [stdout] 
[INFO] [stderr]     Finished `test` profile [unoptimized + debuginfo] target(s) in 1.02s
[INFO] running `Command { std: "docker" "inspect" "09f3a13da74c07578e73253d4442bd141cf289d303e2f671e6de9f3114a70fee", kill_on_drop: false }`
[INFO] running `Command { std: "docker" "rm" "-f" "09f3a13da74c07578e73253d4442bd141cf289d303e2f671e6de9f3114a70fee", kill_on_drop: false }`
[INFO] [stdout] 09f3a13da74c07578e73253d4442bd141cf289d303e2f671e6de9f3114a70fee
[INFO] running `Command { std: "docker" "create" "-v" "/var/lib/crater-agent-workspace/builds/worker-6-tc2/target:/opt/rustwide/target:rw,Z" "-v" "/var/lib/crater-agent-workspace/builds/worker-6-tc2/source:/opt/rustwide/workdir:ro,Z" "-v" "/var/lib/crater-agent-workspace/cargo-home:/opt/rustwide/cargo-home:ro,Z" "-v" "/var/lib/crater-agent-workspace/rustup-home:/opt/rustwide/rustup-home:ro,Z" "-e" "SOURCE_DIR=/opt/rustwide/workdir" "-e" "CARGO_TARGET_DIR=/opt/rustwide/target" "-e" "CARGO_INCREMENTAL=0" "-e" "RUST_BACKTRACE=full" "-e" "RUSTFLAGS=--cap-lints=warn" "-e" "RUSTDOCFLAGS=--cap-lints=warn" "-e" "CARGO_HOME=/opt/rustwide/cargo-home" "-e" "RUSTUP_HOME=/opt/rustwide/rustup-home" "-w" "/opt/rustwide/workdir" "-m" "1610612736" "--user" "0:0" "--network" "none" "ghcr.io/rust-lang/crates-build-env/linux@sha256:f3a9d4ad9d972b27faf3965f35b62e55ba32bbce8f20bc8fe909558a86702fde" "/opt/rustwide/cargo-home/bin/cargo" "+beta-2024-12-08" "test" "--frozen", kill_on_drop: false }`
[INFO] [stdout] 0eb6f301ab7d83e92ebc61cb4a19bafbe15cf466c9c2937cb22efacc292a8fe9
[INFO] running `Command { std: "docker" "start" "-a" "0eb6f301ab7d83e92ebc61cb4a19bafbe15cf466c9c2937cb22efacc292a8fe9", kill_on_drop: false }`
[INFO] [stderr] warning: patch for `embassy-rp` uses the features mechanism. default-features and features will not take effect because the patch dependency does not support this mechanism
[INFO] [stderr] warning: patch for `embassy-time` uses the features mechanism. default-features and features will not take effect because the patch dependency does not support this mechanism
[INFO] [stderr] warning: patch for `rp-pac` uses the features mechanism. default-features and features will not take effect because the patch dependency does not support this mechanism
[INFO] [stderr] warning: unused import: `num_traits::float::FloatCore`
[INFO] [stderr]   --> src/lib.rs:59:5
[INFO] [stderr]    |
[INFO] [stderr] 59 | use num_traits::float::FloatCore;
[INFO] [stderr]    |     ^^^^^^^^^^^^^^^^^^^^^^^^^^^^
[INFO] [stderr]    |
[INFO] [stderr]    = note: `#[warn(unused_imports)]` on by default
[INFO] [stderr] 
[INFO] [stderr] warning: `embassy-dht` (lib test) generated 1 warning
[INFO] [stderr]     Finished `test` profile [unoptimized + debuginfo] target(s) in 0.20s
[INFO] [stderr]      Running unittests src/lib.rs (/opt/rustwide/target/debug/deps/embassy_dht-9cd2e105679c2ee5)
[INFO] [stdout] 
[INFO] [stdout] running 0 tests
[INFO] [stderr]    Doc-tests embassy_dht
[INFO] [stdout] 
[INFO] [stdout] test result: ok. 0 passed; 0 failed; 0 ignored; 0 measured; 0 filtered out; finished in 0.00s
[INFO] [stdout] 
[INFO] [stdout] 
[INFO] [stdout] running 1 test
[INFO] [stdout] test src/prelude.rs - prelude (line 14) ... FAILED
[INFO] [stdout] 
[INFO] [stdout] failures:
[INFO] [stdout] 
[INFO] [stdout] ---- src/prelude.rs - prelude (line 14) stdout ----
[INFO] [stdout] error[E0382]: use of moved value: `p.PIN_17`
[INFO] [stdout]  --> src/prelude.rs:20:30
[INFO] [stdout]   |
[INFO] [stdout] 8 | let mut dht_pin = DHT11::new(p.PIN_17, Delay);
[INFO] [stdout]   |                              -------- value moved here
[INFO] [stdout] 9 | let mut dht_pin = DHT22::new(p.PIN_17, Delay);
[INFO] [stdout]   |                              ^^^^^^^^ value used here after move
[INFO] [stdout]   |
[INFO] [stdout]   = note: move occurs because `p.PIN_17` has type `PIN_17`, which does not implement the `Copy` trait
[INFO] [stdout] 
[INFO] [stdout] error: aborting due to 1 previous error
[INFO] [stdout] 
[INFO] [stdout] For more information about this error, try `rustc --explain E0382`.
[INFO] [stdout] Couldn't compile the test.
[INFO] [stdout] 
[INFO] [stdout] failures:
[INFO] [stdout]     src/prelude.rs - prelude (line 14)
[INFO] [stdout] 
[INFO] [stdout] test result: FAILED. 0 passed; 1 failed; 0 ignored; 0 measured; 0 filtered out; finished in 0.20s
[INFO] [stdout] 
[INFO] [stderr] error: doctest failed, to rerun pass `--doc`
[INFO] running `Command { std: "docker" "inspect" "0eb6f301ab7d83e92ebc61cb4a19bafbe15cf466c9c2937cb22efacc292a8fe9", kill_on_drop: false }`
[INFO] running `Command { std: "docker" "rm" "-f" "0eb6f301ab7d83e92ebc61cb4a19bafbe15cf466c9c2937cb22efacc292a8fe9", kill_on_drop: false }`
[INFO] [stdout] 0eb6f301ab7d83e92ebc61cb4a19bafbe15cf466c9c2937cb22efacc292a8fe9
