[INFO] cloning repository https://github.com/smtmfft/nitro-attestation
[INFO] running `Command { std: "git" "-c" "credential.helper=" "-c" "credential.helper=/workspace/cargo-home/bin/git-credential-null" "clone" "--bare" "https://github.com/smtmfft/nitro-attestation" "/workspace/cache/git-repos/https%3A%2F%2Fgithub.com%2Fsmtmfft%2Fnitro-attestation", kill_on_drop: false }`
[INFO] [stderr] Cloning into bare repository '/workspace/cache/git-repos/https%3A%2F%2Fgithub.com%2Fsmtmfft%2Fnitro-attestation'...
[INFO] running `Command { std: "git" "rev-parse" "HEAD", kill_on_drop: false }`
[INFO] [stdout] ac9fd48fafda5e525f6585176691485d3e9af3ca
[INFO] testing smtmfft/nitro-attestation against 1.83.0 for beta-1.84.0-4-retry
[INFO] running `Command { std: "git" "clone" "/workspace/cache/git-repos/https%3A%2F%2Fgithub.com%2Fsmtmfft%2Fnitro-attestation" "/workspace/builds/worker-1-tc1/source", kill_on_drop: false }`
[INFO] [stderr] Cloning into '/workspace/builds/worker-1-tc1/source'...
[INFO] [stderr] done.
[INFO] validating manifest of git repo https://github.com/smtmfft/nitro-attestation on toolchain 1.83.0
[INFO] running `Command { std: CARGO_HOME="/workspace/cargo-home" RUSTUP_HOME="/workspace/rustup-home" "/workspace/cargo-home/bin/cargo" "+1.83.0" "metadata" "--manifest-path" "Cargo.toml" "--no-deps", kill_on_drop: false }`
[INFO] started tweaking git repo https://github.com/smtmfft/nitro-attestation
[INFO] finished tweaking git repo https://github.com/smtmfft/nitro-attestation
[INFO] tweaked toml for git repo https://github.com/smtmfft/nitro-attestation written to /workspace/builds/worker-1-tc1/source/Cargo.toml
[INFO] crate git repo https://github.com/smtmfft/nitro-attestation already has a lockfile, it will not be regenerated
[INFO] running `Command { std: CARGO_HOME="/workspace/cargo-home" RUSTUP_HOME="/workspace/rustup-home" "/workspace/cargo-home/bin/cargo" "+1.83.0" "fetch" "--manifest-path" "Cargo.toml", kill_on_drop: false }`
[INFO] [stderr]     Blocking waiting for file lock on package cache
[INFO] [stderr]     Updating crates.io index
[INFO] [stderr]     Blocking waiting for file lock on package cache
[INFO] [stderr]  Downloading crates ...
[INFO] [stderr]   Downloaded aws-credential-types v1.2.1
[INFO] [stderr]   Downloaded aws-smithy-runtime-api v1.7.3
[INFO] [stderr]   Downloaded aws-smithy-json v0.61.1
[INFO] [stderr]   Downloaded aws-smithy-http v0.60.11
[INFO] [stderr]   Downloaded aws-smithy-xml v0.60.9
[INFO] [stderr]   Downloaded aws-nitro-enclaves-cose v0.5.2
[INFO] [stderr]   Downloaded aws-nitro-enclaves-nsm-api v0.4.0
[INFO] [stderr]   Downloaded aws-sdk-sso v1.50.0
[INFO] [stderr]   Downloaded aws-sigv4 v1.2.6
[INFO] [stderr]   Downloaded aws-sdk-ssooidc v1.51.0
[INFO] [stderr]   Downloaded aws-config v1.5.10
[INFO] [stderr]   Downloaded aws-sdk-sts v1.51.0
[INFO] [stderr]   Downloaded aws-smithy-runtime v1.7.4
[INFO] [stderr]   Downloaded aws-runtime v1.4.4
[INFO] [stderr]   Downloaded aws-smithy-types v1.2.9
[INFO] [stderr]   Downloaded aws-sdk-kms v1.51.0
[INFO] running `Command { std: "docker" "create" "-v" "/var/lib/crater-agent-workspace/builds/worker-1-tc1/target:/opt/rustwide/target:rw,Z" "-v" "/var/lib/crater-agent-workspace/builds/worker-1-tc1/source:/opt/rustwide/workdir:ro,Z" "-v" "/var/lib/crater-agent-workspace/cargo-home:/opt/rustwide/cargo-home:ro,Z" "-v" "/var/lib/crater-agent-workspace/rustup-home:/opt/rustwide/rustup-home:ro,Z" "-e" "SOURCE_DIR=/opt/rustwide/workdir" "-e" "CARGO_TARGET_DIR=/opt/rustwide/target" "-e" "CARGO_HOME=/opt/rustwide/cargo-home" "-e" "RUSTUP_HOME=/opt/rustwide/rustup-home" "-w" "/opt/rustwide/workdir" "-m" "1610612736" "--user" "0:0" "--network" "none" "ghcr.io/rust-lang/crates-build-env/linux@sha256:f3a9d4ad9d972b27faf3965f35b62e55ba32bbce8f20bc8fe909558a86702fde" "/opt/rustwide/cargo-home/bin/cargo" "+1.83.0" "metadata" "--no-deps" "--format-version=1", kill_on_drop: false }`
[INFO] [stdout] 88bb08b07586663e9197ee929835ad76a74ecf20ddd8a556821cf2b90b802a05
[INFO] running `Command { std: "docker" "start" "-a" "88bb08b07586663e9197ee929835ad76a74ecf20ddd8a556821cf2b90b802a05", kill_on_drop: false }`
[INFO] running `Command { std: "docker" "inspect" "88bb08b07586663e9197ee929835ad76a74ecf20ddd8a556821cf2b90b802a05", kill_on_drop: false }`
[INFO] running `Command { std: "docker" "rm" "-f" "88bb08b07586663e9197ee929835ad76a74ecf20ddd8a556821cf2b90b802a05", kill_on_drop: false }`
[INFO] [stdout] 88bb08b07586663e9197ee929835ad76a74ecf20ddd8a556821cf2b90b802a05
[INFO] running `Command { std: "docker" "create" "-v" "/var/lib/crater-agent-workspace/builds/worker-1-tc1/target:/opt/rustwide/target:rw,Z" "-v" "/var/lib/crater-agent-workspace/builds/worker-1-tc1/source:/opt/rustwide/workdir:ro,Z" "-v" "/var/lib/crater-agent-workspace/cargo-home:/opt/rustwide/cargo-home:ro,Z" "-v" "/var/lib/crater-agent-workspace/rustup-home:/opt/rustwide/rustup-home:ro,Z" "-e" "SOURCE_DIR=/opt/rustwide/workdir" "-e" "CARGO_TARGET_DIR=/opt/rustwide/target" "-e" "CARGO_INCREMENTAL=0" "-e" "RUST_BACKTRACE=full" "-e" "RUSTFLAGS=--cap-lints=warn" "-e" "RUSTDOCFLAGS=--cap-lints=warn" "-e" "CARGO_HOME=/opt/rustwide/cargo-home" "-e" "RUSTUP_HOME=/opt/rustwide/rustup-home" "-w" "/opt/rustwide/workdir" "-m" "1610612736" "--user" "0:0" "--network" "none" "ghcr.io/rust-lang/crates-build-env/linux@sha256:f3a9d4ad9d972b27faf3965f35b62e55ba32bbce8f20bc8fe909558a86702fde" "/opt/rustwide/cargo-home/bin/cargo" "+1.83.0" "build" "--frozen" "--message-format=json", kill_on_drop: false }`
[INFO] [stdout] 7cf94204eefdf5aafa82ae067d8682971a8348544d60eacdf5f78caa3f9ba5bb
[INFO] running `Command { std: "docker" "start" "-a" "7cf94204eefdf5aafa82ae067d8682971a8348544d60eacdf5f78caa3f9ba5bb", kill_on_drop: false }`
[INFO] [stderr]    Compiling proc-macro2 v1.0.92
[INFO] [stderr]    Compiling unicode-ident v1.0.14
[INFO] [stderr]    Compiling autocfg v1.4.0
[INFO] [stderr]    Compiling libc v0.2.167
[INFO] [stderr]    Compiling fnv v1.0.7
[INFO] [stderr]    Compiling smallvec v1.13.2
[INFO] [stderr]    Compiling bytes v1.9.0
[INFO] [stderr]    Compiling pin-project-lite v0.2.15
[INFO] [stderr]    Compiling itoa v1.0.14
[INFO] [stderr]    Compiling futures-core v0.3.31
[INFO] [stderr]    Compiling pin-utils v0.1.0
[INFO] [stderr]    Compiling shlex v1.3.0
[INFO] [stderr]    Compiling once_cell v1.20.2
[INFO] [stderr]    Compiling futures-task v0.3.31
[INFO] [stderr]    Compiling futures-sink v0.3.31
[INFO] [stderr]    Compiling powerfmt v0.2.0
[INFO] [stderr]    Compiling time-core v0.1.2
[INFO] [stderr]    Compiling either v1.13.0
[INFO] [stderr]    Compiling vsimd v0.8.0
[INFO] [stderr]    Compiling outref v0.5.1
[INFO] [stderr]    Compiling num-conv v0.1.0
[INFO] [stderr]    Compiling typenum v1.17.0
[INFO] [stderr]    Compiling version_check v0.9.5
[INFO] [stderr]    Compiling cc v1.2.3
[INFO] [stderr]    Compiling futures-util v0.3.31
[INFO] [stderr]    Compiling untrusted v0.9.0
[INFO] [stderr]    Compiling stable_deref_trait v1.2.0
[INFO] [stderr]    Compiling tracing-core v0.1.33
[INFO] [stderr]    Compiling deranged v0.3.11
[INFO] [stderr]    Compiling log v0.4.22
[INFO] [stderr]    Compiling spin v0.9.8
[INFO] [stderr]    Compiling semver v1.0.23
[INFO] [stderr]    Compiling zeroize v1.8.1
[INFO] [stderr]    Compiling percent-encoding v2.3.1
[INFO] [stderr]    Compiling equivalent v1.0.1
[INFO] [stderr]    Compiling rustls v0.21.12
[INFO] [stderr]    Compiling generic-array v0.14.7
[INFO] [stderr]    Compiling httparse v1.9.5
[INFO] [stderr]    Compiling hashbrown v0.15.2
[INFO] [stderr]    Compiling try-lock v0.2.5
[INFO] [stderr]    Compiling lock_api v0.4.12
[INFO] [stderr]    Compiling num-traits v0.2.19
[INFO] [stderr]    Compiling slab v0.4.9
[INFO] [stderr]    Compiling subtle v2.6.1
[INFO] [stderr]    Compiling http v0.2.12
[INFO] [stderr]    Compiling http v1.2.0
[INFO] [stderr]    Compiling base64-simd v0.8.0
[INFO] [stderr]    Compiling bytes-utils v0.1.4
[INFO] [stderr]    Compiling time v0.3.37
[INFO] [stderr]    Compiling base64 v0.21.7
[INFO] [stderr]    Compiling quote v1.0.37
[INFO] [stderr]    Compiling rustc_version v0.4.1
[INFO] [stderr]    Compiling want v0.3.1
[INFO] [stderr]    Compiling futures-channel v0.3.31
[INFO] [stderr]    Compiling syn v2.0.90
[INFO] [stderr]    Compiling indexmap v2.7.0
[INFO] [stderr]    Compiling rustls-pemfile v1.0.4
[INFO] [stderr]    Compiling httpdate v1.0.3
[INFO] [stderr]    Compiling serde v1.0.215
[INFO] [stderr]    Compiling openssl-probe v0.1.5
[INFO] [stderr]    Compiling tower-service v0.3.3
[INFO] [stderr]    Compiling litemap v0.7.4
[INFO] [stderr]    Compiling writeable v0.5.5
[INFO] [stderr]    Compiling rustls-native-certs v0.6.3
[INFO] [stderr]    Compiling aws-types v1.3.3
[INFO] [stderr]    Compiling form_urlencoded v1.2.1
[INFO] [stderr]    Compiling cpufeatures v0.2.16
[INFO] [stderr]    Compiling icu_locid_transform_data v1.5.0
[INFO] [stderr]    Compiling http-body v1.0.1
[INFO] [stderr]    Compiling hex v0.4.3
[INFO] [stderr]    Compiling fastrand v2.2.0
[INFO] [stderr]    Compiling icu_properties_data v1.5.0
[INFO] [stderr]    Compiling pkg-config v0.3.31
[INFO] [stderr]    Compiling http-body v0.4.6
[INFO] [stderr]    Compiling strsim v0.11.1
[INFO] [stderr]    Compiling vcpkg v0.2.15
[INFO] [stderr]    Compiling num-integer v0.1.46
[INFO] [stderr]    Compiling ident_case v1.0.1
[INFO] [stderr]    Compiling uuid v1.11.0
[INFO] [stderr]    Compiling utf16_iter v1.0.5
[INFO] [stderr]    Compiling icu_normalizer_data v1.5.0
[INFO] [stderr]    Compiling ring v0.17.8
[INFO] [stderr]    Compiling utf8_iter v1.0.4
[INFO] [stderr]    Compiling write16 v1.0.0
[INFO] [stderr]    Compiling regex-lite v0.1.6
[INFO] [stderr]    Compiling memoffset v0.9.1
[INFO] [stderr]    Compiling memoffset v0.7.1
[INFO] [stderr]    Compiling cfg_aliases v0.2.1
[INFO] [stderr]    Compiling bitflags v2.6.0
[INFO] [stderr]    Compiling crypto-common v0.1.6
[INFO] [stderr]    Compiling http-body-util v0.1.2
[INFO] [stderr]    Compiling block-buffer v0.10.4
[INFO] [stderr]    Compiling nix v0.29.0
[INFO] [stderr]    Compiling half v1.8.3
[INFO] [stderr]    Compiling xmlparser v0.13.6
[INFO] [stderr]    Compiling urlencoding v2.1.3
[INFO] [stderr]    Compiling openssl v0.10.68
[INFO] [stderr]    Compiling digest v0.10.7
[INFO] [stderr]    Compiling foreign-types-shared v0.1.1
[INFO] [stderr]    Compiling anyhow v1.0.94
[INFO] [stderr]    Compiling foreign-types v0.3.2
[INFO] [stderr]    Compiling serde_json v1.0.133
[INFO] [stderr]    Compiling overload v0.1.1
[INFO] [stderr]    Compiling sharded-slab v0.1.7
[INFO] [stderr]    Compiling nu-ansi-term v0.46.0
[INFO] [stderr]    Compiling hmac v0.12.1
[INFO] [stderr]    Compiling sha2 v0.10.8
[INFO] [stderr]    Compiling tracing-log v0.2.0
[INFO] [stderr]    Compiling thread_local v1.1.8
[INFO] [stderr]    Compiling openssl-sys v0.9.104
[INFO] [stderr]    Compiling iana-time-zone v0.1.61
[INFO] [stderr]    Compiling parking_lot_core v0.9.10
[INFO] [stderr]    Compiling signal-hook-registry v1.4.2
[INFO] [stderr]    Compiling socket2 v0.5.8
[INFO] [stderr]    Compiling mio v1.0.3
[INFO] [stderr]    Compiling getrandom v0.2.15
[INFO] [stderr]    Compiling parking_lot v0.12.3
[INFO] [stderr]    Compiling aws-smithy-xml v0.60.9
[INFO] [stderr]    Compiling nix v0.26.4
[INFO] [stderr]    Compiling memchr v2.7.4
[INFO] [stderr]    Compiling tracing-subscriber v0.3.19
[INFO] [stderr]    Compiling chrono v0.4.39
[INFO] [stderr]    Compiling host v0.1.0 (/opt/rustwide/workdir/host)
[INFO] [stderr]    Compiling synstructure v0.13.1
[INFO] [stderr]    Compiling darling_core v0.20.10
[INFO] [stderr]    Compiling rustls-webpki v0.101.7
[INFO] [stderr]    Compiling sct v0.7.1
[INFO] [stderr]    Compiling tokio-macros v2.4.0
[INFO] [stderr]    Compiling tracing-attributes v0.1.28
[INFO] [stderr]    Compiling zerofrom-derive v0.1.5
[INFO] [stderr]    Compiling yoke-derive v0.7.5
[INFO] [stderr]    Compiling zerovec-derive v0.10.3
[INFO] [stderr]    Compiling displaydoc v0.2.5
[INFO] [stderr]    Compiling serde_derive v1.0.215
[INFO] [stderr]    Compiling icu_provider_macros v1.5.0
[INFO] [stderr]    Compiling openssl-macros v0.1.1
[INFO] [stderr]    Compiling serde_repr v0.1.19
[INFO] [stderr]    Compiling tokio v1.42.0
[INFO] [stderr]    Compiling zerofrom v0.1.5
[INFO] [stderr]    Compiling yoke v0.7.5
[INFO] [stderr]    Compiling darling_macro v0.20.10
[INFO] [stderr]    Compiling tracing v0.1.41
[INFO] [stderr]    Compiling zerovec v0.10.4
[INFO] [stderr]    Compiling darling v0.20.10
[INFO] [stderr]    Compiling serde_with_macros v3.11.0
[INFO] [stderr]    Compiling tinystr v0.7.6
[INFO] [stderr]    Compiling icu_collections v1.5.0
[INFO] [stderr]    Compiling icu_locid v1.5.0
[INFO] [stderr]    Compiling icu_provider v1.5.0
[INFO] [stderr]    Compiling icu_locid_transform v1.5.0
[INFO] [stderr]    Compiling icu_properties v1.5.1
[INFO] [stderr]    Compiling tokio-util v0.7.13
[INFO] [stderr]    Compiling aws-smithy-async v1.2.1
[INFO] [stderr]    Compiling tokio-rustls v0.24.1
[INFO] [stderr]    Compiling serde_cbor v0.11.2
[INFO] [stderr]    Compiling serde_bytes v0.11.15
[INFO] [stderr]    Compiling serde_with v3.11.0
[INFO] [stderr]    Compiling bincode v1.3.3
[INFO] [stderr]    Compiling aws-smithy-types v1.2.9
[INFO] [stderr]    Compiling h2 v0.3.26
[INFO] [stderr]    Compiling icu_normalizer v1.5.0
[INFO] [stderr]    Compiling aws-nitro-enclaves-nsm-api v0.4.0
[INFO] [stderr]    Compiling idna_adapter v1.2.0
[INFO] [stderr]    Compiling idna v1.0.3
[INFO] [stderr]    Compiling aws-smithy-runtime-api v1.7.3
[INFO] [stderr]    Compiling aws-smithy-json v0.61.1
[INFO] [stderr]    Compiling aws-smithy-query v0.60.7
[INFO] [stderr]    Compiling aws-smithy-json v0.60.7
[INFO] [stderr]    Compiling url v2.5.4
[INFO] [stderr]    Compiling aws-nitro-enclaves-cose v0.5.2
[INFO] [stderr]    Compiling aws-credential-types v1.2.1
[INFO] [stderr]    Compiling aws-smithy-http v0.60.11
[INFO] [stderr]    Compiling aws-sigv4 v1.2.6
[INFO] [stderr]    Compiling hyper v0.14.31
[INFO] [stderr]    Compiling hyper-rustls v0.24.2
[INFO] [stderr]    Compiling aws-smithy-runtime v1.7.4
[INFO] [stderr]    Compiling aws-runtime v1.4.4
[INFO] [stderr]    Compiling aws-sdk-sts v1.51.0
[INFO] [stderr]    Compiling aws-sdk-sso v1.50.0
[INFO] [stderr]    Compiling aws-sdk-ssooidc v1.51.0
[INFO] [stderr]    Compiling aws-sdk-kms v1.51.0
[INFO] [stderr]    Compiling aws-config v1.5.10
[INFO] [stderr]    Compiling nitro-attest v0.1.0 (/opt/rustwide/workdir/guest)
[INFO] [stdout] warning: method `send_file` is never used
[INFO] [stdout]   --> guest/src/attest/vsock_client.rs:61:12
[INFO] [stdout]    |
[INFO] [stdout] 21 | impl VsockClient {
[INFO] [stdout]    | ---------------- method in this implementation
[INFO] [stdout] ...
[INFO] [stdout] 61 |     pub fn send_file(&self, path: PathBuf) -> std::io::Result<()> {
[INFO] [stdout]    |            ^^^^^^^^^
[INFO] [stdout]    |
[INFO] [stdout]    = note: `#[warn(dead_code)]` on by default
[INFO] [stdout] 
[INFO] [stdout] 
[INFO] [stdout] warning: variant `FileTransfer` is never constructed
[INFO] [stdout]  --> guest/src/attest/vsock_protocol.rs:8:5
[INFO] [stdout]   |
[INFO] [stdout] 6 | pub enum MessageType {
[INFO] [stdout]   |          ----------- variant in this enum
[INFO] [stdout] 7 |     Log = 1,
[INFO] [stdout] 8 |     FileTransfer = 2,
[INFO] [stdout]   |     ^^^^^^^^^^^^
[INFO] [stdout]   |
[INFO] [stdout]   = note: `MessageType` has derived impls for the traits `Clone` and `Debug`, but these are intentionally ignored during dead code analysis
[INFO] [stdout] 
[INFO] [stdout] 
[INFO] [stdout] warning: associated function `read_from` is never used
[INFO] [stdout]   --> guest/src/attest/vsock_protocol.rs:32:12
[INFO] [stdout]    |
[INFO] [stdout] 17 | impl ProtocolHeader {
[INFO] [stdout]    | ------------------- associated function in this implementation
[INFO] [stdout] ...
[INFO] [stdout] 32 |     pub fn read_from(fd: RawFd) -> io::Result<Option<Self>> {
[INFO] [stdout]    |            ^^^^^^^^^
[INFO] [stdout] 
[INFO] [stdout] 
[INFO] [stdout] warning: function `read_exact` is never used
[INFO] [stdout]   --> guest/src/attest/vsock_protocol.rs:53:8
[INFO] [stdout]    |
[INFO] [stdout] 53 | pub fn read_exact(fd: RawFd, buf: &mut [u8]) -> io::Result<usize> {
[INFO] [stdout]    |        ^^^^^^^^^^
[INFO] [stdout] 
[INFO] [stdout] 
[INFO] [stdout] warning: function `send_message` is never used
[INFO] [stdout]   --> guest/src/attest/vsock_protocol.rs:65:8
[INFO] [stdout]    |
[INFO] [stdout] 65 | pub fn send_message(fd: RawFd, msg_type: MessageType, payload: &[u8]) -> io::Result<()> {
[INFO] [stdout]    |        ^^^^^^^^^^^^
[INFO] [stdout] 
[INFO] [stdout] 
[INFO] [stdout] warning: function `read_message` is never used
[INFO] [stdout]   --> guest/src/attest/vsock_protocol.rs:80:8
[INFO] [stdout]    |
[INFO] [stdout] 80 | pub fn read_message(fd: RawFd) -> io::Result<Option<(MessageType, Vec<u8>)>> {
[INFO] [stdout]    |        ^^^^^^^^^^^^
[INFO] [stdout] 
[INFO] [stdout] 
[INFO] [stderr]     Finished `dev` profile [unoptimized + debuginfo] target(s) in 2m 02s
[INFO] running `Command { std: "docker" "inspect" "7cf94204eefdf5aafa82ae067d8682971a8348544d60eacdf5f78caa3f9ba5bb", kill_on_drop: false }`
[INFO] running `Command { std: "docker" "rm" "-f" "7cf94204eefdf5aafa82ae067d8682971a8348544d60eacdf5f78caa3f9ba5bb", kill_on_drop: false }`
[INFO] [stdout] 7cf94204eefdf5aafa82ae067d8682971a8348544d60eacdf5f78caa3f9ba5bb
[INFO] running `Command { std: "docker" "create" "-v" "/var/lib/crater-agent-workspace/builds/worker-1-tc1/target:/opt/rustwide/target:rw,Z" "-v" "/var/lib/crater-agent-workspace/builds/worker-1-tc1/source:/opt/rustwide/workdir:ro,Z" "-v" "/var/lib/crater-agent-workspace/cargo-home:/opt/rustwide/cargo-home:ro,Z" "-v" "/var/lib/crater-agent-workspace/rustup-home:/opt/rustwide/rustup-home:ro,Z" "-e" "SOURCE_DIR=/opt/rustwide/workdir" "-e" "CARGO_TARGET_DIR=/opt/rustwide/target" "-e" "CARGO_INCREMENTAL=0" "-e" "RUST_BACKTRACE=full" "-e" "RUSTFLAGS=--cap-lints=warn" "-e" "RUSTDOCFLAGS=--cap-lints=warn" "-e" "CARGO_HOME=/opt/rustwide/cargo-home" "-e" "RUSTUP_HOME=/opt/rustwide/rustup-home" "-w" "/opt/rustwide/workdir" "-m" "1610612736" "--user" "0:0" "--network" "none" "ghcr.io/rust-lang/crates-build-env/linux@sha256:f3a9d4ad9d972b27faf3965f35b62e55ba32bbce8f20bc8fe909558a86702fde" "/opt/rustwide/cargo-home/bin/cargo" "+1.83.0" "test" "--frozen" "--no-run" "--message-format=json", kill_on_drop: false }`
[INFO] [stdout] bb836685a3bbf6a46945bf2979d5ad4625640414813a6b74973ee611ba992139
[INFO] running `Command { std: "docker" "start" "-a" "bb836685a3bbf6a46945bf2979d5ad4625640414813a6b74973ee611ba992139", kill_on_drop: false }`
[INFO] [stderr]    Compiling host v0.1.0 (/opt/rustwide/workdir/host)
[INFO] [stderr]    Compiling nitro-attest v0.1.0 (/opt/rustwide/workdir/guest)
[INFO] [stdout] warning: method `send_file` is never used
[INFO] [stdout]   --> guest/src/attest/vsock_client.rs:61:12
[INFO] [stdout]    |
[INFO] [stdout] 21 | impl VsockClient {
[INFO] [stdout]    | ---------------- method in this implementation
[INFO] [stdout] ...
[INFO] [stdout] 61 |     pub fn send_file(&self, path: PathBuf) -> std::io::Result<()> {
[INFO] [stdout]    |            ^^^^^^^^^
[INFO] [stdout]    |
[INFO] [stdout]    = note: `#[warn(dead_code)]` on by default
[INFO] [stdout] 
[INFO] [stdout] 
[INFO] [stdout] warning: variant `FileTransfer` is never constructed
[INFO] [stdout]  --> guest/src/attest/vsock_protocol.rs:8:5
[INFO] [stdout]   |
[INFO] [stdout] 6 | pub enum MessageType {
[INFO] [stdout]   |          ----------- variant in this enum
[INFO] [stdout] 7 |     Log = 1,
[INFO] [stdout] 8 |     FileTransfer = 2,
[INFO] [stdout]   |     ^^^^^^^^^^^^
[INFO] [stdout]   |
[INFO] [stdout]   = note: `MessageType` has derived impls for the traits `Clone` and `Debug`, but these are intentionally ignored during dead code analysis
[INFO] [stdout] 
[INFO] [stdout] 
[INFO] [stdout] warning: associated function `read_from` is never used
[INFO] [stdout]   --> guest/src/attest/vsock_protocol.rs:32:12
[INFO] [stdout]    |
[INFO] [stdout] 17 | impl ProtocolHeader {
[INFO] [stdout]    | ------------------- associated function in this implementation
[INFO] [stdout] ...
[INFO] [stdout] 32 |     pub fn read_from(fd: RawFd) -> io::Result<Option<Self>> {
[INFO] [stdout]    |            ^^^^^^^^^
[INFO] [stdout] 
[INFO] [stdout] 
[INFO] [stdout] warning: function `read_exact` is never used
[INFO] [stdout]   --> guest/src/attest/vsock_protocol.rs:53:8
[INFO] [stdout]    |
[INFO] [stdout] 53 | pub fn read_exact(fd: RawFd, buf: &mut [u8]) -> io::Result<usize> {
[INFO] [stdout]    |        ^^^^^^^^^^
[INFO] [stdout] 
[INFO] [stdout] 
[INFO] [stdout] warning: function `send_message` is never used
[INFO] [stdout]   --> guest/src/attest/vsock_protocol.rs:65:8
[INFO] [stdout]    |
[INFO] [stdout] 65 | pub fn send_message(fd: RawFd, msg_type: MessageType, payload: &[u8]) -> io::Result<()> {
[INFO] [stdout]    |        ^^^^^^^^^^^^
[INFO] [stdout] 
[INFO] [stdout] 
[INFO] [stdout] warning: function `read_message` is never used
[INFO] [stdout]   --> guest/src/attest/vsock_protocol.rs:80:8
[INFO] [stdout]    |
[INFO] [stdout] 80 | pub fn read_message(fd: RawFd) -> io::Result<Option<(MessageType, Vec<u8>)>> {
[INFO] [stdout]    |        ^^^^^^^^^^^^
[INFO] [stdout] 
[INFO] [stdout] 
[INFO] [stderr]     Finished `test` profile [unoptimized + debuginfo] target(s) in 1.58s
[INFO] running `Command { std: "docker" "inspect" "bb836685a3bbf6a46945bf2979d5ad4625640414813a6b74973ee611ba992139", kill_on_drop: false }`
[INFO] running `Command { std: "docker" "rm" "-f" "bb836685a3bbf6a46945bf2979d5ad4625640414813a6b74973ee611ba992139", kill_on_drop: false }`
[INFO] [stdout] bb836685a3bbf6a46945bf2979d5ad4625640414813a6b74973ee611ba992139
[INFO] running `Command { std: "docker" "create" "-v" "/var/lib/crater-agent-workspace/builds/worker-1-tc1/target:/opt/rustwide/target:rw,Z" "-v" "/var/lib/crater-agent-workspace/builds/worker-1-tc1/source:/opt/rustwide/workdir:ro,Z" "-v" "/var/lib/crater-agent-workspace/cargo-home:/opt/rustwide/cargo-home:ro,Z" "-v" "/var/lib/crater-agent-workspace/rustup-home:/opt/rustwide/rustup-home:ro,Z" "-e" "SOURCE_DIR=/opt/rustwide/workdir" "-e" "CARGO_TARGET_DIR=/opt/rustwide/target" "-e" "CARGO_INCREMENTAL=0" "-e" "RUST_BACKTRACE=full" "-e" "RUSTFLAGS=--cap-lints=warn" "-e" "RUSTDOCFLAGS=--cap-lints=warn" "-e" "CARGO_HOME=/opt/rustwide/cargo-home" "-e" "RUSTUP_HOME=/opt/rustwide/rustup-home" "-w" "/opt/rustwide/workdir" "-m" "1610612736" "--user" "0:0" "--network" "none" "ghcr.io/rust-lang/crates-build-env/linux@sha256:f3a9d4ad9d972b27faf3965f35b62e55ba32bbce8f20bc8fe909558a86702fde" "/opt/rustwide/cargo-home/bin/cargo" "+1.83.0" "test" "--frozen", kill_on_drop: false }`
[INFO] [stdout] a2145ecfae69db0bb268a6a6b5af46fbe63d93095e90a940d1d5ecb3f0e1f55f
[INFO] running `Command { std: "docker" "start" "-a" "a2145ecfae69db0bb268a6a6b5af46fbe63d93095e90a940d1d5ecb3f0e1f55f", kill_on_drop: false }`
[INFO] [stderr] warning: method `send_file` is never used
[INFO] [stderr]   --> guest/src/attest/vsock_client.rs:61:12
[INFO] [stderr]    |
[INFO] [stderr] 21 | impl VsockClient {
[INFO] [stderr]    | ---------------- method in this implementation
[INFO] [stderr] ...
[INFO] [stderr] 61 |     pub fn send_file(&self, path: PathBuf) -> std::io::Result<()> {
[INFO] [stderr]    |            ^^^^^^^^^
[INFO] [stderr]    |
[INFO] [stderr]    = note: `#[warn(dead_code)]` on by default
[INFO] [stderr] 
[INFO] [stderr] warning: variant `FileTransfer` is never constructed
[INFO] [stderr]  --> guest/src/attest/vsock_protocol.rs:8:5
[INFO] [stderr]   |
[INFO] [stderr] 6 | pub enum MessageType {
[INFO] [stderr]   |          ----------- variant in this enum
[INFO] [stderr] 7 |     Log = 1,
[INFO] [stderr] 8 |     FileTransfer = 2,
[INFO] [stderr]   |     ^^^^^^^^^^^^
[INFO] [stderr]   |
[INFO] [stderr]   = note: `MessageType` has derived impls for the traits `Clone` and `Debug`, but these are intentionally ignored during dead code analysis
[INFO] [stderr] 
[INFO] [stderr] warning: associated function `read_from` is never used
[INFO] [stderr]   --> guest/src/attest/vsock_protocol.rs:32:12
[INFO] [stderr]    |
[INFO] [stderr] 17 | impl ProtocolHeader {
[INFO] [stderr]    | ------------------- associated function in this implementation
[INFO] [stderr] ...
[INFO] [stderr] 32 |     pub fn read_from(fd: RawFd) -> io::Result<Option<Self>> {
[INFO] [stderr]    |            ^^^^^^^^^
[INFO] [stderr] 
[INFO] [stderr] warning: function `read_exact` is never used
[INFO] [stderr]   --> guest/src/attest/vsock_protocol.rs:53:8
[INFO] [stderr]    |
[INFO] [stderr] 53 | pub fn read_exact(fd: RawFd, buf: &mut [u8]) -> io::Result<usize> {
[INFO] [stderr]    |        ^^^^^^^^^^
[INFO] [stderr] 
[INFO] [stderr] warning: function `send_message` is never used
[INFO] [stderr]   --> guest/src/attest/vsock_protocol.rs:65:8
[INFO] [stderr]    |
[INFO] [stderr] 65 | pub fn send_message(fd: RawFd, msg_type: MessageType, payload: &[u8]) -> io::Result<()> {
[INFO] [stderr]    |        ^^^^^^^^^^^^
[INFO] [stderr] 
[INFO] [stderr] warning: function `read_message` is never used
[INFO] [stderr]   --> guest/src/attest/vsock_protocol.rs:80:8
[INFO] [stderr]    |
[INFO] [stderr] 80 | pub fn read_message(fd: RawFd) -> io::Result<Option<(MessageType, Vec<u8>)>> {
[INFO] [stderr]    |        ^^^^^^^^^^^^
[INFO] [stderr] 
[INFO] [stderr] warning: `nitro-attest` (bin "nitro-attest" test) generated 6 warnings
[INFO] [stderr]     Finished `test` profile [unoptimized + debuginfo] target(s) in 0.25s
[INFO] [stderr]      Running unittests src/main.rs (/opt/rustwide/target/debug/deps/host-78af77379489b26b)
[INFO] [stdout] 
[INFO] [stdout] running 0 tests
[INFO] [stdout] 
[INFO] [stdout] test result: ok. 0 passed; 0 failed; 0 ignored; 0 measured; 0 filtered out; finished in 0.00s
[INFO] [stderr]      Running unittests src/main.rs (/opt/rustwide/target/debug/deps/nitro_attest-70a13f175e12c957)
[INFO] [stdout] 
[INFO] [stdout] 
[INFO] [stdout] running 1 test
[INFO] [stdout] test attest::test::test_get_pcr0 ... FAILED
[INFO] [stderr] error: test failed, to rerun pass `-p nitro-attest --bin nitro-attest`
[INFO] [stdout] 
[INFO] [stdout] failures:
[INFO] [stdout] 
[INFO] [stdout] ---- attest::test::test_get_pcr0 stdout ----
[INFO] [stdout] thread 'attest::test::test_get_pcr0' panicked at guest/src/attest/mod.rs:35:14:
[INFO] [stdout] nsm driver returned invalid response: Error(InternalError)
[INFO] [stdout] stack backtrace:
[INFO] [stdout]    0:     0x5c3b4f709a3a - std::backtrace_rs::backtrace::libunwind::trace::h5a5b8284f2d0c266
[INFO] [stdout]                                at /rustc/90b35a6239c3d8bdabc530a6a0816f7ff89a0aaf/library/std/src/../../backtrace/src/backtrace/libunwind.rs:116:5
[INFO] [stdout]    1:     0x5c3b4f709a3a - std::backtrace_rs::backtrace::trace_unsynchronized::h76d4f1c9b0b875e3
[INFO] [stdout]                                at /rustc/90b35a6239c3d8bdabc530a6a0816f7ff89a0aaf/library/std/src/../../backtrace/src/backtrace/mod.rs:66:5
[INFO] [stdout]    2:     0x5c3b4f709a3a - std::sys::backtrace::_print_fmt::hc4546b8364a537c6
[INFO] [stdout]                                at /rustc/90b35a6239c3d8bdabc530a6a0816f7ff89a0aaf/library/std/src/sys/backtrace.rs:66:9
[INFO] [stdout]    3:     0x5c3b4f709a3a - <std::sys::backtrace::BacktraceLock::print::DisplayBacktrace as core::fmt::Display>::fmt::h5b6bd5631a6d1f6b
[INFO] [stdout]                                at /rustc/90b35a6239c3d8bdabc530a6a0816f7ff89a0aaf/library/std/src/sys/backtrace.rs:39:26
[INFO] [stdout]    4:     0x5c3b4f72f4d3 - core::fmt::rt::Argument::fmt::h270f6602a2b96f62
[INFO] [stdout]                                at /rustc/90b35a6239c3d8bdabc530a6a0816f7ff89a0aaf/library/core/src/fmt/rt.rs:177:76
[INFO] [stdout]    5:     0x5c3b4f72f4d3 - core::fmt::write::h7550c97b06c86515
[INFO] [stdout]                                at /rustc/90b35a6239c3d8bdabc530a6a0816f7ff89a0aaf/library/core/src/fmt/mod.rs:1186:21
[INFO] [stdout]    6:     0x5c3b4f706a33 - std::io::Write::write_fmt::h509ff860e5956e5e
[INFO] [stdout]                                at /rustc/90b35a6239c3d8bdabc530a6a0816f7ff89a0aaf/library/std/src/io/mod.rs:1839:15
[INFO] [stdout]    7:     0x5c3b4f709882 - std::sys::backtrace::BacktraceLock::print::h2395ccd2c84ba3aa
[INFO] [stdout]                                at /rustc/90b35a6239c3d8bdabc530a6a0816f7ff89a0aaf/library/std/src/sys/backtrace.rs:42:9
[INFO] [stdout]    8:     0x5c3b4f70ae9a - std::panicking::default_hook::{{closure}}::he19d4c7230e07961
[INFO] [stdout]                                at /rustc/90b35a6239c3d8bdabc530a6a0816f7ff89a0aaf/library/std/src/panicking.rs:268:22
[INFO] [stdout]    9:     0x5c3b4f70aca4 - std::panicking::default_hook::hf614597d3c67bbdb
[INFO] [stdout]                                at /rustc/90b35a6239c3d8bdabc530a6a0816f7ff89a0aaf/library/std/src/panicking.rs:292:9
[INFO] [stdout]   10:     0x5c3b4f5fe6f9 - <alloc::boxed::Box<F,A> as core::ops::function::Fn<Args>>::call::h39b51ce4599c23d1
[INFO] [stdout]                                at /rustc/90b35a6239c3d8bdabc530a6a0816f7ff89a0aaf/library/alloc/src/boxed.rs:2468:9
[INFO] [stdout]   11:     0x5c3b4f5fe6f9 - test::test_main::{{closure}}::he977ae839a582784
[INFO] [stdout]                                at /rustc/90b35a6239c3d8bdabc530a6a0816f7ff89a0aaf/library/test/src/lib.rs:133:21
[INFO] [stdout]   12:     0x5c3b4f70b538 - <alloc::boxed::Box<F,A> as core::ops::function::Fn<Args>>::call::h9455091b6b06f9fb
[INFO] [stdout]                                at /rustc/90b35a6239c3d8bdabc530a6a0816f7ff89a0aaf/library/alloc/src/boxed.rs:2468:9
[INFO] [stdout]   13:     0x5c3b4f70b538 - std::panicking::rust_panic_with_hook::h8942133a8b252070
[INFO] [stdout]                                at /rustc/90b35a6239c3d8bdabc530a6a0816f7ff89a0aaf/library/std/src/panicking.rs:809:13
[INFO] [stdout]   14:     0x5c3b4f70b2fa - std::panicking::begin_panic_handler::{{closure}}::hb5f5963570096b29
[INFO] [stdout]                                at /rustc/90b35a6239c3d8bdabc530a6a0816f7ff89a0aaf/library/std/src/panicking.rs:674:13
[INFO] [stdout]   15:     0x5c3b4f709f19 - std::sys::backtrace::__rust_end_short_backtrace::h6208cedc1922feda
[INFO] [stdout]                                at /rustc/90b35a6239c3d8bdabc530a6a0816f7ff89a0aaf/library/std/src/sys/backtrace.rs:170:18
[INFO] [stdout]   16:     0x5c3b4f70af8c - rust_begin_unwind
[INFO] [stdout]                                at /rustc/90b35a6239c3d8bdabc530a6a0816f7ff89a0aaf/library/std/src/panicking.rs:665:5
[INFO] [stdout]   17:     0x5c3b4f5c2a60 - core::panicking::panic_fmt::h0c3082644d1bf418
[INFO] [stdout]                                at /rustc/90b35a6239c3d8bdabc530a6a0816f7ff89a0aaf/library/core/src/panicking.rs:74:14
[INFO] [stdout]   18:     0x5c3b4f5c61c4 - nitro_attest::attest::get_pcr::h2843ee4fb7a8b291
[INFO] [stdout]                                at /opt/rustwide/workdir/guest/src/attest/mod.rs:35:14
[INFO] [stdout]   19:     0x5c3b4f5c6293 - nitro_attest::attest::test::test_get_pcr0::h12150596298facfe
[INFO] [stdout]                                at /opt/rustwide/workdir/guest/src/attest/mod.rs:45:20
[INFO] [stdout]   20:     0x5c3b4f5c6267 - nitro_attest::attest::test::test_get_pcr0::{{closure}}::h50998d2f4e79ffa5
[INFO] [stdout]                                at /opt/rustwide/workdir/guest/src/attest/mod.rs:44:23
[INFO] [stdout]   21:     0x5c3b4f5c38d6 - core::ops::function::FnOnce::call_once::h80ebb453b2c5dd31
[INFO] [stdout]                                at /rustc/90b35a6239c3d8bdabc530a6a0816f7ff89a0aaf/library/core/src/ops/function.rs:250:5
[INFO] [stdout]   22:     0x5c3b4f6030bb - core::ops::function::FnOnce::call_once::h109cf8051a59b34e
[INFO] [stdout]                                at /rustc/90b35a6239c3d8bdabc530a6a0816f7ff89a0aaf/library/core/src/ops/function.rs:250:5
[INFO] [stdout]   23:     0x5c3b4f6030bb - test::__rust_begin_short_backtrace::hf4fff89d377446ba
[INFO] [stdout]                                at /rustc/90b35a6239c3d8bdabc530a6a0816f7ff89a0aaf/library/test/src/lib.rs:621:18
[INFO] [stdout]   24:     0x5c3b4f6028f7 - test::run_test_in_process::{{closure}}::h0e39181dd7ee5a43
[INFO] [stdout]                                at /rustc/90b35a6239c3d8bdabc530a6a0816f7ff89a0aaf/library/test/src/lib.rs:644:60
[INFO] [stdout]   25:     0x5c3b4f6028f7 - <core::panic::unwind_safe::AssertUnwindSafe<F> as core::ops::function::FnOnce<()>>::call_once::hc5a66a30f0bdfd1f
[INFO] [stdout]                                at /rustc/90b35a6239c3d8bdabc530a6a0816f7ff89a0aaf/library/core/src/panic/unwind_safe.rs:272:9
[INFO] [stdout]   26:     0x5c3b4f6028f7 - std::panicking::try::do_call::h873b7cf639554a5e
[INFO] [stdout]                                at /rustc/90b35a6239c3d8bdabc530a6a0816f7ff89a0aaf/library/std/src/panicking.rs:557:40
[INFO] [stdout]   27:     0x5c3b4f6028f7 - std::panicking::try::hdb19862fad9c8bd1
[INFO] [stdout]                                at /rustc/90b35a6239c3d8bdabc530a6a0816f7ff89a0aaf/library/std/src/panicking.rs:520:19
[INFO] [stdout]   28:     0x5c3b4f6028f7 - std::panic::catch_unwind::h281fe732d236d260
[INFO] [stdout]                                at /rustc/90b35a6239c3d8bdabc530a6a0816f7ff89a0aaf/library/std/src/panic.rs:358:14
[INFO] [stdout]   29:     0x5c3b4f6028f7 - test::run_test_in_process::h949b6df8457ed338
[INFO] [stdout]                                at /rustc/90b35a6239c3d8bdabc530a6a0816f7ff89a0aaf/library/test/src/lib.rs:644:27
[INFO] [stdout]   30:     0x5c3b4f6028f7 - test::run_test::{{closure}}::h52c556a6d4740e10
[INFO] [stdout]                                at /rustc/90b35a6239c3d8bdabc530a6a0816f7ff89a0aaf/library/test/src/lib.rs:565:43
[INFO] [stdout]   31:     0x5c3b4f5c7bd4 - test::run_test::{{closure}}::h4237f6381c45ccb9
[INFO] [stdout]                                at /rustc/90b35a6239c3d8bdabc530a6a0816f7ff89a0aaf/library/test/src/lib.rs:595:41
[INFO] [stdout]   32:     0x5c3b4f5c7bd4 - std::sys::backtrace::__rust_begin_short_backtrace::h505c97a579eca628
[INFO] [stdout]                                at /rustc/90b35a6239c3d8bdabc530a6a0816f7ff89a0aaf/library/std/src/sys/backtrace.rs:154:18
[INFO] [stdout]   33:     0x5c3b4f5cb29e - std::thread::Builder::spawn_unchecked_::{{closure}}::{{closure}}::h9e86b2e2bc107ea3
[INFO] [stdout]                                at /rustc/90b35a6239c3d8bdabc530a6a0816f7ff89a0aaf/library/std/src/thread/mod.rs:538:17
[INFO] [stdout]   34:     0x5c3b4f5cb29e - <core::panic::unwind_safe::AssertUnwindSafe<F> as core::ops::function::FnOnce<()>>::call_once::h8b06ddb275ff4a25
[INFO] [stdout]                                at /rustc/90b35a6239c3d8bdabc530a6a0816f7ff89a0aaf/library/core/src/panic/unwind_safe.rs:272:9
[INFO] [stdout]   35:     0x5c3b4f5cb29e - std::panicking::try::do_call::hb26ecd7cd9a9355d
[INFO] [stdout]                                at /rustc/90b35a6239c3d8bdabc530a6a0816f7ff89a0aaf/library/std/src/panicking.rs:557:40
[INFO] [stdout]   36:     0x5c3b4f5cb29e - std::panicking::try::h8ddeca9d705f9069
[INFO] [stdout]                                at /rustc/90b35a6239c3d8bdabc530a6a0816f7ff89a0aaf/library/std/src/panicking.rs:520:19
[INFO] [stdout]   37:     0x5c3b4f5cb29e - std::panic::catch_unwind::h49e1c33078844c46
[INFO] [stdout]                                at /rustc/90b35a6239c3d8bdabc530a6a0816f7ff89a0aaf/library/std/src/panic.rs:358:14
[INFO] [stdout]   38:     0x5c3b4f5cb29e - std::thread::Builder::spawn_unchecked_::{{closure}}::h6073db6ff56ad35d
[INFO] [stdout]                                at /rustc/90b35a6239c3d8bdabc530a6a0816f7ff89a0aaf/library/std/src/thread/mod.rs:537:30
[INFO] [stdout]   39:     0x5c3b4f5cb29e - core::ops::function::FnOnce::call_once{{vtable.shim}}::h2c5a5f3779c774f1
[INFO] [stdout]                                at /rustc/90b35a6239c3d8bdabc530a6a0816f7ff89a0aaf/library/core/src/ops/function.rs:250:5
[INFO] [stdout]   40:     0x5c3b4f70f29b - <alloc::boxed::Box<F,A> as core::ops::function::FnOnce<Args>>::call_once::hf75717d9f28faebf
[INFO] [stdout]                                at /rustc/90b35a6239c3d8bdabc530a6a0816f7ff89a0aaf/library/alloc/src/boxed.rs:2454:9
[INFO] [stdout]   41:     0x5c3b4f70f29b - <alloc::boxed::Box<F,A> as core::ops::function::FnOnce<Args>>::call_once::h7bd883a5f3c5f3c1
[INFO] [stdout]                                at /rustc/90b35a6239c3d8bdabc530a6a0816f7ff89a0aaf/library/alloc/src/boxed.rs:2454:9
[INFO] [stdout]   42:     0x5c3b4f70f29b - std::sys::pal::unix::thread::Thread::new::thread_start::hcc78f3943333fa94
[INFO] [stdout]                                at /rustc/90b35a6239c3d8bdabc530a6a0816f7ff89a0aaf/library/std/src/sys/pal/unix/thread.rs:105:17
[INFO] [stdout]   43:     0x7b2859bbcac3 - <unknown>
[INFO] [stdout]   44:     0x7b2859c4da04 - clone
[INFO] [stdout]   45:                0x0 - <unknown>
[INFO] [stdout] 
[INFO] [stdout] 
[INFO] [stdout] failures:
[INFO] [stdout]     attest::test::test_get_pcr0
[INFO] [stdout] 
[INFO] [stdout] test result: FAILED. 0 passed; 1 failed; 0 ignored; 0 measured; 0 filtered out; finished in 0.03s
[INFO] [stdout] 
[INFO] running `Command { std: "docker" "inspect" "a2145ecfae69db0bb268a6a6b5af46fbe63d93095e90a940d1d5ecb3f0e1f55f", kill_on_drop: false }`
[INFO] running `Command { std: "docker" "rm" "-f" "a2145ecfae69db0bb268a6a6b5af46fbe63d93095e90a940d1d5ecb3f0e1f55f", kill_on_drop: false }`
[INFO] [stdout] a2145ecfae69db0bb268a6a6b5af46fbe63d93095e90a940d1d5ecb3f0e1f55f
