[INFO] cloning repository https://github.com/smitea/scrape
[INFO] running `Command { std: "git" "-c" "credential.helper=" "-c" "credential.helper=/workspace/cargo-home/bin/git-credential-null" "clone" "--bare" "https://github.com/smitea/scrape" "/workspace/cache/git-repos/https%3A%2F%2Fgithub.com%2Fsmitea%2Fscrape", kill_on_drop: false }`
[INFO] [stderr] Cloning into bare repository '/workspace/cache/git-repos/https%3A%2F%2Fgithub.com%2Fsmitea%2Fscrape'...
[INFO] running `Command { std: "git" "rev-parse" "HEAD", kill_on_drop: false }`
[INFO] [stdout] 53295ca0176c813a2e42dbd1666fb40a91839204
[INFO] testing smitea/scrape against 1.83.0 for beta-1.84.0-4-retry
[INFO] running `Command { std: "git" "clone" "/workspace/cache/git-repos/https%3A%2F%2Fgithub.com%2Fsmitea%2Fscrape" "/workspace/builds/worker-2-tc1/source", kill_on_drop: false }`
[INFO] [stderr] Cloning into '/workspace/builds/worker-2-tc1/source'...
[INFO] [stderr] done.
[INFO] validating manifest of git repo https://github.com/smitea/scrape on toolchain 1.83.0
[INFO] running `Command { std: CARGO_HOME="/workspace/cargo-home" RUSTUP_HOME="/workspace/rustup-home" "/workspace/cargo-home/bin/cargo" "+1.83.0" "metadata" "--manifest-path" "Cargo.toml" "--no-deps", kill_on_drop: false }`
[INFO] started tweaking git repo https://github.com/smitea/scrape
[INFO] finished tweaking git repo https://github.com/smitea/scrape
[INFO] tweaked toml for git repo https://github.com/smitea/scrape written to /workspace/builds/worker-2-tc1/source/Cargo.toml
[INFO] crate git repo https://github.com/smitea/scrape already has a lockfile, it will not be regenerated
[INFO] running `Command { std: CARGO_HOME="/workspace/cargo-home" RUSTUP_HOME="/workspace/rustup-home" "/workspace/cargo-home/bin/cargo" "+1.83.0" "fetch" "--manifest-path" "Cargo.toml", kill_on_drop: false }`
[INFO] [stderr]  Downloading crates ...
[INFO] [stderr]   Downloaded soketto v0.5.0
[INFO] [stderr]   Downloaded web3 v0.17.0
[INFO] [stderr]   Downloaded ethabi v14.1.0
[INFO] running `Command { std: "docker" "create" "-v" "/var/lib/crater-agent-workspace/builds/worker-2-tc1/target:/opt/rustwide/target:rw,Z" "-v" "/var/lib/crater-agent-workspace/builds/worker-2-tc1/source:/opt/rustwide/workdir:ro,Z" "-v" "/var/lib/crater-agent-workspace/cargo-home:/opt/rustwide/cargo-home:ro,Z" "-v" "/var/lib/crater-agent-workspace/rustup-home:/opt/rustwide/rustup-home:ro,Z" "-e" "SOURCE_DIR=/opt/rustwide/workdir" "-e" "CARGO_TARGET_DIR=/opt/rustwide/target" "-e" "CARGO_HOME=/opt/rustwide/cargo-home" "-e" "RUSTUP_HOME=/opt/rustwide/rustup-home" "-w" "/opt/rustwide/workdir" "-m" "1610612736" "--user" "0:0" "--network" "none" "ghcr.io/rust-lang/crates-build-env/linux@sha256:f3a9d4ad9d972b27faf3965f35b62e55ba32bbce8f20bc8fe909558a86702fde" "/opt/rustwide/cargo-home/bin/cargo" "+1.83.0" "metadata" "--no-deps" "--format-version=1", kill_on_drop: false }`
[INFO] [stdout] 00285dd0b7ae184c43970e7644c55292155701c167e21620edf10bc7a570f239
[INFO] running `Command { std: "docker" "start" "-a" "00285dd0b7ae184c43970e7644c55292155701c167e21620edf10bc7a570f239", kill_on_drop: false }`
[INFO] running `Command { std: "docker" "inspect" "00285dd0b7ae184c43970e7644c55292155701c167e21620edf10bc7a570f239", kill_on_drop: false }`
[INFO] running `Command { std: "docker" "rm" "-f" "00285dd0b7ae184c43970e7644c55292155701c167e21620edf10bc7a570f239", kill_on_drop: false }`
[INFO] [stdout] 00285dd0b7ae184c43970e7644c55292155701c167e21620edf10bc7a570f239
[INFO] running `Command { std: "docker" "create" "-v" "/var/lib/crater-agent-workspace/builds/worker-2-tc1/target:/opt/rustwide/target:rw,Z" "-v" "/var/lib/crater-agent-workspace/builds/worker-2-tc1/source:/opt/rustwide/workdir:ro,Z" "-v" "/var/lib/crater-agent-workspace/cargo-home:/opt/rustwide/cargo-home:ro,Z" "-v" "/var/lib/crater-agent-workspace/rustup-home:/opt/rustwide/rustup-home:ro,Z" "-e" "SOURCE_DIR=/opt/rustwide/workdir" "-e" "CARGO_TARGET_DIR=/opt/rustwide/target" "-e" "CARGO_INCREMENTAL=0" "-e" "RUST_BACKTRACE=full" "-e" "RUSTFLAGS=--cap-lints=warn" "-e" "RUSTDOCFLAGS=--cap-lints=warn" "-e" "CARGO_HOME=/opt/rustwide/cargo-home" "-e" "RUSTUP_HOME=/opt/rustwide/rustup-home" "-w" "/opt/rustwide/workdir" "-m" "1610612736" "--user" "0:0" "--network" "none" "ghcr.io/rust-lang/crates-build-env/linux@sha256:f3a9d4ad9d972b27faf3965f35b62e55ba32bbce8f20bc8fe909558a86702fde" "/opt/rustwide/cargo-home/bin/cargo" "+1.83.0" "build" "--frozen" "--message-format=json", kill_on_drop: false }`
[INFO] [stdout] bea20900b330f22bdc80e79a422d5fd4e309114977d1c45238cb9f3fe8f7fd30
[INFO] running `Command { std: "docker" "start" "-a" "bea20900b330f22bdc80e79a422d5fd4e309114977d1c45238cb9f3fe8f7fd30", kill_on_drop: false }`
[INFO] [stderr]    Compiling proc-macro2 v1.0.39
[INFO] [stderr]    Compiling unicode-ident v1.0.0
[INFO] [stderr]    Compiling syn v1.0.95
[INFO] [stderr]    Compiling cfg-if v1.0.0
[INFO] [stderr]    Compiling libc v0.2.126
[INFO] [stderr]    Compiling autocfg v1.1.0
[INFO] [stderr]    Compiling bytes v1.1.0
[INFO] [stderr]    Compiling memchr v2.5.0
[INFO] [stderr]    Compiling log v0.4.17
[INFO] [stderr]    Compiling pin-project-lite v0.2.9
[INFO] [stderr]    Compiling futures-core v0.3.21
[INFO] [stderr]    Compiling serde_derive v1.0.137
[INFO] [stderr]    Compiling cc v1.0.73
[INFO] [stderr]    Compiling lock_api v0.4.7
[INFO] [stderr]    Compiling typenum v1.15.0
[INFO] [stderr]    Compiling smallvec v1.8.0
[INFO] [stderr]    Compiling version_check v0.9.4
[INFO] [stderr]    Compiling serde v1.0.137
[INFO] [stderr]    Compiling quote v1.0.18
[INFO] [stderr]    Compiling generic-array v0.14.5
[INFO] [stderr]    Compiling scopeguard v1.1.0
[INFO] [stderr]    Compiling parking_lot_core v0.9.3
[INFO] [stderr]    Compiling futures-sink v0.3.21
[INFO] [stderr]    Compiling itoa v1.0.2
[INFO] [stderr]    Compiling once_cell v1.12.0
[INFO] [stderr]    Compiling futures-task v0.3.21
[INFO] [stderr]    Compiling pkg-config v0.3.25
[INFO] [stderr]    Compiling futures-channel v0.3.21
[INFO] [stderr]    Compiling mio v0.8.3
[INFO] [stderr]    Compiling num_cpus v1.13.1
[INFO] [stderr]    Compiling signal-hook-registry v1.4.0
[INFO] [stderr]    Compiling parking_lot v0.12.0
[INFO] [stderr]    Compiling socket2 v0.4.4
[INFO] [stderr]    Compiling openssl-sys v0.9.73
[INFO] [stderr]    Compiling futures-io v0.3.21
[INFO] [stderr]    Compiling futures-util v0.3.21
[INFO] [stderr]    Compiling getrandom v0.2.6
[INFO] [stderr]    Compiling pin-utils v0.1.0
[INFO] [stderr]    Compiling slab v0.4.6
[INFO] [stderr]    Compiling fnv v1.0.7
[INFO] [stderr]    Compiling radium v0.6.2
[INFO] [stderr]    Compiling ppv-lite86 v0.2.16
[INFO] [stderr]    Compiling rand_core v0.6.3
[INFO] [stderr]    Compiling crunchy v0.2.2
[INFO] [stderr]    Compiling http v0.2.7
[INFO] [stderr]    Compiling bitflags v1.3.2
[INFO] [stderr]    Compiling openssl v0.10.40
[INFO] [stderr]    Compiling lazy_static v1.4.0
[INFO] [stderr]    Compiling rustc-hex v2.1.0
[INFO] [stderr]    Compiling foreign-types-shared v0.1.1
[INFO] [stderr]    Compiling foreign-types v0.3.2
[INFO] [stderr]    Compiling tracing-core v0.1.26
[INFO] [stderr]    Compiling rand_chacha v0.3.1
[INFO] [stderr]    Compiling indexmap v1.8.2
[INFO] [stderr]    Compiling static_assertions v1.1.0
[INFO] [stderr]    Compiling byteorder v1.4.3
[INFO] [stderr]    Compiling native-tls v0.2.10
[INFO] [stderr]    Compiling rand v0.8.5
[INFO] [stderr]    Compiling funty v1.1.0
[INFO] [stderr]    Compiling matches v0.1.9
[INFO] [stderr]    Compiling tap v1.0.1
[INFO] [stderr]    Compiling wyz v0.2.0
[INFO] [stderr]    Compiling tinyvec_macros v0.1.0
[INFO] [stderr]    Compiling httparse v1.7.1
[INFO] [stderr]    Compiling tinyvec v1.6.0
[INFO] [stderr]    Compiling bitvec v0.20.4
[INFO] [stderr]    Compiling rlp v0.5.1
[INFO] [stderr]    Compiling arrayvec v0.7.2
[INFO] [stderr]    Compiling byte-slice-cast v1.2.1
[INFO] [stderr]    Compiling percent-encoding v2.1.0
[INFO] [stderr]    Compiling openssl-probe v0.1.5
[INFO] [stderr]    Compiling ryu v1.0.10
[INFO] [stderr]    Compiling hashbrown v0.11.2
[INFO] [stderr]    Compiling block-padding v0.2.1
[INFO] [stderr]    Compiling serde_json v1.0.81
[INFO] [stderr]    Compiling tiny-keccak v2.0.2
[INFO] [stderr]    Compiling block-buffer v0.9.0
[INFO] [stderr]    Compiling form_urlencoded v1.0.1
[INFO] [stderr]    Compiling impl-rlp v0.3.0
[INFO] [stderr]    Compiling unicode-normalization v0.1.19
[INFO] [stderr]    Compiling fixed-hash v0.7.0
[INFO] [stderr]    Compiling digest v0.9.0
[INFO] [stderr]    Compiling unicode-bidi v0.3.8
[INFO] [stderr]    Compiling try-lock v0.2.3
[INFO] [stderr]    Compiling hex v0.4.3
[INFO] [stderr]    Compiling cpufeatures v0.2.2
[INFO] [stderr]    Compiling httpdate v1.0.2
[INFO] [stderr]    Compiling opaque-debug v0.3.0
[INFO] [stderr]    Compiling uint v0.9.3
[INFO] [stderr]    Compiling want v0.3.0
[INFO] [stderr]    Compiling http-body v0.4.5
[INFO] [stderr]    Compiling block-buffer v0.10.2
[INFO] [stderr]    Compiling crypto-common v0.1.3
[INFO] [stderr]    Compiling secp256k1-sys v0.4.2
[INFO] [stderr]    Compiling encoding_rs v0.8.31
[INFO] [stderr]    Compiling tower-service v0.3.1
[INFO] [stderr]    Compiling idna v0.2.3
[INFO] [stderr]    Compiling base64 v0.13.0
[INFO] [stderr]    Compiling parking_lot_core v0.8.5
[INFO] [stderr]    Compiling anyhow v1.0.57
[INFO] [stderr]    Compiling digest v0.10.3
[INFO] [stderr]    Compiling instant v0.1.12
[INFO] [stderr]    Compiling toml v0.5.9
[INFO] [stderr]    Compiling mime v0.3.16
[INFO] [stderr]    Compiling keccak v0.1.2
[INFO] [stderr]    Compiling url v2.2.2
[INFO] [stderr]    Compiling sha3 v0.9.1
[INFO] [stderr]    Compiling sha-1 v0.10.0
[INFO] [stderr]    Compiling sha-1 v0.9.8
[INFO] [stderr]    Compiling headers-core v0.2.0
[INFO] [stderr]    Compiling aho-corasick v0.7.18
[INFO] [stderr]    Compiling regex-syntax v0.6.26
[INFO] [stderr]    Compiling convert_case v0.4.0
[INFO] [stderr]    Compiling ipnet v2.5.0
[INFO] [stderr]    Compiling async-trait v0.1.53
[INFO] [stderr]    Compiling headers v0.3.7
[INFO] [stderr]    Compiling secp256k1 v0.20.3
[INFO] [stderr]    Compiling parking_lot v0.11.2
[INFO] [stderr]    Compiling atty v0.2.14
[INFO] [stderr]    Compiling humantime v2.1.0
[INFO] [stderr]    Compiling regex v1.5.6
[INFO] [stderr]    Compiling termcolor v1.1.3
[INFO] [stderr]    Compiling arrayvec v0.5.2
[INFO] [stderr]    Compiling futures-timer v3.0.2
[INFO] [stderr]    Compiling hex-literal v0.3.4
[INFO] [stderr]    Compiling tokio-macros v1.7.0
[INFO] [stderr]    Compiling thiserror-impl v1.0.31
[INFO] [stderr]    Compiling futures-macro v0.3.21
[INFO] [stderr]    Compiling tracing-attributes v0.1.21
[INFO] [stderr]    Compiling openssl-macros v0.1.0
[INFO] [stderr]    Compiling impl-trait-for-tuples v0.2.2
[INFO] [stderr]    Compiling tokio v1.18.2
[INFO] [stderr]    Compiling thiserror v1.0.31
[INFO] [stderr]    Compiling proc-macro-crate v1.1.3
[INFO] [stderr]    Compiling tracing v0.1.34
[INFO] [stderr]    Compiling parity-scale-codec-derive v2.3.1
[INFO] [stderr]    Compiling pin-project-internal v1.0.10
[INFO] [stderr]    Compiling derive_more v0.99.17
[INFO] [stderr]    Compiling futures-executor v0.3.21
[INFO] [stderr]    Compiling futures v0.3.21
[INFO] [stderr]    Compiling soketto v0.5.0
[INFO] [stderr]    Compiling pin-project v1.0.10
[INFO] [stderr]    Compiling env_logger v0.9.0
[INFO] [stderr]    Compiling tokio-util v0.7.2
[INFO] [stderr]    Compiling tokio-native-tls v0.3.0
[INFO] [stderr]    Compiling web3-async-native-tls v0.4.0
[INFO] [stderr]    Compiling tokio-util v0.6.10
[INFO] [stderr]    Compiling tokio-stream v0.1.8
[INFO] [stderr]    Compiling h2 v0.3.13
[INFO] [stderr]    Compiling impl-serde v0.3.2
[INFO] [stderr]    Compiling parity-scale-codec v2.3.1
[INFO] [stderr]    Compiling serde_urlencoded v0.7.1
[INFO] [stderr]    Compiling ethbloom v0.11.1
[INFO] [stderr]    Compiling jsonrpc-core v18.0.0
[INFO] [stderr]    Compiling hyper v0.14.19
[INFO] [stderr]    Compiling impl-codec v0.5.1
[INFO] [stderr]    Compiling primitive-types v0.9.1
[INFO] [stderr]    Compiling ethereum-types v0.11.0
[INFO] [stderr]    Compiling ethabi v14.1.0
[INFO] [stderr]    Compiling hyper-tls v0.5.0
[INFO] [stderr]    Compiling reqwest v0.11.10
[INFO] [stderr]    Compiling web3 v0.17.0
[INFO] [stderr]    Compiling producer v0.1.0 (/opt/rustwide/workdir)
[INFO] [stdout] warning: unused import: `input::web3_event::Web3EventInput`
[INFO] [stdout]  --> src/lib.rs:4:5
[INFO] [stdout]   |
[INFO] [stdout] 4 | use input::web3_event::Web3EventInput;
[INFO] [stdout]   |     ^^^^^^^^^^^^^^^^^^^^^^^^^^^^^^^^^
[INFO] [stdout]   |
[INFO] [stdout]   = note: `#[warn(unused_imports)]` on by default
[INFO] [stdout] 
[INFO] [stdout] 
[INFO] [stdout] warning: unused import: `runtime::Builder`
[INFO] [stdout]  --> src/output/console.rs:1:13
[INFO] [stdout]   |
[INFO] [stdout] 1 | use tokio::{runtime::Builder, sync::mpsc::Receiver};
[INFO] [stdout]   |             ^^^^^^^^^^^^^^^^
[INFO] [stdout] 
[INFO] [stdout] 
[INFO] [stdout] warning: use of deprecated struct `tokio::sync::mpsc::error::RecvError`: This type is unused because recv returns an Option.
[INFO] [stdout]    --> src/error.rs:206:53
[INFO] [stdout]     |
[INFO] [stdout] 206 | from_error!(CHANNEL_RECV, tokio::sync::mpsc::error::RecvError);
[INFO] [stdout]     |                                                     ^^^^^^^^^
[INFO] [stdout]     |
[INFO] [stdout]     = note: `#[warn(deprecated)]` on by default
[INFO] [stdout] 
[INFO] [stdout] 
[INFO] [stdout] warning: unused import: `input::Input`
[INFO] [stdout]  --> src/lib.rs:3:5
[INFO] [stdout]   |
[INFO] [stdout] 3 | use input::Input;
[INFO] [stdout]   |     ^^^^^^^^^^^^
[INFO] [stdout] 
[INFO] [stdout] 
[INFO] [stdout] warning: unused variable: `bytes`
[INFO] [stdout]  --> src/decode/transfer.rs:8:27
[INFO] [stdout]   |
[INFO] [stdout] 8 |     fn decode<T: ToEvent>(bytes: [u8; 0]) -> Result<T> {
[INFO] [stdout]   |                           ^^^^^ help: if this is intentional, prefix it with an underscore: `_bytes`
[INFO] [stdout]   |
[INFO] [stdout]   = note: `#[warn(unused_variables)]` on by default
[INFO] [stdout] 
[INFO] [stdout] 
[INFO] [stdout] warning: unused variable: `input`
[INFO] [stdout]   --> src/input/web3_event.rs:27:13
[INFO] [stdout]    |
[INFO] [stdout] 27 |         let input = Self::new(config);
[INFO] [stdout]    |             ^^^^^ help: if this is intentional, prefix it with an underscore: `_input`
[INFO] [stdout] 
[INFO] [stdout] 
[INFO] [stdout] warning: unused variable: `processor`
[INFO] [stdout]   --> src/input/web3_event.rs:23:9
[INFO] [stdout]    |
[INFO] [stdout] 23 |         processor: P,
[INFO] [stdout]    |         ^^^^^^^^^ help: if this is intentional, prefix it with an underscore: `_processor`
[INFO] [stdout] 
[INFO] [stdout] 
[INFO] [stdout] warning: unused variable: `decoder`
[INFO] [stdout]   --> src/input/web3_event.rs:24:9
[INFO] [stdout]    |
[INFO] [stdout] 24 |         decoder: D,
[INFO] [stdout]    |         ^^^^^^^ help: if this is intentional, prefix it with an underscore: `_decoder`
[INFO] [stdout] 
[INFO] [stdout] 
[INFO] [stdout] warning: unused variable: `sender`
[INFO] [stdout]   --> src/input/web3_event.rs:25:9
[INFO] [stdout]    |
[INFO] [stdout] 25 |         sender: Sender<D>,
[INFO] [stdout]    |         ^^^^^^ help: if this is intentional, prefix it with an underscore: `_sender`
[INFO] [stdout] 
[INFO] [stdout] 
[INFO] [stdout] warning: unused variable: `sender`
[INFO] [stdout]   --> src/lib.rs:29:14
[INFO] [stdout]    |
[INFO] [stdout] 29 |     let (mut sender, reciver) = tokio::sync::mpsc::channel(buffer_size as usize);
[INFO] [stdout]    |              ^^^^^^ help: if this is intentional, prefix it with an underscore: `_sender`
[INFO] [stdout] 
[INFO] [stdout] 
[INFO] [stdout] warning: variable does not need to be mutable
[INFO] [stdout]   --> src/lib.rs:29:10
[INFO] [stdout]    |
[INFO] [stdout] 29 |     let (mut sender, reciver) = tokio::sync::mpsc::channel(buffer_size as usize);
[INFO] [stdout]    |          ----^^^^^^
[INFO] [stdout]    |          |
[INFO] [stdout]    |          help: remove this `mut`
[INFO] [stdout]    |
[INFO] [stdout]    = note: `#[warn(unused_mut)]` on by default
[INFO] [stdout] 
[INFO] [stdout] 
[INFO] [stdout] warning: associated functions `from_path`, `from_string`, and `new` are never used
[INFO] [stdout]   --> src/config.rs:37:12
[INFO] [stdout]    |
[INFO] [stdout] 36 | impl TomlConfig {
[INFO] [stdout]    | --------------- associated functions in this implementation
[INFO] [stdout] 37 |     pub fn from_path<P: AsRef<Path>>(path: P) -> Result<Self> {
[INFO] [stdout]    |            ^^^^^^^^^
[INFO] [stdout] ...
[INFO] [stdout] 44 |     pub fn from_string(toml: &str) -> Result<Self> {
[INFO] [stdout]    |            ^^^^^^^^^^^
[INFO] [stdout] ...
[INFO] [stdout] 59 |     pub fn new(table: Table) -> TomlConfig {
[INFO] [stdout]    |            ^^^
[INFO] [stdout]    |
[INFO] [stdout]    = note: `#[warn(dead_code)]` on by default
[INFO] [stdout] 
[INFO] [stdout] 
[INFO] [stdout] warning: method `get_values` is never used
[INFO] [stdout]   --> src/config.rs:65:12
[INFO] [stdout]    |
[INFO] [stdout] 64 | impl TomlConfig {
[INFO] [stdout]    | --------------- method in this implementation
[INFO] [stdout] 65 |     pub fn get_values(&self) -> HashMap<String, toml::Value> {
[INFO] [stdout]    |            ^^^^^^^^^^
[INFO] [stdout] 
[INFO] [stdout] 
[INFO] [stdout] warning: function `find_path` is never used
[INFO] [stdout]    --> src/config.rs:108:8
[INFO] [stdout]     |
[INFO] [stdout] 108 | pub fn find_path<P: AsRef<Path>>(p: P) -> Result<PathBuf> {
[INFO] [stdout]     |        ^^^^^^^^^
[INFO] [stdout] 
[INFO] [stdout] 
[INFO] [stdout] warning: associated function `decode` is never used
[INFO] [stdout]  --> src/decode/mod.rs:6:8
[INFO] [stdout]   |
[INFO] [stdout] 5 | pub trait Decoder {
[INFO] [stdout]   |           ------- associated function in this trait
[INFO] [stdout] 6 |     fn decode<T: ToEvent>(bytes: [u8; 0]) -> Result<T>;
[INFO] [stdout]   |        ^^^^^^
[INFO] [stdout] 
[INFO] [stdout] 
[INFO] [stdout] warning: struct `TransferDecoder` is never constructed
[INFO] [stdout]  --> src/decode/transfer.rs:5:12
[INFO] [stdout]   |
[INFO] [stdout] 5 | pub struct TransferDecoder {}
[INFO] [stdout]   |            ^^^^^^^^^^^^^^^
[INFO] [stdout] 
[INFO] [stdout] 
[INFO] [stdout] warning: associated function `start` is never used
[INFO] [stdout]  --> src/input/mod.rs:8:8
[INFO] [stdout]   |
[INFO] [stdout] 7 | pub trait Input {
[INFO] [stdout]   |           ----- associated function in this trait
[INFO] [stdout] 8 |     fn start<C: Config, P: Processor, D: Decoder>(
[INFO] [stdout]   |        ^^^^^
[INFO] [stdout] 
[INFO] [stdout] 
[INFO] [stdout] warning: field `web3` is never read
[INFO] [stdout]  --> src/input/web3_event.rs:7:5
[INFO] [stdout]   |
[INFO] [stdout] 6 | pub struct Web3EventInput {
[INFO] [stdout]   |            -------------- field in this struct
[INFO] [stdout] 7 |     web3: Web3<Http>,
[INFO] [stdout]   |     ^^^^
[INFO] [stdout] 
[INFO] [stdout] 
[INFO] [stdout] warning: unused import: `std::ops::Add`
[INFO] [stdout]  --> src/main.rs:1:5
[INFO] [stdout]   |
[INFO] [stdout] 1 | use std::ops::Add;
[INFO] [stdout]   |     ^^^^^^^^^^^^^
[INFO] [stdout]   |
[INFO] [stdout]   = note: `#[warn(unused_imports)]` on by default
[INFO] [stdout] 
[INFO] [stdout] 
[INFO] [stdout] warning: unused imports: `U256` and `tokens::Detokenize`
[INFO] [stdout]  --> src/main.rs:5:16
[INFO] [stdout]   |
[INFO] [stdout] 5 |     contract::{tokens::Detokenize, Contract, Options},
[INFO] [stdout]   |                ^^^^^^^^^^^^^^^^^^
[INFO] [stdout] 6 |     ethabi::Token,
[INFO] [stdout] 7 |     types::{Address, Bytes, CallRequest, U256},
[INFO] [stdout]   |                                          ^^^^
[INFO] [stdout] 
[INFO] [stdout] 
[INFO] [stderr]     Finished `dev` profile [unoptimized + debuginfo] target(s) in 2m 10s
[INFO] running `Command { std: "docker" "inspect" "bea20900b330f22bdc80e79a422d5fd4e309114977d1c45238cb9f3fe8f7fd30", kill_on_drop: false }`
[INFO] running `Command { std: "docker" "rm" "-f" "bea20900b330f22bdc80e79a422d5fd4e309114977d1c45238cb9f3fe8f7fd30", kill_on_drop: false }`
[INFO] [stdout] bea20900b330f22bdc80e79a422d5fd4e309114977d1c45238cb9f3fe8f7fd30
[INFO] running `Command { std: "docker" "create" "-v" "/var/lib/crater-agent-workspace/builds/worker-2-tc1/target:/opt/rustwide/target:rw,Z" "-v" "/var/lib/crater-agent-workspace/builds/worker-2-tc1/source:/opt/rustwide/workdir:ro,Z" "-v" "/var/lib/crater-agent-workspace/cargo-home:/opt/rustwide/cargo-home:ro,Z" "-v" "/var/lib/crater-agent-workspace/rustup-home:/opt/rustwide/rustup-home:ro,Z" "-e" "SOURCE_DIR=/opt/rustwide/workdir" "-e" "CARGO_TARGET_DIR=/opt/rustwide/target" "-e" "CARGO_INCREMENTAL=0" "-e" "RUST_BACKTRACE=full" "-e" "RUSTFLAGS=--cap-lints=warn" "-e" "RUSTDOCFLAGS=--cap-lints=warn" "-e" "CARGO_HOME=/opt/rustwide/cargo-home" "-e" "RUSTUP_HOME=/opt/rustwide/rustup-home" "-w" "/opt/rustwide/workdir" "-m" "1610612736" "--user" "0:0" "--network" "none" "ghcr.io/rust-lang/crates-build-env/linux@sha256:f3a9d4ad9d972b27faf3965f35b62e55ba32bbce8f20bc8fe909558a86702fde" "/opt/rustwide/cargo-home/bin/cargo" "+1.83.0" "test" "--frozen" "--no-run" "--message-format=json", kill_on_drop: false }`
[INFO] [stdout] c81773c12cf4428becc93feeee62e6548a30a593c7185de7606348be363dbd4f
[INFO] running `Command { std: "docker" "start" "-a" "c81773c12cf4428becc93feeee62e6548a30a593c7185de7606348be363dbd4f", kill_on_drop: false }`
[INFO] [stdout] warning: unused import: `input::web3_event::Web3EventInput`
[INFO] [stdout]  --> src/lib.rs:4:5
[INFO] [stdout]   |
[INFO] [stdout] 4 | use input::web3_event::Web3EventInput;
[INFO] [stdout]   |     ^^^^^^^^^^^^^^^^^^^^^^^^^^^^^^^^^
[INFO] [stdout]   |
[INFO] [stdout]   = note: `#[warn(unused_imports)]` on by default
[INFO] [stdout] 
[INFO] [stdout] 
[INFO] [stdout] warning: unused import: `runtime::Builder`
[INFO] [stdout]  --> src/output/console.rs:1:13
[INFO] [stdout]   |
[INFO] [stdout] 1 | use tokio::{runtime::Builder, sync::mpsc::Receiver};
[INFO] [stdout]   |             ^^^^^^^^^^^^^^^^
[INFO] [stdout] 
[INFO] [stdout] 
[INFO] [stdout] warning: use of deprecated struct `tokio::sync::mpsc::error::RecvError`: This type is unused because recv returns an Option.
[INFO] [stdout]    --> src/error.rs:206:53
[INFO] [stdout]     |
[INFO] [stdout] 206 | from_error!(CHANNEL_RECV, tokio::sync::mpsc::error::RecvError);
[INFO] [stdout]     |                                                     ^^^^^^^^^
[INFO] [stdout]     |
[INFO] [stdout]     = note: `#[warn(deprecated)]` on by default
[INFO] [stdout] 
[INFO] [stdout] 
[INFO] [stdout] warning: unused import: `input::Input`
[INFO] [stdout]  --> src/lib.rs:3:5
[INFO] [stdout]   |
[INFO] [stdout] 3 | use input::Input;
[INFO] [stdout]   |     ^^^^^^^^^^^^
[INFO] [stdout] 
[INFO] [stdout] 
[INFO] [stdout] warning: unused variable: `bytes`
[INFO] [stdout]  --> src/decode/transfer.rs:8:27
[INFO] [stdout]   |
[INFO] [stdout] 8 |     fn decode<T: ToEvent>(bytes: [u8; 0]) -> Result<T> {
[INFO] [stdout]   |                           ^^^^^ help: if this is intentional, prefix it with an underscore: `_bytes`
[INFO] [stdout]   |
[INFO] [stdout]   = note: `#[warn(unused_variables)]` on by default
[INFO] [stdout] 
[INFO] [stdout] 
[INFO] [stdout] warning: unused variable: `input`
[INFO] [stdout]   --> src/input/web3_event.rs:27:13
[INFO] [stdout]    |
[INFO] [stdout] 27 |         let input = Self::new(config);
[INFO] [stdout]    |             ^^^^^ help: if this is intentional, prefix it with an underscore: `_input`
[INFO] [stdout] 
[INFO] [stdout] 
[INFO] [stdout] warning: unused variable: `processor`
[INFO] [stdout]   --> src/input/web3_event.rs:23:9
[INFO] [stdout]    |
[INFO] [stdout] 23 |         processor: P,
[INFO] [stdout]    |         ^^^^^^^^^ help: if this is intentional, prefix it with an underscore: `_processor`
[INFO] [stdout] 
[INFO] [stdout] 
[INFO] [stdout] warning: unused variable: `decoder`
[INFO] [stdout]   --> src/input/web3_event.rs:24:9
[INFO] [stdout]    |
[INFO] [stdout] 24 |         decoder: D,
[INFO] [stdout]    |         ^^^^^^^ help: if this is intentional, prefix it with an underscore: `_decoder`
[INFO] [stdout] 
[INFO] [stdout] 
[INFO] [stdout] warning: unused variable: `sender`
[INFO] [stdout]   --> src/input/web3_event.rs:25:9
[INFO] [stdout]    |
[INFO] [stdout] 25 |         sender: Sender<D>,
[INFO] [stdout]    |         ^^^^^^ help: if this is intentional, prefix it with an underscore: `_sender`
[INFO] [stdout] 
[INFO] [stdout] 
[INFO] [stdout] warning: unused variable: `sender`
[INFO] [stdout]   --> src/lib.rs:29:14
[INFO] [stdout]    |
[INFO] [stdout] 29 |     let (mut sender, reciver) = tokio::sync::mpsc::channel(buffer_size as usize);
[INFO] [stdout]    |              ^^^^^^ help: if this is intentional, prefix it with an underscore: `_sender`
[INFO] [stdout] 
[INFO] [stdout] 
[INFO] [stdout] warning: variable does not need to be mutable
[INFO] [stdout]   --> src/lib.rs:29:10
[INFO] [stdout]    |
[INFO] [stdout] 29 |     let (mut sender, reciver) = tokio::sync::mpsc::channel(buffer_size as usize);
[INFO] [stdout]    |          ----^^^^^^
[INFO] [stdout]    |          |
[INFO] [stdout]    |          help: remove this `mut`
[INFO] [stdout]    |
[INFO] [stdout]    = note: `#[warn(unused_mut)]` on by default
[INFO] [stdout] 
[INFO] [stdout] 
[INFO] [stdout] warning: associated functions `from_path`, `from_string`, and `new` are never used
[INFO] [stdout]   --> src/config.rs:37:12
[INFO] [stdout]    |
[INFO] [stdout] 36 | impl TomlConfig {
[INFO] [stdout]    | --------------- associated functions in this implementation
[INFO] [stdout] 37 |     pub fn from_path<P: AsRef<Path>>(path: P) -> Result<Self> {
[INFO] [stdout]    |            ^^^^^^^^^
[INFO] [stdout] ...
[INFO] [stdout] 44 |     pub fn from_string(toml: &str) -> Result<Self> {
[INFO] [stdout]    |            ^^^^^^^^^^^
[INFO] [stdout] ...
[INFO] [stdout] 59 |     pub fn new(table: Table) -> TomlConfig {
[INFO] [stdout]    |            ^^^
[INFO] [stdout]    |
[INFO] [stdout]    = note: `#[warn(dead_code)]` on by default
[INFO] [stdout] 
[INFO] [stdout] 
[INFO] [stdout] warning: method `get_values` is never used
[INFO] [stdout]   --> src/config.rs:65:12
[INFO] [stdout]    |
[INFO] [stdout] 64 | impl TomlConfig {
[INFO] [stdout]    | --------------- method in this implementation
[INFO] [stdout] 65 |     pub fn get_values(&self) -> HashMap<String, toml::Value> {
[INFO] [stdout]    |            ^^^^^^^^^^
[INFO] [stdout] 
[INFO] [stdout] 
[INFO] [stdout] warning: function `find_path` is never used
[INFO] [stdout]    --> src/config.rs:108:8
[INFO] [stdout]     |
[INFO] [stdout] 108 | pub fn find_path<P: AsRef<Path>>(p: P) -> Result<PathBuf> {
[INFO] [stdout]     |        ^^^^^^^^^
[INFO] [stdout] 
[INFO] [stdout] 
[INFO] [stdout] warning: associated function `decode` is never used
[INFO] [stdout]  --> src/decode/mod.rs:6:8
[INFO] [stdout]   |
[INFO] [stdout] 5 | pub trait Decoder {
[INFO] [stdout]   |           ------- associated function in this trait
[INFO] [stdout] 6 |     fn decode<T: ToEvent>(bytes: [u8; 0]) -> Result<T>;
[INFO] [stdout]   |        ^^^^^^
[INFO] [stdout] 
[INFO] [stdout] 
[INFO] [stdout] warning: struct `TransferDecoder` is never constructed
[INFO] [stdout]  --> src/decode/transfer.rs:5:12
[INFO] [stdout]   |
[INFO] [stdout] 5 | pub struct TransferDecoder {}
[INFO] [stdout]   |            ^^^^^^^^^^^^^^^
[INFO] [stdout] 
[INFO] [stdout] 
[INFO] [stdout] warning: associated function `start` is never used
[INFO] [stdout]  --> src/input/mod.rs:8:8
[INFO] [stdout]   |
[INFO] [stdout] 7 | pub trait Input {
[INFO] [stdout]   |           ----- associated function in this trait
[INFO] [stdout] 8 |     fn start<C: Config, P: Processor, D: Decoder>(
[INFO] [stdout]   |        ^^^^^
[INFO] [stdout] 
[INFO] [stdout] 
[INFO] [stdout] warning: field `web3` is never read
[INFO] [stdout]  --> src/input/web3_event.rs:7:5
[INFO] [stdout]   |
[INFO] [stdout] 6 | pub struct Web3EventInput {
[INFO] [stdout]   |            -------------- field in this struct
[INFO] [stdout] 7 |     web3: Web3<Http>,
[INFO] [stdout]   |     ^^^^
[INFO] [stdout] 
[INFO] [stdout] 
[INFO] [stderr]    Compiling producer v0.1.0 (/opt/rustwide/workdir)
[INFO] [stdout] warning: unused import: `std::ops::Add`
[INFO] [stdout]  --> src/main.rs:1:5
[INFO] [stdout]   |
[INFO] [stdout] 1 | use std::ops::Add;
[INFO] [stdout]   |     ^^^^^^^^^^^^^
[INFO] [stdout]   |
[INFO] [stdout]   = note: `#[warn(unused_imports)]` on by default
[INFO] [stdout] 
[INFO] [stdout] 
[INFO] [stdout] warning: unused imports: `U256` and `tokens::Detokenize`
[INFO] [stdout]  --> src/main.rs:5:16
[INFO] [stdout]   |
[INFO] [stdout] 5 |     contract::{tokens::Detokenize, Contract, Options},
[INFO] [stdout]   |                ^^^^^^^^^^^^^^^^^^
[INFO] [stdout] 6 |     ethabi::Token,
[INFO] [stdout] 7 |     types::{Address, Bytes, CallRequest, U256},
[INFO] [stdout]   |                                          ^^^^
[INFO] [stdout] 
[INFO] [stdout] 
[INFO] [stdout] warning: unused import: `input::web3_event::Web3EventInput`
[INFO] [stdout]  --> src/lib.rs:4:5
[INFO] [stdout]   |
[INFO] [stdout] 4 | use input::web3_event::Web3EventInput;
[INFO] [stdout]   |     ^^^^^^^^^^^^^^^^^^^^^^^^^^^^^^^^^
[INFO] [stdout]   |
[INFO] [stdout]   = note: `#[warn(unused_imports)]` on by default
[INFO] [stdout] 
[INFO] [stdout] 
[INFO] [stdout] warning: unused import: `runtime::Builder`
[INFO] [stdout]  --> src/output/console.rs:1:13
[INFO] [stdout]   |
[INFO] [stdout] 1 | use tokio::{runtime::Builder, sync::mpsc::Receiver};
[INFO] [stdout]   |             ^^^^^^^^^^^^^^^^
[INFO] [stdout] 
[INFO] [stdout] 
[INFO] [stdout] warning: use of deprecated struct `tokio::sync::mpsc::error::RecvError`: This type is unused because recv returns an Option.
[INFO] [stdout]    --> src/error.rs:206:53
[INFO] [stdout]     |
[INFO] [stdout] 206 | from_error!(CHANNEL_RECV, tokio::sync::mpsc::error::RecvError);
[INFO] [stdout]     |                                                     ^^^^^^^^^
[INFO] [stdout]     |
[INFO] [stdout]     = note: `#[warn(deprecated)]` on by default
[INFO] [stdout] 
[INFO] [stdout] 
[INFO] [stdout] warning: unused import: `input::Input`
[INFO] [stdout]  --> src/lib.rs:3:5
[INFO] [stdout]   |
[INFO] [stdout] 3 | use input::Input;
[INFO] [stdout]   |     ^^^^^^^^^^^^
[INFO] [stdout] 
[INFO] [stdout] 
[INFO] [stdout] warning: unused variable: `bytes`
[INFO] [stdout]  --> src/decode/transfer.rs:8:27
[INFO] [stdout]   |
[INFO] [stdout] 8 |     fn decode<T: ToEvent>(bytes: [u8; 0]) -> Result<T> {
[INFO] [stdout]   |                           ^^^^^ help: if this is intentional, prefix it with an underscore: `_bytes`
[INFO] [stdout]   |
[INFO] [stdout]   = note: `#[warn(unused_variables)]` on by default
[INFO] [stdout] 
[INFO] [stdout] 
[INFO] [stdout] warning: unused variable: `input`
[INFO] [stdout]   --> src/input/web3_event.rs:27:13
[INFO] [stdout]    |
[INFO] [stdout] 27 |         let input = Self::new(config);
[INFO] [stdout]    |             ^^^^^ help: if this is intentional, prefix it with an underscore: `_input`
[INFO] [stdout] 
[INFO] [stdout] 
[INFO] [stdout] warning: unused variable: `processor`
[INFO] [stdout]   --> src/input/web3_event.rs:23:9
[INFO] [stdout]    |
[INFO] [stdout] 23 |         processor: P,
[INFO] [stdout]    |         ^^^^^^^^^ help: if this is intentional, prefix it with an underscore: `_processor`
[INFO] [stdout] 
[INFO] [stdout] 
[INFO] [stdout] warning: unused variable: `decoder`
[INFO] [stdout]   --> src/input/web3_event.rs:24:9
[INFO] [stdout]    |
[INFO] [stdout] 24 |         decoder: D,
[INFO] [stdout]    |         ^^^^^^^ help: if this is intentional, prefix it with an underscore: `_decoder`
[INFO] [stdout] 
[INFO] [stdout] 
[INFO] [stdout] warning: unused variable: `sender`
[INFO] [stdout]   --> src/input/web3_event.rs:25:9
[INFO] [stdout]    |
[INFO] [stdout] 25 |         sender: Sender<D>,
[INFO] [stdout]    |         ^^^^^^ help: if this is intentional, prefix it with an underscore: `_sender`
[INFO] [stdout] 
[INFO] [stdout] 
[INFO] [stdout] warning: unused variable: `sender`
[INFO] [stdout]   --> src/lib.rs:29:14
[INFO] [stdout]    |
[INFO] [stdout] 29 |     let (mut sender, reciver) = tokio::sync::mpsc::channel(buffer_size as usize);
[INFO] [stdout]    |              ^^^^^^ help: if this is intentional, prefix it with an underscore: `_sender`
[INFO] [stdout] 
[INFO] [stdout] 
[INFO] [stdout] warning: variable does not need to be mutable
[INFO] [stdout]   --> src/lib.rs:29:10
[INFO] [stdout]    |
[INFO] [stdout] 29 |     let (mut sender, reciver) = tokio::sync::mpsc::channel(buffer_size as usize);
[INFO] [stdout]    |          ----^^^^^^
[INFO] [stdout]    |          |
[INFO] [stdout]    |          help: remove this `mut`
[INFO] [stdout]    |
[INFO] [stdout]    = note: `#[warn(unused_mut)]` on by default
[INFO] [stdout] 
[INFO] [stdout] 
[INFO] [stdout] warning: associated function `new` is never used
[INFO] [stdout]   --> src/config.rs:59:12
[INFO] [stdout]    |
[INFO] [stdout] 36 | impl TomlConfig {
[INFO] [stdout]    | --------------- associated function in this implementation
[INFO] [stdout] ...
[INFO] [stdout] 59 |     pub fn new(table: Table) -> TomlConfig {
[INFO] [stdout]    |            ^^^
[INFO] [stdout]    |
[INFO] [stdout]    = note: `#[warn(dead_code)]` on by default
[INFO] [stdout] 
[INFO] [stdout] 
[INFO] [stdout] warning: method `get_values` is never used
[INFO] [stdout]   --> src/config.rs:65:12
[INFO] [stdout]    |
[INFO] [stdout] 64 | impl TomlConfig {
[INFO] [stdout]    | --------------- method in this implementation
[INFO] [stdout] 65 |     pub fn get_values(&self) -> HashMap<String, toml::Value> {
[INFO] [stdout]    |            ^^^^^^^^^^
[INFO] [stdout] 
[INFO] [stdout] 
[INFO] [stdout] warning: associated function `decode` is never used
[INFO] [stdout]  --> src/decode/mod.rs:6:8
[INFO] [stdout]   |
[INFO] [stdout] 5 | pub trait Decoder {
[INFO] [stdout]   |           ------- associated function in this trait
[INFO] [stdout] 6 |     fn decode<T: ToEvent>(bytes: [u8; 0]) -> Result<T>;
[INFO] [stdout]   |        ^^^^^^
[INFO] [stdout] 
[INFO] [stdout] 
[INFO] [stdout] warning: struct `TransferDecoder` is never constructed
[INFO] [stdout]  --> src/decode/transfer.rs:5:12
[INFO] [stdout]   |
[INFO] [stdout] 5 | pub struct TransferDecoder {}
[INFO] [stdout]   |            ^^^^^^^^^^^^^^^
[INFO] [stdout] 
[INFO] [stdout] 
[INFO] [stdout] warning: associated function `start` is never used
[INFO] [stdout]  --> src/input/mod.rs:8:8
[INFO] [stdout]   |
[INFO] [stdout] 7 | pub trait Input {
[INFO] [stdout]   |           ----- associated function in this trait
[INFO] [stdout] 8 |     fn start<C: Config, P: Processor, D: Decoder>(
[INFO] [stdout]   |        ^^^^^
[INFO] [stdout] 
[INFO] [stdout] 
[INFO] [stdout] warning: field `web3` is never read
[INFO] [stdout]  --> src/input/web3_event.rs:7:5
[INFO] [stdout]   |
[INFO] [stdout] 6 | pub struct Web3EventInput {
[INFO] [stdout]   |            -------------- field in this struct
[INFO] [stdout] 7 |     web3: Web3<Http>,
[INFO] [stdout]   |     ^^^^
[INFO] [stdout] 
[INFO] [stdout] 
[INFO] [stderr]     Finished `test` profile [unoptimized + debuginfo] target(s) in 3.62s
[INFO] running `Command { std: "docker" "inspect" "c81773c12cf4428becc93feeee62e6548a30a593c7185de7606348be363dbd4f", kill_on_drop: false }`
[INFO] running `Command { std: "docker" "rm" "-f" "c81773c12cf4428becc93feeee62e6548a30a593c7185de7606348be363dbd4f", kill_on_drop: false }`
[INFO] [stdout] c81773c12cf4428becc93feeee62e6548a30a593c7185de7606348be363dbd4f
[INFO] running `Command { std: "docker" "create" "-v" "/var/lib/crater-agent-workspace/builds/worker-2-tc1/target:/opt/rustwide/target:rw,Z" "-v" "/var/lib/crater-agent-workspace/builds/worker-2-tc1/source:/opt/rustwide/workdir:ro,Z" "-v" "/var/lib/crater-agent-workspace/cargo-home:/opt/rustwide/cargo-home:ro,Z" "-v" "/var/lib/crater-agent-workspace/rustup-home:/opt/rustwide/rustup-home:ro,Z" "-e" "SOURCE_DIR=/opt/rustwide/workdir" "-e" "CARGO_TARGET_DIR=/opt/rustwide/target" "-e" "CARGO_INCREMENTAL=0" "-e" "RUST_BACKTRACE=full" "-e" "RUSTFLAGS=--cap-lints=warn" "-e" "RUSTDOCFLAGS=--cap-lints=warn" "-e" "CARGO_HOME=/opt/rustwide/cargo-home" "-e" "RUSTUP_HOME=/opt/rustwide/rustup-home" "-w" "/opt/rustwide/workdir" "-m" "1610612736" "--user" "0:0" "--network" "none" "ghcr.io/rust-lang/crates-build-env/linux@sha256:f3a9d4ad9d972b27faf3965f35b62e55ba32bbce8f20bc8fe909558a86702fde" "/opt/rustwide/cargo-home/bin/cargo" "+1.83.0" "test" "--frozen", kill_on_drop: false }`
[INFO] [stdout] 0db01b049892c2335216b8a68b19d86b42f0b4b6c1149ac0656381b4c98667b2
[INFO] running `Command { std: "docker" "start" "-a" "0db01b049892c2335216b8a68b19d86b42f0b4b6c1149ac0656381b4c98667b2", kill_on_drop: false }`
[INFO] [stderr] warning: unused import: `input::web3_event::Web3EventInput`
[INFO] [stderr]  --> src/lib.rs:4:5
[INFO] [stderr]   |
[INFO] [stderr] 4 | use input::web3_event::Web3EventInput;
[INFO] [stderr]   |     ^^^^^^^^^^^^^^^^^^^^^^^^^^^^^^^^^
[INFO] [stderr]   |
[INFO] [stderr]   = note: `#[warn(unused_imports)]` on by default
[INFO] [stderr] 
[INFO] [stderr] warning: unused import: `runtime::Builder`
[INFO] [stderr]  --> src/output/console.rs:1:13
[INFO] [stderr]   |
[INFO] [stderr] 1 | use tokio::{runtime::Builder, sync::mpsc::Receiver};
[INFO] [stderr]   |             ^^^^^^^^^^^^^^^^
[INFO] [stderr] 
[INFO] [stderr] warning: use of deprecated struct `tokio::sync::mpsc::error::RecvError`: This type is unused because recv returns an Option.
[INFO] [stderr]    --> src/error.rs:206:53
[INFO] [stderr]     |
[INFO] [stderr] 206 | from_error!(CHANNEL_RECV, tokio::sync::mpsc::error::RecvError);
[INFO] [stderr]     |                                                     ^^^^^^^^^
[INFO] [stderr]     |
[INFO] [stderr]     = note: `#[warn(deprecated)]` on by default
[INFO] [stderr] 
[INFO] [stderr] warning: unused import: `input::Input`
[INFO] [stderr]  --> src/lib.rs:3:5
[INFO] [stderr]   |
[INFO] [stderr] 3 | use input::Input;
[INFO] [stderr]   |     ^^^^^^^^^^^^
[INFO] [stderr] 
[INFO] [stderr] warning: unused variable: `bytes`
[INFO] [stderr]  --> src/decode/transfer.rs:8:27
[INFO] [stderr]   |
[INFO] [stderr] 8 |     fn decode<T: ToEvent>(bytes: [u8; 0]) -> Result<T> {
[INFO] [stderr]   |                           ^^^^^ help: if this is intentional, prefix it with an underscore: `_bytes`
[INFO] [stderr]   |
[INFO] [stderr]   = note: `#[warn(unused_variables)]` on by default
[INFO] [stderr] 
[INFO] [stderr] warning: unused variable: `input`
[INFO] [stderr]   --> src/input/web3_event.rs:27:13
[INFO] [stderr]    |
[INFO] [stderr] 27 |         let input = Self::new(config);
[INFO] [stderr]    |             ^^^^^ help: if this is intentional, prefix it with an underscore: `_input`
[INFO] [stderr] 
[INFO] [stderr] warning: unused variable: `processor`
[INFO] [stderr]   --> src/input/web3_event.rs:23:9
[INFO] [stderr]    |
[INFO] [stderr] 23 |         processor: P,
[INFO] [stderr]    |         ^^^^^^^^^ help: if this is intentional, prefix it with an underscore: `_processor`
[INFO] [stderr] 
[INFO] [stderr] warning: unused variable: `decoder`
[INFO] [stderr]   --> src/input/web3_event.rs:24:9
[INFO] [stderr]    |
[INFO] [stderr] 24 |         decoder: D,
[INFO] [stderr]    |         ^^^^^^^ help: if this is intentional, prefix it with an underscore: `_decoder`
[INFO] [stderr] 
[INFO] [stderr] warning: unused variable: `sender`
[INFO] [stderr]   --> src/input/web3_event.rs:25:9
[INFO] [stderr]    |
[INFO] [stderr] 25 |         sender: Sender<D>,
[INFO] [stderr]    |         ^^^^^^ help: if this is intentional, prefix it with an underscore: `_sender`
[INFO] [stderr] 
[INFO] [stderr] warning: unused variable: `sender`
[INFO] [stderr]   --> src/lib.rs:29:14
[INFO] [stderr]    |
[INFO] [stderr] 29 |     let (mut sender, reciver) = tokio::sync::mpsc::channel(buffer_size as usize);
[INFO] [stderr]    |              ^^^^^^ help: if this is intentional, prefix it with an underscore: `_sender`
[INFO] [stderr] 
[INFO] [stderr] warning: variable does not need to be mutable
[INFO] [stderr]   --> src/lib.rs:29:10
[INFO] [stderr]    |
[INFO] [stderr] 29 |     let (mut sender, reciver) = tokio::sync::mpsc::channel(buffer_size as usize);
[INFO] [stderr]    |          ----^^^^^^
[INFO] [stderr]    |          |
[INFO] [stderr]    |          help: remove this `mut`
[INFO] [stderr]    |
[INFO] [stderr]    = note: `#[warn(unused_mut)]` on by default
[INFO] [stderr] 
[INFO] [stderr] warning: associated functions `from_path`, `from_string`, and `new` are never used
[INFO] [stderr]   --> src/config.rs:37:12
[INFO] [stderr]    |
[INFO] [stderr] 36 | impl TomlConfig {
[INFO] [stderr]    | --------------- associated functions in this implementation
[INFO] [stderr] 37 |     pub fn from_path<P: AsRef<Path>>(path: P) -> Result<Self> {
[INFO] [stderr]    |            ^^^^^^^^^
[INFO] [stderr] ...
[INFO] [stderr] 44 |     pub fn from_string(toml: &str) -> Result<Self> {
[INFO] [stderr]    |            ^^^^^^^^^^^
[INFO] [stderr] ...
[INFO] [stderr] 59 |     pub fn new(table: Table) -> TomlConfig {
[INFO] [stderr]    |            ^^^
[INFO] [stderr]    |
[INFO] [stderr]    = note: `#[warn(dead_code)]` on by default
[INFO] [stderr] 
[INFO] [stderr] warning: method `get_values` is never used
[INFO] [stderr]   --> src/config.rs:65:12
[INFO] [stderr]    |
[INFO] [stderr] 64 | impl TomlConfig {
[INFO] [stderr]    | --------------- method in this implementation
[INFO] [stderr] 65 |     pub fn get_values(&self) -> HashMap<String, toml::Value> {
[INFO] [stderr]    |            ^^^^^^^^^^
[INFO] [stderr] 
[INFO] [stderr] warning: function `find_path` is never used
[INFO] [stderr]    --> src/config.rs:108:8
[INFO] [stderr]     |
[INFO] [stderr] 108 | pub fn find_path<P: AsRef<Path>>(p: P) -> Result<PathBuf> {
[INFO] [stderr]     |        ^^^^^^^^^
[INFO] [stderr] 
[INFO] [stderr] warning: associated function `decode` is never used
[INFO] [stderr]  --> src/decode/mod.rs:6:8
[INFO] [stderr]   |
[INFO] [stderr] 5 | pub trait Decoder {
[INFO] [stderr]   |           ------- associated function in this trait
[INFO] [stderr] 6 |     fn decode<T: ToEvent>(bytes: [u8; 0]) -> Result<T>;
[INFO] [stderr]   |        ^^^^^^
[INFO] [stderr] 
[INFO] [stderr] warning: struct `TransferDecoder` is never constructed
[INFO] [stderr]  --> src/decode/transfer.rs:5:12
[INFO] [stderr]   |
[INFO] [stderr] 5 | pub struct TransferDecoder {}
[INFO] [stderr]   |            ^^^^^^^^^^^^^^^
[INFO] [stderr] 
[INFO] [stderr] warning: associated function `start` is never used
[INFO] [stderr]  --> src/input/mod.rs:8:8
[INFO] [stderr]   |
[INFO] [stderr] 7 | pub trait Input {
[INFO] [stderr]   |           ----- associated function in this trait
[INFO] [stderr] 8 |     fn start<C: Config, P: Processor, D: Decoder>(
[INFO] [stderr]   |        ^^^^^
[INFO] [stderr] 
[INFO] [stderr] warning: field `web3` is never read
[INFO] [stderr]  --> src/input/web3_event.rs:7:5
[INFO] [stderr]   |
[INFO] [stderr] 6 | pub struct Web3EventInput {
[INFO] [stderr]   |            -------------- field in this struct
[INFO] [stderr] 7 |     web3: Web3<Http>,
[INFO] [stderr]   |     ^^^^
[INFO] [stderr] 
[INFO] [stderr] warning: associated function `new` is never used
[INFO] [stderr]   --> src/config.rs:59:12
[INFO] [stderr]    |
[INFO] [stderr] 36 | impl TomlConfig {
[INFO] [stderr]    | --------------- associated function in this implementation
[INFO] [stderr] ...
[INFO] [stderr] 59 |     pub fn new(table: Table) -> TomlConfig {
[INFO] [stderr]    |            ^^^
[INFO] [stderr]    |
[INFO] [stderr]    = note: `#[warn(dead_code)]` on by default
[INFO] [stderr] 
[INFO] [stderr] warning: `producer` (lib) generated 18 warnings (run `cargo fix --lib -p producer` to apply 3 suggestions)
[INFO] [stderr] warning: `producer` (lib test) generated 17 warnings (16 duplicates)
[INFO] [stderr] warning: unused import: `std::ops::Add`
[INFO] [stderr]  --> src/main.rs:1:5
[INFO] [stderr]   |
[INFO] [stderr] 1 | use std::ops::Add;
[INFO] [stderr]   |     ^^^^^^^^^^^^^
[INFO] [stderr]   |
[INFO] [stderr]   = note: `#[warn(unused_imports)]` on by default
[INFO] [stderr] 
[INFO] [stderr] warning: unused imports: `U256` and `tokens::Detokenize`
[INFO] [stderr]  --> src/main.rs:5:16
[INFO] [stderr]   |
[INFO] [stderr] 5 |     contract::{tokens::Detokenize, Contract, Options},
[INFO] [stderr]   |                ^^^^^^^^^^^^^^^^^^
[INFO] [stderr] 6 |     ethabi::Token,
[INFO] [stderr] 7 |     types::{Address, Bytes, CallRequest, U256},
[INFO] [stderr]   |                                          ^^^^
[INFO] [stderr] 
[INFO] [stderr] warning: `producer` (bin "producer" test) generated 2 warnings (run `cargo fix --bin "producer" --tests` to apply 2 suggestions)
[INFO] [stderr]     Finished `test` profile [unoptimized + debuginfo] target(s) in 0.25s
[INFO] [stderr]      Running unittests src/lib.rs (/opt/rustwide/target/debug/deps/producer-5783a226abff363c)
[INFO] [stdout] 
[INFO] [stdout] running 9 tests
[INFO] [stdout] test value::from_value ... ok
[INFO] [stdout] test value::get_type ... ok
[INFO] [stdout] test value::into_value ... ok
[INFO] [stdout] test value::to_string ... ok
[INFO] [stdout] test value::try_from_value ... ok
[INFO] [stdout] test datatype::test ... ok
[INFO] [stdout] test error::test ... ok
[INFO] [stdout] test value::try_from_value_failed - should panic ... ok
[INFO] [stdout] test config::test_get_value ... FAILED
[INFO] [stdout] 
[INFO] [stdout] failures:
[INFO] [stdout] 
[INFO] [stdout] ---- config::test_get_value stdout ----
[INFO] [stdout] thread 'config::test_get_value' panicked at src/config.rs:127:72:
[INFO] [stdout] called `Result::unwrap()` on an `Err` value: Error { code: 260, msg: "No such file or directory (os error 2)" }
[INFO] [stdout] stack backtrace:
[INFO] [stdout]    0:     0x5ce80b7d871a - std::backtrace_rs::backtrace::libunwind::trace::h5a5b8284f2d0c266
[INFO] [stdout]                                at /rustc/90b35a6239c3d8bdabc530a6a0816f7ff89a0aaf/library/std/src/../../backtrace/src/backtrace/libunwind.rs:116:5
[INFO] [stdout]    1:     0x5ce80b7d871a - std::backtrace_rs::backtrace::trace_unsynchronized::h76d4f1c9b0b875e3
[INFO] [stdout]                                at /rustc/90b35a6239c3d8bdabc530a6a0816f7ff89a0aaf/library/std/src/../../backtrace/src/backtrace/mod.rs:66:5
[INFO] [stdout]    2:     0x5ce80b7d871a - std::sys::backtrace::_print_fmt::hc4546b8364a537c6
[INFO] [stdout]                                at /rustc/90b35a6239c3d8bdabc530a6a0816f7ff89a0aaf/library/std/src/sys/backtrace.rs:66:9
[INFO] [stdout]    3:     0x5ce80b7d871a - <std::sys::backtrace::BacktraceLock::print::DisplayBacktrace as core::fmt::Display>::fmt::h5b6bd5631a6d1f6b
[INFO] [stdout]                                at /rustc/90b35a6239c3d8bdabc530a6a0816f7ff89a0aaf/library/std/src/sys/backtrace.rs:39:26
[INFO] [stdout]    4:     0x5ce80b7ffba3 - core::fmt::rt::Argument::fmt::h270f6602a2b96f62
[INFO] [stdout]                                at /rustc/90b35a6239c3d8bdabc530a6a0816f7ff89a0aaf/library/core/src/fmt/rt.rs:177:76
[INFO] [stdout]    5:     0x5ce80b7ffba3 - core::fmt::write::h7550c97b06c86515
[INFO] [stdout]                                at /rustc/90b35a6239c3d8bdabc530a6a0816f7ff89a0aaf/library/core/src/fmt/mod.rs:1186:21
[INFO] [stdout]    6:     0x5ce80b7d5743 - std::io::Write::write_fmt::h509ff860e5956e5e
[INFO] [stdout]                                at /rustc/90b35a6239c3d8bdabc530a6a0816f7ff89a0aaf/library/std/src/io/mod.rs:1839:15
[INFO] [stdout]    7:     0x5ce80b7d8562 - std::sys::backtrace::BacktraceLock::print::h2395ccd2c84ba3aa
[INFO] [stdout]                                at /rustc/90b35a6239c3d8bdabc530a6a0816f7ff89a0aaf/library/std/src/sys/backtrace.rs:42:9
[INFO] [stdout]    8:     0x5ce80b7d9b7a - std::panicking::default_hook::{{closure}}::he19d4c7230e07961
[INFO] [stdout]                                at /rustc/90b35a6239c3d8bdabc530a6a0816f7ff89a0aaf/library/std/src/panicking.rs:268:22
[INFO] [stdout]    9:     0x5ce80b7d9984 - std::panicking::default_hook::hf614597d3c67bbdb
[INFO] [stdout]                                at /rustc/90b35a6239c3d8bdabc530a6a0816f7ff89a0aaf/library/std/src/panicking.rs:292:9
[INFO] [stdout]   10:     0x5ce80b7484b9 - <alloc::boxed::Box<F,A> as core::ops::function::Fn<Args>>::call::h39b51ce4599c23d1
[INFO] [stdout]                                at /rustc/90b35a6239c3d8bdabc530a6a0816f7ff89a0aaf/library/alloc/src/boxed.rs:2468:9
[INFO] [stdout]   11:     0x5ce80b7484b9 - test::test_main::{{closure}}::he977ae839a582784
[INFO] [stdout]                                at /rustc/90b35a6239c3d8bdabc530a6a0816f7ff89a0aaf/library/test/src/lib.rs:133:21
[INFO] [stdout]   12:     0x5ce80b7da218 - <alloc::boxed::Box<F,A> as core::ops::function::Fn<Args>>::call::h9455091b6b06f9fb
[INFO] [stdout]                                at /rustc/90b35a6239c3d8bdabc530a6a0816f7ff89a0aaf/library/alloc/src/boxed.rs:2468:9
[INFO] [stdout]   13:     0x5ce80b7da218 - std::panicking::rust_panic_with_hook::h8942133a8b252070
[INFO] [stdout]                                at /rustc/90b35a6239c3d8bdabc530a6a0816f7ff89a0aaf/library/std/src/panicking.rs:809:13
[INFO] [stdout]   14:     0x5ce80b7d9fda - std::panicking::begin_panic_handler::{{closure}}::hb5f5963570096b29
[INFO] [stdout]                                at /rustc/90b35a6239c3d8bdabc530a6a0816f7ff89a0aaf/library/std/src/panicking.rs:674:13
[INFO] [stdout]   15:     0x5ce80b7d8bf9 - std::sys::backtrace::__rust_end_short_backtrace::h6208cedc1922feda
[INFO] [stdout]                                at /rustc/90b35a6239c3d8bdabc530a6a0816f7ff89a0aaf/library/std/src/sys/backtrace.rs:170:18
[INFO] [stdout]   16:     0x5ce80b7d9c6c - rust_begin_unwind
[INFO] [stdout]                                at /rustc/90b35a6239c3d8bdabc530a6a0816f7ff89a0aaf/library/std/src/panicking.rs:665:5
[INFO] [stdout]   17:     0x5ce80b6f9ac0 - core::panicking::panic_fmt::h0c3082644d1bf418
[INFO] [stdout]                                at /rustc/90b35a6239c3d8bdabc530a6a0816f7ff89a0aaf/library/core/src/panicking.rs:74:14
[INFO] [stdout]   18:     0x5ce80b6f9f06 - core::result::unwrap_failed::hd20b4aa073bda1e2
[INFO] [stdout]                                at /rustc/90b35a6239c3d8bdabc530a6a0816f7ff89a0aaf/library/core/src/result.rs:1700:5
[INFO] [stdout]   19:     0x5ce80b7089ed - core::result::Result<T,E>::unwrap::he5519f19d29b804a
[INFO] [stdout]                                at /rustc/90b35a6239c3d8bdabc530a6a0816f7ff89a0aaf/library/core/src/result.rs:1104:23
[INFO] [stdout]   20:     0x5ce80b7089ed - producer::config::test_get_value::hee59546327980d6e
[INFO] [stdout]                                at /opt/rustwide/workdir/src/config.rs:127:18
[INFO] [stdout]   21:     0x5ce80b708887 - producer::config::test_get_value::{{closure}}::hb034bf56886620d7
[INFO] [stdout]                                at /opt/rustwide/workdir/src/config.rs:126:20
[INFO] [stdout]   22:     0x5ce80b704396 - core::ops::function::FnOnce::call_once::hfa79cf968fe31c4b
[INFO] [stdout]                                at /rustc/90b35a6239c3d8bdabc530a6a0816f7ff89a0aaf/library/core/src/ops/function.rs:250:5
[INFO] [stdout]   23:     0x5ce80b74ce7b - core::ops::function::FnOnce::call_once::h109cf8051a59b34e
[INFO] [stdout]                                at /rustc/90b35a6239c3d8bdabc530a6a0816f7ff89a0aaf/library/core/src/ops/function.rs:250:5
[INFO] [stdout]   24:     0x5ce80b74ce7b - test::__rust_begin_short_backtrace::hf4fff89d377446ba
[INFO] [stdout]                                at /rustc/90b35a6239c3d8bdabc530a6a0816f7ff89a0aaf/library/test/src/lib.rs:621:18
[INFO] [stdout]   25:     0x5ce80b74c6b7 - test::run_test_in_process::{{closure}}::h0e39181dd7ee5a43
[INFO] [stdout]                                at /rustc/90b35a6239c3d8bdabc530a6a0816f7ff89a0aaf/library/test/src/lib.rs:644:60
[INFO] [stdout]   26:     0x5ce80b74c6b7 - <core::panic::unwind_safe::AssertUnwindSafe<F> as core::ops::function::FnOnce<()>>::call_once::hc5a66a30f0bdfd1f
[INFO] [stdout]                                at /rustc/90b35a6239c3d8bdabc530a6a0816f7ff89a0aaf/library/core/src/panic/unwind_safe.rs:272:9
[INFO] [stdout]   27:     0x5ce80b74c6b7 - std::panicking::try::do_call::h873b7cf639554a5e
[INFO] [stdout]                                at /rustc/90b35a6239c3d8bdabc530a6a0816f7ff89a0aaf/library/std/src/panicking.rs:557:40
[INFO] [stdout]   28:     0x5ce80b74c6b7 - std::panicking::try::hdb19862fad9c8bd1
[INFO] [stdout]                                at /rustc/90b35a6239c3d8bdabc530a6a0816f7ff89a0aaf/library/std/src/panicking.rs:520:19
[INFO] [stdout]   29:     0x5ce80b74c6b7 - std::panic::catch_unwind::h281fe732d236d260
[INFO] [stdout]                                at /rustc/90b35a6239c3d8bdabc530a6a0816f7ff89a0aaf/library/std/src/panic.rs:358:14
[INFO] [stdout]   30:     0x5ce80b74c6b7 - test::run_test_in_process::h949b6df8457ed338
[INFO] [stdout]                                at /rustc/90b35a6239c3d8bdabc530a6a0816f7ff89a0aaf/library/test/src/lib.rs:644:27
[INFO] [stdout]   31:     0x5ce80b74c6b7 - test::run_test::{{closure}}::h52c556a6d4740e10
[INFO] [stdout]                                at /rustc/90b35a6239c3d8bdabc530a6a0816f7ff89a0aaf/library/test/src/lib.rs:565:43
[INFO] [stdout]   32:     0x5ce80b711994 - test::run_test::{{closure}}::h4237f6381c45ccb9
[INFO] [stdout]                                at /rustc/90b35a6239c3d8bdabc530a6a0816f7ff89a0aaf/library/test/src/lib.rs:595:41
[INFO] [stdout]   33:     0x5ce80b711994 - std::sys::backtrace::__rust_begin_short_backtrace::h505c97a579eca628
[INFO] [stdout]                                at /rustc/90b35a6239c3d8bdabc530a6a0816f7ff89a0aaf/library/std/src/sys/backtrace.rs:154:18
[INFO] [stdout]   34:     0x5ce80b71505e - std::thread::Builder::spawn_unchecked_::{{closure}}::{{closure}}::h9e86b2e2bc107ea3
[INFO] [stdout]                                at /rustc/90b35a6239c3d8bdabc530a6a0816f7ff89a0aaf/library/std/src/thread/mod.rs:538:17
[INFO] [stdout]   35:     0x5ce80b71505e - <core::panic::unwind_safe::AssertUnwindSafe<F> as core::ops::function::FnOnce<()>>::call_once::h8b06ddb275ff4a25
[INFO] [stdout]                                at /rustc/90b35a6239c3d8bdabc530a6a0816f7ff89a0aaf/library/core/src/panic/unwind_safe.rs:272:9
[INFO] [stdout]   36:     0x5ce80b71505e - std::panicking::try::do_call::hb26ecd7cd9a9355d
[INFO] [stdout]                                at /rustc/90b35a6239c3d8bdabc530a6a0816f7ff89a0aaf/library/std/src/panicking.rs:557:40
[INFO] [stdout]   37:     0x5ce80b71505e - std::panicking::try::h8ddeca9d705f9069
[INFO] [stdout]                                at /rustc/90b35a6239c3d8bdabc530a6a0816f7ff89a0aaf/library/std/src/panicking.rs:520:19
[INFO] [stdout]   38:     0x5ce80b71505e - std::panic::catch_unwind::h49e1c33078844c46
[INFO] [stdout]                                at /rustc/90b35a6239c3d8bdabc530a6a0816f7ff89a0aaf/library/std/src/panic.rs:358:14
[INFO] [stdout]   39:     0x5ce80b71505e - std::thread::Builder::spawn_unchecked_::{{closure}}::h6073db6ff56ad35d
[INFO] [stdout]                                at /rustc/90b35a6239c3d8bdabc530a6a0816f7ff89a0aaf/library/std/src/thread/mod.rs:537:30
[INFO] [stdout]   40:     0x5ce80b71505e - core::ops::function::FnOnce::call_once{{vtable.shim}}::h2c5a5f3779c774f1
[INFO] [stdout]                                at /rustc/90b35a6239c3d8bdabc530a6a0816f7ff89a0aaf/library/core/src/ops/function.rs:250:5
[INFO] [stdout]   41:     0x5ce80b7ddf7b - <alloc::boxed::Box<F,A> as core::ops::function::FnOnce<Args>>::call_once::hf75717d9f28faebf
[INFO] [stdout]                                at /rustc/90b35a6239c3d8bdabc530a6a0816f7ff89a0aaf/library/alloc/src/boxed.rs:2454:9
[INFO] [stdout]   42:     0x5ce80b7ddf7b - <alloc::boxed::Box<F,A> as core::ops::function::FnOnce<Args>>::call_once::h7bd883a5f3c5f3c1
[INFO] [stdout]                                at /rustc/90b35a6239c3d8bdabc530a6a0816f7ff89a0aaf/library/alloc/src/boxed.rs:2454:9
[INFO] [stdout]   43:     0x5ce80b7ddf7b - std::sys::pal::unix::thread::Thread::new::thread_start::hcc78f3943333fa94
[INFO] [stdout]                                at /rustc/90b35a6239c3d8bdabc530a6a0816f7ff89a0aaf/library/std/src/sys/pal/unix/thread.rs:105:17
[INFO] [stdout]   44:     0x7e2e8fa96ac3 - <unknown>
[INFO] [stdout]   45:     0x7e2e8fb27a04 - clone
[INFO] [stdout]   46:                0x0 - <unknown>
[INFO] [stdout] 
[INFO] [stdout] 
[INFO] [stdout] failures:
[INFO] [stdout]     config::test_get_value
[INFO] [stdout] 
[INFO] [stdout] test result: FAILED. 8 passed; 1 failed; 0 ignored; 0 measured; 0 filtered out; finished in 0.13s
[INFO] [stdout] 
[INFO] [stderr] error: test failed, to rerun pass `--lib`
[INFO] running `Command { std: "docker" "inspect" "0db01b049892c2335216b8a68b19d86b42f0b4b6c1149ac0656381b4c98667b2", kill_on_drop: false }`
[INFO] running `Command { std: "docker" "rm" "-f" "0db01b049892c2335216b8a68b19d86b42f0b4b6c1149ac0656381b4c98667b2", kill_on_drop: false }`
[INFO] [stdout] 0db01b049892c2335216b8a68b19d86b42f0b4b6c1149ac0656381b4c98667b2
